Nov 15 04:07:50 user devstack@n-api.service[64791]: DEBUG oslo_db.sqlalchemy.engines [None req-edea15d3-c317-406f-8613-b2142b4732f8 None None] MySQL server mode set to STRICT_TRANS_TABLES,STRICT_ALL_TABLES,NO_ZERO_IN_DATE,NO_ZERO_DATE,ERROR_FOR_DIVISION_BY_ZERO,TRADITIONAL,NO_ENGINE_SUBSTITUTION {{(pid=64791) _check_effective_sql_mode /opt/stack/data/venv/lib/python3.10/site-packages/oslo_db/sqlalchemy/engines.py:342}}
Nov 15 04:07:50 user devstack@n-api.service[64790]: DEBUG dbcounter [-] [64790] Writer thread running {{(pid=64790) stat_writer /opt/stack/data/venv/lib/python3.10/site-packages/dbcounter.py:102}}
Nov 15 04:07:50 user devstack@n-api.service[64792]: DEBUG oslo_db.sqlalchemy.engines [None req-2359c439-e226-4c95-932c-9df5dd47f525 None None] MySQL server mode set to STRICT_TRANS_TABLES,STRICT_ALL_TABLES,NO_ZERO_IN_DATE,NO_ZERO_DATE,ERROR_FOR_DIVISION_BY_ZERO,TRADITIONAL,NO_ENGINE_SUBSTITUTION {{(pid=64792) _check_effective_sql_mode /opt/stack/data/venv/lib/python3.10/site-packages/oslo_db/sqlalchemy/engines.py:342}}
Nov 15 04:07:50 user devstack@n-api.service[64791]: DEBUG dbcounter [-] [64791] Writer thread running {{(pid=64791) stat_writer /opt/stack/data/venv/lib/python3.10/site-packages/dbcounter.py:102}}
Nov 15 04:07:50 user devstack@n-api.service[64792]: DEBUG dbcounter [-] [64792] Writer thread running {{(pid=64792) stat_writer /opt/stack/data/venv/lib/python3.10/site-packages/dbcounter.py:102}}
Nov 15 04:07:50 user devstack@n-api.service[64790]: DEBUG nova.context [None req-d08157ff-43e1-405c-955d-4686177abb18 None None] Found 2 cells: 00000000-0000-0000-0000-000000000000(cell0),50314d3e-28f0-4b47-a715-134e6aeb5aae(cell1) {{(pid=64790) load_cells /opt/stack/nova/nova/context.py:464}}
Nov 15 04:07:50 user devstack@n-api.service[64790]: DEBUG oslo_concurrency.lockutils [None req-d08157ff-43e1-405c-955d-4686177abb18 None None] Acquiring lock "00000000-0000-0000-0000-000000000000" by "nova.context.set_target_cell..get_or_set_cached_cell_and_set_connections" {{(pid=64790) inner /opt/stack/data/venv/lib/python3.10/site-packages/oslo_concurrency/lockutils.py:404}}
Nov 15 04:07:50 user devstack@n-api.service[64790]: DEBUG oslo_concurrency.lockutils [None req-d08157ff-43e1-405c-955d-4686177abb18 None None] Lock "00000000-0000-0000-0000-000000000000" acquired by "nova.context.set_target_cell..get_or_set_cached_cell_and_set_connections" :: waited 0.000s {{(pid=64790) inner /opt/stack/data/venv/lib/python3.10/site-packages/oslo_concurrency/lockutils.py:409}}
Nov 15 04:07:50 user devstack@n-api.service[64790]: DEBUG oslo_concurrency.lockutils [None req-d08157ff-43e1-405c-955d-4686177abb18 None None] Lock "00000000-0000-0000-0000-000000000000" "released" by "nova.context.set_target_cell..get_or_set_cached_cell_and_set_connections" :: held 0.001s {{(pid=64790) inner /opt/stack/data/venv/lib/python3.10/site-packages/oslo_concurrency/lockutils.py:423}}
Nov 15 04:07:50 user devstack@n-api.service[64790]: DEBUG oslo_concurrency.lockutils [None req-d08157ff-43e1-405c-955d-4686177abb18 None None] Acquiring lock "50314d3e-28f0-4b47-a715-134e6aeb5aae" by "nova.context.set_target_cell..get_or_set_cached_cell_and_set_connections" {{(pid=64790) inner /opt/stack/data/venv/lib/python3.10/site-packages/oslo_concurrency/lockutils.py:404}}
Nov 15 04:07:50 user devstack@n-api.service[64790]: DEBUG oslo_concurrency.lockutils [None req-d08157ff-43e1-405c-955d-4686177abb18 None None] Lock "50314d3e-28f0-4b47-a715-134e6aeb5aae" acquired by "nova.context.set_target_cell..get_or_set_cached_cell_and_set_connections" :: waited 0.000s {{(pid=64790) inner /opt/stack/data/venv/lib/python3.10/site-packages/oslo_concurrency/lockutils.py:409}}
Nov 15 04:07:50 user devstack@n-api.service[64790]: DEBUG oslo_concurrency.lockutils [None req-d08157ff-43e1-405c-955d-4686177abb18 None None] Lock "50314d3e-28f0-4b47-a715-134e6aeb5aae" "released" by "nova.context.set_target_cell..get_or_set_cached_cell_and_set_connections" :: held 0.001s {{(pid=64790) inner /opt/stack/data/venv/lib/python3.10/site-packages/oslo_concurrency/lockutils.py:423}}
Nov 15 04:07:50 user devstack@n-api.service[64790]: INFO dbcounter [None req-d08157ff-43e1-405c-955d-4686177abb18 None None] Registered counter for database nova_cell0
Nov 15 04:07:50 user devstack@n-api.service[64792]: DEBUG nova.context [None req-2359c439-e226-4c95-932c-9df5dd47f525 None None] Found 2 cells: 00000000-0000-0000-0000-000000000000(cell0),50314d3e-28f0-4b47-a715-134e6aeb5aae(cell1) {{(pid=64792) load_cells /opt/stack/nova/nova/context.py:464}}
Nov 15 04:07:50 user devstack@n-api.service[64790]: INFO dbcounter [None req-d08157ff-43e1-405c-955d-4686177abb18 None None] Registered counter for database nova_cell1
Nov 15 04:07:50 user devstack@n-api.service[64792]: DEBUG oslo_concurrency.lockutils [None req-2359c439-e226-4c95-932c-9df5dd47f525 None None] Acquiring lock "00000000-0000-0000-0000-000000000000" by "nova.context.set_target_cell..get_or_set_cached_cell_and_set_connections" {{(pid=64792) inner /opt/stack/data/venv/lib/python3.10/site-packages/oslo_concurrency/lockutils.py:404}}
Nov 15 04:07:50 user devstack@n-api.service[64792]: DEBUG oslo_concurrency.lockutils [None req-2359c439-e226-4c95-932c-9df5dd47f525 None None] Lock "00000000-0000-0000-0000-000000000000" acquired by "nova.context.set_target_cell..get_or_set_cached_cell_and_set_connections" :: waited 0.000s {{(pid=64792) inner /opt/stack/data/venv/lib/python3.10/site-packages/oslo_concurrency/lockutils.py:409}}
Nov 15 04:07:50 user devstack@n-api.service[64792]: DEBUG oslo_concurrency.lockutils [None req-2359c439-e226-4c95-932c-9df5dd47f525 None None] Lock "00000000-0000-0000-0000-000000000000" "released" by "nova.context.set_target_cell..get_or_set_cached_cell_and_set_connections" :: held 0.001s {{(pid=64792) inner /opt/stack/data/venv/lib/python3.10/site-packages/oslo_concurrency/lockutils.py:423}}
Nov 15 04:07:50 user devstack@n-api.service[64792]: DEBUG oslo_concurrency.lockutils [None req-2359c439-e226-4c95-932c-9df5dd47f525 None None] Acquiring lock "50314d3e-28f0-4b47-a715-134e6aeb5aae" by "nova.context.set_target_cell..get_or_set_cached_cell_and_set_connections" {{(pid=64792) inner /opt/stack/data/venv/lib/python3.10/site-packages/oslo_concurrency/lockutils.py:404}}
Nov 15 04:07:50 user devstack@n-api.service[64792]: DEBUG oslo_concurrency.lockutils [None req-2359c439-e226-4c95-932c-9df5dd47f525 None None] Lock "50314d3e-28f0-4b47-a715-134e6aeb5aae" acquired by "nova.context.set_target_cell..get_or_set_cached_cell_and_set_connections" :: waited 0.000s {{(pid=64792) inner /opt/stack/data/venv/lib/python3.10/site-packages/oslo_concurrency/lockutils.py:409}}
Nov 15 04:07:50 user devstack@n-api.service[64792]: DEBUG oslo_concurrency.lockutils [None req-2359c439-e226-4c95-932c-9df5dd47f525 None None] Lock "50314d3e-28f0-4b47-a715-134e6aeb5aae" "released" by "nova.context.set_target_cell..get_or_set_cached_cell_and_set_connections" :: held 0.002s {{(pid=64792) inner /opt/stack/data/venv/lib/python3.10/site-packages/oslo_concurrency/lockutils.py:423}}
Nov 15 04:07:50 user devstack@n-api.service[64792]: INFO dbcounter [None req-2359c439-e226-4c95-932c-9df5dd47f525 None None] Registered counter for database nova_cell0
Nov 15 04:07:50 user devstack@n-api.service[64790]: DEBUG oslo_db.sqlalchemy.engines [None req-d08157ff-43e1-405c-955d-4686177abb18 None None] MySQL server mode set to STRICT_TRANS_TABLES,STRICT_ALL_TABLES,NO_ZERO_IN_DATE,NO_ZERO_DATE,ERROR_FOR_DIVISION_BY_ZERO,TRADITIONAL,NO_ENGINE_SUBSTITUTION {{(pid=64790) _check_effective_sql_mode /opt/stack/data/venv/lib/python3.10/site-packages/oslo_db/sqlalchemy/engines.py:342}}
Nov 15 04:07:50 user devstack@n-api.service[64791]: DEBUG nova.context [None req-edea15d3-c317-406f-8613-b2142b4732f8 None None] Found 2 cells: 00000000-0000-0000-0000-000000000000(cell0),50314d3e-28f0-4b47-a715-134e6aeb5aae(cell1) {{(pid=64791) load_cells /opt/stack/nova/nova/context.py:464}}
Nov 15 04:07:50 user devstack@n-api.service[64792]: INFO dbcounter [None req-2359c439-e226-4c95-932c-9df5dd47f525 None None] Registered counter for database nova_cell1
Nov 15 04:07:50 user devstack@n-api.service[64790]: DEBUG dbcounter [-] [64790] Writer thread running {{(pid=64790) stat_writer /opt/stack/data/venv/lib/python3.10/site-packages/dbcounter.py:102}}
Nov 15 04:07:50 user devstack@n-api.service[64790]: DEBUG oslo_db.sqlalchemy.engines [None req-d08157ff-43e1-405c-955d-4686177abb18 None None] MySQL server mode set to STRICT_TRANS_TABLES,STRICT_ALL_TABLES,NO_ZERO_IN_DATE,NO_ZERO_DATE,ERROR_FOR_DIVISION_BY_ZERO,TRADITIONAL,NO_ENGINE_SUBSTITUTION {{(pid=64790) _check_effective_sql_mode /opt/stack/data/venv/lib/python3.10/site-packages/oslo_db/sqlalchemy/engines.py:342}}
Nov 15 04:07:50 user devstack@n-api.service[64792]: DEBUG oslo_db.sqlalchemy.engines [None req-2359c439-e226-4c95-932c-9df5dd47f525 None None] MySQL server mode set to STRICT_TRANS_TABLES,STRICT_ALL_TABLES,NO_ZERO_IN_DATE,NO_ZERO_DATE,ERROR_FOR_DIVISION_BY_ZERO,TRADITIONAL,NO_ENGINE_SUBSTITUTION {{(pid=64792) _check_effective_sql_mode /opt/stack/data/venv/lib/python3.10/site-packages/oslo_db/sqlalchemy/engines.py:342}}
Nov 15 04:07:50 user devstack@n-api.service[64791]: DEBUG oslo_concurrency.lockutils [None req-edea15d3-c317-406f-8613-b2142b4732f8 None None] Acquiring lock "00000000-0000-0000-0000-000000000000" by "nova.context.set_target_cell..get_or_set_cached_cell_and_set_connections" {{(pid=64791) inner /opt/stack/data/venv/lib/python3.10/site-packages/oslo_concurrency/lockutils.py:404}}
Nov 15 04:07:50 user devstack@n-api.service[64792]: DEBUG dbcounter [-] [64792] Writer thread running {{(pid=64792) stat_writer /opt/stack/data/venv/lib/python3.10/site-packages/dbcounter.py:102}}
Nov 15 04:07:50 user devstack@n-api.service[64791]: DEBUG oslo_concurrency.lockutils [None req-edea15d3-c317-406f-8613-b2142b4732f8 None None] Lock "00000000-0000-0000-0000-000000000000" acquired by "nova.context.set_target_cell..get_or_set_cached_cell_and_set_connections" :: waited 0.001s {{(pid=64791) inner /opt/stack/data/venv/lib/python3.10/site-packages/oslo_concurrency/lockutils.py:409}}
Nov 15 04:07:50 user devstack@n-api.service[64792]: DEBUG oslo_db.sqlalchemy.engines [None req-2359c439-e226-4c95-932c-9df5dd47f525 None None] MySQL server mode set to STRICT_TRANS_TABLES,STRICT_ALL_TABLES,NO_ZERO_IN_DATE,NO_ZERO_DATE,ERROR_FOR_DIVISION_BY_ZERO,TRADITIONAL,NO_ENGINE_SUBSTITUTION {{(pid=64792) _check_effective_sql_mode /opt/stack/data/venv/lib/python3.10/site-packages/oslo_db/sqlalchemy/engines.py:342}}
Nov 15 04:07:50 user devstack@n-api.service[64791]: DEBUG oslo_concurrency.lockutils [None req-edea15d3-c317-406f-8613-b2142b4732f8 None None] Lock "00000000-0000-0000-0000-000000000000" "released" by "nova.context.set_target_cell..get_or_set_cached_cell_and_set_connections" :: held 0.003s {{(pid=64791) inner /opt/stack/data/venv/lib/python3.10/site-packages/oslo_concurrency/lockutils.py:423}}
Nov 15 04:07:50 user devstack@n-api.service[64791]: DEBUG oslo_concurrency.lockutils [None req-edea15d3-c317-406f-8613-b2142b4732f8 None None] Acquiring lock "50314d3e-28f0-4b47-a715-134e6aeb5aae" by "nova.context.set_target_cell..get_or_set_cached_cell_and_set_connections" {{(pid=64791) inner /opt/stack/data/venv/lib/python3.10/site-packages/oslo_concurrency/lockutils.py:404}}
Nov 15 04:07:50 user devstack@n-api.service[64791]: DEBUG oslo_concurrency.lockutils [None req-edea15d3-c317-406f-8613-b2142b4732f8 None None] Lock "50314d3e-28f0-4b47-a715-134e6aeb5aae" acquired by "nova.context.set_target_cell..get_or_set_cached_cell_and_set_connections" :: waited 0.000s {{(pid=64791) inner /opt/stack/data/venv/lib/python3.10/site-packages/oslo_concurrency/lockutils.py:409}}
Nov 15 04:07:50 user devstack@n-api.service[64791]: DEBUG oslo_concurrency.lockutils [None req-edea15d3-c317-406f-8613-b2142b4732f8 None None] Lock "50314d3e-28f0-4b47-a715-134e6aeb5aae" "released" by "nova.context.set_target_cell..get_or_set_cached_cell_and_set_connections" :: held 0.005s {{(pid=64791) inner /opt/stack/data/venv/lib/python3.10/site-packages/oslo_concurrency/lockutils.py:423}}
Nov 15 04:07:50 user devstack@n-api.service[64791]: INFO dbcounter [None req-edea15d3-c317-406f-8613-b2142b4732f8 None None] Registered counter for database nova_cell0
Nov 15 04:07:50 user devstack@n-api.service[64791]: INFO dbcounter [None req-edea15d3-c317-406f-8613-b2142b4732f8 None None] Registered counter for database nova_cell1
Nov 15 04:07:50 user devstack@n-api.service[64791]: DEBUG oslo_db.sqlalchemy.engines [None req-edea15d3-c317-406f-8613-b2142b4732f8 None None] MySQL server mode set to STRICT_TRANS_TABLES,STRICT_ALL_TABLES,NO_ZERO_IN_DATE,NO_ZERO_DATE,ERROR_FOR_DIVISION_BY_ZERO,TRADITIONAL,NO_ENGINE_SUBSTITUTION {{(pid=64791) _check_effective_sql_mode /opt/stack/data/venv/lib/python3.10/site-packages/oslo_db/sqlalchemy/engines.py:342}}
Nov 15 04:07:50 user devstack@n-api.service[64791]: DEBUG oslo_db.sqlalchemy.engines [None req-edea15d3-c317-406f-8613-b2142b4732f8 None None] MySQL server mode set to STRICT_TRANS_TABLES,STRICT_ALL_TABLES,NO_ZERO_IN_DATE,NO_ZERO_DATE,ERROR_FOR_DIVISION_BY_ZERO,TRADITIONAL,NO_ENGINE_SUBSTITUTION {{(pid=64791) _check_effective_sql_mode /opt/stack/data/venv/lib/python3.10/site-packages/oslo_db/sqlalchemy/engines.py:342}}
Nov 15 04:07:50 user devstack@n-api.service[64791]: DEBUG dbcounter [-] [64791] Writer thread running {{(pid=64791) stat_writer /opt/stack/data/venv/lib/python3.10/site-packages/dbcounter.py:102}}
Nov 15 04:07:50 user devstack@n-api.service[64790]: DEBUG dbcounter [-] [64790] Writer thread running {{(pid=64790) stat_writer /opt/stack/data/venv/lib/python3.10/site-packages/dbcounter.py:102}}
Nov 15 04:07:50 user devstack@n-api.service[64790]: INFO dbcounter [None req-d08157ff-43e1-405c-955d-4686177abb18 None None] Registered counter for database nova_cell0
Nov 15 04:07:50 user devstack@n-api.service[64792]: DEBUG dbcounter [-] [64792] Writer thread running {{(pid=64792) stat_writer /opt/stack/data/venv/lib/python3.10/site-packages/dbcounter.py:102}}
Nov 15 04:07:50 user devstack@n-api.service[64790]: DEBUG oslo_db.sqlalchemy.engines [None req-d08157ff-43e1-405c-955d-4686177abb18 None None] MySQL server mode set to STRICT_TRANS_TABLES,STRICT_ALL_TABLES,NO_ZERO_IN_DATE,NO_ZERO_DATE,ERROR_FOR_DIVISION_BY_ZERO,TRADITIONAL,NO_ENGINE_SUBSTITUTION {{(pid=64790) _check_effective_sql_mode /opt/stack/data/venv/lib/python3.10/site-packages/oslo_db/sqlalchemy/engines.py:342}}
Nov 15 04:07:50 user devstack@n-api.service[64790]: DEBUG dbcounter [-] [64790] Writer thread running {{(pid=64790) stat_writer /opt/stack/data/venv/lib/python3.10/site-packages/dbcounter.py:102}}
Nov 15 04:07:50 user devstack@n-api.service[64792]: INFO dbcounter [None req-2359c439-e226-4c95-932c-9df5dd47f525 None None] Registered counter for database nova_cell0
Nov 15 04:07:50 user devstack@n-api.service[64792]: DEBUG oslo_db.sqlalchemy.engines [None req-2359c439-e226-4c95-932c-9df5dd47f525 None None] MySQL server mode set to STRICT_TRANS_TABLES,STRICT_ALL_TABLES,NO_ZERO_IN_DATE,NO_ZERO_DATE,ERROR_FOR_DIVISION_BY_ZERO,TRADITIONAL,NO_ENGINE_SUBSTITUTION {{(pid=64792) _check_effective_sql_mode /opt/stack/data/venv/lib/python3.10/site-packages/oslo_db/sqlalchemy/engines.py:342}}
Nov 15 04:07:50 user devstack@n-api.service[64792]: DEBUG dbcounter [-] [64792] Writer thread running {{(pid=64792) stat_writer /opt/stack/data/venv/lib/python3.10/site-packages/dbcounter.py:102}}
Nov 15 04:07:50 user devstack@n-api.service[64791]: DEBUG dbcounter [-] [64791] Writer thread running {{(pid=64791) stat_writer /opt/stack/data/venv/lib/python3.10/site-packages/dbcounter.py:102}}
Nov 15 04:07:50 user devstack@n-api.service[64791]: INFO dbcounter [None req-edea15d3-c317-406f-8613-b2142b4732f8 None None] Registered counter for database nova_cell0
Nov 15 04:07:50 user devstack@n-api.service[64791]: DEBUG oslo_db.sqlalchemy.engines [None req-edea15d3-c317-406f-8613-b2142b4732f8 None None] MySQL server mode set to STRICT_TRANS_TABLES,STRICT_ALL_TABLES,NO_ZERO_IN_DATE,NO_ZERO_DATE,ERROR_FOR_DIVISION_BY_ZERO,TRADITIONAL,NO_ENGINE_SUBSTITUTION {{(pid=64791) _check_effective_sql_mode /opt/stack/data/venv/lib/python3.10/site-packages/oslo_db/sqlalchemy/engines.py:342}}
Nov 15 04:07:50 user devstack@n-api.service[64791]: DEBUG dbcounter [-] [64791] Writer thread running {{(pid=64791) stat_writer /opt/stack/data/venv/lib/python3.10/site-packages/dbcounter.py:102}}
Nov 15 04:07:51 user devstack@n-api.service[64790]: WARNING keystonemiddleware.auth_token [None req-d08157ff-43e1-405c-955d-4686177abb18 None None] AuthToken middleware is set with keystone_authtoken.service_token_roles_required set to False. This is backwards compatible but deprecated behaviour. Please set this to True.
Nov 15 04:07:51 user devstack@n-api.service[64790]: WARNING keystonemiddleware.auth_token [None req-d08157ff-43e1-405c-955d-4686177abb18 None None] Configuring www_authenticate_uri to point to the public identity endpoint is required; clients may not be able to authenticate against an admin endpoint
Nov 15 04:07:51 user devstack@n-api.service[64792]: WARNING keystonemiddleware.auth_token [None req-2359c439-e226-4c95-932c-9df5dd47f525 None None] AuthToken middleware is set with keystone_authtoken.service_token_roles_required set to False. This is backwards compatible but deprecated behaviour. Please set this to True.
Nov 15 04:07:51 user devstack@n-api.service[64792]: WARNING keystonemiddleware.auth_token [None req-2359c439-e226-4c95-932c-9df5dd47f525 None None] Configuring www_authenticate_uri to point to the public identity endpoint is required; clients may not be able to authenticate against an admin endpoint
Nov 15 04:07:51 user devstack@n-api.service[64790]: WARNING keystonemiddleware.auth_token [None req-d08157ff-43e1-405c-955d-4686177abb18 None None] AuthToken middleware is set with keystone_authtoken.service_token_roles_required set to False. This is backwards compatible but deprecated behaviour. Please set this to True.
Nov 15 04:07:51 user devstack@n-api.service[64790]: WARNING keystonemiddleware.auth_token [None req-d08157ff-43e1-405c-955d-4686177abb18 None None] Configuring www_authenticate_uri to point to the public identity endpoint is required; clients may not be able to authenticate against an admin endpoint
Nov 15 04:07:51 user devstack@n-api.service[64790]: WSGI app 0 (mountpoint='') ready in 5 seconds on interpreter 0x55c8a7626b90 pid: 64790 (default app)
Nov 15 04:07:51 user devstack@n-api.service[64790]: DEBUG nova.api.openstack.wsgi [None req-d08157ff-43e1-405c-955d-4686177abb18 None None] Calling method '>' {{(pid=64790) _process_stack /opt/stack/nova/nova/api/openstack/wsgi.py:513}}
Nov 15 04:07:51 user devstack@n-api.service[64790]: INFO nova.api.openstack.requestlog [None req-d08157ff-43e1-405c-955d-4686177abb18 None None] 10.0.0.210 "GET /compute/v2.1/" status: 200 len: 387 microversion: 2.1 time: 0.001532
Nov 15 04:07:51 user devstack@n-api.service[64790]: [pid: 64790|app: 0|req: 1/1] 10.0.0.210 () {50 vars in 783 bytes} [Wed Nov 15 04:07:51 2023] GET /compute/v2.1/ => generated 387 bytes in 3 msecs (HTTP/1.1 200) 9 headers in 357 bytes (1 switches on core 0)
Nov 15 04:07:51 user devstack@n-api.service[64791]: WARNING keystonemiddleware.auth_token [None req-edea15d3-c317-406f-8613-b2142b4732f8 None None] AuthToken middleware is set with keystone_authtoken.service_token_roles_required set to False. This is backwards compatible but deprecated behaviour. Please set this to True.
Nov 15 04:07:51 user devstack@n-api.service[64791]: WARNING keystonemiddleware.auth_token [None req-edea15d3-c317-406f-8613-b2142b4732f8 None None] Configuring www_authenticate_uri to point to the public identity endpoint is required; clients may not be able to authenticate against an admin endpoint
Nov 15 04:07:51 user devstack@n-api.service[64792]: WARNING keystonemiddleware.auth_token [None req-2359c439-e226-4c95-932c-9df5dd47f525 None None] AuthToken middleware is set with keystone_authtoken.service_token_roles_required set to False. This is backwards compatible but deprecated behaviour. Please set this to True.
Nov 15 04:07:51 user devstack@n-api.service[64792]: WARNING keystonemiddleware.auth_token [None req-2359c439-e226-4c95-932c-9df5dd47f525 None None] Configuring www_authenticate_uri to point to the public identity endpoint is required; clients may not be able to authenticate against an admin endpoint
Nov 15 04:07:51 user devstack@n-api.service[64792]: WSGI app 0 (mountpoint='') ready in 5 seconds on interpreter 0x55c8a7626b90 pid: 64792 (default app)
Nov 15 04:07:51 user devstack@n-api.service[64791]: WARNING keystonemiddleware.auth_token [None req-edea15d3-c317-406f-8613-b2142b4732f8 None None] AuthToken middleware is set with keystone_authtoken.service_token_roles_required set to False. This is backwards compatible but deprecated behaviour. Please set this to True.
Nov 15 04:07:51 user devstack@n-api.service[64791]: WARNING keystonemiddleware.auth_token [None req-edea15d3-c317-406f-8613-b2142b4732f8 None None] Configuring www_authenticate_uri to point to the public identity endpoint is required; clients may not be able to authenticate against an admin endpoint
Nov 15 04:07:51 user devstack@n-api.service[64791]: WSGI app 0 (mountpoint='') ready in 5 seconds on interpreter 0x55c8a7626b90 pid: 64791 (default app)
Nov 15 04:10:00 user devstack@n-api.service[64790]: DEBUG nova.api.openstack.wsgi [None req-d08157ff-43e1-405c-955d-4686177abb18 None None] Calling method '>' {{(pid=64790) _process_stack /opt/stack/nova/nova/api/openstack/wsgi.py:513}}
Nov 15 04:10:00 user devstack@n-api.service[64790]: INFO nova.api.openstack.requestlog [None req-d08157ff-43e1-405c-955d-4686177abb18 None None] 10.0.0.210 "GET /compute/v2.1" status: 200 len: 387 microversion: 2.1 time: 0.001446
Nov 15 04:10:00 user devstack@n-api.service[64790]: [pid: 64790|app: 0|req: 2/2] 10.0.0.210 () {54 vars in 925 bytes} [Wed Nov 15 04:10:00 2023] GET /compute/v2.1 => generated 387 bytes in 2 msecs (HTTP/1.1 200) 9 headers in 357 bytes (1 switches on core 0)
Nov 15 04:10:00 user devstack@n-api.service[64792]: DEBUG nova.api.openstack.wsgi [None req-cf4c0e61-3a19-45c3-9e31-90a7e06d8a94 admin admin] Calling method '>' {{(pid=64792) _process_stack /opt/stack/nova/nova/api/openstack/wsgi.py:513}}
Nov 15 04:10:00 user devstack@n-api.service[64792]: DEBUG dbcounter [-] [64792] Writing DB stats nova_api:SELECT=3 {{(pid=64792) stat_writer /opt/stack/data/venv/lib/python3.10/site-packages/dbcounter.py:115}}
Nov 15 04:10:00 user devstack@n-api.service[64792]: DEBUG dbcounter [-] [64792] Writing DB stats nova_cell0:SELECT=3 {{(pid=64792) stat_writer /opt/stack/data/venv/lib/python3.10/site-packages/dbcounter.py:115}}
Nov 15 04:10:00 user devstack@n-api.service[64792]: DEBUG dbcounter [-] [64792] Writing DB stats nova_cell1:SELECT=3 {{(pid=64792) stat_writer /opt/stack/data/venv/lib/python3.10/site-packages/dbcounter.py:115}}
Nov 15 04:10:00 user devstack@n-api.service[64792]: DEBUG dbcounter [-] [64792] Writing DB stats nova_cell0:SELECT=3 {{(pid=64792) stat_writer /opt/stack/data/venv/lib/python3.10/site-packages/dbcounter.py:115}}
Nov 15 04:10:00 user devstack@n-api.service[64792]: INFO nova.api.openstack.requestlog [None req-cf4c0e61-3a19-45c3-9e31-90a7e06d8a94 admin admin] 10.0.0.210 "GET /compute/v2.1/flavors/detail?is_public=True" status: 200 len: 15 microversion: 2.61 time: 0.211585
Nov 15 04:10:00 user devstack@n-api.service[64792]: [pid: 64792|app: 0|req: 1/3] 10.0.0.210 () {60 vars in 1286 bytes} [Wed Nov 15 04:10:00 2023] GET /compute/v2.1/flavors/detail?is_public=True => generated 15 bytes in 214 msecs (HTTP/1.1 200) 9 headers in 358 bytes (1 switches on core 0)
Nov 15 04:10:02 user devstack@n-api.service[64791]: DEBUG nova.api.openstack.wsgi [None req-edea15d3-c317-406f-8613-b2142b4732f8 None None] Calling method '>' {{(pid=64791) _process_stack /opt/stack/nova/nova/api/openstack/wsgi.py:513}}
Nov 15 04:10:02 user devstack@n-api.service[64791]: INFO nova.api.openstack.requestlog [None req-edea15d3-c317-406f-8613-b2142b4732f8 None None] 10.0.0.210 "GET /compute/v2.1" status: 200 len: 387 microversion: 2.1 time: 0.003616
Nov 15 04:10:02 user devstack@n-api.service[64791]: [pid: 64791|app: 0|req: 1/4] 10.0.0.210 () {54 vars in 925 bytes} [Wed Nov 15 04:10:02 2023] GET /compute/v2.1 => generated 387 bytes in 6 msecs (HTTP/1.1 200) 9 headers in 357 bytes (1 switches on core 0)
Nov 15 04:10:02 user devstack@n-api.service[64790]: DEBUG dbcounter [-] [64790] Writing DB stats nova_api:SELECT=3 {{(pid=64790) stat_writer /opt/stack/data/venv/lib/python3.10/site-packages/dbcounter.py:115}}
Nov 15 04:10:02 user devstack@n-api.service[64790]: DEBUG dbcounter [-] [64790] Writing DB stats nova_cell0:SELECT=3 {{(pid=64790) stat_writer /opt/stack/data/venv/lib/python3.10/site-packages/dbcounter.py:115}}
Nov 15 04:10:02 user devstack@n-api.service[64790]: DEBUG dbcounter [-] [64790] Writing DB stats nova_cell1:SELECT=3 {{(pid=64790) stat_writer /opt/stack/data/venv/lib/python3.10/site-packages/dbcounter.py:115}}
Nov 15 04:10:02 user devstack@n-api.service[64790]: DEBUG dbcounter [-] [64790] Writing DB stats nova_cell0:SELECT=6,nova_cell0:INSERT=1 {{(pid=64790) stat_writer /opt/stack/data/venv/lib/python3.10/site-packages/dbcounter.py:115}}
Nov 15 04:10:02 user devstack@n-api.service[64790]: DEBUG nova.api.openstack.wsgi [None req-c0cea23b-f3f5-416f-baa7-eccd0462a73e admin admin] Action: 'create', calling method: >, body: {"flavor": {"name": "cirros256", "vcpus": 1, "OS-FLV-EXT-DATA:ephemeral": 0, "id": "c1", "rxtx_factor": 1.0, "swap": 0, "disk": 1, "ram": 256, "os-flavor-access:is_public": true}} {{(pid=64790) _process_stack /opt/stack/nova/nova/api/openstack/wsgi.py:511}}
Nov 15 04:10:02 user devstack@n-api.service[64790]: INFO nova.api.openstack.requestlog [None req-c0cea23b-f3f5-416f-baa7-eccd0462a73e admin admin] 10.0.0.210 "POST /compute/v2.1/flavors" status: 200 len: 405 microversion: 2.61 time: 0.210557
Nov 15 04:10:02 user devstack@n-api.service[64790]: [pid: 64790|app: 0|req: 3/5] 10.0.0.210 () {64 vars in 1277 bytes} [Wed Nov 15 04:10:02 2023] POST /compute/v2.1/flavors => generated 405 bytes in 212 msecs (HTTP/1.1 200) 9 headers in 359 bytes (1 switches on core 0)
Nov 15 04:10:02 user devstack@n-api.service[64792]: DEBUG nova.api.openstack.wsgi [None req-e45dcdad-ffca-4e23-9f4d-c634804d0522 admin admin] Action: 'create', calling method: >, body: {"extra_specs": {"hw_rng:allowed": "True"}} {{(pid=64792) _process_stack /opt/stack/nova/nova/api/openstack/wsgi.py:511}}
Nov 15 04:10:02 user devstack@n-api.service[64792]: INFO nova.api.openstack.requestlog [None req-e45dcdad-ffca-4e23-9f4d-c634804d0522 admin admin] 10.0.0.210 "POST /compute/v2.1/flavors/c1/os-extra_specs" status: 200 len: 43 microversion: 2.61 time: 0.043614
Nov 15 04:10:02 user devstack@n-api.service[64792]: [pid: 64792|app: 0|req: 2/6] 10.0.0.210 () {64 vars in 1330 bytes} [Wed Nov 15 04:10:02 2023] POST /compute/v2.1/flavors/c1/os-extra_specs => generated 43 bytes in 45 msecs (HTTP/1.1 200) 9 headers in 358 bytes (1 switches on core 0)
Nov 15 04:10:04 user devstack@n-api.service[64791]: DEBUG nova.api.openstack.wsgi [None req-edea15d3-c317-406f-8613-b2142b4732f8 None None] Calling method '>' {{(pid=64791) _process_stack /opt/stack/nova/nova/api/openstack/wsgi.py:513}}
Nov 15 04:10:04 user devstack@n-api.service[64791]: INFO nova.api.openstack.requestlog [None req-edea15d3-c317-406f-8613-b2142b4732f8 None None] 10.0.0.210 "GET /compute/v2.1" status: 200 len: 387 microversion: 2.1 time: 0.001646
Nov 15 04:10:04 user devstack@n-api.service[64791]: [pid: 64791|app: 0|req: 2/7] 10.0.0.210 () {54 vars in 925 bytes} [Wed Nov 15 04:10:04 2023] GET /compute/v2.1 => generated 387 bytes in 3 msecs (HTTP/1.1 200) 9 headers in 357 bytes (1 switches on core 0)
Nov 15 04:10:04 user devstack@n-api.service[64790]: DEBUG nova.api.openstack.wsgi [None req-14433bfd-be8b-4990-a70b-46b14ad05978 admin admin] Action: 'create', calling method: >, body: {"flavor": {"os-flavor-access:is_public": true, "name": "ds512M", "disk": 5, "ram": 512, "OS-FLV-EXT-DATA:ephemeral": 0, "rxtx_factor": 1.0, "id": "d1", "swap": 0, "vcpus": 1}} {{(pid=64790) _process_stack /opt/stack/nova/nova/api/openstack/wsgi.py:511}}
Nov 15 04:10:04 user devstack@n-api.service[64790]: INFO nova.api.openstack.requestlog [None req-14433bfd-be8b-4990-a70b-46b14ad05978 admin admin] 10.0.0.210 "POST /compute/v2.1/flavors" status: 200 len: 402 microversion: 2.61 time: 0.021761
Nov 15 04:10:04 user devstack@n-api.service[64790]: [pid: 64790|app: 0|req: 4/8] 10.0.0.210 () {64 vars in 1277 bytes} [Wed Nov 15 04:10:04 2023] POST /compute/v2.1/flavors => generated 402 bytes in 24 msecs (HTTP/1.1 200) 9 headers in 359 bytes (1 switches on core 0)
Nov 15 04:10:04 user devstack@n-api.service[64792]: DEBUG nova.api.openstack.wsgi [None req-785d27e9-b883-452d-bc28-625530f9e901 admin admin] Action: 'create', calling method: >, body: {"extra_specs": {"hw_rng:allowed": "True"}} {{(pid=64792) _process_stack /opt/stack/nova/nova/api/openstack/wsgi.py:511}}
Nov 15 04:10:04 user devstack@n-api.service[64792]: INFO nova.api.openstack.requestlog [None req-785d27e9-b883-452d-bc28-625530f9e901 admin admin] 10.0.0.210 "POST /compute/v2.1/flavors/d1/os-extra_specs" status: 200 len: 43 microversion: 2.61 time: 0.025525
Nov 15 04:10:04 user devstack@n-api.service[64792]: [pid: 64792|app: 0|req: 3/9] 10.0.0.210 () {64 vars in 1330 bytes} [Wed Nov 15 04:10:04 2023] POST /compute/v2.1/flavors/d1/os-extra_specs => generated 43 bytes in 27 msecs (HTTP/1.1 200) 9 headers in 358 bytes (1 switches on core 0)
Nov 15 04:10:06 user devstack@n-api.service[64791]: DEBUG nova.api.openstack.wsgi [None req-edea15d3-c317-406f-8613-b2142b4732f8 None None] Calling method '>' {{(pid=64791) _process_stack /opt/stack/nova/nova/api/openstack/wsgi.py:513}}
Nov 15 04:10:06 user devstack@n-api.service[64791]: INFO nova.api.openstack.requestlog [None req-edea15d3-c317-406f-8613-b2142b4732f8 None None] 10.0.0.210 "GET /compute/v2.1" status: 200 len: 387 microversion: 2.1 time: 0.001482
Nov 15 04:10:06 user devstack@n-api.service[64791]: [pid: 64791|app: 0|req: 3/10] 10.0.0.210 () {54 vars in 925 bytes} [Wed Nov 15 04:10:06 2023] GET /compute/v2.1 => generated 387 bytes in 2 msecs (HTTP/1.1 200) 9 headers in 357 bytes (1 switches on core 0)
Nov 15 04:10:06 user devstack@n-api.service[64790]: DEBUG nova.api.openstack.wsgi [None req-704d20ac-e601-4e82-ad74-c1e4c008cd6c admin admin] Action: 'create', calling method: >, body: {"flavor": {"name": "ds1G", "id": "d2", "os-flavor-access:is_public": true, "rxtx_factor": 1.0, "swap": 0, "OS-FLV-EXT-DATA:ephemeral": 0, "vcpus": 1, "ram": 1024, "disk": 10}} {{(pid=64790) _process_stack /opt/stack/nova/nova/api/openstack/wsgi.py:511}}
Nov 15 04:10:06 user devstack@n-api.service[64790]: INFO nova.api.openstack.requestlog [None req-704d20ac-e601-4e82-ad74-c1e4c008cd6c admin admin] 10.0.0.210 "POST /compute/v2.1/flavors" status: 200 len: 402 microversion: 2.61 time: 0.020984
Nov 15 04:10:06 user devstack@n-api.service[64790]: [pid: 64790|app: 0|req: 5/11] 10.0.0.210 () {64 vars in 1277 bytes} [Wed Nov 15 04:10:06 2023] POST /compute/v2.1/flavors => generated 402 bytes in 22 msecs (HTTP/1.1 200) 9 headers in 359 bytes (1 switches on core 0)
Nov 15 04:10:06 user devstack@n-api.service[64792]: DEBUG nova.api.openstack.wsgi [None req-666dae5a-fe0f-407c-a771-b25975595682 admin admin] Action: 'create', calling method: >, body: {"extra_specs": {"hw_rng:allowed": "True"}} {{(pid=64792) _process_stack /opt/stack/nova/nova/api/openstack/wsgi.py:511}}
Nov 15 04:10:06 user devstack@n-api.service[64792]: INFO nova.api.openstack.requestlog [None req-666dae5a-fe0f-407c-a771-b25975595682 admin admin] 10.0.0.210 "POST /compute/v2.1/flavors/d2/os-extra_specs" status: 200 len: 43 microversion: 2.61 time: 0.023883
Nov 15 04:10:06 user devstack@n-api.service[64792]: [pid: 64792|app: 0|req: 4/12] 10.0.0.210 () {64 vars in 1330 bytes} [Wed Nov 15 04:10:06 2023] POST /compute/v2.1/flavors/d2/os-extra_specs => generated 43 bytes in 25 msecs (HTTP/1.1 200) 9 headers in 358 bytes (1 switches on core 0)
Nov 15 04:10:08 user devstack@n-api.service[64791]: DEBUG nova.api.openstack.wsgi [None req-edea15d3-c317-406f-8613-b2142b4732f8 None None] Calling method '>' {{(pid=64791) _process_stack /opt/stack/nova/nova/api/openstack/wsgi.py:513}}
Nov 15 04:10:08 user devstack@n-api.service[64791]: INFO nova.api.openstack.requestlog [None req-edea15d3-c317-406f-8613-b2142b4732f8 None None] 10.0.0.210 "GET /compute/v2.1" status: 200 len: 387 microversion: 2.1 time: 0.001559
Nov 15 04:10:08 user devstack@n-api.service[64791]: [pid: 64791|app: 0|req: 4/13] 10.0.0.210 () {54 vars in 925 bytes} [Wed Nov 15 04:10:08 2023] GET /compute/v2.1 => generated 387 bytes in 2 msecs (HTTP/1.1 200) 9 headers in 357 bytes (1 switches on core 0)
Nov 15 04:10:08 user devstack@n-api.service[64790]: DEBUG nova.api.openstack.wsgi [None req-fc0980de-befe-4774-82ae-c10bc22c95bb admin admin] Action: 'create', calling method: >, body: {"flavor": {"vcpus": 2, "id": "d3", "name": "ds2G", "rxtx_factor": 1.0, "disk": 10, "OS-FLV-EXT-DATA:ephemeral": 0, "ram": 2048, "swap": 0, "os-flavor-access:is_public": true}} {{(pid=64790) _process_stack /opt/stack/nova/nova/api/openstack/wsgi.py:511}}
Nov 15 04:10:08 user devstack@n-api.service[64790]: INFO nova.api.openstack.requestlog [None req-fc0980de-befe-4774-82ae-c10bc22c95bb admin admin] 10.0.0.210 "POST /compute/v2.1/flavors" status: 200 len: 402 microversion: 2.61 time: 0.019735
Nov 15 04:10:08 user devstack@n-api.service[64790]: [pid: 64790|app: 0|req: 6/14] 10.0.0.210 () {64 vars in 1277 bytes} [Wed Nov 15 04:10:08 2023] POST /compute/v2.1/flavors => generated 402 bytes in 21 msecs (HTTP/1.1 200) 9 headers in 359 bytes (1 switches on core 0)
Nov 15 04:10:08 user devstack@n-api.service[64792]: DEBUG nova.api.openstack.wsgi [None req-1fab797a-424c-4d1a-a9f3-f0678dbaf54f admin admin] Action: 'create', calling method: >, body: {"extra_specs": {"hw_rng:allowed": "True"}} {{(pid=64792) _process_stack /opt/stack/nova/nova/api/openstack/wsgi.py:511}}
Nov 15 04:10:08 user devstack@n-api.service[64792]: INFO nova.api.openstack.requestlog [None req-1fab797a-424c-4d1a-a9f3-f0678dbaf54f admin admin] 10.0.0.210 "POST /compute/v2.1/flavors/d3/os-extra_specs" status: 200 len: 43 microversion: 2.61 time: 0.026521
Nov 15 04:10:08 user devstack@n-api.service[64792]: [pid: 64792|app: 0|req: 5/15] 10.0.0.210 () {64 vars in 1330 bytes} [Wed Nov 15 04:10:08 2023] POST /compute/v2.1/flavors/d3/os-extra_specs => generated 43 bytes in 28 msecs (HTTP/1.1 200) 9 headers in 358 bytes (1 switches on core 0)
Nov 15 04:10:10 user devstack@n-api.service[64791]: DEBUG nova.api.openstack.wsgi [None req-edea15d3-c317-406f-8613-b2142b4732f8 None None] Calling method '>' {{(pid=64791) _process_stack /opt/stack/nova/nova/api/openstack/wsgi.py:513}}
Nov 15 04:10:10 user devstack@n-api.service[64791]: INFO nova.api.openstack.requestlog [None req-edea15d3-c317-406f-8613-b2142b4732f8 None None] 10.0.0.210 "GET /compute/v2.1" status: 200 len: 387 microversion: 2.1 time: 0.001508
Nov 15 04:10:10 user devstack@n-api.service[64791]: [pid: 64791|app: 0|req: 5/16] 10.0.0.210 () {54 vars in 925 bytes} [Wed Nov 15 04:10:10 2023] GET /compute/v2.1 => generated 387 bytes in 2 msecs (HTTP/1.1 200) 9 headers in 357 bytes (1 switches on core 0)
Nov 15 04:10:10 user devstack@n-api.service[64790]: DEBUG nova.api.openstack.wsgi [None req-3d98cfa6-e635-4864-ad7c-b3c480049dde admin admin] Action: 'create', calling method: >, body: {"flavor": {"id": "d4", "OS-FLV-EXT-DATA:ephemeral": 0, "disk": 20, "swap": 0, "name": "ds4G", "os-flavor-access:is_public": true, "ram": 4096, "rxtx_factor": 1.0, "vcpus": 4}} {{(pid=64790) _process_stack /opt/stack/nova/nova/api/openstack/wsgi.py:511}}
Nov 15 04:10:10 user devstack@n-api.service[64790]: INFO nova.api.openstack.requestlog [None req-3d98cfa6-e635-4864-ad7c-b3c480049dde admin admin] 10.0.0.210 "POST /compute/v2.1/flavors" status: 200 len: 402 microversion: 2.61 time: 0.022367
Nov 15 04:10:10 user devstack@n-api.service[64790]: [pid: 64790|app: 0|req: 7/17] 10.0.0.210 () {64 vars in 1277 bytes} [Wed Nov 15 04:10:10 2023] POST /compute/v2.1/flavors => generated 402 bytes in 24 msecs (HTTP/1.1 200) 9 headers in 359 bytes (1 switches on core 0)
Nov 15 04:10:10 user devstack@n-api.service[64792]: DEBUG nova.api.openstack.wsgi [None req-44d6283d-ec46-4960-b197-2665c36ceb04 admin admin] Action: 'create', calling method: >, body: {"extra_specs": {"hw_rng:allowed": "True"}} {{(pid=64792) _process_stack /opt/stack/nova/nova/api/openstack/wsgi.py:511}}
Nov 15 04:10:10 user devstack@n-api.service[64792]: INFO nova.api.openstack.requestlog [None req-44d6283d-ec46-4960-b197-2665c36ceb04 admin admin] 10.0.0.210 "POST /compute/v2.1/flavors/d4/os-extra_specs" status: 200 len: 43 microversion: 2.61 time: 0.025249
Nov 15 04:10:10 user devstack@n-api.service[64792]: [pid: 64792|app: 0|req: 6/18] 10.0.0.210 () {64 vars in 1330 bytes} [Wed Nov 15 04:10:10 2023] POST /compute/v2.1/flavors/d4/os-extra_specs => generated 43 bytes in 27 msecs (HTTP/1.1 200) 9 headers in 358 bytes (1 switches on core 0)
Nov 15 04:10:12 user devstack@n-api.service[64791]: DEBUG nova.api.openstack.wsgi [None req-edea15d3-c317-406f-8613-b2142b4732f8 None None] Calling method '>' {{(pid=64791) _process_stack /opt/stack/nova/nova/api/openstack/wsgi.py:513}}
Nov 15 04:10:12 user devstack@n-api.service[64791]: INFO nova.api.openstack.requestlog [None req-edea15d3-c317-406f-8613-b2142b4732f8 None None] 10.0.0.210 "GET /compute/v2.1" status: 200 len: 387 microversion: 2.1 time: 0.001492
Nov 15 04:10:12 user devstack@n-api.service[64791]: [pid: 64791|app: 0|req: 6/19] 10.0.0.210 () {54 vars in 925 bytes} [Wed Nov 15 04:10:12 2023] GET /compute/v2.1 => generated 387 bytes in 2 msecs (HTTP/1.1 200) 9 headers in 357 bytes (1 switches on core 0)
Nov 15 04:10:12 user devstack@n-api.service[64790]: DEBUG nova.api.openstack.wsgi [None req-beaab69b-f767-4ca3-a510-ee380f762ca9 admin admin] Calling method '>' {{(pid=64790) _process_stack /opt/stack/nova/nova/api/openstack/wsgi.py:513}}
Nov 15 04:10:12 user devstack@n-api.service[64790]: INFO nova.api.openstack.requestlog [None req-beaab69b-f767-4ca3-a510-ee380f762ca9 admin admin] 10.0.0.210 "GET /compute/v2.1/flavors/detail?is_public=True" status: 200 len: 2096 microversion: 2.61 time: 0.027064
Nov 15 04:10:12 user devstack@n-api.service[64790]: [pid: 64790|app: 0|req: 8/20] 10.0.0.210 () {60 vars in 1286 bytes} [Wed Nov 15 04:10:12 2023] GET /compute/v2.1/flavors/detail?is_public=True => generated 2096 bytes in 28 msecs (HTTP/1.1 200) 9 headers in 360 bytes (2 switches on core 0)
Nov 15 04:10:14 user devstack@n-api.service[64792]: DEBUG nova.api.openstack.wsgi [None req-44d6283d-ec46-4960-b197-2665c36ceb04 admin admin] Calling method '>' {{(pid=64792) _process_stack /opt/stack/nova/nova/api/openstack/wsgi.py:513}}
Nov 15 04:10:14 user devstack@n-api.service[64792]: INFO nova.api.openstack.requestlog [None req-44d6283d-ec46-4960-b197-2665c36ceb04 admin admin] 10.0.0.210 "GET /compute/v2.1" status: 200 len: 387 microversion: 2.1 time: 0.001583
Nov 15 04:10:14 user devstack@n-api.service[64792]: [pid: 64792|app: 0|req: 7/21] 10.0.0.210 () {54 vars in 925 bytes} [Wed Nov 15 04:10:14 2023] GET /compute/v2.1 => generated 387 bytes in 3 msecs (HTTP/1.1 200) 9 headers in 357 bytes (1 switches on core 0)
Nov 15 04:10:14 user devstack@n-api.service[64791]: DEBUG dbcounter [-] [64791] Writing DB stats nova_api:SELECT=3 {{(pid=64791) stat_writer /opt/stack/data/venv/lib/python3.10/site-packages/dbcounter.py:115}}
Nov 15 04:10:14 user devstack@n-api.service[64791]: DEBUG dbcounter [-] [64791] Writing DB stats nova_cell1:SELECT=3 {{(pid=64791) stat_writer /opt/stack/data/venv/lib/python3.10/site-packages/dbcounter.py:115}}
Nov 15 04:10:14 user devstack@n-api.service[64791]: DEBUG dbcounter [-] [64791] Writing DB stats nova_cell0:SELECT=3 {{(pid=64791) stat_writer /opt/stack/data/venv/lib/python3.10/site-packages/dbcounter.py:115}}
Nov 15 04:10:14 user devstack@n-api.service[64791]: DEBUG dbcounter [-] [64791] Writing DB stats nova_cell0:SELECT=3 {{(pid=64791) stat_writer /opt/stack/data/venv/lib/python3.10/site-packages/dbcounter.py:115}}
Nov 15 04:10:14 user devstack@n-api.service[64791]: DEBUG nova.api.openstack.wsgi [None req-1a677023-2f29-4d3c-9b89-848a726d0184 admin admin] Action: 'create', calling method: >, body: {"flavor": {"rxtx_factor": 1.0, "os-flavor-access:is_public": true, "ram": 512, "vcpus": 1, "name": "m1.tiny", "swap": 0, "OS-FLV-EXT-DATA:ephemeral": 0, "disk": 1, "id": "1"}} {{(pid=64791) _process_stack /opt/stack/nova/nova/api/openstack/wsgi.py:511}}
Nov 15 04:10:14 user devstack@n-api.service[64791]: INFO nova.api.openstack.requestlog [None req-1a677023-2f29-4d3c-9b89-848a726d0184 admin admin] 10.0.0.210 "POST /compute/v2.1/flavors" status: 200 len: 400 microversion: 2.61 time: 0.217733
Nov 15 04:10:14 user devstack@n-api.service[64791]: [pid: 64791|app: 0|req: 7/22] 10.0.0.210 () {64 vars in 1277 bytes} [Wed Nov 15 04:10:14 2023] POST /compute/v2.1/flavors => generated 400 bytes in 219 msecs (HTTP/1.1 200) 9 headers in 359 bytes (1 switches on core 0)
Nov 15 04:10:14 user devstack@n-api.service[64790]: DEBUG nova.api.openstack.wsgi [None req-538676eb-0933-448b-8b58-daa88bd9d5bd admin admin] Action: 'create', calling method: >, body: {"extra_specs": {"hw_rng:allowed": "True"}} {{(pid=64790) _process_stack /opt/stack/nova/nova/api/openstack/wsgi.py:511}}
Nov 15 04:10:14 user devstack@n-api.service[64790]: INFO nova.api.openstack.requestlog [None req-538676eb-0933-448b-8b58-daa88bd9d5bd admin admin] 10.0.0.210 "POST /compute/v2.1/flavors/1/os-extra_specs" status: 200 len: 43 microversion: 2.61 time: 0.033591
Nov 15 04:10:14 user devstack@n-api.service[64790]: [pid: 64790|app: 0|req: 9/23] 10.0.0.210 () {64 vars in 1327 bytes} [Wed Nov 15 04:10:14 2023] POST /compute/v2.1/flavors/1/os-extra_specs => generated 43 bytes in 35 msecs (HTTP/1.1 200) 9 headers in 358 bytes (1 switches on core 0)
Nov 15 04:10:16 user devstack@n-api.service[64792]: DEBUG nova.api.openstack.wsgi [None req-44d6283d-ec46-4960-b197-2665c36ceb04 admin admin] Calling method '>' {{(pid=64792) _process_stack /opt/stack/nova/nova/api/openstack/wsgi.py:513}}
Nov 15 04:10:16 user devstack@n-api.service[64792]: INFO nova.api.openstack.requestlog [None req-44d6283d-ec46-4960-b197-2665c36ceb04 admin admin] 10.0.0.210 "GET /compute/v2.1" status: 200 len: 387 microversion: 2.1 time: 0.001416
Nov 15 04:10:16 user devstack@n-api.service[64792]: [pid: 64792|app: 0|req: 8/24] 10.0.0.210 () {54 vars in 925 bytes} [Wed Nov 15 04:10:16 2023] GET /compute/v2.1 => generated 387 bytes in 2 msecs (HTTP/1.1 200) 9 headers in 357 bytes (1 switches on core 0)
Nov 15 04:10:16 user devstack@n-api.service[64791]: DEBUG nova.api.openstack.wsgi [None req-ecbb8e83-5115-4081-845c-8377c53ed586 admin admin] Action: 'create', calling method: >, body: {"flavor": {"vcpus": 1, "disk": 20, "rxtx_factor": 1.0, "swap": 0, "ram": 2048, "os-flavor-access:is_public": true, "id": "2", "name": "m1.small", "OS-FLV-EXT-DATA:ephemeral": 0}} {{(pid=64791) _process_stack /opt/stack/nova/nova/api/openstack/wsgi.py:511}}
Nov 15 04:10:16 user devstack@n-api.service[64791]: INFO nova.api.openstack.requestlog [None req-ecbb8e83-5115-4081-845c-8377c53ed586 admin admin] 10.0.0.210 "POST /compute/v2.1/flavors" status: 200 len: 403 microversion: 2.61 time: 0.024136
Nov 15 04:10:16 user devstack@n-api.service[64791]: [pid: 64791|app: 0|req: 8/25] 10.0.0.210 () {64 vars in 1277 bytes} [Wed Nov 15 04:10:16 2023] POST /compute/v2.1/flavors => generated 403 bytes in 25 msecs (HTTP/1.1 200) 9 headers in 359 bytes (1 switches on core 0)
Nov 15 04:10:16 user devstack@n-api.service[64790]: DEBUG nova.api.openstack.wsgi [None req-3bff4503-edfd-4838-9556-36b6a150ef97 admin admin] Action: 'create', calling method: >, body: {"extra_specs": {"hw_rng:allowed": "True"}} {{(pid=64790) _process_stack /opt/stack/nova/nova/api/openstack/wsgi.py:511}}
Nov 15 04:10:16 user devstack@n-api.service[64790]: INFO nova.api.openstack.requestlog [None req-3bff4503-edfd-4838-9556-36b6a150ef97 admin admin] 10.0.0.210 "POST /compute/v2.1/flavors/2/os-extra_specs" status: 200 len: 43 microversion: 2.61 time: 0.024045
Nov 15 04:10:16 user devstack@n-api.service[64790]: [pid: 64790|app: 0|req: 10/26] 10.0.0.210 () {64 vars in 1327 bytes} [Wed Nov 15 04:10:16 2023] POST /compute/v2.1/flavors/2/os-extra_specs => generated 43 bytes in 25 msecs (HTTP/1.1 200) 9 headers in 358 bytes (1 switches on core 0)
Nov 15 04:10:18 user devstack@n-api.service[64792]: DEBUG nova.api.openstack.wsgi [None req-44d6283d-ec46-4960-b197-2665c36ceb04 admin admin] Calling method '>' {{(pid=64792) _process_stack /opt/stack/nova/nova/api/openstack/wsgi.py:513}}
Nov 15 04:10:18 user devstack@n-api.service[64792]: INFO nova.api.openstack.requestlog [None req-44d6283d-ec46-4960-b197-2665c36ceb04 admin admin] 10.0.0.210 "GET /compute/v2.1" status: 200 len: 387 microversion: 2.1 time: 0.001355
Nov 15 04:10:18 user devstack@n-api.service[64792]: [pid: 64792|app: 0|req: 9/27] 10.0.0.210 () {54 vars in 925 bytes} [Wed Nov 15 04:10:18 2023] GET /compute/v2.1 => generated 387 bytes in 2 msecs (HTTP/1.1 200) 9 headers in 357 bytes (1 switches on core 0)
Nov 15 04:10:18 user devstack@n-api.service[64791]: DEBUG nova.api.openstack.wsgi [None req-358c5911-ce6a-4adc-a666-e7d39c81c1f8 admin admin] Action: 'create', calling method: >, body: {"flavor": {"os-flavor-access:is_public": true, "OS-FLV-EXT-DATA:ephemeral": 0, "disk": 40, "name": "m1.medium", "swap": 0, "ram": 4096, "id": "3", "vcpus": 2, "rxtx_factor": 1.0}} {{(pid=64791) _process_stack /opt/stack/nova/nova/api/openstack/wsgi.py:511}}
Nov 15 04:10:18 user devstack@n-api.service[64791]: INFO nova.api.openstack.requestlog [None req-358c5911-ce6a-4adc-a666-e7d39c81c1f8 admin admin] 10.0.0.210 "POST /compute/v2.1/flavors" status: 200 len: 404 microversion: 2.61 time: 0.023468
Nov 15 04:10:18 user devstack@n-api.service[64791]: [pid: 64791|app: 0|req: 9/28] 10.0.0.210 () {64 vars in 1277 bytes} [Wed Nov 15 04:10:18 2023] POST /compute/v2.1/flavors => generated 404 bytes in 25 msecs (HTTP/1.1 200) 9 headers in 359 bytes (1 switches on core 0)
Nov 15 04:10:18 user devstack@n-api.service[64790]: DEBUG nova.api.openstack.wsgi [None req-cddc475b-21c9-467b-9001-7751f6a7a587 admin admin] Action: 'create', calling method: >, body: {"extra_specs": {"hw_rng:allowed": "True"}} {{(pid=64790) _process_stack /opt/stack/nova/nova/api/openstack/wsgi.py:511}}
Nov 15 04:10:18 user devstack@n-api.service[64790]: INFO nova.api.openstack.requestlog [None req-cddc475b-21c9-467b-9001-7751f6a7a587 admin admin] 10.0.0.210 "POST /compute/v2.1/flavors/3/os-extra_specs" status: 200 len: 43 microversion: 2.61 time: 0.024071
Nov 15 04:10:18 user devstack@n-api.service[64790]: [pid: 64790|app: 0|req: 11/29] 10.0.0.210 () {64 vars in 1327 bytes} [Wed Nov 15 04:10:18 2023] POST /compute/v2.1/flavors/3/os-extra_specs => generated 43 bytes in 25 msecs (HTTP/1.1 200) 9 headers in 358 bytes (1 switches on core 0)
Nov 15 04:10:20 user devstack@n-api.service[64792]: DEBUG nova.api.openstack.wsgi [None req-44d6283d-ec46-4960-b197-2665c36ceb04 admin admin] Calling method '>' {{(pid=64792) _process_stack /opt/stack/nova/nova/api/openstack/wsgi.py:513}}
Nov 15 04:10:20 user devstack@n-api.service[64792]: INFO nova.api.openstack.requestlog [None req-44d6283d-ec46-4960-b197-2665c36ceb04 admin admin] 10.0.0.210 "GET /compute/v2.1" status: 200 len: 387 microversion: 2.1 time: 0.001745
Nov 15 04:10:20 user devstack@n-api.service[64792]: [pid: 64792|app: 0|req: 10/30] 10.0.0.210 () {54 vars in 925 bytes} [Wed Nov 15 04:10:20 2023] GET /compute/v2.1 => generated 387 bytes in 3 msecs (HTTP/1.1 200) 9 headers in 357 bytes (1 switches on core 0)
Nov 15 04:10:20 user devstack@n-api.service[64791]: DEBUG nova.api.openstack.wsgi [None req-ec63dc33-7279-4964-abb7-41811db08e2e admin admin] Action: 'create', calling method: >, body: {"flavor": {"os-flavor-access:is_public": true, "name": "m1.large", "rxtx_factor": 1.0, "id": "4", "disk": 80, "OS-FLV-EXT-DATA:ephemeral": 0, "vcpus": 4, "ram": 8192, "swap": 0}} {{(pid=64791) _process_stack /opt/stack/nova/nova/api/openstack/wsgi.py:511}}
Nov 15 04:10:20 user devstack@n-api.service[64791]: INFO nova.api.openstack.requestlog [None req-ec63dc33-7279-4964-abb7-41811db08e2e admin admin] 10.0.0.210 "POST /compute/v2.1/flavors" status: 200 len: 403 microversion: 2.61 time: 0.022480
Nov 15 04:10:20 user devstack@n-api.service[64791]: [pid: 64791|app: 0|req: 10/31] 10.0.0.210 () {64 vars in 1277 bytes} [Wed Nov 15 04:10:20 2023] POST /compute/v2.1/flavors => generated 403 bytes in 24 msecs (HTTP/1.1 200) 9 headers in 359 bytes (1 switches on core 0)
Nov 15 04:10:20 user devstack@n-api.service[64790]: DEBUG nova.api.openstack.wsgi [None req-48c29300-d16a-4b97-84a6-a3fe6d38e29e admin admin] Action: 'create', calling method: >, body: {"extra_specs": {"hw_rng:allowed": "True"}} {{(pid=64790) _process_stack /opt/stack/nova/nova/api/openstack/wsgi.py:511}}
Nov 15 04:10:20 user devstack@n-api.service[64790]: INFO nova.api.openstack.requestlog [None req-48c29300-d16a-4b97-84a6-a3fe6d38e29e admin admin] 10.0.0.210 "POST /compute/v2.1/flavors/4/os-extra_specs" status: 200 len: 43 microversion: 2.61 time: 0.028302
Nov 15 04:10:20 user devstack@n-api.service[64790]: [pid: 64790|app: 0|req: 12/32] 10.0.0.210 () {64 vars in 1327 bytes} [Wed Nov 15 04:10:20 2023] POST /compute/v2.1/flavors/4/os-extra_specs => generated 43 bytes in 30 msecs (HTTP/1.1 200) 9 headers in 358 bytes (1 switches on core 0)
