Jul 19 17:23:58 user devstack@c-api.service[70900]: INFO cinder.api.openstack.wsgi [None req-f6f8ac30-beca-4f1f-949a-76c8dc21daf8 tempest-VolumesActionsTest-2059150500 tempest-VolumesActionsTest-2059150500-project-member] POST http://10.0.0.210/volume/v3/f3f3a3a59fd04d7aba6d4eb631c50ed0/volumes/86c2916d-0866-489e-be8b-6d715c2d4b3f/action
Jul 19 17:23:58 user devstack@c-api.service[70900]: DEBUG cinder.api.openstack.wsgi [None req-f6f8ac30-beca-4f1f-949a-76c8dc21daf8 tempest-VolumesActionsTest-2059150500 tempest-VolumesActionsTest-2059150500-project-member] Action body: b'{"os-update_readonly_flag": {"readonly": true}}' {{(pid=70900) get_method /opt/stack/cinder/cinder/api/openstack/wsgi.py:983}}
Jul 19 17:23:58 user devstack@c-api.service[70900]: DEBUG cinder.api.openstack.wsgi [None req-f6f8ac30-beca-4f1f-949a-76c8dc21daf8 tempest-VolumesActionsTest-2059150500 tempest-VolumesActionsTest-2059150500-project-member] Action: 'action', calling method: _volume_readonly_update, body: {"os-update_readonly_flag": {"readonly": true}} {{(pid=70900) _process_stack /opt/stack/cinder/cinder/api/openstack/wsgi.py:866}}
Jul 19 17:23:58 user devstack@c-api.service[70900]: /usr/local/lib/python3.10/dist-packages/oslo_context/context.py:100: DeprecationWarning: Policy enforcement is depending on the value of is_admin. This key is deprecated. Please update your policy file to use the standard policy values.
Jul 19 17:23:58 user devstack@c-api.service[70900]: warnings.warn('Policy enforcement is depending on the value of '
Jul 19 17:23:58 user devstack@c-api.service[70900]: INFO cinder.volume.api [None req-f6f8ac30-beca-4f1f-949a-76c8dc21daf8 tempest-VolumesActionsTest-2059150500 tempest-VolumesActionsTest-2059150500-project-member] Volume info retrieved successfully.
Jul 19 17:23:58 user devstack@c-api.service[70900]: INFO cinder.volume.api [None req-f6f8ac30-beca-4f1f-949a-76c8dc21daf8 tempest-VolumesActionsTest-2059150500 tempest-VolumesActionsTest-2059150500-project-member] Update volume admin metadata completed successfully.
Jul 19 17:23:58 user devstack@c-api.service[70900]: INFO cinder.volume.api [None req-f6f8ac30-beca-4f1f-949a-76c8dc21daf8 tempest-VolumesActionsTest-2059150500 tempest-VolumesActionsTest-2059150500-project-member] Update readonly setting on volume completed successfully.
Jul 19 17:23:58 user devstack@c-api.service[70900]: INFO cinder.api.openstack.wsgi [None req-f6f8ac30-beca-4f1f-949a-76c8dc21daf8 tempest-VolumesActionsTest-2059150500 tempest-VolumesActionsTest-2059150500-project-member] http://10.0.0.210/volume/v3/f3f3a3a59fd04d7aba6d4eb631c50ed0/volumes/86c2916d-0866-489e-be8b-6d715c2d4b3f/action returned with HTTP 202
Jul 19 17:23:58 user devstack@c-api.service[70900]: [pid: 70900|app: 0|req: 79/244] 10.0.0.210 () {64 vars in 1444 bytes} [Wed Jul 19 17:23:58 2023] POST /volume/v3/f3f3a3a59fd04d7aba6d4eb631c50ed0/volumes/86c2916d-0866-489e-be8b-6d715c2d4b3f/action => generated 0 bytes in 55 msecs (HTTP/1.1 202) 7 headers in 289 bytes (1 switches on core 0)
Jul 19 17:23:58 user devstack@c-api.service[70898]: DEBUG cinder.api.middleware.request_id [None req-928a50a7-bdd0-444f-8d8a-106f0be42908 None None] RequestId filter calling following filter/app {{(pid=70898) _context_setter /opt/stack/cinder/cinder/api/middleware/request_id.py:62}}
Jul 19 17:23:58 user devstack@c-api.service[70898]: INFO cinder.api.openstack.wsgi [None req-928a50a7-bdd0-444f-8d8a-106f0be42908 tempest-VolumesActionsTest-2059150500 tempest-VolumesActionsTest-2059150500-project-member] GET http://10.0.0.210/volume/v3/f3f3a3a59fd04d7aba6d4eb631c50ed0/volumes/86c2916d-0866-489e-be8b-6d715c2d4b3f
Jul 19 17:23:58 user devstack@c-api.service[70898]: DEBUG cinder.api.openstack.wsgi [None req-928a50a7-bdd0-444f-8d8a-106f0be42908 tempest-VolumesActionsTest-2059150500 tempest-VolumesActionsTest-2059150500-project-member] Empty body provided in request {{(pid=70898) get_body /opt/stack/cinder/cinder/api/openstack/wsgi.py:715}}
Jul 19 17:23:58 user devstack@c-api.service[70898]: DEBUG cinder.api.openstack.wsgi [None req-928a50a7-bdd0-444f-8d8a-106f0be42908 tempest-VolumesActionsTest-2059150500 tempest-VolumesActionsTest-2059150500-project-member] Calling method 'show' {{(pid=70898) _process_stack /opt/stack/cinder/cinder/api/openstack/wsgi.py:868}}
Jul 19 17:23:58 user devstack@c-api.service[70898]: /usr/local/lib/python3.10/dist-packages/oslo_context/context.py:100: DeprecationWarning: Policy enforcement is depending on the value of is_admin. This key is deprecated. Please update your policy file to use the standard policy values.
Jul 19 17:23:58 user devstack@c-api.service[70898]: warnings.warn('Policy enforcement is depending on the value of '
Jul 19 17:23:58 user devstack@c-api.service[70898]: INFO cinder.volume.api [None req-928a50a7-bdd0-444f-8d8a-106f0be42908 tempest-VolumesActionsTest-2059150500 tempest-VolumesActionsTest-2059150500-project-member] Volume info retrieved successfully.
Jul 19 17:23:58 user devstack@c-api.service[70898]: INFO cinder.api.openstack.wsgi [None req-928a50a7-bdd0-444f-8d8a-106f0be42908 tempest-VolumesActionsTest-2059150500 tempest-VolumesActionsTest-2059150500-project-member] http://10.0.0.210/volume/v3/f3f3a3a59fd04d7aba6d4eb631c50ed0/volumes/86c2916d-0866-489e-be8b-6d715c2d4b3f returned with HTTP 200
Jul 19 17:23:58 user devstack@c-api.service[70898]: [pid: 70898|app: 0|req: 90/245] 10.0.0.210 () {62 vars in 1402 bytes} [Wed Jul 19 17:23:58 2023] GET /volume/v3/f3f3a3a59fd04d7aba6d4eb631c50ed0/volumes/86c2916d-0866-489e-be8b-6d715c2d4b3f => generated 927 bytes in 128 msecs (HTTP/1.1 200) 7 headers in 285 bytes (1 switches on core 0)
Jul 19 17:23:58 user devstack@c-api.service[70899]: DEBUG cinder.quota [None req-83c1515a-c4f2-43b3-a22e-6f14fdec71e4 tempest-VolumeQuotasNegativeTestJSON-2137657311 tempest-VolumeQuotasNegativeTestJSON-2137657311-project-member] Created reservations ['b6d7a961-b5d6-4216-a25f-02e7a347a502', '72163b31-1696-47ce-a369-842476aab030', '921c33d6-185d-4921-80d3-341a28a72a15', 'd662c64c-f746-4601-ba1a-c02ba41ef088'] {{(pid=70899) reserve /opt/stack/cinder/cinder/quota.py:755}}
Jul 19 17:23:58 user devstack@c-api.service[70900]: DEBUG cinder.api.middleware.request_id [None req-a7c280bc-5a23-463e-98c3-0c927023a825 None None] RequestId filter calling following filter/app {{(pid=70900) _context_setter /opt/stack/cinder/cinder/api/middleware/request_id.py:62}}
Jul 19 17:23:58 user devstack@c-api.service[70899]: DEBUG cinder.volume.api [None req-83c1515a-c4f2-43b3-a22e-6f14fdec71e4 tempest-VolumeQuotasNegativeTestJSON-2137657311 tempest-VolumeQuotasNegativeTestJSON-2137657311-project-member] Task 'cinder.volume.flows.api.create_volume.QuotaReserveTask;volume:create' (1853d6ab-1e76-4627-84a2-a0f7bf6e5baf) transitioned into state 'SUCCESS' from state 'RUNNING' with result '{'reservations': ['b6d7a961-b5d6-4216-a25f-02e7a347a502', '72163b31-1696-47ce-a369-842476aab030', '921c33d6-185d-4921-80d3-341a28a72a15', 'd662c64c-f746-4601-ba1a-c02ba41ef088']}' {{(pid=70899) _task_receiver /usr/local/lib/python3.10/dist-packages/taskflow/listeners/logging.py:178}}
Jul 19 17:23:58 user devstack@c-api.service[70900]: INFO cinder.api.openstack.wsgi [None req-a7c280bc-5a23-463e-98c3-0c927023a825 tempest-VolumesActionsTest-2059150500 tempest-VolumesActionsTest-2059150500-project-member] POST http://10.0.0.210/volume/v3/f3f3a3a59fd04d7aba6d4eb631c50ed0/volumes/86c2916d-0866-489e-be8b-6d715c2d4b3f/action
Jul 19 17:23:58 user devstack@c-api.service[70899]: DEBUG cinder.volume.api [None req-83c1515a-c4f2-43b3-a22e-6f14fdec71e4 tempest-VolumeQuotasNegativeTestJSON-2137657311 tempest-VolumeQuotasNegativeTestJSON-2137657311-project-member] Task 'cinder.volume.flows.api.create_volume.EntryCreateTask;volume:create' (5e914e42-6e01-4e7a-ae01-824ef1e9532d) transitioned into state 'RUNNING' from state 'PENDING' {{(pid=70899) _task_receiver /usr/local/lib/python3.10/dist-packages/taskflow/listeners/logging.py:190}}
Jul 19 17:23:58 user devstack@c-api.service[70900]: DEBUG cinder.api.openstack.wsgi [None req-a7c280bc-5a23-463e-98c3-0c927023a825 tempest-VolumesActionsTest-2059150500 tempest-VolumesActionsTest-2059150500-project-member] Action body: b'{"os-update_readonly_flag": {"readonly": false}}' {{(pid=70900) get_method /opt/stack/cinder/cinder/api/openstack/wsgi.py:983}}
Jul 19 17:23:58 user devstack@c-api.service[70900]: DEBUG cinder.api.openstack.wsgi [None req-a7c280bc-5a23-463e-98c3-0c927023a825 tempest-VolumesActionsTest-2059150500 tempest-VolumesActionsTest-2059150500-project-member] Action: 'action', calling method: _volume_readonly_update, body: {"os-update_readonly_flag": {"readonly": false}} {{(pid=70900) _process_stack /opt/stack/cinder/cinder/api/openstack/wsgi.py:866}}
Jul 19 17:23:59 user devstack@c-api.service[70898]: DEBUG cinder.api.middleware.request_id [None req-2aa78873-250c-49b5-a55f-8558fd570b89 None None] RequestId filter calling following filter/app {{(pid=70898) _context_setter /opt/stack/cinder/cinder/api/middleware/request_id.py:62}}
Jul 19 17:23:59 user devstack@c-api.service[70898]: INFO cinder.api.openstack.wsgi [None req-2aa78873-250c-49b5-a55f-8558fd570b89 tempest-TaggedBootDevicesTest-1567280136 tempest-TaggedBootDevicesTest-1567280136-project-member] GET http://10.0.0.210/volume/v3/d42831f82708470c93cb84a4af0a763c/volumes/4140322a-c160-47a7-a1f5-fff3e51035bb
Jul 19 17:23:59 user devstack@c-api.service[70900]: /usr/local/lib/python3.10/dist-packages/oslo_context/context.py:100: DeprecationWarning: Policy enforcement is depending on the value of is_admin. This key is deprecated. Please update your policy file to use the standard policy values.
Jul 19 17:23:59 user devstack@c-api.service[70900]: warnings.warn('Policy enforcement is depending on the value of '
Jul 19 17:23:59 user devstack@c-api.service[70898]: DEBUG cinder.api.openstack.wsgi [None req-2aa78873-250c-49b5-a55f-8558fd570b89 tempest-TaggedBootDevicesTest-1567280136 tempest-TaggedBootDevicesTest-1567280136-project-member] Empty body provided in request {{(pid=70898) get_body /opt/stack/cinder/cinder/api/openstack/wsgi.py:715}}
Jul 19 17:23:59 user devstack@c-api.service[70898]: DEBUG cinder.api.openstack.wsgi [None req-2aa78873-250c-49b5-a55f-8558fd570b89 tempest-TaggedBootDevicesTest-1567280136 tempest-TaggedBootDevicesTest-1567280136-project-member] Calling method 'show' {{(pid=70898) _process_stack /opt/stack/cinder/cinder/api/openstack/wsgi.py:868}}
Jul 19 17:23:59 user devstack@c-api.service[70900]: INFO cinder.volume.api [None req-a7c280bc-5a23-463e-98c3-0c927023a825 tempest-VolumesActionsTest-2059150500 tempest-VolumesActionsTest-2059150500-project-member] Volume info retrieved successfully.
Jul 19 17:23:59 user devstack@c-api.service[70899]: DEBUG cinder.volume.api [None req-83c1515a-c4f2-43b3-a22e-6f14fdec71e4 tempest-VolumeQuotasNegativeTestJSON-2137657311 tempest-VolumeQuotasNegativeTestJSON-2137657311-project-member] Task 'cinder.volume.flows.api.create_volume.EntryCreateTask;volume:create' (5e914e42-6e01-4e7a-ae01-824ef1e9532d) transitioned into state 'SUCCESS' from state 'RUNNING' with result '{'volume_id': 'b52caec4-1d90-498e-85cf-062a90af5b66', 'volume_properties': VolumeProperties(attach_status='detached',availability_zone='nova',cgsnapshot_id=None,consistencygroup_id=None,display_description=None,display_name='tempest-VolumeQuotasNegativeTestJSON-Volume-1432335142',encryption_key_id=None,group_id=None,group_type_id=,metadata={},multiattach=False,project_id='7d39a7c628a147d385874b24e89fa8ae',qos_specs=None,replication_status=,reservations=['b6d7a961-b5d6-4216-a25f-02e7a347a502','72163b31-1696-47ce-a369-842476aab030','921c33d6-185d-4921-80d3-341a28a72a15','d662c64c-f746-4601-ba1a-c02ba41ef088'],size=1,snapshot_id=None,source_replicaid=,source_volid=None,status='creating',user_id='83b45efd592e4b6aa6032c6c63583ac1',volume_type_id=d5bd9ebe-59d4-4ad4-b644-126f95857b36), 'volume': Volume(_name_id=None,admin_metadata=,attach_status='detached',availability_zone='nova',bootable=False,cluster=,cluster_name=None,consistencygroup=,consistencygroup_id=None,created_at=2023-07-19T17:23:58Z,deleted=False,deleted_at=None,display_description=None,display_name='tempest-VolumeQuotasNegativeTestJSON-Volume-1432335142',ec2_id=None,encryption_key_id=None,glance_metadata=,group=,group_id=None,host=None,id=b52caec4-1d90-498e-85cf-062a90af5b66,launched_at=None,metadata={},migration_status=None,multiattach=False,previous_status=None,project_id='7d39a7c628a147d385874b24e89fa8ae',provider_auth=None,provider_geometry=None,provider_id=None,provider_location=None,replication_driver_data=None,replication_extended_status=None,replication_status=None,scheduled_at=None,service_uuid=None,shared_targets=True,size=1,snapshot_id=None,snapshots=,source_volid=None,status='creating',terminated_at=None,updated_at=None,use_quota=True,user_id='83b45efd592e4b6aa6032c6c63583ac1',volume_attachment=VolumeAttachmentList,volume_type=VolumeType(d5bd9ebe-59d4-4ad4-b644-126f95857b36),volume_type_id=d5bd9ebe-59d4-4ad4-b644-126f95857b36)}' {{(pid=70899) _task_receiver /usr/local/lib/python3.10/dist-packages/taskflow/listeners/logging.py:178}}
Jul 19 17:23:59 user devstack@c-api.service[70899]: DEBUG cinder.volume.api [None req-83c1515a-c4f2-43b3-a22e-6f14fdec71e4 tempest-VolumeQuotasNegativeTestJSON-2137657311 tempest-VolumeQuotasNegativeTestJSON-2137657311-project-member] Task 'cinder.volume.flows.api.create_volume.QuotaCommitTask;volume:create' (94aff3e9-b879-4609-bc8e-b9de3545cb76) transitioned into state 'RUNNING' from state 'PENDING' {{(pid=70899) _task_receiver /usr/local/lib/python3.10/dist-packages/taskflow/listeners/logging.py:190}}
Jul 19 17:23:59 user devstack@c-api.service[70900]: INFO cinder.volume.api [None req-a7c280bc-5a23-463e-98c3-0c927023a825 tempest-VolumesActionsTest-2059150500 tempest-VolumesActionsTest-2059150500-project-member] Update volume admin metadata completed successfully.
Jul 19 17:23:59 user devstack@c-api.service[70900]: INFO cinder.volume.api [None req-a7c280bc-5a23-463e-98c3-0c927023a825 tempest-VolumesActionsTest-2059150500 tempest-VolumesActionsTest-2059150500-project-member] Update readonly setting on volume completed successfully.
Jul 19 17:23:59 user devstack@c-api.service[70900]: INFO cinder.api.openstack.wsgi [None req-a7c280bc-5a23-463e-98c3-0c927023a825 tempest-VolumesActionsTest-2059150500 tempest-VolumesActionsTest-2059150500-project-member] http://10.0.0.210/volume/v3/f3f3a3a59fd04d7aba6d4eb631c50ed0/volumes/86c2916d-0866-489e-be8b-6d715c2d4b3f/action returned with HTTP 202
Jul 19 17:23:59 user devstack@c-api.service[70900]: [pid: 70900|app: 0|req: 80/246] 10.0.0.210 () {64 vars in 1444 bytes} [Wed Jul 19 17:23:58 2023] POST /volume/v3/f3f3a3a59fd04d7aba6d4eb631c50ed0/volumes/86c2916d-0866-489e-be8b-6d715c2d4b3f/action => generated 0 bytes in 177 msecs (HTTP/1.1 202) 7 headers in 289 bytes (1 switches on core 0)
Jul 19 17:23:59 user devstack@c-api.service[70898]: /usr/local/lib/python3.10/dist-packages/oslo_context/context.py:100: DeprecationWarning: Policy enforcement is depending on the value of is_admin. This key is deprecated. Please update your policy file to use the standard policy values.
Jul 19 17:23:59 user devstack@c-api.service[70898]: warnings.warn('Policy enforcement is depending on the value of '
Jul 19 17:23:59 user devstack@c-api.service[70900]: DEBUG cinder.api.middleware.request_id [None req-baec854f-5ff4-4be7-9baa-692a43285c06 None None] RequestId filter calling following filter/app {{(pid=70900) _context_setter /opt/stack/cinder/cinder/api/middleware/request_id.py:62}}
Jul 19 17:23:59 user devstack@c-api.service[70900]: INFO cinder.api.openstack.wsgi [None req-baec854f-5ff4-4be7-9baa-692a43285c06 tempest-VolumesActionsTest-2059150500 tempest-VolumesActionsTest-2059150500-project-member] GET http://10.0.0.210/volume/v3/f3f3a3a59fd04d7aba6d4eb631c50ed0/volumes/86c2916d-0866-489e-be8b-6d715c2d4b3f
Jul 19 17:23:59 user devstack@c-api.service[70900]: DEBUG cinder.api.openstack.wsgi [None req-baec854f-5ff4-4be7-9baa-692a43285c06 tempest-VolumesActionsTest-2059150500 tempest-VolumesActionsTest-2059150500-project-member] Empty body provided in request {{(pid=70900) get_body /opt/stack/cinder/cinder/api/openstack/wsgi.py:715}}
Jul 19 17:23:59 user devstack@c-api.service[70900]: DEBUG cinder.api.openstack.wsgi [None req-baec854f-5ff4-4be7-9baa-692a43285c06 tempest-VolumesActionsTest-2059150500 tempest-VolumesActionsTest-2059150500-project-member] Calling method 'show' {{(pid=70900) _process_stack /opt/stack/cinder/cinder/api/openstack/wsgi.py:868}}
Jul 19 17:23:59 user devstack@c-api.service[70898]: INFO cinder.volume.api [None req-2aa78873-250c-49b5-a55f-8558fd570b89 tempest-TaggedBootDevicesTest-1567280136 tempest-TaggedBootDevicesTest-1567280136-project-member] Volume info retrieved successfully.
Jul 19 17:23:59 user devstack@c-api.service[70899]: DEBUG cinder.volume.api [None req-83c1515a-c4f2-43b3-a22e-6f14fdec71e4 tempest-VolumeQuotasNegativeTestJSON-2137657311 tempest-VolumeQuotasNegativeTestJSON-2137657311-project-member] Task 'cinder.volume.flows.api.create_volume.QuotaCommitTask;volume:create' (94aff3e9-b879-4609-bc8e-b9de3545cb76) transitioned into state 'SUCCESS' from state 'RUNNING' with result '{'volume_properties': VolumeProperties(attach_status='detached',availability_zone='nova',cgsnapshot_id=None,consistencygroup_id=None,display_description=None,display_name='tempest-VolumeQuotasNegativeTestJSON-Volume-1432335142',encryption_key_id=None,group_id=None,group_type_id=,metadata={},multiattach=False,project_id='7d39a7c628a147d385874b24e89fa8ae',qos_specs=None,replication_status=,reservations=['b6d7a961-b5d6-4216-a25f-02e7a347a502','72163b31-1696-47ce-a369-842476aab030','921c33d6-185d-4921-80d3-341a28a72a15','d662c64c-f746-4601-ba1a-c02ba41ef088'],size=1,snapshot_id=None,source_replicaid=,source_volid=None,status='creating',user_id='83b45efd592e4b6aa6032c6c63583ac1',volume_type_id=d5bd9ebe-59d4-4ad4-b644-126f95857b36)}' {{(pid=70899) _task_receiver /usr/local/lib/python3.10/dist-packages/taskflow/listeners/logging.py:178}}
Jul 19 17:23:59 user devstack@c-api.service[70899]: DEBUG cinder.volume.api [None req-83c1515a-c4f2-43b3-a22e-6f14fdec71e4 tempest-VolumeQuotasNegativeTestJSON-2137657311 tempest-VolumeQuotasNegativeTestJSON-2137657311-project-member] Task 'cinder.volume.flows.api.create_volume.VolumeCastTask;volume:create' (777466c9-3d2c-4afd-bd15-c684d8191afe) transitioned into state 'RUNNING' from state 'PENDING' {{(pid=70899) _task_receiver /usr/local/lib/python3.10/dist-packages/taskflow/listeners/logging.py:190}}
Jul 19 17:23:59 user devstack@c-api.service[70900]: /usr/local/lib/python3.10/dist-packages/oslo_context/context.py:100: DeprecationWarning: Policy enforcement is depending on the value of is_admin. This key is deprecated. Please update your policy file to use the standard policy values.
Jul 19 17:23:59 user devstack@c-api.service[70900]: warnings.warn('Policy enforcement is depending on the value of '
Jul 19 17:23:59 user devstack@c-api.service[70898]: INFO cinder.api.openstack.wsgi [None req-2aa78873-250c-49b5-a55f-8558fd570b89 tempest-TaggedBootDevicesTest-1567280136 tempest-TaggedBootDevicesTest-1567280136-project-member] http://10.0.0.210/volume/v3/d42831f82708470c93cb84a4af0a763c/volumes/4140322a-c160-47a7-a1f5-fff3e51035bb returned with HTTP 200
Jul 19 17:23:59 user devstack@c-api.service[70900]: DEBUG dbcounter [-] [70900] Writing DB stats cinder:UPDATE=6,cinder:SELECT=92,cinder:INSERT=2 {{(pid=70900) stat_writer /usr/local/lib/python3.10/dist-packages/dbcounter.py:117}}
Jul 19 17:23:59 user devstack@c-api.service[70898]: [pid: 70898|app: 0|req: 91/247] 10.0.0.210 () {62 vars in 1402 bytes} [Wed Jul 19 17:23:59 2023] GET /volume/v3/d42831f82708470c93cb84a4af0a763c/volumes/4140322a-c160-47a7-a1f5-fff3e51035bb => generated 972 bytes in 134 msecs (HTTP/1.1 200) 7 headers in 285 bytes (1 switches on core 0)
Jul 19 17:23:59 user devstack@c-api.service[70900]: INFO cinder.volume.api [None req-baec854f-5ff4-4be7-9baa-692a43285c06 tempest-VolumesActionsTest-2059150500 tempest-VolumesActionsTest-2059150500-project-member] Volume info retrieved successfully.
Jul 19 17:23:59 user devstack@c-api.service[70900]: INFO cinder.api.openstack.wsgi [None req-baec854f-5ff4-4be7-9baa-692a43285c06 tempest-VolumesActionsTest-2059150500 tempest-VolumesActionsTest-2059150500-project-member] http://10.0.0.210/volume/v3/f3f3a3a59fd04d7aba6d4eb631c50ed0/volumes/86c2916d-0866-489e-be8b-6d715c2d4b3f returned with HTTP 200
Jul 19 17:23:59 user devstack@c-api.service[70899]: DEBUG cinder.volume.api [None req-83c1515a-c4f2-43b3-a22e-6f14fdec71e4 tempest-VolumeQuotasNegativeTestJSON-2137657311 tempest-VolumeQuotasNegativeTestJSON-2137657311-project-member] Task 'cinder.volume.flows.api.create_volume.VolumeCastTask;volume:create' (777466c9-3d2c-4afd-bd15-c684d8191afe) transitioned into state 'SUCCESS' from state 'RUNNING' with result 'None' {{(pid=70899) _task_receiver /usr/local/lib/python3.10/dist-packages/taskflow/listeners/logging.py:178}}
Jul 19 17:23:59 user devstack@c-api.service[70900]: [pid: 70900|app: 0|req: 81/248] 10.0.0.210 () {62 vars in 1402 bytes} [Wed Jul 19 17:23:59 2023] GET /volume/v3/f3f3a3a59fd04d7aba6d4eb631c50ed0/volumes/86c2916d-0866-489e-be8b-6d715c2d4b3f => generated 928 bytes in 102 msecs (HTTP/1.1 200) 7 headers in 285 bytes (1 switches on core 0)
Jul 19 17:23:59 user devstack@c-api.service[70899]: DEBUG cinder.volume.api [None req-83c1515a-c4f2-43b3-a22e-6f14fdec71e4 tempest-VolumeQuotasNegativeTestJSON-2137657311 tempest-VolumeQuotasNegativeTestJSON-2137657311-project-member] Flow 'volume_create_api' (f2559417-a2ee-4783-9e03-0ca8df73ce66) transitioned into state 'SUCCESS' from state 'RUNNING' {{(pid=70899) _flow_receiver /usr/local/lib/python3.10/dist-packages/taskflow/listeners/logging.py:141}}
Jul 19 17:23:59 user devstack@c-api.service[70899]: INFO cinder.volume.api [None req-83c1515a-c4f2-43b3-a22e-6f14fdec71e4 tempest-VolumeQuotasNegativeTestJSON-2137657311 tempest-VolumeQuotasNegativeTestJSON-2137657311-project-member] Create volume request issued successfully.
Jul 19 17:23:59 user devstack@c-api.service[70899]: INFO cinder.api.openstack.wsgi [None req-83c1515a-c4f2-43b3-a22e-6f14fdec71e4 tempest-VolumeQuotasNegativeTestJSON-2137657311 tempest-VolumeQuotasNegativeTestJSON-2137657311-project-member] http://10.0.0.210/volume/v3/7d39a7c628a147d385874b24e89fa8ae/volumes returned with HTTP 202
Jul 19 17:23:59 user devstack@c-api.service[70899]: [pid: 70899|app: 0|req: 77/249] 10.0.0.210 () {64 vars in 1312 bytes} [Wed Jul 19 17:23:58 2023] POST /volume/v3/7d39a7c628a147d385874b24e89fa8ae/volumes => generated 826 bytes in 968 msecs (HTTP/1.1 202) 7 headers in 291 bytes (1 switches on core 0)
Jul 19 17:23:59 user devstack@c-api.service[70898]: DEBUG cinder.api.middleware.request_id [None req-27653749-a7af-4858-8611-cf9e885226b5 None None] RequestId filter calling following filter/app {{(pid=70898) _context_setter /opt/stack/cinder/cinder/api/middleware/request_id.py:62}}
Jul 19 17:23:59 user devstack@c-api.service[70898]: INFO cinder.api.openstack.wsgi [None req-27653749-a7af-4858-8611-cf9e885226b5 tempest-VolumesActionsTest-2059150500 tempest-VolumesActionsTest-2059150500-project-member] POST http://10.0.0.210/volume/v3/f3f3a3a59fd04d7aba6d4eb631c50ed0/volumes/86c2916d-0866-489e-be8b-6d715c2d4b3f/action
Jul 19 17:23:59 user devstack@c-api.service[70898]: DEBUG cinder.api.openstack.wsgi [None req-27653749-a7af-4858-8611-cf9e885226b5 tempest-VolumesActionsTest-2059150500 tempest-VolumesActionsTest-2059150500-project-member] Action body: b'{"os-volume_upload_image": {"image_name": "tempest-VolumesActionsTest-Image-1568395528", "disk_format": "raw"}}' {{(pid=70898) get_method /opt/stack/cinder/cinder/api/openstack/wsgi.py:983}}
Jul 19 17:23:59 user devstack@c-api.service[70898]: DEBUG cinder.api.openstack.wsgi [None req-27653749-a7af-4858-8611-cf9e885226b5 tempest-VolumesActionsTest-2059150500 tempest-VolumesActionsTest-2059150500-project-member] Action: 'action', calling method: _volume_upload_image, body: {"os-volume_upload_image": {"image_name": "tempest-VolumesActionsTest-Image-1568395528", "disk_format": "raw"}} {{(pid=70898) _process_stack /opt/stack/cinder/cinder/api/openstack/wsgi.py:866}}
Jul 19 17:23:59 user devstack@c-api.service[70900]: DEBUG cinder.api.middleware.request_id [None req-0507adad-d70f-401f-bc6d-a1b12e325cd7 None None] RequestId filter calling following filter/app {{(pid=70900) _context_setter /opt/stack/cinder/cinder/api/middleware/request_id.py:62}}
Jul 19 17:23:59 user devstack@c-api.service[70900]: INFO cinder.api.openstack.wsgi [None req-0507adad-d70f-401f-bc6d-a1b12e325cd7 tempest-VolumeQuotasNegativeTestJSON-2137657311 tempest-VolumeQuotasNegativeTestJSON-2137657311-project-member] GET http://10.0.0.210/volume/v3/7d39a7c628a147d385874b24e89fa8ae/volumes/b52caec4-1d90-498e-85cf-062a90af5b66
Jul 19 17:23:59 user devstack@c-api.service[70900]: DEBUG cinder.api.openstack.wsgi [None req-0507adad-d70f-401f-bc6d-a1b12e325cd7 tempest-VolumeQuotasNegativeTestJSON-2137657311 tempest-VolumeQuotasNegativeTestJSON-2137657311-project-member] Empty body provided in request {{(pid=70900) get_body /opt/stack/cinder/cinder/api/openstack/wsgi.py:715}}
Jul 19 17:23:59 user devstack@c-api.service[70900]: DEBUG cinder.api.openstack.wsgi [None req-0507adad-d70f-401f-bc6d-a1b12e325cd7 tempest-VolumeQuotasNegativeTestJSON-2137657311 tempest-VolumeQuotasNegativeTestJSON-2137657311-project-member] Calling method 'show' {{(pid=70900) _process_stack /opt/stack/cinder/cinder/api/openstack/wsgi.py:868}}
Jul 19 17:23:59 user devstack@c-api.service[70899]: DEBUG cinder.api.middleware.request_id [None req-1673722e-3409-44f7-81fb-3436008ab4fb None None] RequestId filter calling following filter/app {{(pid=70899) _context_setter /opt/stack/cinder/cinder/api/middleware/request_id.py:62}}
Jul 19 17:23:59 user devstack@c-api.service[70899]: INFO cinder.api.openstack.wsgi [None req-1673722e-3409-44f7-81fb-3436008ab4fb tempest-TaggedAttachmentsTest-283244803 tempest-TaggedAttachmentsTest-283244803-project-member] GET http://10.0.0.210/volume/v3/6b096089a538491d8e3d48c62f9c43e2/volumes/d8e004f4-517d-457c-b6d1-f5f1c9065495
Jul 19 17:23:59 user devstack@c-api.service[70899]: DEBUG cinder.api.openstack.wsgi [None req-1673722e-3409-44f7-81fb-3436008ab4fb tempest-TaggedAttachmentsTest-283244803 tempest-TaggedAttachmentsTest-283244803-project-member] Empty body provided in request {{(pid=70899) get_body /opt/stack/cinder/cinder/api/openstack/wsgi.py:715}}
Jul 19 17:23:59 user devstack@c-api.service[70899]: DEBUG cinder.api.openstack.wsgi [None req-1673722e-3409-44f7-81fb-3436008ab4fb tempest-TaggedAttachmentsTest-283244803 tempest-TaggedAttachmentsTest-283244803-project-member] Calling method 'show' {{(pid=70899) _process_stack /opt/stack/cinder/cinder/api/openstack/wsgi.py:868}}
Jul 19 17:23:59 user devstack@c-api.service[70900]: /usr/local/lib/python3.10/dist-packages/oslo_context/context.py:100: DeprecationWarning: Policy enforcement is depending on the value of is_admin. This key is deprecated. Please update your policy file to use the standard policy values.
Jul 19 17:23:59 user devstack@c-api.service[70900]: warnings.warn('Policy enforcement is depending on the value of '
Jul 19 17:23:59 user devstack@c-api.service[70898]: /usr/local/lib/python3.10/dist-packages/oslo_context/context.py:100: DeprecationWarning: Policy enforcement is depending on the value of is_admin. This key is deprecated. Please update your policy file to use the standard policy values.
Jul 19 17:23:59 user devstack@c-api.service[70898]: warnings.warn('Policy enforcement is depending on the value of '
Jul 19 17:23:59 user devstack@c-api.service[70898]: INFO cinder.volume.api [None req-27653749-a7af-4858-8611-cf9e885226b5 tempest-VolumesActionsTest-2059150500 tempest-VolumesActionsTest-2059150500-project-member] Volume info retrieved successfully.
Jul 19 17:23:59 user devstack@c-api.service[70900]: INFO cinder.volume.api [None req-0507adad-d70f-401f-bc6d-a1b12e325cd7 tempest-VolumeQuotasNegativeTestJSON-2137657311 tempest-VolumeQuotasNegativeTestJSON-2137657311-project-member] Volume info retrieved successfully.
Jul 19 17:23:59 user devstack@c-api.service[70899]: /usr/local/lib/python3.10/dist-packages/oslo_context/context.py:100: DeprecationWarning: Policy enforcement is depending on the value of is_admin. This key is deprecated. Please update your policy file to use the standard policy values.
Jul 19 17:23:59 user devstack@c-api.service[70899]: warnings.warn('Policy enforcement is depending on the value of '
Jul 19 17:23:59 user devstack@c-api.service[70899]: INFO cinder.volume.api [None req-1673722e-3409-44f7-81fb-3436008ab4fb tempest-TaggedAttachmentsTest-283244803 tempest-TaggedAttachmentsTest-283244803-project-member] Volume info retrieved successfully.
Jul 19 17:23:59 user devstack@c-api.service[70900]: INFO cinder.api.openstack.wsgi [None req-0507adad-d70f-401f-bc6d-a1b12e325cd7 tempest-VolumeQuotasNegativeTestJSON-2137657311 tempest-VolumeQuotasNegativeTestJSON-2137657311-project-member] http://10.0.0.210/volume/v3/7d39a7c628a147d385874b24e89fa8ae/volumes/b52caec4-1d90-498e-85cf-062a90af5b66 returned with HTTP 200
Jul 19 17:23:59 user devstack@c-api.service[70900]: [pid: 70900|app: 0|req: 82/250] 10.0.0.210 () {62 vars in 1402 bytes} [Wed Jul 19 17:23:59 2023] GET /volume/v3/7d39a7c628a147d385874b24e89fa8ae/volumes/b52caec4-1d90-498e-85cf-062a90af5b66 => generated 894 bytes in 116 msecs (HTTP/1.1 200) 7 headers in 285 bytes (1 switches on core 0)
Jul 19 17:23:59 user devstack@c-api.service[70899]: INFO cinder.api.openstack.wsgi [None req-1673722e-3409-44f7-81fb-3436008ab4fb tempest-TaggedAttachmentsTest-283244803 tempest-TaggedAttachmentsTest-283244803-project-member] http://10.0.0.210/volume/v3/6b096089a538491d8e3d48c62f9c43e2/volumes/d8e004f4-517d-457c-b6d1-f5f1c9065495 returned with HTTP 200
Jul 19 17:23:59 user devstack@c-api.service[70899]: [pid: 70899|app: 0|req: 78/251] 10.0.0.210 () {62 vars in 1402 bytes} [Wed Jul 19 17:23:59 2023] GET /volume/v3/6b096089a538491d8e3d48c62f9c43e2/volumes/d8e004f4-517d-457c-b6d1-f5f1c9065495 => generated 911 bytes in 115 msecs (HTTP/1.1 200) 7 headers in 285 bytes (1 switches on core 0)
Jul 19 17:23:59 user devstack@c-api.service[70898]: /usr/local/lib/python3.10/dist-packages/oslo_context/context.py:100: DeprecationWarning: Policy enforcement is depending on the value of is_admin. This key is deprecated. Please update your policy file to use the standard policy values.
Jul 19 17:23:59 user devstack@c-api.service[70898]: warnings.warn('Policy enforcement is depending on the value of '
Jul 19 17:23:59 user devstack@c-api.service[70898]: DEBUG cinder.image.image_utils [None req-27653749-a7af-4858-8611-cf9e885226b5 tempest-VolumesActionsTest-2059150500 tempest-VolumesActionsTest-2059150500-project-member] The metadata set [{'container_format': 'bare', 'disk_format': 'raw', 'name': 'tempest-VolumesActionsTest-Image-1568395528'}] was filtered using the reserved name spaces [['os_glance', 'img_signature']], and the result is [{'container_format': 'bare', 'disk_format': 'raw', 'name': 'tempest-VolumesActionsTest-Image-1568395528'}]. {{(pid=70898) filter_out_reserved_namespaces_metadata /opt/stack/cinder/cinder/image/image_utils.py:1325}}
Jul 19 17:23:59 user devstack@c-api.service[70900]: DEBUG cinder.api.middleware.request_id [None req-251071d7-37eb-41af-a42f-2456c6d8f79e None None] RequestId filter calling following filter/app {{(pid=70900) _context_setter /opt/stack/cinder/cinder/api/middleware/request_id.py:62}}
Jul 19 17:23:59 user devstack@c-api.service[70900]: INFO cinder.api.openstack.wsgi [None req-251071d7-37eb-41af-a42f-2456c6d8f79e tempest-VolumeQuotasAdminTestJSON-1774061269 tempest-VolumeQuotasAdminTestJSON-1774061269-project-member] GET http://10.0.0.210/volume/v3/0ab550032d8a409aae686ec29f71a660/volumes/8224a43f-d2cf-451c-a2f4-da2240c235ee
Jul 19 17:23:59 user devstack@c-api.service[70900]: DEBUG cinder.api.openstack.wsgi [None req-251071d7-37eb-41af-a42f-2456c6d8f79e tempest-VolumeQuotasAdminTestJSON-1774061269 tempest-VolumeQuotasAdminTestJSON-1774061269-project-member] Empty body provided in request {{(pid=70900) get_body /opt/stack/cinder/cinder/api/openstack/wsgi.py:715}}
Jul 19 17:23:59 user devstack@c-api.service[70900]: DEBUG cinder.api.openstack.wsgi [None req-251071d7-37eb-41af-a42f-2456c6d8f79e tempest-VolumeQuotasAdminTestJSON-1774061269 tempest-VolumeQuotasAdminTestJSON-1774061269-project-member] Calling method 'show' {{(pid=70900) _process_stack /opt/stack/cinder/cinder/api/openstack/wsgi.py:868}}
Jul 19 17:23:59 user devstack@c-api.service[70900]: /usr/local/lib/python3.10/dist-packages/oslo_context/context.py:100: DeprecationWarning: Policy enforcement is depending on the value of is_admin. This key is deprecated. Please update your policy file to use the standard policy values.
Jul 19 17:23:59 user devstack@c-api.service[70900]: warnings.warn('Policy enforcement is depending on the value of '
Jul 19 17:23:59 user devstack@c-api.service[70900]: INFO cinder.volume.api [None req-251071d7-37eb-41af-a42f-2456c6d8f79e tempest-VolumeQuotasAdminTestJSON-1774061269 tempest-VolumeQuotasAdminTestJSON-1774061269-project-member] Volume info retrieved successfully.
Jul 19 17:23:59 user devstack@c-api.service[70900]: INFO cinder.api.openstack.wsgi [None req-251071d7-37eb-41af-a42f-2456c6d8f79e tempest-VolumeQuotasAdminTestJSON-1774061269 tempest-VolumeQuotasAdminTestJSON-1774061269-project-member] http://10.0.0.210/volume/v3/0ab550032d8a409aae686ec29f71a660/volumes/8224a43f-d2cf-451c-a2f4-da2240c235ee returned with HTTP 200
Jul 19 17:23:59 user devstack@c-api.service[70900]: [pid: 70900|app: 0|req: 83/252] 10.0.0.210 () {62 vars in 1402 bytes} [Wed Jul 19 17:23:59 2023] GET /volume/v3/0ab550032d8a409aae686ec29f71a660/volumes/8224a43f-d2cf-451c-a2f4-da2240c235ee => generated 914 bytes in 65 msecs (HTTP/1.1 200) 7 headers in 285 bytes (1 switches on core 0)
Jul 19 17:24:00 user devstack@c-api.service[70899]: DEBUG cinder.api.middleware.request_id [None req-f82e5fb5-9a32-4eae-b5d7-9dfa6a20a457 None None] RequestId filter calling following filter/app {{(pid=70899) _context_setter /opt/stack/cinder/cinder/api/middleware/request_id.py:62}}
Jul 19 17:24:00 user devstack@c-api.service[70899]: INFO cinder.api.openstack.wsgi [None req-f82e5fb5-9a32-4eae-b5d7-9dfa6a20a457 tempest-TaggedBootDevicesTest-1567280136 tempest-TaggedBootDevicesTest-1567280136-project-member] GET http://10.0.0.210/volume/v3/d42831f82708470c93cb84a4af0a763c/volumes/4140322a-c160-47a7-a1f5-fff3e51035bb
Jul 19 17:24:00 user devstack@c-api.service[70899]: DEBUG cinder.api.openstack.wsgi [None req-f82e5fb5-9a32-4eae-b5d7-9dfa6a20a457 tempest-TaggedBootDevicesTest-1567280136 tempest-TaggedBootDevicesTest-1567280136-project-member] Empty body provided in request {{(pid=70899) get_body /opt/stack/cinder/cinder/api/openstack/wsgi.py:715}}
Jul 19 17:24:00 user devstack@c-api.service[70899]: DEBUG cinder.api.openstack.wsgi [None req-f82e5fb5-9a32-4eae-b5d7-9dfa6a20a457 tempest-TaggedBootDevicesTest-1567280136 tempest-TaggedBootDevicesTest-1567280136-project-member] Calling method 'show' {{(pid=70899) _process_stack /opt/stack/cinder/cinder/api/openstack/wsgi.py:868}}
Jul 19 17:24:00 user devstack@c-api.service[70899]: /usr/local/lib/python3.10/dist-packages/oslo_context/context.py:100: DeprecationWarning: Policy enforcement is depending on the value of is_admin. This key is deprecated. Please update your policy file to use the standard policy values.
Jul 19 17:24:00 user devstack@c-api.service[70899]: warnings.warn('Policy enforcement is depending on the value of '
Jul 19 17:24:00 user devstack@c-api.service[70899]: INFO cinder.volume.api [None req-f82e5fb5-9a32-4eae-b5d7-9dfa6a20a457 tempest-TaggedBootDevicesTest-1567280136 tempest-TaggedBootDevicesTest-1567280136-project-member] Volume info retrieved successfully.
Jul 19 17:24:00 user devstack@c-api.service[70899]: INFO cinder.api.openstack.wsgi [None req-f82e5fb5-9a32-4eae-b5d7-9dfa6a20a457 tempest-TaggedBootDevicesTest-1567280136 tempest-TaggedBootDevicesTest-1567280136-project-member] http://10.0.0.210/volume/v3/d42831f82708470c93cb84a4af0a763c/volumes/4140322a-c160-47a7-a1f5-fff3e51035bb returned with HTTP 200
Jul 19 17:24:00 user devstack@c-api.service[70899]: [pid: 70899|app: 0|req: 79/253] 10.0.0.210 () {62 vars in 1402 bytes} [Wed Jul 19 17:24:00 2023] GET /volume/v3/d42831f82708470c93cb84a4af0a763c/volumes/4140322a-c160-47a7-a1f5-fff3e51035bb => generated 972 bytes in 84 msecs (HTTP/1.1 200) 7 headers in 285 bytes (1 switches on core 0)
Jul 19 17:24:00 user devstack@c-api.service[70900]: DEBUG cinder.api.middleware.request_id [None req-e9026d2f-1766-4c1d-88ca-4472c09116fb None None] RequestId filter calling following filter/app {{(pid=70900) _context_setter /opt/stack/cinder/cinder/api/middleware/request_id.py:62}}
Jul 19 17:24:00 user devstack@c-api.service[70900]: INFO cinder.api.openstack.wsgi [None req-e9026d2f-1766-4c1d-88ca-4472c09116fb tempest-VolumeQuotasNegativeTestJSON-2137657311 tempest-VolumeQuotasNegativeTestJSON-2137657311-project-member] GET http://10.0.0.210/volume/v3/7d39a7c628a147d385874b24e89fa8ae/volumes/b52caec4-1d90-498e-85cf-062a90af5b66
Jul 19 17:24:00 user devstack@c-api.service[70900]: DEBUG cinder.api.openstack.wsgi [None req-e9026d2f-1766-4c1d-88ca-4472c09116fb tempest-VolumeQuotasNegativeTestJSON-2137657311 tempest-VolumeQuotasNegativeTestJSON-2137657311-project-member] Empty body provided in request {{(pid=70900) get_body /opt/stack/cinder/cinder/api/openstack/wsgi.py:715}}
Jul 19 17:24:00 user devstack@c-api.service[70900]: DEBUG cinder.api.openstack.wsgi [None req-e9026d2f-1766-4c1d-88ca-4472c09116fb tempest-VolumeQuotasNegativeTestJSON-2137657311 tempest-VolumeQuotasNegativeTestJSON-2137657311-project-member] Calling method 'show' {{(pid=70900) _process_stack /opt/stack/cinder/cinder/api/openstack/wsgi.py:868}}
Jul 19 17:24:00 user devstack@c-api.service[70899]: DEBUG cinder.api.middleware.request_id [None req-fc0f5a1c-e351-4623-b551-7a8763d509ad None None] RequestId filter calling following filter/app {{(pid=70899) _context_setter /opt/stack/cinder/cinder/api/middleware/request_id.py:62}}
Jul 19 17:24:00 user devstack@c-api.service[70899]: INFO cinder.api.openstack.wsgi [None req-fc0f5a1c-e351-4623-b551-7a8763d509ad tempest-TaggedAttachmentsTest-283244803 tempest-TaggedAttachmentsTest-283244803-project-member] GET http://10.0.0.210/volume/v3/6b096089a538491d8e3d48c62f9c43e2/volumes/d8e004f4-517d-457c-b6d1-f5f1c9065495
Jul 19 17:24:00 user devstack@c-api.service[70899]: DEBUG cinder.api.openstack.wsgi [None req-fc0f5a1c-e351-4623-b551-7a8763d509ad tempest-TaggedAttachmentsTest-283244803 tempest-TaggedAttachmentsTest-283244803-project-member] Empty body provided in request {{(pid=70899) get_body /opt/stack/cinder/cinder/api/openstack/wsgi.py:715}}
Jul 19 17:24:00 user devstack@c-api.service[70899]: DEBUG cinder.api.openstack.wsgi [None req-fc0f5a1c-e351-4623-b551-7a8763d509ad tempest-TaggedAttachmentsTest-283244803 tempest-TaggedAttachmentsTest-283244803-project-member] Calling method 'show' {{(pid=70899) _process_stack /opt/stack/cinder/cinder/api/openstack/wsgi.py:868}}
Jul 19 17:24:00 user devstack@c-api.service[70899]: /usr/local/lib/python3.10/dist-packages/oslo_context/context.py:100: DeprecationWarning: Policy enforcement is depending on the value of is_admin. This key is deprecated. Please update your policy file to use the standard policy values.
Jul 19 17:24:00 user devstack@c-api.service[70899]: warnings.warn('Policy enforcement is depending on the value of '
Jul 19 17:24:00 user devstack@c-api.service[70899]: INFO cinder.volume.api [None req-fc0f5a1c-e351-4623-b551-7a8763d509ad tempest-TaggedAttachmentsTest-283244803 tempest-TaggedAttachmentsTest-283244803-project-member] Volume info retrieved successfully.
Jul 19 17:24:00 user devstack@c-api.service[70899]: INFO cinder.api.openstack.wsgi [None req-fc0f5a1c-e351-4623-b551-7a8763d509ad tempest-TaggedAttachmentsTest-283244803 tempest-TaggedAttachmentsTest-283244803-project-member] http://10.0.0.210/volume/v3/6b096089a538491d8e3d48c62f9c43e2/volumes/d8e004f4-517d-457c-b6d1-f5f1c9065495 returned with HTTP 200
Jul 19 17:24:00 user devstack@c-api.service[70899]: [pid: 70899|app: 0|req: 80/254] 10.0.0.210 () {62 vars in 1402 bytes} [Wed Jul 19 17:24:00 2023] GET /volume/v3/6b096089a538491d8e3d48c62f9c43e2/volumes/d8e004f4-517d-457c-b6d1-f5f1c9065495 => generated 911 bytes in 52 msecs (HTTP/1.1 200) 7 headers in 285 bytes (1 switches on core 0)
Jul 19 17:24:00 user devstack@c-api.service[70900]: /usr/local/lib/python3.10/dist-packages/oslo_context/context.py:100: DeprecationWarning: Policy enforcement is depending on the value of is_admin. This key is deprecated. Please update your policy file to use the standard policy values.
Jul 19 17:24:00 user devstack@c-api.service[70900]: warnings.warn('Policy enforcement is depending on the value of '
Jul 19 17:24:00 user devstack@c-api.service[70900]: INFO cinder.volume.api [None req-e9026d2f-1766-4c1d-88ca-4472c09116fb tempest-VolumeQuotasNegativeTestJSON-2137657311 tempest-VolumeQuotasNegativeTestJSON-2137657311-project-member] Volume info retrieved successfully.
Jul 19 17:24:00 user devstack@c-api.service[70900]: INFO cinder.api.openstack.wsgi [None req-e9026d2f-1766-4c1d-88ca-4472c09116fb tempest-VolumeQuotasNegativeTestJSON-2137657311 tempest-VolumeQuotasNegativeTestJSON-2137657311-project-member] http://10.0.0.210/volume/v3/7d39a7c628a147d385874b24e89fa8ae/volumes/b52caec4-1d90-498e-85cf-062a90af5b66 returned with HTTP 200
Jul 19 17:24:00 user devstack@c-api.service[70900]: [pid: 70900|app: 0|req: 84/255] 10.0.0.210 () {62 vars in 1402 bytes} [Wed Jul 19 17:24:00 2023] GET /volume/v3/7d39a7c628a147d385874b24e89fa8ae/volumes/b52caec4-1d90-498e-85cf-062a90af5b66 => generated 918 bytes in 120 msecs (HTTP/1.1 200) 7 headers in 285 bytes (1 switches on core 0)
Jul 19 17:24:00 user devstack@c-api.service[70899]: DEBUG cinder.api.middleware.request_id [None req-cb8be3d1-7b00-4904-a1d2-d11e5d30bba1 None None] RequestId filter calling following filter/app {{(pid=70899) _context_setter /opt/stack/cinder/cinder/api/middleware/request_id.py:62}}
Jul 19 17:24:00 user devstack@c-api.service[70899]: INFO cinder.api.openstack.wsgi [None req-cb8be3d1-7b00-4904-a1d2-d11e5d30bba1 tempest-VolumeQuotasAdminTestJSON-1774061269 tempest-VolumeQuotasAdminTestJSON-1774061269-project-member] GET http://10.0.0.210/volume/v3/0ab550032d8a409aae686ec29f71a660/volumes/8224a43f-d2cf-451c-a2f4-da2240c235ee
Jul 19 17:24:00 user devstack@c-api.service[70899]: DEBUG cinder.api.openstack.wsgi [None req-cb8be3d1-7b00-4904-a1d2-d11e5d30bba1 tempest-VolumeQuotasAdminTestJSON-1774061269 tempest-VolumeQuotasAdminTestJSON-1774061269-project-member] Empty body provided in request {{(pid=70899) get_body /opt/stack/cinder/cinder/api/openstack/wsgi.py:715}}
Jul 19 17:24:00 user devstack@c-api.service[70899]: DEBUG cinder.api.openstack.wsgi [None req-cb8be3d1-7b00-4904-a1d2-d11e5d30bba1 tempest-VolumeQuotasAdminTestJSON-1774061269 tempest-VolumeQuotasAdminTestJSON-1774061269-project-member] Calling method 'show' {{(pid=70899) _process_stack /opt/stack/cinder/cinder/api/openstack/wsgi.py:868}}
Jul 19 17:24:00 user devstack@c-api.service[70899]: /usr/local/lib/python3.10/dist-packages/oslo_context/context.py:100: DeprecationWarning: Policy enforcement is depending on the value of is_admin. This key is deprecated. Please update your policy file to use the standard policy values.
Jul 19 17:24:00 user devstack@c-api.service[70899]: warnings.warn('Policy enforcement is depending on the value of '
Jul 19 17:24:00 user devstack@c-api.service[70899]: INFO cinder.api.openstack.wsgi [None req-cb8be3d1-7b00-4904-a1d2-d11e5d30bba1 tempest-VolumeQuotasAdminTestJSON-1774061269 tempest-VolumeQuotasAdminTestJSON-1774061269-project-member] http://10.0.0.210/volume/v3/0ab550032d8a409aae686ec29f71a660/volumes/8224a43f-d2cf-451c-a2f4-da2240c235ee returned with HTTP 404
Jul 19 17:24:00 user devstack@c-api.service[70899]: [pid: 70899|app: 0|req: 81/256] 10.0.0.210 () {62 vars in 1402 bytes} [Wed Jul 19 17:24:00 2023] GET /volume/v3/0ab550032d8a409aae686ec29f71a660/volumes/8224a43f-d2cf-451c-a2f4-da2240c235ee => generated 109 bytes in 58 msecs (HTTP/1.1 404) 7 headers in 292 bytes (1 switches on core 0)
Jul 19 17:24:00 user devstack@c-api.service[70900]: DEBUG cinder.api.middleware.request_id [None req-b6ce9a60-e62a-416c-baed-4255b2e1ea2d None None] RequestId filter calling following filter/app {{(pid=70900) _context_setter /opt/stack/cinder/cinder/api/middleware/request_id.py:62}}
Jul 19 17:24:00 user devstack@c-api.service[70900]: INFO cinder.api.openstack.wsgi [None req-b6ce9a60-e62a-416c-baed-4255b2e1ea2d tempest-VolumeQuotasAdminTestJSON-1774061269 tempest-VolumeQuotasAdminTestJSON-1774061269-project-member] GET http://10.0.0.210/volume/v3/0ab550032d8a409aae686ec29f71a660/volumes/8224a43f-d2cf-451c-a2f4-da2240c235ee
Jul 19 17:24:00 user devstack@c-api.service[70900]: DEBUG cinder.api.openstack.wsgi [None req-b6ce9a60-e62a-416c-baed-4255b2e1ea2d tempest-VolumeQuotasAdminTestJSON-1774061269 tempest-VolumeQuotasAdminTestJSON-1774061269-project-member] Empty body provided in request {{(pid=70900) get_body /opt/stack/cinder/cinder/api/openstack/wsgi.py:715}}
Jul 19 17:24:00 user devstack@c-api.service[70900]: DEBUG cinder.api.openstack.wsgi [None req-b6ce9a60-e62a-416c-baed-4255b2e1ea2d tempest-VolumeQuotasAdminTestJSON-1774061269 tempest-VolumeQuotasAdminTestJSON-1774061269-project-member] Calling method 'show' {{(pid=70900) _process_stack /opt/stack/cinder/cinder/api/openstack/wsgi.py:868}}
Jul 19 17:24:00 user devstack@c-api.service[70900]: INFO cinder.api.openstack.wsgi [None req-b6ce9a60-e62a-416c-baed-4255b2e1ea2d tempest-VolumeQuotasAdminTestJSON-1774061269 tempest-VolumeQuotasAdminTestJSON-1774061269-project-member] http://10.0.0.210/volume/v3/0ab550032d8a409aae686ec29f71a660/volumes/8224a43f-d2cf-451c-a2f4-da2240c235ee returned with HTTP 404
Jul 19 17:24:00 user devstack@c-api.service[70900]: [pid: 70900|app: 0|req: 85/257] 10.0.0.210 () {62 vars in 1402 bytes} [Wed Jul 19 17:24:00 2023] GET /volume/v3/0ab550032d8a409aae686ec29f71a660/volumes/8224a43f-d2cf-451c-a2f4-da2240c235ee => generated 109 bytes in 26 msecs (HTTP/1.1 404) 7 headers in 292 bytes (1 switches on core 0)
Jul 19 17:24:00 user devstack@c-api.service[70899]: DEBUG cinder.api.middleware.request_id [None req-ea34f28b-0f2f-4533-bfa4-1d297d5f117b None None] RequestId filter calling following filter/app {{(pid=70899) _context_setter /opt/stack/cinder/cinder/api/middleware/request_id.py:62}}
Jul 19 17:24:00 user devstack@c-api.service[70899]: INFO cinder.api.openstack.wsgi [None req-ea34f28b-0f2f-4533-bfa4-1d297d5f117b tempest-VolumeQuotasAdminTestJSON-1774061269 tempest-VolumeQuotasAdminTestJSON-1774061269-project-member] DELETE http://10.0.0.210/volume/v3/0ab550032d8a409aae686ec29f71a660/volumes/8224a43f-d2cf-451c-a2f4-da2240c235ee
Jul 19 17:24:00 user devstack@c-api.service[70899]: DEBUG cinder.api.openstack.wsgi [None req-ea34f28b-0f2f-4533-bfa4-1d297d5f117b tempest-VolumeQuotasAdminTestJSON-1774061269 tempest-VolumeQuotasAdminTestJSON-1774061269-project-member] Empty body provided in request {{(pid=70899) get_body /opt/stack/cinder/cinder/api/openstack/wsgi.py:715}}
Jul 19 17:24:00 user devstack@c-api.service[70899]: DEBUG cinder.api.openstack.wsgi [None req-ea34f28b-0f2f-4533-bfa4-1d297d5f117b tempest-VolumeQuotasAdminTestJSON-1774061269 tempest-VolumeQuotasAdminTestJSON-1774061269-project-member] Calling method 'delete' {{(pid=70899) _process_stack /opt/stack/cinder/cinder/api/openstack/wsgi.py:868}}
Jul 19 17:24:00 user devstack@c-api.service[70899]: INFO cinder.api.v3.volumes [None req-ea34f28b-0f2f-4533-bfa4-1d297d5f117b tempest-VolumeQuotasAdminTestJSON-1774061269 tempest-VolumeQuotasAdminTestJSON-1774061269-project-member] Delete volume with id: 8224a43f-d2cf-451c-a2f4-da2240c235ee
Jul 19 17:24:00 user devstack@c-api.service[70899]: INFO cinder.api.openstack.wsgi [None req-ea34f28b-0f2f-4533-bfa4-1d297d5f117b tempest-VolumeQuotasAdminTestJSON-1774061269 tempest-VolumeQuotasAdminTestJSON-1774061269-project-member] http://10.0.0.210/volume/v3/0ab550032d8a409aae686ec29f71a660/volumes/8224a43f-d2cf-451c-a2f4-da2240c235ee returned with HTTP 404
Jul 19 17:24:00 user devstack@c-api.service[70899]: [pid: 70899|app: 0|req: 82/258] 10.0.0.210 () {62 vars in 1405 bytes} [Wed Jul 19 17:24:00 2023] DELETE /volume/v3/0ab550032d8a409aae686ec29f71a660/volumes/8224a43f-d2cf-451c-a2f4-da2240c235ee => generated 109 bytes in 24 msecs (HTTP/1.1 404) 7 headers in 292 bytes (1 switches on core 0)
Jul 19 17:24:00 user devstack@c-api.service[70900]: DEBUG cinder.api.middleware.request_id [None req-d7149ef3-6bb2-4f54-88a9-6ec497713321 None None] RequestId filter calling following filter/app {{(pid=70900) _context_setter /opt/stack/cinder/cinder/api/middleware/request_id.py:62}}
Jul 19 17:24:00 user devstack@c-api.service[70900]: INFO cinder.api.openstack.wsgi [None req-d7149ef3-6bb2-4f54-88a9-6ec497713321 tempest-VolumeQuotasAdminTestJSON-1774061269 tempest-VolumeQuotasAdminTestJSON-1774061269-project-member] POST http://10.0.0.210/volume/v3/0ab550032d8a409aae686ec29f71a660/volumes
Jul 19 17:24:00 user devstack@c-api.service[70900]: DEBUG cinder.api.openstack.wsgi [None req-d7149ef3-6bb2-4f54-88a9-6ec497713321 tempest-VolumeQuotasAdminTestJSON-1774061269 tempest-VolumeQuotasAdminTestJSON-1774061269-project-member] Action: 'create', calling method: create, body: {"volume": {"size": 1, "name": "tempest-VolumeQuotasAdminTestJSON-Volume-720851876"}} {{(pid=70900) _process_stack /opt/stack/cinder/cinder/api/openstack/wsgi.py:866}}
