Jul 19 17:23:48 user devstack@c-api.service[70900]: DEBUG cinder.api.openstack.wsgi [None req-1509e7dc-5c4a-4850-8c40-eea48c6525c4 tempest-VolumeQuotasAdminTestJSON-407470588 tempest-VolumeQuotasAdminTestJSON-407470588-project-admin] Action: 'update', calling method: update, body: {"quota_set": {"volumes": 10, "per_volume_gigabytes": -1, "snapshots": 10, "gigabytes": 1000, "backups": 10, "backup_gigabytes": 1000}} {{(pid=70900) _process_stack /opt/stack/cinder/cinder/api/openstack/wsgi.py:866}}
Jul 19 17:23:48 user devstack@c-api.service[70899]: INFO cinder.api.openstack.wsgi [None req-2923f11f-1691-4552-b912-03241d24e33b tempest-TestVolumeSwap-883899359 tempest-TestVolumeSwap-883899359-project-member] http://10.0.0.210/volume/v3/4342f1772f6740bf9486e60a064b79d6/volumes/a15d8483-a8bd-4cfe-983b-231f852a163f returned with HTTP 200
Jul 19 17:23:48 user devstack@c-api.service[70899]: [pid: 70899|app: 0|req: 57/177] 10.0.0.210 () {62 vars in 1402 bytes} [Wed Jul 19 17:23:48 2023] GET /volume/v3/4342f1772f6740bf9486e60a064b79d6/volumes/a15d8483-a8bd-4cfe-983b-231f852a163f => generated 904 bytes in 70 msecs (HTTP/1.1 200) 7 headers in 285 bytes (1 switches on core 0)
Jul 19 17:23:48 user devstack@c-api.service[70898]: DEBUG cinder.api.middleware.request_id [req-79c2e746-d58d-49fe-8ba8-caa1506f035f req-f918cf60-9f41-4663-b126-d98e3e51e9e0 None None] RequestId filter calling following filter/app {{(pid=70898) _context_setter /opt/stack/cinder/cinder/api/middleware/request_id.py:62}}
Jul 19 17:23:48 user devstack@c-api.service[70898]: INFO cinder.api.openstack.wsgi [req-79c2e746-d58d-49fe-8ba8-caa1506f035f req-f918cf60-9f41-4663-b126-d98e3e51e9e0 tempest-VolumesGetTestJSON-495821499 tempest-VolumesGetTestJSON-495821499-project-member] GET http://10.0.0.210/volume/v3/d9d56076b7414ceebc1b2dceb9ed758d/volumes/44a7b35b-8ae0-46e5-9493-5d5134f62446
Jul 19 17:23:48 user devstack@c-api.service[70898]: DEBUG cinder.api.openstack.wsgi [req-79c2e746-d58d-49fe-8ba8-caa1506f035f req-f918cf60-9f41-4663-b126-d98e3e51e9e0 tempest-VolumesGetTestJSON-495821499 tempest-VolumesGetTestJSON-495821499-project-member] Empty body provided in request {{(pid=70898) get_body /opt/stack/cinder/cinder/api/openstack/wsgi.py:715}}
Jul 19 17:23:48 user devstack@c-api.service[70898]: DEBUG cinder.api.openstack.wsgi [req-79c2e746-d58d-49fe-8ba8-caa1506f035f req-f918cf60-9f41-4663-b126-d98e3e51e9e0 tempest-VolumesGetTestJSON-495821499 tempest-VolumesGetTestJSON-495821499-project-member] Calling method 'show' {{(pid=70898) _process_stack /opt/stack/cinder/cinder/api/openstack/wsgi.py:868}}
Jul 19 17:23:48 user devstack@c-api.service[70898]: /usr/local/lib/python3.10/dist-packages/oslo_context/context.py:100: DeprecationWarning: Policy enforcement is depending on the value of is_admin. This key is deprecated. Please update your policy file to use the standard policy values.
Jul 19 17:23:48 user devstack@c-api.service[70898]: warnings.warn('Policy enforcement is depending on the value of '
Jul 19 17:23:48 user devstack@c-api.service[70898]: INFO cinder.volume.api [req-79c2e746-d58d-49fe-8ba8-caa1506f035f req-f918cf60-9f41-4663-b126-d98e3e51e9e0 tempest-VolumesGetTestJSON-495821499 tempest-VolumesGetTestJSON-495821499-project-member] Volume info retrieved successfully.
Jul 19 17:23:48 user devstack@c-api.service[70898]: INFO cinder.api.openstack.wsgi [req-79c2e746-d58d-49fe-8ba8-caa1506f035f req-f918cf60-9f41-4663-b126-d98e3e51e9e0 tempest-VolumesGetTestJSON-495821499 tempest-VolumesGetTestJSON-495821499-project-member] http://10.0.0.210/volume/v3/d9d56076b7414ceebc1b2dceb9ed758d/volumes/44a7b35b-8ae0-46e5-9493-5d5134f62446 returned with HTTP 200
Jul 19 17:23:48 user devstack@c-api.service[70898]: [pid: 70898|app: 0|req: 67/178] 10.0.0.210 () {64 vars in 1655 bytes} [Wed Jul 19 17:23:48 2023] GET /volume/v3/d9d56076b7414ceebc1b2dceb9ed758d/volumes/44a7b35b-8ae0-46e5-9493-5d5134f62446 => generated 922 bytes in 67 msecs (HTTP/1.1 200) 7 headers in 285 bytes (1 switches on core 0)
Jul 19 17:23:48 user devstack@c-api.service[70900]: DEBUG dbcounter [-] [70900] Writing DB stats cinder:SELECT=74,cinder:INSERT=13,cinder:UPDATE=13 {{(pid=70900) stat_writer /usr/local/lib/python3.10/dist-packages/dbcounter.py:117}}
Jul 19 17:23:48 user devstack@c-api.service[70900]: INFO cinder.api.openstack.wsgi [None req-1509e7dc-5c4a-4850-8c40-eea48c6525c4 tempest-VolumeQuotasAdminTestJSON-407470588 tempest-VolumeQuotasAdminTestJSON-407470588-project-admin] http://10.0.0.210/volume/v3/1ea869b1d0b243a9855b263b03d83807/os-quota-sets/0ab550032d8a409aae686ec29f71a660 returned with HTTP 200
Jul 19 17:23:48 user devstack@c-api.service[70900]: [pid: 70900|app: 0|req: 55/179] 10.0.0.210 () {64 vars in 1429 bytes} [Wed Jul 19 17:23:48 2023] PUT /volume/v3/1ea869b1d0b243a9855b263b03d83807/os-quota-sets/0ab550032d8a409aae686ec29f71a660 => generated 319 bytes in 234 msecs (HTTP/1.1 200) 7 headers in 285 bytes (1 switches on core 0)
Jul 19 17:23:48 user devstack@c-api.service[70899]: DEBUG cinder.api.middleware.request_id [None req-a9fbd5bc-f1eb-4776-9a8b-a9df59cae6ff None None] RequestId filter calling following filter/app {{(pid=70899) _context_setter /opt/stack/cinder/cinder/api/middleware/request_id.py:62}}
Jul 19 17:23:48 user devstack@c-api.service[70899]: INFO cinder.api.openstack.wsgi [None req-a9fbd5bc-f1eb-4776-9a8b-a9df59cae6ff tempest-VolumeQuotasAdminTestJSON-407470588 tempest-VolumeQuotasAdminTestJSON-407470588-project-admin] GET http://10.0.0.210/volume/v3/1ea869b1d0b243a9855b263b03d83807/os-quota-sets/0ab550032d8a409aae686ec29f71a660/defaults
Jul 19 17:23:48 user devstack@c-api.service[70899]: DEBUG cinder.api.openstack.wsgi [None req-a9fbd5bc-f1eb-4776-9a8b-a9df59cae6ff tempest-VolumeQuotasAdminTestJSON-407470588 tempest-VolumeQuotasAdminTestJSON-407470588-project-admin] Empty body provided in request {{(pid=70899) get_body /opt/stack/cinder/cinder/api/openstack/wsgi.py:715}}
Jul 19 17:23:48 user devstack@c-api.service[70899]: DEBUG cinder.api.openstack.wsgi [None req-a9fbd5bc-f1eb-4776-9a8b-a9df59cae6ff tempest-VolumeQuotasAdminTestJSON-407470588 tempest-VolumeQuotasAdminTestJSON-407470588-project-admin] Calling method 'defaults' {{(pid=70899) _process_stack /opt/stack/cinder/cinder/api/openstack/wsgi.py:868}}
Jul 19 17:23:48 user devstack@c-api.service[70899]: INFO cinder.api.openstack.wsgi [None req-a9fbd5bc-f1eb-4776-9a8b-a9df59cae6ff tempest-VolumeQuotasAdminTestJSON-407470588 tempest-VolumeQuotasAdminTestJSON-407470588-project-admin] http://10.0.0.210/volume/v3/1ea869b1d0b243a9855b263b03d83807/os-quota-sets/0ab550032d8a409aae686ec29f71a660/defaults returned with HTTP 200
Jul 19 17:23:48 user devstack@c-api.service[70899]: [pid: 70899|app: 0|req: 58/180] 10.0.0.210 () {62 vars in 1435 bytes} [Wed Jul 19 17:23:48 2023] GET /volume/v3/1ea869b1d0b243a9855b263b03d83807/os-quota-sets/0ab550032d8a409aae686ec29f71a660/defaults => generated 361 bytes in 40 msecs (HTTP/1.1 200) 7 headers in 285 bytes (1 switches on core 0)
Jul 19 17:23:48 user devstack@c-api.service[70898]: DEBUG cinder.api.middleware.request_id [None req-c0ab8936-ec42-4b65-a4ef-8d9c0106608f None None] RequestId filter calling following filter/app {{(pid=70898) _context_setter /opt/stack/cinder/cinder/api/middleware/request_id.py:62}}
Jul 19 17:23:48 user devstack@c-api.service[70898]: INFO cinder.api.openstack.wsgi [None req-c0ab8936-ec42-4b65-a4ef-8d9c0106608f tempest-VolumeQuotasAdminTestJSON-407470588 tempest-VolumeQuotasAdminTestJSON-407470588-project-admin] GET http://10.0.0.210/volume/v3/1ea869b1d0b243a9855b263b03d83807/os-quota-sets/0ab550032d8a409aae686ec29f71a660
Jul 19 17:23:48 user devstack@c-api.service[70898]: DEBUG cinder.api.openstack.wsgi [None req-c0ab8936-ec42-4b65-a4ef-8d9c0106608f tempest-VolumeQuotasAdminTestJSON-407470588 tempest-VolumeQuotasAdminTestJSON-407470588-project-admin] Empty body provided in request {{(pid=70898) get_body /opt/stack/cinder/cinder/api/openstack/wsgi.py:715}}
Jul 19 17:23:48 user devstack@c-api.service[70898]: DEBUG cinder.api.openstack.wsgi [None req-c0ab8936-ec42-4b65-a4ef-8d9c0106608f tempest-VolumeQuotasAdminTestJSON-407470588 tempest-VolumeQuotasAdminTestJSON-407470588-project-admin] Calling method 'show' {{(pid=70898) _process_stack /opt/stack/cinder/cinder/api/openstack/wsgi.py:868}}
Jul 19 17:23:48 user devstack@c-api.service[70898]: INFO cinder.api.openstack.wsgi [None req-c0ab8936-ec42-4b65-a4ef-8d9c0106608f tempest-VolumeQuotasAdminTestJSON-407470588 tempest-VolumeQuotasAdminTestJSON-407470588-project-admin] http://10.0.0.210/volume/v3/1ea869b1d0b243a9855b263b03d83807/os-quota-sets/0ab550032d8a409aae686ec29f71a660 returned with HTTP 200
Jul 19 17:23:48 user devstack@c-api.service[70898]: [pid: 70898|app: 0|req: 68/181] 10.0.0.210 () {62 vars in 1408 bytes} [Wed Jul 19 17:23:48 2023] GET /volume/v3/1ea869b1d0b243a9855b263b03d83807/os-quota-sets/0ab550032d8a409aae686ec29f71a660 => generated 361 bytes in 55 msecs (HTTP/1.1 200) 7 headers in 285 bytes (1 switches on core 0)
Jul 19 17:23:48 user devstack@c-api.service[70900]: DEBUG cinder.api.middleware.request_id [None req-ec4613fa-ea50-41aa-8897-fde30d71b6c9 None None] RequestId filter calling following filter/app {{(pid=70900) _context_setter /opt/stack/cinder/cinder/api/middleware/request_id.py:62}}
Jul 19 17:23:48 user devstack@c-api.service[70900]: INFO cinder.api.openstack.wsgi [None req-ec4613fa-ea50-41aa-8897-fde30d71b6c9 tempest-VolumeQuotasAdminTestJSON-407470588 tempest-VolumeQuotasAdminTestJSON-407470588-project-admin] GET http://10.0.0.210/volume/v3/1ea869b1d0b243a9855b263b03d83807/os-quota-sets/0ab550032d8a409aae686ec29f71a660?usage=True
Jul 19 17:23:48 user devstack@c-api.service[70900]: DEBUG cinder.api.openstack.wsgi [None req-ec4613fa-ea50-41aa-8897-fde30d71b6c9 tempest-VolumeQuotasAdminTestJSON-407470588 tempest-VolumeQuotasAdminTestJSON-407470588-project-admin] Empty body provided in request {{(pid=70900) get_body /opt/stack/cinder/cinder/api/openstack/wsgi.py:715}}
Jul 19 17:23:48 user devstack@c-api.service[70900]: DEBUG cinder.api.openstack.wsgi [None req-ec4613fa-ea50-41aa-8897-fde30d71b6c9 tempest-VolumeQuotasAdminTestJSON-407470588 tempest-VolumeQuotasAdminTestJSON-407470588-project-admin] Calling method 'show' {{(pid=70900) _process_stack /opt/stack/cinder/cinder/api/openstack/wsgi.py:868}}
Jul 19 17:23:49 user devstack@c-api.service[70900]: INFO cinder.api.openstack.wsgi [None req-ec4613fa-ea50-41aa-8897-fde30d71b6c9 tempest-VolumeQuotasAdminTestJSON-407470588 tempest-VolumeQuotasAdminTestJSON-407470588-project-admin] http://10.0.0.210/volume/v3/1ea869b1d0b243a9855b263b03d83807/os-quota-sets/0ab550032d8a409aae686ec29f71a660?usage=True returned with HTTP 200
Jul 19 17:23:49 user devstack@c-api.service[70900]: [pid: 70900|app: 0|req: 56/182] 10.0.0.210 () {62 vars in 1429 bytes} [Wed Jul 19 17:23:48 2023] GET /volume/v3/1ea869b1d0b243a9855b263b03d83807/os-quota-sets/0ab550032d8a409aae686ec29f71a660?usage=True => generated 868 bytes in 46 msecs (HTTP/1.1 200) 7 headers in 285 bytes (1 switches on core 0)
Jul 19 17:23:49 user devstack@c-api.service[70899]: DEBUG cinder.api.middleware.request_id [None req-8dbaa58f-5af2-4130-8064-9dcf0197cbb7 None None] RequestId filter calling following filter/app {{(pid=70899) _context_setter /opt/stack/cinder/cinder/api/middleware/request_id.py:62}}
Jul 19 17:23:49 user devstack@c-api.service[70899]: INFO cinder.api.openstack.wsgi [None req-8dbaa58f-5af2-4130-8064-9dcf0197cbb7 tempest-VolumeQuotasAdminTestJSON-1774061269 tempest-VolumeQuotasAdminTestJSON-1774061269-project-member] POST http://10.0.0.210/volume/v3/0ab550032d8a409aae686ec29f71a660/volumes
Jul 19 17:23:49 user devstack@c-api.service[70899]: DEBUG cinder.api.openstack.wsgi [None req-8dbaa58f-5af2-4130-8064-9dcf0197cbb7 tempest-VolumeQuotasAdminTestJSON-1774061269 tempest-VolumeQuotasAdminTestJSON-1774061269-project-member] Action: 'create', calling method: create, body: {"volume": {"size": 1, "name": "tempest-VolumeQuotasAdminTestJSON-Volume-188720113"}} {{(pid=70899) _process_stack /opt/stack/cinder/cinder/api/openstack/wsgi.py:866}}
Jul 19 17:23:49 user devstack@c-api.service[70899]: DEBUG cinder.api.v3.volumes [None req-8dbaa58f-5af2-4130-8064-9dcf0197cbb7 tempest-VolumeQuotasAdminTestJSON-1774061269 tempest-VolumeQuotasAdminTestJSON-1774061269-project-member] Create volume request body: {'volume': {'size': 1, 'name': 'tempest-VolumeQuotasAdminTestJSON-Volume-188720113'}} {{(pid=70899) create /opt/stack/cinder/cinder/api/v3/volumes.py:297}}
Jul 19 17:23:49 user devstack@c-api.service[70899]: INFO cinder.api.v3.volumes [None req-8dbaa58f-5af2-4130-8064-9dcf0197cbb7 tempest-VolumeQuotasAdminTestJSON-1774061269 tempest-VolumeQuotasAdminTestJSON-1774061269-project-member] Create volume of 1 GB
Jul 19 17:23:49 user devstack@c-api.service[70899]: INFO cinder.volume.api [None req-8dbaa58f-5af2-4130-8064-9dcf0197cbb7 tempest-VolumeQuotasAdminTestJSON-1774061269 tempest-VolumeQuotasAdminTestJSON-1774061269-project-member] Availability Zones retrieved successfully.
Jul 19 17:23:49 user devstack@c-api.service[70899]: DEBUG cinder.volume.api [None req-8dbaa58f-5af2-4130-8064-9dcf0197cbb7 tempest-VolumeQuotasAdminTestJSON-1774061269 tempest-VolumeQuotasAdminTestJSON-1774061269-project-member] Flow 'volume_create_api' (d5b120b5-2a59-4472-866b-d6f3b0a38bd3) transitioned into state 'RUNNING' from state 'PENDING' {{(pid=70899) _flow_receiver /usr/local/lib/python3.10/dist-packages/taskflow/listeners/logging.py:141}}
Jul 19 17:23:49 user devstack@c-api.service[70899]: DEBUG cinder.volume.api [None req-8dbaa58f-5af2-4130-8064-9dcf0197cbb7 tempest-VolumeQuotasAdminTestJSON-1774061269 tempest-VolumeQuotasAdminTestJSON-1774061269-project-member] Task 'cinder.volume.flows.api.create_volume.ExtractVolumeRequestTask;volume:create' (b0967499-42ee-4215-a54b-a378e1c6bc92) transitioned into state 'RUNNING' from state 'PENDING' {{(pid=70899) _task_receiver /usr/local/lib/python3.10/dist-packages/taskflow/listeners/logging.py:190}}
Jul 19 17:23:49 user devstack@c-api.service[70899]: DEBUG cinder.volume.flows.api.create_volume [None req-8dbaa58f-5af2-4130-8064-9dcf0197cbb7 tempest-VolumeQuotasAdminTestJSON-1774061269 tempest-VolumeQuotasAdminTestJSON-1774061269-project-member] Validating volume size '1' using validate_int {{(pid=70899) _extract_size /opt/stack/cinder/cinder/volume/flows/api/create_volume.py:228}}
Jul 19 17:23:49 user devstack@c-api.service[70899]: DEBUG cinder.volume.api [None req-8dbaa58f-5af2-4130-8064-9dcf0197cbb7 tempest-VolumeQuotasAdminTestJSON-1774061269 tempest-VolumeQuotasAdminTestJSON-1774061269-project-member] Task 'cinder.volume.flows.api.create_volume.ExtractVolumeRequestTask;volume:create' (b0967499-42ee-4215-a54b-a378e1c6bc92) transitioned into state 'SUCCESS' from state 'RUNNING' with result '{'size': 1, 'snapshot_id': None, 'source_volid': None, 'volume_type': VolumeType(created_at=2023-07-19T17:19:17Z,deleted=False,deleted_at=None,description=None,extra_specs={volume_backend_name='joviandss-2'},id=d5bd9ebe-59d4-4ad4-b644-126f95857b36,is_public=True,name='joviandss-2',projects=[],qos_specs=,qos_specs_id=None,updated_at=None), 'volume_type_id': 'd5bd9ebe-59d4-4ad4-b644-126f95857b36', 'encryption_key_id': None, 'qos_specs': None, 'consistencygroup_id': None, 'cgsnapshot_id': None, 'group_id': None, 'replication_status': 'disabled', 'refresh_az': False, 'backup_id': None, 'multiattach': False, 'availability_zones': ['nova']}' {{(pid=70899) _task_receiver /usr/local/lib/python3.10/dist-packages/taskflow/listeners/logging.py:178}}
Jul 19 17:23:49 user devstack@c-api.service[70899]: DEBUG cinder.volume.api [None req-8dbaa58f-5af2-4130-8064-9dcf0197cbb7 tempest-VolumeQuotasAdminTestJSON-1774061269 tempest-VolumeQuotasAdminTestJSON-1774061269-project-member] Task 'cinder.volume.flows.api.create_volume.QuotaReserveTask;volume:create' (75ed5752-2791-42bb-8b80-18aabc0ba566) transitioned into state 'RUNNING' from state 'PENDING' {{(pid=70899) _task_receiver /usr/local/lib/python3.10/dist-packages/taskflow/listeners/logging.py:190}}
Jul 19 17:23:49 user devstack@c-api.service[70898]: DEBUG cinder.api.middleware.request_id [None req-4b21099b-1399-443f-813f-e6b2c4d6f422 None None] RequestId filter calling following filter/app {{(pid=70898) _context_setter /opt/stack/cinder/cinder/api/middleware/request_id.py:62}}
Jul 19 17:23:49 user devstack@c-api.service[70898]: INFO cinder.api.openstack.wsgi [None req-4b21099b-1399-443f-813f-e6b2c4d6f422 tempest-TaggedBootDevicesTest-1567280136 tempest-TaggedBootDevicesTest-1567280136-project-member] GET http://10.0.0.210/volume/v3/d42831f82708470c93cb84a4af0a763c/volumes/4140322a-c160-47a7-a1f5-fff3e51035bb
Jul 19 17:23:49 user devstack@c-api.service[70898]: DEBUG cinder.api.openstack.wsgi [None req-4b21099b-1399-443f-813f-e6b2c4d6f422 tempest-TaggedBootDevicesTest-1567280136 tempest-TaggedBootDevicesTest-1567280136-project-member] Empty body provided in request {{(pid=70898) get_body /opt/stack/cinder/cinder/api/openstack/wsgi.py:715}}
Jul 19 17:23:49 user devstack@c-api.service[70898]: DEBUG cinder.api.openstack.wsgi [None req-4b21099b-1399-443f-813f-e6b2c4d6f422 tempest-TaggedBootDevicesTest-1567280136 tempest-TaggedBootDevicesTest-1567280136-project-member] Calling method 'show' {{(pid=70898) _process_stack /opt/stack/cinder/cinder/api/openstack/wsgi.py:868}}
Jul 19 17:23:49 user devstack@c-api.service[70898]: /usr/local/lib/python3.10/dist-packages/oslo_context/context.py:100: DeprecationWarning: Policy enforcement is depending on the value of is_admin. This key is deprecated. Please update your policy file to use the standard policy values.
Jul 19 17:23:49 user devstack@c-api.service[70898]: warnings.warn('Policy enforcement is depending on the value of '
Jul 19 17:23:49 user devstack@c-api.service[70899]: DEBUG cinder.quota [None req-8dbaa58f-5af2-4130-8064-9dcf0197cbb7 tempest-VolumeQuotasAdminTestJSON-1774061269 tempest-VolumeQuotasAdminTestJSON-1774061269-project-member] Created reservations ['b03fdca8-1dda-4d00-aaae-52e7c104d5d9', '631255a6-93af-46e1-875e-02c1b8d72319', '3e1196f9-fb47-4116-a54a-a30934d16253', 'b2ba714f-148a-4542-8be1-131ef7f367f4'] {{(pid=70899) reserve /opt/stack/cinder/cinder/quota.py:755}}
Jul 19 17:23:49 user devstack@c-api.service[70899]: DEBUG cinder.volume.api [None req-8dbaa58f-5af2-4130-8064-9dcf0197cbb7 tempest-VolumeQuotasAdminTestJSON-1774061269 tempest-VolumeQuotasAdminTestJSON-1774061269-project-member] Task 'cinder.volume.flows.api.create_volume.QuotaReserveTask;volume:create' (75ed5752-2791-42bb-8b80-18aabc0ba566) transitioned into state 'SUCCESS' from state 'RUNNING' with result '{'reservations': ['b03fdca8-1dda-4d00-aaae-52e7c104d5d9', '631255a6-93af-46e1-875e-02c1b8d72319', '3e1196f9-fb47-4116-a54a-a30934d16253', 'b2ba714f-148a-4542-8be1-131ef7f367f4']}' {{(pid=70899) _task_receiver /usr/local/lib/python3.10/dist-packages/taskflow/listeners/logging.py:178}}
Jul 19 17:23:49 user devstack@c-api.service[70899]: DEBUG cinder.volume.api [None req-8dbaa58f-5af2-4130-8064-9dcf0197cbb7 tempest-VolumeQuotasAdminTestJSON-1774061269 tempest-VolumeQuotasAdminTestJSON-1774061269-project-member] Task 'cinder.volume.flows.api.create_volume.EntryCreateTask;volume:create' (ebf98de0-dd28-4e25-b904-af9dd1b45d16) transitioned into state 'RUNNING' from state 'PENDING' {{(pid=70899) _task_receiver /usr/local/lib/python3.10/dist-packages/taskflow/listeners/logging.py:190}}
Jul 19 17:23:49 user devstack@c-api.service[70898]: INFO cinder.volume.api [None req-4b21099b-1399-443f-813f-e6b2c4d6f422 tempest-TaggedBootDevicesTest-1567280136 tempest-TaggedBootDevicesTest-1567280136-project-member] Volume info retrieved successfully.
Jul 19 17:23:49 user devstack@c-api.service[70898]: INFO cinder.api.openstack.wsgi [None req-4b21099b-1399-443f-813f-e6b2c4d6f422 tempest-TaggedBootDevicesTest-1567280136 tempest-TaggedBootDevicesTest-1567280136-project-member] http://10.0.0.210/volume/v3/d42831f82708470c93cb84a4af0a763c/volumes/4140322a-c160-47a7-a1f5-fff3e51035bb returned with HTTP 200
Jul 19 17:23:49 user devstack@c-api.service[70898]: [pid: 70898|app: 0|req: 69/183] 10.0.0.210 () {62 vars in 1402 bytes} [Wed Jul 19 17:23:49 2023] GET /volume/v3/d42831f82708470c93cb84a4af0a763c/volumes/4140322a-c160-47a7-a1f5-fff3e51035bb => generated 911 bytes in 70 msecs (HTTP/1.1 200) 7 headers in 285 bytes (1 switches on core 0)
Jul 19 17:23:49 user devstack@c-api.service[70899]: DEBUG cinder.volume.api [None req-8dbaa58f-5af2-4130-8064-9dcf0197cbb7 tempest-VolumeQuotasAdminTestJSON-1774061269 tempest-VolumeQuotasAdminTestJSON-1774061269-project-member] Task 'cinder.volume.flows.api.create_volume.EntryCreateTask;volume:create' (ebf98de0-dd28-4e25-b904-af9dd1b45d16) transitioned into state 'SUCCESS' from state 'RUNNING' with result '{'volume_id': '8224a43f-d2cf-451c-a2f4-da2240c235ee', 'volume_properties': VolumeProperties(attach_status='detached',availability_zone='nova',cgsnapshot_id=None,consistencygroup_id=None,display_description=None,display_name='tempest-VolumeQuotasAdminTestJSON-Volume-188720113',encryption_key_id=None,group_id=None,group_type_id=,metadata={},multiattach=False,project_id='0ab550032d8a409aae686ec29f71a660',qos_specs=None,replication_status=,reservations=['b03fdca8-1dda-4d00-aaae-52e7c104d5d9','631255a6-93af-46e1-875e-02c1b8d72319','3e1196f9-fb47-4116-a54a-a30934d16253','b2ba714f-148a-4542-8be1-131ef7f367f4'],size=1,snapshot_id=None,source_replicaid=,source_volid=None,status='creating',user_id='5d59862fa1ad4a3b9888f730f0e3aae5',volume_type_id=d5bd9ebe-59d4-4ad4-b644-126f95857b36), 'volume': Volume(_name_id=None,admin_metadata=,attach_status='detached',availability_zone='nova',bootable=False,cluster=,cluster_name=None,consistencygroup=,consistencygroup_id=None,created_at=2023-07-19T17:23:49Z,deleted=False,deleted_at=None,display_description=None,display_name='tempest-VolumeQuotasAdminTestJSON-Volume-188720113',ec2_id=None,encryption_key_id=None,glance_metadata=,group=,group_id=None,host=None,id=8224a43f-d2cf-451c-a2f4-da2240c235ee,launched_at=None,metadata={},migration_status=None,multiattach=False,previous_status=None,project_id='0ab550032d8a409aae686ec29f71a660',provider_auth=None,provider_geometry=None,provider_id=None,provider_location=None,replication_driver_data=None,replication_extended_status=None,replication_status=None,scheduled_at=None,service_uuid=None,shared_targets=True,size=1,snapshot_id=None,snapshots=,source_volid=None,status='creating',terminated_at=None,updated_at=None,use_quota=True,user_id='5d59862fa1ad4a3b9888f730f0e3aae5',volume_attachment=VolumeAttachmentList,volume_type=VolumeType(d5bd9ebe-59d4-4ad4-b644-126f95857b36),volume_type_id=d5bd9ebe-59d4-4ad4-b644-126f95857b36)}' {{(pid=70899) _task_receiver /usr/local/lib/python3.10/dist-packages/taskflow/listeners/logging.py:178}}
Jul 19 17:23:49 user devstack@c-api.service[70899]: DEBUG cinder.volume.api [None req-8dbaa58f-5af2-4130-8064-9dcf0197cbb7 tempest-VolumeQuotasAdminTestJSON-1774061269 tempest-VolumeQuotasAdminTestJSON-1774061269-project-member] Task 'cinder.volume.flows.api.create_volume.QuotaCommitTask;volume:create' (8646d054-5571-4305-b07b-9ec1b32bfc46) transitioned into state 'RUNNING' from state 'PENDING' {{(pid=70899) _task_receiver /usr/local/lib/python3.10/dist-packages/taskflow/listeners/logging.py:190}}
Jul 19 17:23:49 user devstack@c-api.service[70899]: DEBUG cinder.volume.api [None req-8dbaa58f-5af2-4130-8064-9dcf0197cbb7 tempest-VolumeQuotasAdminTestJSON-1774061269 tempest-VolumeQuotasAdminTestJSON-1774061269-project-member] Task 'cinder.volume.flows.api.create_volume.QuotaCommitTask;volume:create' (8646d054-5571-4305-b07b-9ec1b32bfc46) transitioned into state 'SUCCESS' from state 'RUNNING' with result '{'volume_properties': VolumeProperties(attach_status='detached',availability_zone='nova',cgsnapshot_id=None,consistencygroup_id=None,display_description=None,display_name='tempest-VolumeQuotasAdminTestJSON-Volume-188720113',encryption_key_id=None,group_id=None,group_type_id=,metadata={},multiattach=False,project_id='0ab550032d8a409aae686ec29f71a660',qos_specs=None,replication_status=,reservations=['b03fdca8-1dda-4d00-aaae-52e7c104d5d9','631255a6-93af-46e1-875e-02c1b8d72319','3e1196f9-fb47-4116-a54a-a30934d16253','b2ba714f-148a-4542-8be1-131ef7f367f4'],size=1,snapshot_id=None,source_replicaid=,source_volid=None,status='creating',user_id='5d59862fa1ad4a3b9888f730f0e3aae5',volume_type_id=d5bd9ebe-59d4-4ad4-b644-126f95857b36)}' {{(pid=70899) _task_receiver /usr/local/lib/python3.10/dist-packages/taskflow/listeners/logging.py:178}}
Jul 19 17:23:49 user devstack@c-api.service[70899]: DEBUG cinder.volume.api [None req-8dbaa58f-5af2-4130-8064-9dcf0197cbb7 tempest-VolumeQuotasAdminTestJSON-1774061269 tempest-VolumeQuotasAdminTestJSON-1774061269-project-member] Task 'cinder.volume.flows.api.create_volume.VolumeCastTask;volume:create' (cbc1f65d-2e0c-44a0-bc30-dda2eb6ce060) transitioned into state 'RUNNING' from state 'PENDING' {{(pid=70899) _task_receiver /usr/local/lib/python3.10/dist-packages/taskflow/listeners/logging.py:190}}
Jul 19 17:23:49 user devstack@c-api.service[70899]: DEBUG cinder.volume.api [None req-8dbaa58f-5af2-4130-8064-9dcf0197cbb7 tempest-VolumeQuotasAdminTestJSON-1774061269 tempest-VolumeQuotasAdminTestJSON-1774061269-project-member] Task 'cinder.volume.flows.api.create_volume.VolumeCastTask;volume:create' (cbc1f65d-2e0c-44a0-bc30-dda2eb6ce060) transitioned into state 'SUCCESS' from state 'RUNNING' with result 'None' {{(pid=70899) _task_receiver /usr/local/lib/python3.10/dist-packages/taskflow/listeners/logging.py:178}}
Jul 19 17:23:49 user devstack@c-api.service[70899]: DEBUG cinder.volume.api [None req-8dbaa58f-5af2-4130-8064-9dcf0197cbb7 tempest-VolumeQuotasAdminTestJSON-1774061269 tempest-VolumeQuotasAdminTestJSON-1774061269-project-member] Flow 'volume_create_api' (d5b120b5-2a59-4472-866b-d6f3b0a38bd3) transitioned into state 'SUCCESS' from state 'RUNNING' {{(pid=70899) _flow_receiver /usr/local/lib/python3.10/dist-packages/taskflow/listeners/logging.py:141}}
Jul 19 17:23:49 user devstack@c-api.service[70899]: INFO cinder.volume.api [None req-8dbaa58f-5af2-4130-8064-9dcf0197cbb7 tempest-VolumeQuotasAdminTestJSON-1774061269 tempest-VolumeQuotasAdminTestJSON-1774061269-project-member] Create volume request issued successfully.
Jul 19 17:23:49 user devstack@c-api.service[70899]: INFO cinder.api.openstack.wsgi [None req-8dbaa58f-5af2-4130-8064-9dcf0197cbb7 tempest-VolumeQuotasAdminTestJSON-1774061269 tempest-VolumeQuotasAdminTestJSON-1774061269-project-member] http://10.0.0.210/volume/v3/0ab550032d8a409aae686ec29f71a660/volumes returned with HTTP 202
Jul 19 17:23:49 user devstack@c-api.service[70899]: [pid: 70899|app: 0|req: 59/184] 10.0.0.210 () {64 vars in 1312 bytes} [Wed Jul 19 17:23:49 2023] POST /volume/v3/0ab550032d8a409aae686ec29f71a660/volumes => generated 822 bytes in 566 msecs (HTTP/1.1 202) 7 headers in 291 bytes (1 switches on core 0)
Jul 19 17:23:49 user devstack@c-api.service[70900]: DEBUG cinder.api.middleware.request_id [None req-3698b083-1be8-45fa-977a-ca59a67aa1a7 None None] RequestId filter calling following filter/app {{(pid=70900) _context_setter /opt/stack/cinder/cinder/api/middleware/request_id.py:62}}
Jul 19 17:23:49 user devstack@c-api.service[70898]: DEBUG cinder.api.middleware.request_id [None req-44f59ac1-7524-4899-8a3b-5ceb78fbdedb None None] RequestId filter calling following filter/app {{(pid=70898) _context_setter /opt/stack/cinder/cinder/api/middleware/request_id.py:62}}
Jul 19 17:23:49 user devstack@c-api.service[70898]: INFO cinder.api.openstack.wsgi [None req-44f59ac1-7524-4899-8a3b-5ceb78fbdedb tempest-TestVolumeSwap-883899359 tempest-TestVolumeSwap-883899359-project-member] GET http://10.0.0.210/volume/v3/4342f1772f6740bf9486e60a064b79d6/volumes/a15d8483-a8bd-4cfe-983b-231f852a163f
Jul 19 17:23:49 user devstack@c-api.service[70898]: DEBUG cinder.api.openstack.wsgi [None req-44f59ac1-7524-4899-8a3b-5ceb78fbdedb tempest-TestVolumeSwap-883899359 tempest-TestVolumeSwap-883899359-project-member] Empty body provided in request {{(pid=70898) get_body /opt/stack/cinder/cinder/api/openstack/wsgi.py:715}}
Jul 19 17:23:49 user devstack@c-api.service[70898]: DEBUG cinder.api.openstack.wsgi [None req-44f59ac1-7524-4899-8a3b-5ceb78fbdedb tempest-TestVolumeSwap-883899359 tempest-TestVolumeSwap-883899359-project-member] Calling method 'show' {{(pid=70898) _process_stack /opt/stack/cinder/cinder/api/openstack/wsgi.py:868}}
Jul 19 17:23:49 user devstack@c-api.service[70900]: INFO cinder.api.openstack.wsgi [None req-3698b083-1be8-45fa-977a-ca59a67aa1a7 tempest-VolumeQuotasAdminTestJSON-1774061269 tempest-VolumeQuotasAdminTestJSON-1774061269-project-member] GET http://10.0.0.210/volume/v3/0ab550032d8a409aae686ec29f71a660/volumes/8224a43f-d2cf-451c-a2f4-da2240c235ee
Jul 19 17:23:49 user devstack@c-api.service[70900]: DEBUG cinder.api.openstack.wsgi [None req-3698b083-1be8-45fa-977a-ca59a67aa1a7 tempest-VolumeQuotasAdminTestJSON-1774061269 tempest-VolumeQuotasAdminTestJSON-1774061269-project-member] Empty body provided in request {{(pid=70900) get_body /opt/stack/cinder/cinder/api/openstack/wsgi.py:715}}
Jul 19 17:23:49 user devstack@c-api.service[70900]: DEBUG cinder.api.openstack.wsgi [None req-3698b083-1be8-45fa-977a-ca59a67aa1a7 tempest-VolumeQuotasAdminTestJSON-1774061269 tempest-VolumeQuotasAdminTestJSON-1774061269-project-member] Calling method 'show' {{(pid=70900) _process_stack /opt/stack/cinder/cinder/api/openstack/wsgi.py:868}}
Jul 19 17:23:49 user devstack@c-api.service[70898]: INFO cinder.api.openstack.wsgi [None req-44f59ac1-7524-4899-8a3b-5ceb78fbdedb tempest-TestVolumeSwap-883899359 tempest-TestVolumeSwap-883899359-project-member] http://10.0.0.210/volume/v3/4342f1772f6740bf9486e60a064b79d6/volumes/a15d8483-a8bd-4cfe-983b-231f852a163f returned with HTTP 404
Jul 19 17:23:49 user devstack@c-api.service[70898]: [pid: 70898|app: 0|req: 70/185] 10.0.0.210 () {62 vars in 1402 bytes} [Wed Jul 19 17:23:49 2023] GET /volume/v3/4342f1772f6740bf9486e60a064b79d6/volumes/a15d8483-a8bd-4cfe-983b-231f852a163f => generated 109 bytes in 27 msecs (HTTP/1.1 404) 7 headers in 292 bytes (1 switches on core 0)
Jul 19 17:23:49 user devstack@c-api.service[70899]: DEBUG cinder.api.middleware.request_id [None req-da369085-8f10-490f-82d0-0a840e7864ac None None] RequestId filter calling following filter/app {{(pid=70899) _context_setter /opt/stack/cinder/cinder/api/middleware/request_id.py:62}}
Jul 19 17:23:49 user devstack@c-api.service[70899]: INFO cinder.api.openstack.wsgi [None req-da369085-8f10-490f-82d0-0a840e7864ac tempest-TestVolumeSwap-883899359 tempest-TestVolumeSwap-883899359-project-member] DELETE http://10.0.0.210/volume/v3/4342f1772f6740bf9486e60a064b79d6/volumes/24a3a230-5e7c-4144-af67-5b05aad4a5d3
Jul 19 17:23:49 user devstack@c-api.service[70899]: DEBUG cinder.api.openstack.wsgi [None req-da369085-8f10-490f-82d0-0a840e7864ac tempest-TestVolumeSwap-883899359 tempest-TestVolumeSwap-883899359-project-member] Empty body provided in request {{(pid=70899) get_body /opt/stack/cinder/cinder/api/openstack/wsgi.py:715}}
Jul 19 17:23:49 user devstack@c-api.service[70899]: DEBUG cinder.api.openstack.wsgi [None req-da369085-8f10-490f-82d0-0a840e7864ac tempest-TestVolumeSwap-883899359 tempest-TestVolumeSwap-883899359-project-member] Calling method 'delete' {{(pid=70899) _process_stack /opt/stack/cinder/cinder/api/openstack/wsgi.py:868}}
Jul 19 17:23:49 user devstack@c-api.service[70900]: /usr/local/lib/python3.10/dist-packages/oslo_context/context.py:100: DeprecationWarning: Policy enforcement is depending on the value of is_admin. This key is deprecated. Please update your policy file to use the standard policy values.
Jul 19 17:23:49 user devstack@c-api.service[70900]: warnings.warn('Policy enforcement is depending on the value of '
Jul 19 17:23:49 user devstack@c-api.service[70899]: INFO cinder.api.v3.volumes [None req-da369085-8f10-490f-82d0-0a840e7864ac tempest-TestVolumeSwap-883899359 tempest-TestVolumeSwap-883899359-project-member] Delete volume with id: 24a3a230-5e7c-4144-af67-5b05aad4a5d3
Jul 19 17:23:49 user devstack@c-api.service[70900]: INFO cinder.volume.api [None req-3698b083-1be8-45fa-977a-ca59a67aa1a7 tempest-VolumeQuotasAdminTestJSON-1774061269 tempest-VolumeQuotasAdminTestJSON-1774061269-project-member] Volume info retrieved successfully.
Jul 19 17:23:49 user devstack@c-api.service[70900]: INFO cinder.api.openstack.wsgi [None req-3698b083-1be8-45fa-977a-ca59a67aa1a7 tempest-VolumeQuotasAdminTestJSON-1774061269 tempest-VolumeQuotasAdminTestJSON-1774061269-project-member] http://10.0.0.210/volume/v3/0ab550032d8a409aae686ec29f71a660/volumes/8224a43f-d2cf-451c-a2f4-da2240c235ee returned with HTTP 200
Jul 19 17:23:49 user devstack@c-api.service[70900]: [pid: 70900|app: 0|req: 57/186] 10.0.0.210 () {62 vars in 1402 bytes} [Wed Jul 19 17:23:49 2023] GET /volume/v3/0ab550032d8a409aae686ec29f71a660/volumes/8224a43f-d2cf-451c-a2f4-da2240c235ee => generated 890 bytes in 69 msecs (HTTP/1.1 200) 7 headers in 285 bytes (1 switches on core 0)
Jul 19 17:23:49 user devstack@c-api.service[70899]: /usr/local/lib/python3.10/dist-packages/oslo_context/context.py:100: DeprecationWarning: Policy enforcement is depending on the value of is_admin. This key is deprecated. Please update your policy file to use the standard policy values.
Jul 19 17:23:49 user devstack@c-api.service[70899]: warnings.warn('Policy enforcement is depending on the value of '
Jul 19 17:23:49 user devstack@c-api.service[70899]: INFO cinder.volume.api [None req-da369085-8f10-490f-82d0-0a840e7864ac tempest-TestVolumeSwap-883899359 tempest-TestVolumeSwap-883899359-project-member] Volume info retrieved successfully.
Jul 19 17:23:49 user devstack@c-api.service[70898]: DEBUG cinder.api.middleware.request_id [req-8ba12065-65d8-4a49-8dd2-337a9d4e2a14 req-d86152d6-4f28-454c-8871-651c20343eaa None None] RequestId filter calling following filter/app {{(pid=70898) _context_setter /opt/stack/cinder/cinder/api/middleware/request_id.py:62}}
Jul 19 17:23:49 user devstack@c-api.service[70899]: INFO cinder.volume.api [None req-da369085-8f10-490f-82d0-0a840e7864ac tempest-TestVolumeSwap-883899359 tempest-TestVolumeSwap-883899359-project-member] Delete volume request issued successfully.
Jul 19 17:23:49 user devstack@c-api.service[70899]: INFO cinder.api.openstack.wsgi [None req-da369085-8f10-490f-82d0-0a840e7864ac tempest-TestVolumeSwap-883899359 tempest-TestVolumeSwap-883899359-project-member] http://10.0.0.210/volume/v3/4342f1772f6740bf9486e60a064b79d6/volumes/24a3a230-5e7c-4144-af67-5b05aad4a5d3 returned with HTTP 202
Jul 19 17:23:49 user devstack@c-api.service[70898]: INFO cinder.api.openstack.wsgi [req-8ba12065-65d8-4a49-8dd2-337a9d4e2a14 req-d86152d6-4f28-454c-8871-651c20343eaa tempest-VolumesGetTestJSON-495821499 tempest-VolumesGetTestJSON-495821499-project-member] GET http://10.0.0.210/volume/v3/d9d56076b7414ceebc1b2dceb9ed758d/volumes/44a7b35b-8ae0-46e5-9493-5d5134f62446
Jul 19 17:23:49 user devstack@c-api.service[70899]: [pid: 70899|app: 0|req: 60/187] 10.0.0.210 () {62 vars in 1405 bytes} [Wed Jul 19 17:23:49 2023] DELETE /volume/v3/4342f1772f6740bf9486e60a064b79d6/volumes/24a3a230-5e7c-4144-af67-5b05aad4a5d3 => generated 0 bytes in 130 msecs (HTTP/1.1 202) 6 headers in 233 bytes (1 switches on core 0)
Jul 19 17:23:49 user devstack@c-api.service[70898]: DEBUG cinder.api.openstack.wsgi [req-8ba12065-65d8-4a49-8dd2-337a9d4e2a14 req-d86152d6-4f28-454c-8871-651c20343eaa tempest-VolumesGetTestJSON-495821499 tempest-VolumesGetTestJSON-495821499-project-member] Empty body provided in request {{(pid=70898) get_body /opt/stack/cinder/cinder/api/openstack/wsgi.py:715}}
Jul 19 17:23:49 user devstack@c-api.service[70898]: DEBUG cinder.api.openstack.wsgi [req-8ba12065-65d8-4a49-8dd2-337a9d4e2a14 req-d86152d6-4f28-454c-8871-651c20343eaa tempest-VolumesGetTestJSON-495821499 tempest-VolumesGetTestJSON-495821499-project-member] Calling method 'show' {{(pid=70898) _process_stack /opt/stack/cinder/cinder/api/openstack/wsgi.py:868}}
Jul 19 17:23:49 user devstack@c-api.service[70900]: DEBUG cinder.api.middleware.request_id [None req-5db093d9-9df8-40de-80ab-47c5b57fa6c4 None None] RequestId filter calling following filter/app {{(pid=70900) _context_setter /opt/stack/cinder/cinder/api/middleware/request_id.py:62}}
Jul 19 17:23:49 user devstack@c-api.service[70900]: INFO cinder.api.openstack.wsgi [None req-5db093d9-9df8-40de-80ab-47c5b57fa6c4 tempest-TestVolumeSwap-883899359 tempest-TestVolumeSwap-883899359-project-member] GET http://10.0.0.210/volume/v3/4342f1772f6740bf9486e60a064b79d6/volumes/24a3a230-5e7c-4144-af67-5b05aad4a5d3
Jul 19 17:23:49 user devstack@c-api.service[70900]: DEBUG cinder.api.openstack.wsgi [None req-5db093d9-9df8-40de-80ab-47c5b57fa6c4 tempest-TestVolumeSwap-883899359 tempest-TestVolumeSwap-883899359-project-member] Empty body provided in request {{(pid=70900) get_body /opt/stack/cinder/cinder/api/openstack/wsgi.py:715}}
Jul 19 17:23:49 user devstack@c-api.service[70900]: DEBUG cinder.api.openstack.wsgi [None req-5db093d9-9df8-40de-80ab-47c5b57fa6c4 tempest-TestVolumeSwap-883899359 tempest-TestVolumeSwap-883899359-project-member] Calling method 'show' {{(pid=70900) _process_stack /opt/stack/cinder/cinder/api/openstack/wsgi.py:868}}
Jul 19 17:23:49 user devstack@c-api.service[70898]: /usr/local/lib/python3.10/dist-packages/oslo_context/context.py:100: DeprecationWarning: Policy enforcement is depending on the value of is_admin. This key is deprecated. Please update your policy file to use the standard policy values.
Jul 19 17:23:49 user devstack@c-api.service[70898]: warnings.warn('Policy enforcement is depending on the value of '
Jul 19 17:23:49 user devstack@c-api.service[70898]: INFO cinder.volume.api [req-8ba12065-65d8-4a49-8dd2-337a9d4e2a14 req-d86152d6-4f28-454c-8871-651c20343eaa tempest-VolumesGetTestJSON-495821499 tempest-VolumesGetTestJSON-495821499-project-member] Volume info retrieved successfully.
Jul 19 17:23:49 user devstack@c-api.service[70900]: /usr/local/lib/python3.10/dist-packages/oslo_context/context.py:100: DeprecationWarning: Policy enforcement is depending on the value of is_admin. This key is deprecated. Please update your policy file to use the standard policy values.
Jul 19 17:23:49 user devstack@c-api.service[70900]: warnings.warn('Policy enforcement is depending on the value of '
Jul 19 17:23:49 user devstack@c-api.service[70900]: INFO cinder.volume.api [None req-5db093d9-9df8-40de-80ab-47c5b57fa6c4 tempest-TestVolumeSwap-883899359 tempest-TestVolumeSwap-883899359-project-member] Volume info retrieved successfully.
Jul 19 17:23:49 user devstack@c-api.service[70898]: INFO cinder.api.openstack.wsgi [req-8ba12065-65d8-4a49-8dd2-337a9d4e2a14 req-d86152d6-4f28-454c-8871-651c20343eaa tempest-VolumesGetTestJSON-495821499 tempest-VolumesGetTestJSON-495821499-project-member] http://10.0.0.210/volume/v3/d9d56076b7414ceebc1b2dceb9ed758d/volumes/44a7b35b-8ae0-46e5-9493-5d5134f62446 returned with HTTP 200
Jul 19 17:23:49 user devstack@c-api.service[70898]: [pid: 70898|app: 0|req: 71/188] 10.0.0.210 () {64 vars in 1655 bytes} [Wed Jul 19 17:23:49 2023] GET /volume/v3/d9d56076b7414ceebc1b2dceb9ed758d/volumes/44a7b35b-8ae0-46e5-9493-5d5134f62446 => generated 923 bytes in 59 msecs (HTTP/1.1 200) 7 headers in 285 bytes (1 switches on core 0)
Jul 19 17:23:49 user devstack@c-api.service[70900]: INFO cinder.api.openstack.wsgi [None req-5db093d9-9df8-40de-80ab-47c5b57fa6c4 tempest-TestVolumeSwap-883899359 tempest-TestVolumeSwap-883899359-project-member] http://10.0.0.210/volume/v3/4342f1772f6740bf9486e60a064b79d6/volumes/24a3a230-5e7c-4144-af67-5b05aad4a5d3 returned with HTTP 200
Jul 19 17:23:49 user devstack@c-api.service[70900]: [pid: 70900|app: 0|req: 58/189] 10.0.0.210 () {62 vars in 1402 bytes} [Wed Jul 19 17:23:49 2023] GET /volume/v3/4342f1772f6740bf9486e60a064b79d6/volumes/24a3a230-5e7c-4144-af67-5b05aad4a5d3 => generated 904 bytes in 55 msecs (HTTP/1.1 200) 7 headers in 285 bytes (1 switches on core 0)
Jul 19 17:23:49 user devstack@c-api.service[70899]: DEBUG cinder.api.middleware.request_id [req-620af79c-72b0-40e7-8a09-54a6878295ec req-09d75517-2125-4546-a557-1352d1e8be49 None None] RequestId filter calling following filter/app {{(pid=70899) _context_setter /opt/stack/cinder/cinder/api/middleware/request_id.py:62}}
Jul 19 17:23:49 user devstack@c-api.service[70899]: INFO cinder.api.openstack.wsgi [req-620af79c-72b0-40e7-8a09-54a6878295ec req-09d75517-2125-4546-a557-1352d1e8be49 tempest-VolumesGetTestJSON-495821499 tempest-VolumesGetTestJSON-495821499-project-member] GET http://10.0.0.210/volume/v3/d9d56076b7414ceebc1b2dceb9ed758d/volumes/44a7b35b-8ae0-46e5-9493-5d5134f62446
Jul 19 17:23:49 user devstack@c-api.service[70899]: DEBUG cinder.api.openstack.wsgi [req-620af79c-72b0-40e7-8a09-54a6878295ec req-09d75517-2125-4546-a557-1352d1e8be49 tempest-VolumesGetTestJSON-495821499 tempest-VolumesGetTestJSON-495821499-project-member] Empty body provided in request {{(pid=70899) get_body /opt/stack/cinder/cinder/api/openstack/wsgi.py:715}}
Jul 19 17:23:49 user devstack@c-api.service[70899]: DEBUG cinder.api.openstack.wsgi [req-620af79c-72b0-40e7-8a09-54a6878295ec req-09d75517-2125-4546-a557-1352d1e8be49 tempest-VolumesGetTestJSON-495821499 tempest-VolumesGetTestJSON-495821499-project-member] Calling method 'show' {{(pid=70899) _process_stack /opt/stack/cinder/cinder/api/openstack/wsgi.py:868}}
Jul 19 17:23:49 user devstack@c-api.service[70899]: /usr/local/lib/python3.10/dist-packages/oslo_context/context.py:100: DeprecationWarning: Policy enforcement is depending on the value of is_admin. This key is deprecated. Please update your policy file to use the standard policy values.
Jul 19 17:23:49 user devstack@c-api.service[70899]: warnings.warn('Policy enforcement is depending on the value of '
Jul 19 17:23:49 user devstack@c-api.service[70899]: INFO cinder.volume.api [req-620af79c-72b0-40e7-8a09-54a6878295ec req-09d75517-2125-4546-a557-1352d1e8be49 tempest-VolumesGetTestJSON-495821499 tempest-VolumesGetTestJSON-495821499-project-member] Volume info retrieved successfully.
Jul 19 17:23:49 user devstack@c-api.service[70899]: INFO cinder.api.openstack.wsgi [req-620af79c-72b0-40e7-8a09-54a6878295ec req-09d75517-2125-4546-a557-1352d1e8be49 tempest-VolumesGetTestJSON-495821499 tempest-VolumesGetTestJSON-495821499-project-member] http://10.0.0.210/volume/v3/d9d56076b7414ceebc1b2dceb9ed758d/volumes/44a7b35b-8ae0-46e5-9493-5d5134f62446 returned with HTTP 200
Jul 19 17:23:49 user devstack@c-api.service[70899]: [pid: 70899|app: 0|req: 61/190] 10.0.0.210 () {64 vars in 1655 bytes} [Wed Jul 19 17:23:49 2023] GET /volume/v3/d9d56076b7414ceebc1b2dceb9ed758d/volumes/44a7b35b-8ae0-46e5-9493-5d5134f62446 => generated 923 bytes in 47 msecs (HTTP/1.1 200) 7 headers in 285 bytes (1 switches on core 0)
Jul 19 17:23:49 user devstack@c-api.service[70898]: DEBUG cinder.api.middleware.request_id [req-c042154e-0ccb-4402-bd83-24fdce3cccc1 req-1c76eeaa-965a-40c2-9c1f-af7a1580b559 None None] RequestId filter calling following filter/app {{(pid=70898) _context_setter /opt/stack/cinder/cinder/api/middleware/request_id.py:62}}
Jul 19 17:23:49 user devstack@c-api.service[70898]: INFO cinder.api.openstack.wsgi [req-c042154e-0ccb-4402-bd83-24fdce3cccc1 req-1c76eeaa-965a-40c2-9c1f-af7a1580b559 tempest-VolumesGetTestJSON-495821499 tempest-VolumesGetTestJSON-495821499-project-member] DELETE http://10.0.0.210/volume/v3/d9d56076b7414ceebc1b2dceb9ed758d/volumes/44a7b35b-8ae0-46e5-9493-5d5134f62446
Jul 19 17:23:49 user devstack@c-api.service[70898]: DEBUG cinder.api.openstack.wsgi [req-c042154e-0ccb-4402-bd83-24fdce3cccc1 req-1c76eeaa-965a-40c2-9c1f-af7a1580b559 tempest-VolumesGetTestJSON-495821499 tempest-VolumesGetTestJSON-495821499-project-member] Empty body provided in request {{(pid=70898) get_body /opt/stack/cinder/cinder/api/openstack/wsgi.py:715}}
Jul 19 17:23:49 user devstack@c-api.service[70898]: DEBUG cinder.api.openstack.wsgi [req-c042154e-0ccb-4402-bd83-24fdce3cccc1 req-1c76eeaa-965a-40c2-9c1f-af7a1580b559 tempest-VolumesGetTestJSON-495821499 tempest-VolumesGetTestJSON-495821499-project-member] Calling method 'delete' {{(pid=70898) _process_stack /opt/stack/cinder/cinder/api/openstack/wsgi.py:868}}
Jul 19 17:23:49 user devstack@c-api.service[70898]: INFO cinder.api.v3.volumes [req-c042154e-0ccb-4402-bd83-24fdce3cccc1 req-1c76eeaa-965a-40c2-9c1f-af7a1580b559 tempest-VolumesGetTestJSON-495821499 tempest-VolumesGetTestJSON-495821499-project-member] Delete volume with id: 44a7b35b-8ae0-46e5-9493-5d5134f62446
Jul 19 17:23:50 user devstack@c-api.service[70898]: /usr/local/lib/python3.10/dist-packages/oslo_context/context.py:100: DeprecationWarning: Policy enforcement is depending on the value of is_admin. This key is deprecated. Please update your policy file to use the standard policy values.
Jul 19 17:23:50 user devstack@c-api.service[70898]: warnings.warn('Policy enforcement is depending on the value of '
Jul 19 17:23:50 user devstack@c-api.service[70898]: INFO cinder.volume.api [req-c042154e-0ccb-4402-bd83-24fdce3cccc1 req-1c76eeaa-965a-40c2-9c1f-af7a1580b559 tempest-VolumesGetTestJSON-495821499 tempest-VolumesGetTestJSON-495821499-project-member] Volume info retrieved successfully.
Jul 19 17:23:50 user devstack@c-api.service[70898]: INFO cinder.volume.api [req-c042154e-0ccb-4402-bd83-24fdce3cccc1 req-1c76eeaa-965a-40c2-9c1f-af7a1580b559 tempest-VolumesGetTestJSON-495821499 tempest-VolumesGetTestJSON-495821499-project-member] Delete volume request issued successfully.
Jul 19 17:23:50 user devstack@c-api.service[70898]: INFO cinder.api.openstack.wsgi [req-c042154e-0ccb-4402-bd83-24fdce3cccc1 req-1c76eeaa-965a-40c2-9c1f-af7a1580b559 tempest-VolumesGetTestJSON-495821499 tempest-VolumesGetTestJSON-495821499-project-member] http://10.0.0.210/volume/v3/d9d56076b7414ceebc1b2dceb9ed758d/volumes/44a7b35b-8ae0-46e5-9493-5d5134f62446 returned with HTTP 202
Jul 19 17:23:50 user devstack@c-api.service[70898]: [pid: 70898|app: 0|req: 72/191] 10.0.0.210 () {66 vars in 1677 bytes} [Wed Jul 19 17:23:49 2023] DELETE /volume/v3/d9d56076b7414ceebc1b2dceb9ed758d/volumes/44a7b35b-8ae0-46e5-9493-5d5134f62446 => generated 0 bytes in 68 msecs (HTTP/1.1 202) 6 headers in 233 bytes (1 switches on core 0)
Jul 19 17:23:50 user devstack@c-api.service[70900]: DEBUG cinder.api.middleware.request_id [req-359f690d-5804-43e0-aedd-c8305e938db0 req-fde83913-2377-4036-b15b-778fd1f9b5d6 None None] RequestId filter calling following filter/app {{(pid=70900) _context_setter /opt/stack/cinder/cinder/api/middleware/request_id.py:62}}
Jul 19 17:23:50 user devstack@c-api.service[70900]: INFO cinder.api.openstack.wsgi [req-359f690d-5804-43e0-aedd-c8305e938db0 req-fde83913-2377-4036-b15b-778fd1f9b5d6 tempest-VolumesGetTestJSON-495821499 tempest-VolumesGetTestJSON-495821499-project-member] GET http://10.0.0.210/volume/v3/d9d56076b7414ceebc1b2dceb9ed758d/volumes/44a7b35b-8ae0-46e5-9493-5d5134f62446
Jul 19 17:23:50 user devstack@c-api.service[70900]: DEBUG cinder.api.openstack.wsgi [req-359f690d-5804-43e0-aedd-c8305e938db0 req-fde83913-2377-4036-b15b-778fd1f9b5d6 tempest-VolumesGetTestJSON-495821499 tempest-VolumesGetTestJSON-495821499-project-member] Empty body provided in request {{(pid=70900) get_body /opt/stack/cinder/cinder/api/openstack/wsgi.py:715}}
Jul 19 17:23:50 user devstack@c-api.service[70900]: DEBUG cinder.api.openstack.wsgi [req-359f690d-5804-43e0-aedd-c8305e938db0 req-fde83913-2377-4036-b15b-778fd1f9b5d6 tempest-VolumesGetTestJSON-495821499 tempest-VolumesGetTestJSON-495821499-project-member] Calling method 'show' {{(pid=70900) _process_stack /opt/stack/cinder/cinder/api/openstack/wsgi.py:868}}
Jul 19 17:23:50 user devstack@c-api.service[70900]: /usr/local/lib/python3.10/dist-packages/oslo_context/context.py:100: DeprecationWarning: Policy enforcement is depending on the value of is_admin. This key is deprecated. Please update your policy file to use the standard policy values.
Jul 19 17:23:50 user devstack@c-api.service[70900]: warnings.warn('Policy enforcement is depending on the value of '
Jul 19 17:23:50 user devstack@c-api.service[70900]: INFO cinder.volume.api [req-359f690d-5804-43e0-aedd-c8305e938db0 req-fde83913-2377-4036-b15b-778fd1f9b5d6 tempest-VolumesGetTestJSON-495821499 tempest-VolumesGetTestJSON-495821499-project-member] Volume info retrieved successfully.
Jul 19 17:23:50 user devstack@c-api.service[70900]: INFO cinder.api.openstack.wsgi [req-359f690d-5804-43e0-aedd-c8305e938db0 req-fde83913-2377-4036-b15b-778fd1f9b5d6 tempest-VolumesGetTestJSON-495821499 tempest-VolumesGetTestJSON-495821499-project-member] http://10.0.0.210/volume/v3/d9d56076b7414ceebc1b2dceb9ed758d/volumes/44a7b35b-8ae0-46e5-9493-5d5134f62446 returned with HTTP 200
Jul 19 17:23:50 user devstack@c-api.service[70900]: [pid: 70900|app: 0|req: 59/192] 10.0.0.210 () {64 vars in 1655 bytes} [Wed Jul 19 17:23:50 2023] GET /volume/v3/d9d56076b7414ceebc1b2dceb9ed758d/volumes/44a7b35b-8ae0-46e5-9493-5d5134f62446 => generated 922 bytes in 56 msecs (HTTP/1.1 200) 7 headers in 285 bytes (1 switches on core 0)
Jul 19 17:23:50 user devstack@c-api.service[70899]: DEBUG cinder.api.middleware.request_id [None req-81cd5942-820c-4efa-8a46-0d493be94f51 None None] RequestId filter calling following filter/app {{(pid=70899) _context_setter /opt/stack/cinder/cinder/api/middleware/request_id.py:62}}
Jul 19 17:23:50 user devstack@c-api.service[70899]: INFO cinder.api.openstack.wsgi [None req-81cd5942-820c-4efa-8a46-0d493be94f51 tempest-TaggedBootDevicesTest-1567280136 tempest-TaggedBootDevicesTest-1567280136-project-member] GET http://10.0.0.210/volume/v3/d42831f82708470c93cb84a4af0a763c/volumes/4140322a-c160-47a7-a1f5-fff3e51035bb
