Jul 19 17:13:25 user devstack@keystone.service[41874]: DEBUG keystone.server.flask.request_processing.middleware.auth_context [None req-52fcd06f-9458-4788-826a-8c6fffeb1a0c None admin] RBAC: auth_context: {'token': , 'domain_id': None, 'trust_id': None, 'trustor_id': None, 'trustee_id': None, 'domain_name': None, 'group_ids': [], 'user_id': '06348ea80715474e9f1f095b17538d29', 'user_domain_id': 'default', 'system_scope': 'all', 'project_id': None, 'project_domain_id': None, 'roles': ['admin', 'member', 'reader'], 'is_admin_project': True, 'service_user_id': None, 'service_user_domain_id': None, 'service_project_id': None, 'service_project_domain_id': None, 'service_roles': []} {{(pid=41874) fill_context /opt/stack/keystone/keystone/server/flask/request_processing/middleware/auth_context.py:480}}
Jul 19 17:13:25 user devstack@keystone.service[41874]: DEBUG keystone.server.flask.request_processing.req_logging [None req-52fcd06f-9458-4788-826a-8c6fffeb1a0c None admin] REQUEST_METHOD: `POST` {{(pid=41874) log_request_info /opt/stack/keystone/keystone/server/flask/request_processing/req_logging.py:27}}
Jul 19 17:13:25 user devstack@keystone.service[41874]: DEBUG keystone.server.flask.request_processing.req_logging [None req-52fcd06f-9458-4788-826a-8c6fffeb1a0c None admin] SCRIPT_NAME: `/identity` {{(pid=41874) log_request_info /opt/stack/keystone/keystone/server/flask/request_processing/req_logging.py:28}}
Jul 19 17:13:25 user devstack@keystone.service[41875]: [pid: 41875|app: 0|req: 37/108] 10.0.0.210 () {56 vars in 1096 bytes} [Wed Jul 19 17:13:25 2023] GET /identity/v3/roles?name=reader => generated 339 bytes in 142 msecs (HTTP/1.1 200) 5 headers in 177 bytes (1 switches on core 0)
Jul 19 17:13:25 user devstack@keystone.service[41874]: DEBUG keystone.server.flask.request_processing.req_logging [None req-52fcd06f-9458-4788-826a-8c6fffeb1a0c None admin] PATH_INFO: `/v3/projects` {{(pid=41874) log_request_info /opt/stack/keystone/keystone/server/flask/request_processing/req_logging.py:29}}
Jul 19 17:13:25 user devstack@keystone.service[41875]: DEBUG keystone.server.flask.request_processing.middleware.auth_context [None req-39548f13-01b4-41b7-be35-2fc77e843804 None admin] Authenticating user token {{(pid=41875) process_request /usr/local/lib/python3.10/dist-packages/keystonemiddleware/auth_token/__init__.py:406}}
Jul 19 17:13:25 user devstack@keystone.service[41874]: DEBUG keystone.common.rbac_enforcer.enforcer [None req-52fcd06f-9458-4788-826a-8c6fffeb1a0c None admin] RBAC: Authorizing `identity:create_project()` {{(pid=41874) enforce_call /opt/stack/keystone/keystone/common/rbac_enforcer/enforcer.py:449}}
Jul 19 17:13:25 user devstack@keystone.service[41874]: DEBUG keystone.common.rbac_enforcer.enforcer [None req-52fcd06f-9458-4788-826a-8c6fffeb1a0c None admin] RBAC: Authorization granted {{(pid=41874) enforce_call /opt/stack/keystone/keystone/common/rbac_enforcer/enforcer.py:457}}
Jul 19 17:13:25 user devstack@keystone.service[41876]: DEBUG keystone.server.flask.request_processing.middleware.auth_context [None req-249b13f9-3e0e-48b1-9ce9-9fe9e2e2a4c5 None admin] RBAC: auth_context: {'token': , 'domain_id': None, 'trust_id': None, 'trustor_id': None, 'trustee_id': None, 'domain_name': None, 'group_ids': [], 'user_id': '06348ea80715474e9f1f095b17538d29', 'user_domain_id': 'default', 'system_scope': 'all', 'project_id': None, 'project_domain_id': None, 'roles': ['admin', 'member', 'reader'], 'is_admin_project': True, 'service_user_id': None, 'service_user_domain_id': None, 'service_project_id': None, 'service_project_domain_id': None, 'service_roles': []} {{(pid=41876) fill_context /opt/stack/keystone/keystone/server/flask/request_processing/middleware/auth_context.py:480}}
Jul 19 17:13:25 user devstack@keystone.service[41876]: DEBUG keystone.server.flask.request_processing.req_logging [None req-249b13f9-3e0e-48b1-9ce9-9fe9e2e2a4c5 None admin] REQUEST_METHOD: `GET` {{(pid=41876) log_request_info /opt/stack/keystone/keystone/server/flask/request_processing/req_logging.py:27}}
Jul 19 17:13:25 user devstack@keystone.service[41876]: DEBUG keystone.server.flask.request_processing.req_logging [None req-249b13f9-3e0e-48b1-9ce9-9fe9e2e2a4c5 None admin] SCRIPT_NAME: `/identity` {{(pid=41876) log_request_info /opt/stack/keystone/keystone/server/flask/request_processing/req_logging.py:28}}
Jul 19 17:13:25 user devstack@keystone.service[41876]: DEBUG keystone.server.flask.request_processing.req_logging [None req-249b13f9-3e0e-48b1-9ce9-9fe9e2e2a4c5 None admin] PATH_INFO: `/v3/roles/member` {{(pid=41876) log_request_info /opt/stack/keystone/keystone/server/flask/request_processing/req_logging.py:29}}
Jul 19 17:13:25 user devstack@keystone.service[41874]: [pid: 41874|app: 0|req: 39/109] 10.0.0.210 () {60 vars in 1136 bytes} [Wed Jul 19 17:13:25 2023] POST /identity/v3/projects => generated 301 bytes in 165 msecs (HTTP/1.1 201) 5 headers in 182 bytes (1 switches on core 0)
Jul 19 17:13:25 user devstack@keystone.service[41874]: DEBUG keystone.server.flask.request_processing.middleware.auth_context [None req-52fcd06f-9458-4788-826a-8c6fffeb1a0c None admin] Authenticating user token {{(pid=41874) process_request /usr/local/lib/python3.10/dist-packages/keystonemiddleware/auth_token/__init__.py:406}}
Jul 19 17:13:25 user devstack@keystone.service[41876]: DEBUG keystone.common.rbac_enforcer.enforcer [None req-249b13f9-3e0e-48b1-9ce9-9fe9e2e2a4c5 None admin] Extracting inferred target data resulted in "NOT FOUND (404)". {{(pid=41876) enforce_call /opt/stack/keystone/keystone/common/rbac_enforcer/enforcer.py:409}}
Jul 19 17:13:25 user devstack@keystone.service[41876]: ERROR keystone.server.flask.application [None req-249b13f9-3e0e-48b1-9ce9-9fe9e2e2a4c5 None admin] Could not find role: member.: keystone.exception.RoleNotFound: Could not find role: member.
Jul 19 17:13:25 user devstack@keystone.service[41876]: ERROR keystone.server.flask.application
Traceback (most recent call last):
Jul 19 17:13:25 user devstack@keystone.service[41876]: ERROR keystone.server.flask.application
File "/usr/local/lib/python3.10/dist-packages/flask/app.py", line 1823, in full_dispatch_request
Jul 19 17:13:25 user devstack@keystone.service[41876]: ERROR keystone.server.flask.application rv = self.dispatch_request()
Jul 19 17:13:25 user devstack@keystone.service[41876]: ERROR keystone.server.flask.application
File "/usr/local/lib/python3.10/dist-packages/flask/app.py", line 1799, in dispatch_request
Jul 19 17:13:25 user devstack@keystone.service[41876]: ERROR keystone.server.flask.application return self.ensure_sync(self.view_functions[rule.endpoint])(**view_args)
Jul 19 17:13:25 user devstack@keystone.service[41876]: ERROR keystone.server.flask.application
File "/usr/local/lib/python3.10/dist-packages/flask_restful/__init__.py", line 467, in wrapper
Jul 19 17:13:25 user devstack@keystone.service[41876]: ERROR keystone.server.flask.application resp = resource(*args, **kwargs)
Jul 19 17:13:25 user devstack@keystone.service[41876]: ERROR keystone.server.flask.application
File "/usr/local/lib/python3.10/dist-packages/flask/views.py", line 107, in view
Jul 19 17:13:25 user devstack@keystone.service[41876]: ERROR keystone.server.flask.application return current_app.ensure_sync(self.dispatch_request)(**kwargs)
Jul 19 17:13:25 user devstack@keystone.service[41876]: ERROR keystone.server.flask.application
File "/usr/local/lib/python3.10/dist-packages/flask_restful/__init__.py", line 582, in dispatch_request
Jul 19 17:13:25 user devstack@keystone.service[41876]: ERROR keystone.server.flask.application resp = meth(*args, **kwargs)
Jul 19 17:13:25 user devstack@keystone.service[41876]: ERROR keystone.server.flask.application
File "/opt/stack/keystone/keystone/api/roles.py", line 50, in get
Jul 19 17:13:25 user devstack@keystone.service[41876]: ERROR keystone.server.flask.application return self._get_role(role_id)
Jul 19 17:13:25 user devstack@keystone.service[41876]: ERROR keystone.server.flask.application
File "/opt/stack/keystone/keystone/api/roles.py", line 70, in _get_role
Jul 19 17:13:25 user devstack@keystone.service[41876]: ERROR keystone.server.flask.application ENFORCER.enforce_call(action='identity:get_role')
Jul 19 17:13:25 user devstack@keystone.service[41876]: ERROR keystone.server.flask.application
File "/opt/stack/keystone/keystone/common/rbac_enforcer/enforcer.py", line 402, in enforce_call
Jul 19 17:13:25 user devstack@keystone.service[41876]: ERROR keystone.server.flask.application policy_dict.update(cls._extract_member_target_data(
Jul 19 17:13:25 user devstack@keystone.service[41876]: ERROR keystone.server.flask.application
File "/opt/stack/keystone/keystone/common/rbac_enforcer/enforcer.py", line 234, in _extract_member_target_data
Jul 19 17:13:25 user devstack@keystone.service[41876]: ERROR keystone.server.flask.application member_name: func(flask.request.view_args[key])
Jul 19 17:13:25 user devstack@keystone.service[41876]: ERROR keystone.server.flask.application
File "/opt/stack/keystone/keystone/common/manager.py", line 115, in wrapped
Jul 19 17:13:25 user devstack@keystone.service[41876]: ERROR keystone.server.flask.application __ret_val = __f(*args, **kwargs)
Jul 19 17:13:25 user devstack@keystone.service[41876]: ERROR keystone.server.flask.application
File "/usr/local/lib/python3.10/dist-packages/decorator.py", line 232, in fun
Jul 19 17:13:25 user devstack@keystone.service[41876]: ERROR keystone.server.flask.application return caller(func, *(extras + args), **kw)
Jul 19 17:13:25 user devstack@keystone.service[41876]: ERROR keystone.server.flask.application
File "/usr/local/lib/python3.10/dist-packages/dogpile/cache/region.py", line 1577, in get_or_create_for_user_func
Jul 19 17:13:25 user devstack@keystone.service[41876]: ERROR keystone.server.flask.application return self.get_or_create(
Jul 19 17:13:25 user devstack@keystone.service[41876]: ERROR keystone.server.flask.application
File "/usr/local/lib/python3.10/dist-packages/dogpile/cache/region.py", line 1042, in get_or_create
Jul 19 17:13:25 user devstack@keystone.service[41876]: ERROR keystone.server.flask.application with Lock(
Jul 19 17:13:25 user devstack@keystone.service[41876]: ERROR keystone.server.flask.application
File "/usr/local/lib/python3.10/dist-packages/dogpile/lock.py", line 185, in __enter__
Jul 19 17:13:25 user devstack@keystone.service[41876]: ERROR keystone.server.flask.application return self._enter()
Jul 19 17:13:25 user devstack@keystone.service[41876]: ERROR keystone.server.flask.application
File "/usr/local/lib/python3.10/dist-packages/dogpile/lock.py", line 94, in _enter
Jul 19 17:13:25 user devstack@keystone.service[41876]: ERROR keystone.server.flask.application generated = self._enter_create(value, createdtime)
Jul 19 17:13:25 user devstack@keystone.service[41876]: ERROR keystone.server.flask.application
File "/usr/local/lib/python3.10/dist-packages/dogpile/lock.py", line 178, in _enter_create
Jul 19 17:13:25 user devstack@keystone.service[41876]: ERROR keystone.server.flask.application return self.creator()
Jul 19 17:13:25 user devstack@keystone.service[41876]: ERROR keystone.server.flask.application
File "/usr/local/lib/python3.10/dist-packages/dogpile/cache/region.py", line 995, in gen_value
Jul 19 17:13:25 user devstack@keystone.service[41876]: ERROR keystone.server.flask.application created_value = creator(
Jul 19 17:13:25 user devstack@keystone.service[41876]: ERROR keystone.server.flask.application
File "/opt/stack/keystone/keystone/assignment/core.py", line 1276, in get_role
Jul 19 17:13:25 user devstack@keystone.service[41876]: ERROR keystone.server.flask.application return self.driver.get_role(role_id)
Jul 19 17:13:25 user devstack@keystone.service[41876]: ERROR keystone.server.flask.application
File "/opt/stack/keystone/keystone/assignment/role_backends/sql.py", line 70, in get_role
Jul 19 17:13:25 user devstack@keystone.service[41876]: ERROR keystone.server.flask.application return self._get_role(session, role_id).to_dict()
Jul 19 17:13:25 user devstack@keystone.service[41876]: ERROR keystone.server.flask.application
File "/opt/stack/keystone/keystone/assignment/role_backends/sql.py", line 65, in _get_role
Jul 19 17:13:25 user devstack@keystone.service[41876]: ERROR keystone.server.flask.application raise exception.RoleNotFound(role_id=role_id)
Jul 19 17:13:25 user devstack@keystone.service[41876]: ERROR keystone.server.flask.application keystone.exception.RoleNotFound: Could not find role: member.
Jul 19 17:13:25 user devstack@keystone.service[41876]: ERROR keystone.server.flask.application
Jul 19 17:13:25 user devstack@keystone.service[41876]: [pid: 41876|app: 0|req: 34/110] 10.0.0.210 () {56 vars in 1094 bytes} [Wed Jul 19 17:13:25 2023] GET /identity/v3/roles/member => generated 84 bytes in 143 msecs (HTTP/1.1 404) 5 headers in 183 bytes (1 switches on core 0)
Jul 19 17:13:25 user devstack@keystone.service[41876]: DEBUG keystone.server.flask.request_processing.middleware.auth_context [None req-249b13f9-3e0e-48b1-9ce9-9fe9e2e2a4c5 None admin] Authenticating user token {{(pid=41876) process_request /usr/local/lib/python3.10/dist-packages/keystonemiddleware/auth_token/__init__.py:406}}
Jul 19 17:13:25 user devstack@keystone.service[41875]: DEBUG dbcounter [-] [41875] Writing DB stats keystone:SELECT=100 {{(pid=41875) stat_writer /usr/local/lib/python3.10/dist-packages/dbcounter.py:117}}
Jul 19 17:13:25 user devstack@keystone.service[41876]: DEBUG dbcounter [-] [41876] Writing DB stats keystone:SELECT=100 {{(pid=41876) stat_writer /usr/local/lib/python3.10/dist-packages/dbcounter.py:117}}
Jul 19 17:13:25 user devstack@keystone.service[41875]: DEBUG keystone.server.flask.request_processing.middleware.auth_context [None req-39548f13-01b4-41b7-be35-2fc77e843804 None admin] Validating token access rules against request {{(pid=41875) validate_allowed_request /usr/local/lib/python3.10/dist-packages/keystonemiddleware/auth_token/__init__.py:544}}
Jul 19 17:13:25 user devstack@keystone.service[41875]: DEBUG keystone.server.flask.request_processing.middleware.auth_context [None req-b348dd52-b94b-4632-96dd-9ff798b1f0b2 None admin] RBAC: auth_context: {'token': , 'domain_id': None, 'trust_id': None, 'trustor_id': None, 'trustee_id': None, 'domain_name': None, 'group_ids': [], 'user_id': '06348ea80715474e9f1f095b17538d29', 'user_domain_id': 'default', 'system_scope': 'all', 'project_id': None, 'project_domain_id': None, 'roles': ['admin', 'member', 'reader'], 'is_admin_project': True, 'service_user_id': None, 'service_user_domain_id': None, 'service_project_id': None, 'service_project_domain_id': None, 'service_roles': []} {{(pid=41875) fill_context /opt/stack/keystone/keystone/server/flask/request_processing/middleware/auth_context.py:480}}
Jul 19 17:13:25 user devstack@keystone.service[41875]: DEBUG keystone.server.flask.request_processing.req_logging [None req-b348dd52-b94b-4632-96dd-9ff798b1f0b2 None admin] REQUEST_METHOD: `GET` {{(pid=41875) log_request_info /opt/stack/keystone/keystone/server/flask/request_processing/req_logging.py:27}}
Jul 19 17:13:25 user devstack@keystone.service[41875]: DEBUG keystone.server.flask.request_processing.req_logging [None req-b348dd52-b94b-4632-96dd-9ff798b1f0b2 None admin] SCRIPT_NAME: `/identity` {{(pid=41875) log_request_info /opt/stack/keystone/keystone/server/flask/request_processing/req_logging.py:28}}
Jul 19 17:13:25 user devstack@keystone.service[41875]: DEBUG keystone.server.flask.request_processing.req_logging [None req-b348dd52-b94b-4632-96dd-9ff798b1f0b2 None admin] PATH_INFO: `/v3/auth/tokens` {{(pid=41875) log_request_info /opt/stack/keystone/keystone/server/flask/request_processing/req_logging.py:29}}
Jul 19 17:13:25 user devstack@keystone.service[41874]: DEBUG keystone.server.flask.request_processing.middleware.auth_context [None req-52fcd06f-9458-4788-826a-8c6fffeb1a0c None admin] Validating token access rules against request {{(pid=41874) validate_allowed_request /usr/local/lib/python3.10/dist-packages/keystonemiddleware/auth_token/__init__.py:544}}
Jul 19 17:13:25 user devstack@keystone.service[41876]: DEBUG keystone.server.flask.request_processing.middleware.auth_context [None req-249b13f9-3e0e-48b1-9ce9-9fe9e2e2a4c5 None admin] Validating token access rules against request {{(pid=41876) validate_allowed_request /usr/local/lib/python3.10/dist-packages/keystonemiddleware/auth_token/__init__.py:544}}
Jul 19 17:13:25 user devstack@keystone.service[41874]: DEBUG dbcounter [-] [41874] Writing DB stats keystone:SELECT=99,keystone:INSERT=1 {{(pid=41874) stat_writer /usr/local/lib/python3.10/dist-packages/dbcounter.py:117}}
Jul 19 17:13:25 user devstack@keystone.service[41874]: DEBUG keystone.server.flask.request_processing.middleware.auth_context [None req-d222dab9-5cc8-45d2-bc4d-f64654e470d7 None admin] RBAC: auth_context: {'token': , 'domain_id': None, 'trust_id': None, 'trustor_id': None, 'trustee_id': None, 'domain_name': None, 'group_ids': [], 'user_id': '06348ea80715474e9f1f095b17538d29', 'user_domain_id': 'default', 'system_scope': 'all', 'project_id': None, 'project_domain_id': None, 'roles': ['admin', 'member', 'reader'], 'is_admin_project': True, 'service_user_id': None, 'service_user_domain_id': None, 'service_project_id': None, 'service_project_domain_id': None, 'service_roles': []} {{(pid=41874) fill_context /opt/stack/keystone/keystone/server/flask/request_processing/middleware/auth_context.py:480}}
Jul 19 17:13:25 user devstack@keystone.service[41876]: DEBUG keystone.server.flask.request_processing.middleware.auth_context [None req-e755d512-6ed1-4907-83b1-69788362465c None admin] RBAC: auth_context: {'token': , 'domain_id': None, 'trust_id': None, 'trustor_id': None, 'trustee_id': None, 'domain_name': None, 'group_ids': [], 'user_id': '06348ea80715474e9f1f095b17538d29', 'user_domain_id': 'default', 'system_scope': 'all', 'project_id': None, 'project_domain_id': None, 'roles': ['admin', 'member', 'reader'], 'is_admin_project': True, 'service_user_id': None, 'service_user_domain_id': None, 'service_project_id': None, 'service_project_domain_id': None, 'service_roles': []} {{(pid=41876) fill_context /opt/stack/keystone/keystone/server/flask/request_processing/middleware/auth_context.py:480}}
Jul 19 17:13:25 user devstack@keystone.service[41874]: DEBUG keystone.server.flask.request_processing.req_logging [None req-d222dab9-5cc8-45d2-bc4d-f64654e470d7 None admin] REQUEST_METHOD: `GET` {{(pid=41874) log_request_info /opt/stack/keystone/keystone/server/flask/request_processing/req_logging.py:27}}
Jul 19 17:13:25 user devstack@keystone.service[41876]: DEBUG keystone.server.flask.request_processing.req_logging [None req-e755d512-6ed1-4907-83b1-69788362465c None admin] REQUEST_METHOD: `GET` {{(pid=41876) log_request_info /opt/stack/keystone/keystone/server/flask/request_processing/req_logging.py:27}}
Jul 19 17:13:25 user devstack@keystone.service[41876]: DEBUG keystone.server.flask.request_processing.req_logging [None req-e755d512-6ed1-4907-83b1-69788362465c None admin] SCRIPT_NAME: `/identity` {{(pid=41876) log_request_info /opt/stack/keystone/keystone/server/flask/request_processing/req_logging.py:28}}
Jul 19 17:13:25 user devstack@keystone.service[41874]: DEBUG keystone.server.flask.request_processing.req_logging [None req-d222dab9-5cc8-45d2-bc4d-f64654e470d7 None admin] SCRIPT_NAME: `/identity` {{(pid=41874) log_request_info /opt/stack/keystone/keystone/server/flask/request_processing/req_logging.py:28}}
Jul 19 17:13:25 user devstack@keystone.service[41876]: DEBUG keystone.server.flask.request_processing.req_logging [None req-e755d512-6ed1-4907-83b1-69788362465c None admin] PATH_INFO: `/v3/users/06348ea80715474e9f1f095b17538d29` {{(pid=41876) log_request_info /opt/stack/keystone/keystone/server/flask/request_processing/req_logging.py:29}}
Jul 19 17:13:25 user devstack@keystone.service[41874]: DEBUG keystone.server.flask.request_processing.req_logging [None req-d222dab9-5cc8-45d2-bc4d-f64654e470d7 None admin] PATH_INFO: `/v3/users/692981dfa62a468e8c95e24c0f2594ff` {{(pid=41874) log_request_info /opt/stack/keystone/keystone/server/flask/request_processing/req_logging.py:29}}
Jul 19 17:13:25 user devstack@keystone.service[41876]: DEBUG keystone.common.rbac_enforcer.enforcer [None req-e755d512-6ed1-4907-83b1-69788362465c None admin] RBAC: Authorizing `identity:get_user(user_id=06348ea80715474e9f1f095b17538d29)` {{(pid=41876) enforce_call /opt/stack/keystone/keystone/common/rbac_enforcer/enforcer.py:449}}
Jul 19 17:13:25 user devstack@keystone.service[41874]: DEBUG keystone.common.rbac_enforcer.enforcer [None req-d222dab9-5cc8-45d2-bc4d-f64654e470d7 None admin] RBAC: Authorizing `identity:get_user(user_id=692981dfa62a468e8c95e24c0f2594ff)` {{(pid=41874) enforce_call /opt/stack/keystone/keystone/common/rbac_enforcer/enforcer.py:449}}
Jul 19 17:13:25 user devstack@keystone.service[41876]: DEBUG keystone.common.rbac_enforcer.enforcer [None req-e755d512-6ed1-4907-83b1-69788362465c None admin] RBAC: Authorization granted {{(pid=41876) enforce_call /opt/stack/keystone/keystone/common/rbac_enforcer/enforcer.py:457}}
Jul 19 17:13:25 user devstack@keystone.service[41874]: DEBUG keystone.common.rbac_enforcer.enforcer [None req-d222dab9-5cc8-45d2-bc4d-f64654e470d7 None admin] RBAC: Authorization granted {{(pid=41874) enforce_call /opt/stack/keystone/keystone/common/rbac_enforcer/enforcer.py:457}}
Jul 19 17:13:25 user devstack@keystone.service[41876]: [pid: 41876|app: 0|req: 35/111] 10.0.0.210 () {56 vars in 1172 bytes} [Wed Jul 19 17:13:25 2023] GET /identity/v3/users/06348ea80715474e9f1f095b17538d29 => generated 246 bytes in 121 msecs (HTTP/1.1 200) 5 headers in 177 bytes (1 switches on core 0)
Jul 19 17:13:25 user devstack@keystone.service[41876]: DEBUG keystone.server.flask.request_processing.middleware.auth_context [None req-e755d512-6ed1-4907-83b1-69788362465c None admin] Authenticating user token {{(pid=41876) process_request /usr/local/lib/python3.10/dist-packages/keystonemiddleware/auth_token/__init__.py:406}}
Jul 19 17:13:25 user devstack@keystone.service[41874]: [pid: 41874|app: 0|req: 40/112] 10.0.0.210 () {56 vars in 1172 bytes} [Wed Jul 19 17:13:25 2023] GET /identity/v3/users/692981dfa62a468e8c95e24c0f2594ff => generated 274 bytes in 134 msecs (HTTP/1.1 200) 5 headers in 177 bytes (1 switches on core 0)
Jul 19 17:13:25 user devstack@keystone.service[41874]: DEBUG keystone.server.flask.request_processing.middleware.auth_context [None req-d222dab9-5cc8-45d2-bc4d-f64654e470d7 None admin] Authenticating user token {{(pid=41874) process_request /usr/local/lib/python3.10/dist-packages/keystonemiddleware/auth_token/__init__.py:406}}
Jul 19 17:13:25 user devstack@keystone.service[41875]: DEBUG keystone.common.rbac_enforcer.enforcer [None req-b348dd52-b94b-4632-96dd-9ff798b1f0b2 None admin] RBAC: Authorizing `identity:validate_token()` {{(pid=41875) enforce_call /opt/stack/keystone/keystone/common/rbac_enforcer/enforcer.py:449}}
Jul 19 17:13:25 user devstack@keystone.service[41875]: DEBUG keystone.common.rbac_enforcer.enforcer [None req-b348dd52-b94b-4632-96dd-9ff798b1f0b2 None admin] RBAC: Authorization granted {{(pid=41875) enforce_call /opt/stack/keystone/keystone/common/rbac_enforcer/enforcer.py:457}}
Jul 19 17:13:26 user devstack@keystone.service[41876]: DEBUG keystone.server.flask.request_processing.middleware.auth_context [None req-e755d512-6ed1-4907-83b1-69788362465c None admin] Validating token access rules against request {{(pid=41876) validate_allowed_request /usr/local/lib/python3.10/dist-packages/keystonemiddleware/auth_token/__init__.py:544}}
Jul 19 17:13:26 user devstack@keystone.service[41874]: DEBUG keystone.server.flask.request_processing.middleware.auth_context [None req-d222dab9-5cc8-45d2-bc4d-f64654e470d7 None admin] Validating token access rules against request {{(pid=41874) validate_allowed_request /usr/local/lib/python3.10/dist-packages/keystonemiddleware/auth_token/__init__.py:544}}
Jul 19 17:13:26 user devstack@keystone.service[41875]: DEBUG dbcounter [-] [41875] Writing DB stats keystone:SELECT=100 {{(pid=41875) stat_writer /usr/local/lib/python3.10/dist-packages/dbcounter.py:117}}
Jul 19 17:13:26 user devstack@keystone.service[41876]: DEBUG dbcounter [-] [41876] Writing DB stats keystone:SELECT=100 {{(pid=41876) stat_writer /usr/local/lib/python3.10/dist-packages/dbcounter.py:117}}
Jul 19 17:13:26 user devstack@keystone.service[41876]: DEBUG keystone.server.flask.request_processing.middleware.auth_context [None req-a75b367c-e9a9-4f0c-a365-14589b813e34 None admin] RBAC: auth_context: {'token': , 'domain_id': None, 'trust_id': None, 'trustor_id': None, 'trustee_id': None, 'domain_name': None, 'group_ids': [], 'user_id': '06348ea80715474e9f1f095b17538d29', 'user_domain_id': 'default', 'system_scope': 'all', 'project_id': None, 'project_domain_id': None, 'roles': ['admin', 'member', 'reader'], 'is_admin_project': True, 'service_user_id': None, 'service_user_domain_id': None, 'service_project_id': None, 'service_project_domain_id': None, 'service_roles': []} {{(pid=41876) fill_context /opt/stack/keystone/keystone/server/flask/request_processing/middleware/auth_context.py:480}}
Jul 19 17:13:26 user devstack@keystone.service[41876]: DEBUG keystone.server.flask.request_processing.req_logging [None req-a75b367c-e9a9-4f0c-a365-14589b813e34 None admin] REQUEST_METHOD: `GET` {{(pid=41876) log_request_info /opt/stack/keystone/keystone/server/flask/request_processing/req_logging.py:27}}
Jul 19 17:13:26 user devstack@keystone.service[41876]: DEBUG keystone.server.flask.request_processing.req_logging [None req-a75b367c-e9a9-4f0c-a365-14589b813e34 None admin] SCRIPT_NAME: `/identity` {{(pid=41876) log_request_info /opt/stack/keystone/keystone/server/flask/request_processing/req_logging.py:28}}
Jul 19 17:13:26 user devstack@keystone.service[41876]: DEBUG keystone.server.flask.request_processing.req_logging [None req-a75b367c-e9a9-4f0c-a365-14589b813e34 None admin] PATH_INFO: `/v3/users/f488ee0560db4909bbd9b0fb01139b91` {{(pid=41876) log_request_info /opt/stack/keystone/keystone/server/flask/request_processing/req_logging.py:29}}
Jul 19 17:13:26 user devstack@keystone.service[41874]: DEBUG keystone.server.flask.request_processing.middleware.auth_context [None req-ebc5b51f-f0cb-45d9-99d6-b673af4a2d2a None admin] RBAC: auth_context: {'token': , 'domain_id': None, 'trust_id': None, 'trustor_id': None, 'trustee_id': None, 'domain_name': None, 'group_ids': [], 'user_id': '06348ea80715474e9f1f095b17538d29', 'user_domain_id': 'default', 'system_scope': 'all', 'project_id': None, 'project_domain_id': None, 'roles': ['admin', 'member', 'reader'], 'is_admin_project': True, 'service_user_id': None, 'service_user_domain_id': None, 'service_project_id': None, 'service_project_domain_id': None, 'service_roles': []} {{(pid=41874) fill_context /opt/stack/keystone/keystone/server/flask/request_processing/middleware/auth_context.py:480}}
Jul 19 17:13:26 user devstack@keystone.service[41874]: DEBUG keystone.server.flask.request_processing.req_logging [None req-ebc5b51f-f0cb-45d9-99d6-b673af4a2d2a None admin] REQUEST_METHOD: `GET` {{(pid=41874) log_request_info /opt/stack/keystone/keystone/server/flask/request_processing/req_logging.py:27}}
Jul 19 17:13:26 user devstack@keystone.service[41874]: DEBUG keystone.server.flask.request_processing.req_logging [None req-ebc5b51f-f0cb-45d9-99d6-b673af4a2d2a None admin] SCRIPT_NAME: `/identity` {{(pid=41874) log_request_info /opt/stack/keystone/keystone/server/flask/request_processing/req_logging.py:28}}
Jul 19 17:13:26 user devstack@keystone.service[41874]: DEBUG keystone.server.flask.request_processing.req_logging [None req-ebc5b51f-f0cb-45d9-99d6-b673af4a2d2a None admin] PATH_INFO: `/v3/roles` {{(pid=41874) log_request_info /opt/stack/keystone/keystone/server/flask/request_processing/req_logging.py:29}}
Jul 19 17:13:26 user devstack@keystone.service[41874]: DEBUG keystone.common.rbac_enforcer.enforcer [None req-ebc5b51f-f0cb-45d9-99d6-b673af4a2d2a None admin] RBAC: Adding query filter params (name=member) {{(pid=41874) _extract_filter_values /opt/stack/keystone/keystone/common/rbac_enforcer/enforcer.py:167}}
Jul 19 17:13:26 user devstack@keystone.service[41874]: DEBUG keystone.common.rbac_enforcer.enforcer [None req-ebc5b51f-f0cb-45d9-99d6-b673af4a2d2a None admin] RBAC: Authorizing `identity:list_roles()` {{(pid=41874) enforce_call /opt/stack/keystone/keystone/common/rbac_enforcer/enforcer.py:449}}
Jul 19 17:13:26 user devstack@keystone.service[41874]: DEBUG keystone.common.rbac_enforcer.enforcer [None req-ebc5b51f-f0cb-45d9-99d6-b673af4a2d2a None admin] RBAC: Authorization granted {{(pid=41874) enforce_call /opt/stack/keystone/keystone/common/rbac_enforcer/enforcer.py:457}}
Jul 19 17:13:26 user devstack@keystone.service[41875]: [pid: 41875|app: 0|req: 38/113] 10.0.0.210 () {58 vars in 1277 bytes} [Wed Jul 19 17:13:25 2023] GET /identity/v3/auth/tokens => generated 798 bytes in 295 msecs (HTTP/1.1 200) 6 headers in 358 bytes (1 switches on core 0)
Jul 19 17:13:26 user devstack@keystone.service[41875]: DEBUG keystone.server.flask.request_processing.middleware.auth_context [None req-b348dd52-b94b-4632-96dd-9ff798b1f0b2 None admin] Authenticating user token {{(pid=41875) process_request /usr/local/lib/python3.10/dist-packages/keystonemiddleware/auth_token/__init__.py:406}}
Jul 19 17:13:26 user devstack@keystone.service[41874]: [pid: 41874|app: 0|req: 41/114] 10.0.0.210 () {56 vars in 1096 bytes} [Wed Jul 19 17:13:25 2023] GET /identity/v3/roles?name=member => generated 339 bytes in 134 msecs (HTTP/1.1 200) 5 headers in 177 bytes (1 switches on core 0)
Jul 19 17:13:26 user devstack@keystone.service[41874]: DEBUG keystone.server.flask.request_processing.middleware.auth_context [None req-ebc5b51f-f0cb-45d9-99d6-b673af4a2d2a None admin] Authenticating user token {{(pid=41874) process_request /usr/local/lib/python3.10/dist-packages/keystonemiddleware/auth_token/__init__.py:406}}
Jul 19 17:13:26 user devstack@keystone.service[41876]: DEBUG keystone.common.rbac_enforcer.enforcer [None req-a75b367c-e9a9-4f0c-a365-14589b813e34 None admin] RBAC: Authorizing `identity:get_user(user_id=f488ee0560db4909bbd9b0fb01139b91)` {{(pid=41876) enforce_call /opt/stack/keystone/keystone/common/rbac_enforcer/enforcer.py:449}}
Jul 19 17:13:26 user devstack@keystone.service[41876]: DEBUG keystone.common.rbac_enforcer.enforcer [None req-a75b367c-e9a9-4f0c-a365-14589b813e34 None admin] RBAC: Authorization granted {{(pid=41876) enforce_call /opt/stack/keystone/keystone/common/rbac_enforcer/enforcer.py:457}}
Jul 19 17:13:26 user devstack@keystone.service[41876]: [pid: 41876|app: 0|req: 36/115] 10.0.0.210 () {56 vars in 1172 bytes} [Wed Jul 19 17:13:25 2023] GET /identity/v3/users/f488ee0560db4909bbd9b0fb01139b91 => generated 288 bytes in 140 msecs (HTTP/1.1 200) 5 headers in 177 bytes (1 switches on core 0)
Jul 19 17:13:26 user devstack@keystone.service[41876]: DEBUG keystone.server.flask.request_processing.middleware.auth_context [None req-a75b367c-e9a9-4f0c-a365-14589b813e34 None admin] Authenticating user token {{(pid=41876) process_request /usr/local/lib/python3.10/dist-packages/keystonemiddleware/auth_token/__init__.py:406}}
Jul 19 17:13:26 user devstack@keystone.service[41874]: DEBUG dbcounter [-] [41874] Writing DB stats keystone:SELECT=100 {{(pid=41874) stat_writer /usr/local/lib/python3.10/dist-packages/dbcounter.py:117}}
Jul 19 17:13:26 user devstack@keystone.service[41875]: DEBUG keystone.server.flask.request_processing.middleware.auth_context [None req-b348dd52-b94b-4632-96dd-9ff798b1f0b2 None admin] Validating token access rules against request {{(pid=41875) validate_allowed_request /usr/local/lib/python3.10/dist-packages/keystonemiddleware/auth_token/__init__.py:544}}
Jul 19 17:13:26 user devstack@keystone.service[41874]: DEBUG keystone.server.flask.request_processing.middleware.auth_context [None req-ebc5b51f-f0cb-45d9-99d6-b673af4a2d2a None admin] Validating token access rules against request {{(pid=41874) validate_allowed_request /usr/local/lib/python3.10/dist-packages/keystonemiddleware/auth_token/__init__.py:544}}
Jul 19 17:13:26 user devstack@keystone.service[41876]: DEBUG keystone.server.flask.request_processing.middleware.auth_context [None req-a75b367c-e9a9-4f0c-a365-14589b813e34 None admin] Validating token access rules against request {{(pid=41876) validate_allowed_request /usr/local/lib/python3.10/dist-packages/keystonemiddleware/auth_token/__init__.py:544}}
Jul 19 17:13:26 user devstack@keystone.service[41875]: DEBUG keystone.server.flask.request_processing.middleware.auth_context [None req-b190cf4f-9bbd-41b3-8bf1-cba76fc82eea None admin] RBAC: auth_context: {'token': , 'domain_id': None, 'trust_id': None, 'trustor_id': None, 'trustee_id': None, 'domain_name': None, 'group_ids': [], 'user_id': '06348ea80715474e9f1f095b17538d29', 'user_domain_id': 'default', 'system_scope': 'all', 'project_id': None, 'project_domain_id': None, 'roles': ['admin', 'member', 'reader'], 'is_admin_project': True, 'service_user_id': None, 'service_user_domain_id': None, 'service_project_id': None, 'service_project_domain_id': None, 'service_roles': []} {{(pid=41875) fill_context /opt/stack/keystone/keystone/server/flask/request_processing/middleware/auth_context.py:480}}
Jul 19 17:13:26 user devstack@keystone.service[41875]: DEBUG keystone.server.flask.request_processing.req_logging [None req-b190cf4f-9bbd-41b3-8bf1-cba76fc82eea None admin] REQUEST_METHOD: `GET` {{(pid=41875) log_request_info /opt/stack/keystone/keystone/server/flask/request_processing/req_logging.py:27}}
Jul 19 17:13:26 user devstack@keystone.service[41875]: DEBUG keystone.server.flask.request_processing.req_logging [None req-b190cf4f-9bbd-41b3-8bf1-cba76fc82eea None admin] SCRIPT_NAME: `/identity` {{(pid=41875) log_request_info /opt/stack/keystone/keystone/server/flask/request_processing/req_logging.py:28}}
Jul 19 17:13:26 user devstack@keystone.service[41875]: DEBUG keystone.server.flask.request_processing.req_logging [None req-b190cf4f-9bbd-41b3-8bf1-cba76fc82eea None admin] PATH_INFO: `/v3/auth/tokens` {{(pid=41875) log_request_info /opt/stack/keystone/keystone/server/flask/request_processing/req_logging.py:29}}
Jul 19 17:13:26 user devstack@keystone.service[41874]: DEBUG keystone.server.flask.request_processing.middleware.auth_context [None req-e972128b-77a0-4740-af44-d3874c943a0a None admin] RBAC: auth_context: {'token': , 'domain_id': None, 'trust_id': None, 'trustor_id': None, 'trustee_id': None, 'domain_name': None, 'group_ids': [], 'user_id': '06348ea80715474e9f1f095b17538d29', 'user_domain_id': 'default', 'system_scope': 'all', 'project_id': None, 'project_domain_id': None, 'roles': ['admin', 'member', 'reader'], 'is_admin_project': True, 'service_user_id': None, 'service_user_domain_id': None, 'service_project_id': None, 'service_project_domain_id': None, 'service_roles': []} {{(pid=41874) fill_context /opt/stack/keystone/keystone/server/flask/request_processing/middleware/auth_context.py:480}}
Jul 19 17:13:26 user devstack@keystone.service[41874]: DEBUG keystone.server.flask.request_processing.req_logging [None req-e972128b-77a0-4740-af44-d3874c943a0a None admin] REQUEST_METHOD: `GET` {{(pid=41874) log_request_info /opt/stack/keystone/keystone/server/flask/request_processing/req_logging.py:27}}
Jul 19 17:13:26 user devstack@keystone.service[41876]: DEBUG keystone.server.flask.request_processing.middleware.auth_context [None req-8692a0d8-61b7-47c9-870f-2e6c2af24373 None admin] RBAC: auth_context: {'token': , 'domain_id': None, 'trust_id': None, 'trustor_id': None, 'trustee_id': None, 'domain_name': None, 'group_ids': [], 'user_id': '06348ea80715474e9f1f095b17538d29', 'user_domain_id': 'default', 'system_scope': 'all', 'project_id': None, 'project_domain_id': None, 'roles': ['admin', 'member', 'reader'], 'is_admin_project': True, 'service_user_id': None, 'service_user_domain_id': None, 'service_project_id': None, 'service_project_domain_id': None, 'service_roles': []} {{(pid=41876) fill_context /opt/stack/keystone/keystone/server/flask/request_processing/middleware/auth_context.py:480}}
Jul 19 17:13:26 user devstack@keystone.service[41874]: DEBUG keystone.server.flask.request_processing.req_logging [None req-e972128b-77a0-4740-af44-d3874c943a0a None admin] SCRIPT_NAME: `/identity` {{(pid=41874) log_request_info /opt/stack/keystone/keystone/server/flask/request_processing/req_logging.py:28}}
Jul 19 17:13:26 user devstack@keystone.service[41874]: DEBUG keystone.server.flask.request_processing.req_logging [None req-e972128b-77a0-4740-af44-d3874c943a0a None admin] PATH_INFO: `/v3/auth/tokens` {{(pid=41874) log_request_info /opt/stack/keystone/keystone/server/flask/request_processing/req_logging.py:29}}
Jul 19 17:13:26 user devstack@keystone.service[41876]: DEBUG keystone.server.flask.request_processing.req_logging [None req-8692a0d8-61b7-47c9-870f-2e6c2af24373 None admin] REQUEST_METHOD: `GET` {{(pid=41876) log_request_info /opt/stack/keystone/keystone/server/flask/request_processing/req_logging.py:27}}
Jul 19 17:13:26 user devstack@keystone.service[41876]: DEBUG keystone.server.flask.request_processing.req_logging [None req-8692a0d8-61b7-47c9-870f-2e6c2af24373 None admin] SCRIPT_NAME: `/identity` {{(pid=41876) log_request_info /opt/stack/keystone/keystone/server/flask/request_processing/req_logging.py:28}}
Jul 19 17:13:26 user devstack@keystone.service[41876]: DEBUG keystone.server.flask.request_processing.req_logging [None req-8692a0d8-61b7-47c9-870f-2e6c2af24373 None admin] PATH_INFO: `/v3/projects/303e70141ead458f90a7ebedeed58e13` {{(pid=41876) log_request_info /opt/stack/keystone/keystone/server/flask/request_processing/req_logging.py:29}}
Jul 19 17:13:26 user devstack@keystone.service[41876]: DEBUG keystone.common.rbac_enforcer.enforcer [None req-8692a0d8-61b7-47c9-870f-2e6c2af24373 None admin] RBAC: Authorizing `identity:get_project(project_id=303e70141ead458f90a7ebedeed58e13)` {{(pid=41876) enforce_call /opt/stack/keystone/keystone/common/rbac_enforcer/enforcer.py:449}}
Jul 19 17:13:26 user devstack@keystone.service[41876]: DEBUG keystone.common.rbac_enforcer.enforcer [None req-8692a0d8-61b7-47c9-870f-2e6c2af24373 None admin] RBAC: Authorization granted {{(pid=41876) enforce_call /opt/stack/keystone/keystone/common/rbac_enforcer/enforcer.py:457}}
Jul 19 17:13:26 user devstack@keystone.service[41876]: [pid: 41876|app: 0|req: 37/116] 10.0.0.210 () {56 vars in 1181 bytes} [Wed Jul 19 17:13:26 2023] GET /identity/v3/projects/303e70141ead458f90a7ebedeed58e13 => generated 297 bytes in 118 msecs (HTTP/1.1 200) 5 headers in 177 bytes (1 switches on core 0)
Jul 19 17:13:26 user devstack@keystone.service[41876]: DEBUG keystone.server.flask.request_processing.middleware.auth_context [None req-8692a0d8-61b7-47c9-870f-2e6c2af24373 None admin] Authenticating user token {{(pid=41876) process_request /usr/local/lib/python3.10/dist-packages/keystonemiddleware/auth_token/__init__.py:406}}
Jul 19 17:13:26 user devstack@keystone.service[41875]: DEBUG dbcounter [-] [41875] Writing DB stats keystone:SELECT=100 {{(pid=41875) stat_writer /usr/local/lib/python3.10/dist-packages/dbcounter.py:117}}
Jul 19 17:13:26 user devstack@keystone.service[41876]: DEBUG dbcounter [-] [41876] Writing DB stats keystone:SELECT=100 {{(pid=41876) stat_writer /usr/local/lib/python3.10/dist-packages/dbcounter.py:117}}
Jul 19 17:13:26 user devstack@keystone.service[41875]: DEBUG keystone.common.rbac_enforcer.enforcer [None req-b190cf4f-9bbd-41b3-8bf1-cba76fc82eea None admin] RBAC: Authorizing `identity:validate_token()` {{(pid=41875) enforce_call /opt/stack/keystone/keystone/common/rbac_enforcer/enforcer.py:449}}
Jul 19 17:13:26 user devstack@keystone.service[41875]: DEBUG keystone.common.rbac_enforcer.enforcer [None req-b190cf4f-9bbd-41b3-8bf1-cba76fc82eea None admin] RBAC: Authorization granted {{(pid=41875) enforce_call /opt/stack/keystone/keystone/common/rbac_enforcer/enforcer.py:457}}
Jul 19 17:13:26 user devstack@keystone.service[41874]: DEBUG keystone.common.rbac_enforcer.enforcer [None req-e972128b-77a0-4740-af44-d3874c943a0a None admin] RBAC: Authorizing `identity:validate_token()` {{(pid=41874) enforce_call /opt/stack/keystone/keystone/common/rbac_enforcer/enforcer.py:449}}
Jul 19 17:13:26 user devstack@keystone.service[41874]: DEBUG keystone.common.rbac_enforcer.enforcer [None req-e972128b-77a0-4740-af44-d3874c943a0a None admin] RBAC: Authorization granted {{(pid=41874) enforce_call /opt/stack/keystone/keystone/common/rbac_enforcer/enforcer.py:457}}
Jul 19 17:13:26 user devstack@keystone.service[41876]: DEBUG keystone.server.flask.request_processing.middleware.auth_context [None req-8692a0d8-61b7-47c9-870f-2e6c2af24373 None admin] Validating token access rules against request {{(pid=41876) validate_allowed_request /usr/local/lib/python3.10/dist-packages/keystonemiddleware/auth_token/__init__.py:544}}
Jul 19 17:13:26 user devstack@keystone.service[41874]: DEBUG dbcounter [-] [41874] Writing DB stats keystone:SELECT=100 {{(pid=41874) stat_writer /usr/local/lib/python3.10/dist-packages/dbcounter.py:117}}
Jul 19 17:13:26 user devstack@keystone.service[41876]: DEBUG keystone.server.flask.request_processing.middleware.auth_context [None req-c8213e2e-cfbc-45c5-8eb2-1428fce35994 None admin] RBAC: auth_context: {'token': , 'domain_id': None, 'trust_id': None, 'trustor_id': None, 'trustee_id': None, 'domain_name': None, 'group_ids': [], 'user_id': '06348ea80715474e9f1f095b17538d29', 'user_domain_id': 'default', 'system_scope': 'all', 'project_id': None, 'project_domain_id': None, 'roles': ['admin', 'member', 'reader'], 'is_admin_project': True, 'service_user_id': None, 'service_user_domain_id': None, 'service_project_id': None, 'service_project_domain_id': None, 'service_roles': []} {{(pid=41876) fill_context /opt/stack/keystone/keystone/server/flask/request_processing/middleware/auth_context.py:480}}
Jul 19 17:13:26 user devstack@keystone.service[41876]: DEBUG keystone.server.flask.request_processing.req_logging [None req-c8213e2e-cfbc-45c5-8eb2-1428fce35994 None admin] REQUEST_METHOD: `GET` {{(pid=41876) log_request_info /opt/stack/keystone/keystone/server/flask/request_processing/req_logging.py:27}}
Jul 19 17:13:26 user devstack@keystone.service[41876]: DEBUG keystone.server.flask.request_processing.req_logging [None req-c8213e2e-cfbc-45c5-8eb2-1428fce35994 None admin] SCRIPT_NAME: `/identity` {{(pid=41876) log_request_info /opt/stack/keystone/keystone/server/flask/request_processing/req_logging.py:28}}
Jul 19 17:13:26 user devstack@keystone.service[41876]: DEBUG keystone.server.flask.request_processing.req_logging [None req-c8213e2e-cfbc-45c5-8eb2-1428fce35994 None admin] PATH_INFO: `/v3/users/692981dfa62a468e8c95e24c0f2594ff` {{(pid=41876) log_request_info /opt/stack/keystone/keystone/server/flask/request_processing/req_logging.py:29}}
Jul 19 17:13:26 user devstack@keystone.service[41876]: DEBUG keystone.common.rbac_enforcer.enforcer [None req-c8213e2e-cfbc-45c5-8eb2-1428fce35994 None admin] RBAC: Authorizing `identity:get_user(user_id=692981dfa62a468e8c95e24c0f2594ff)` {{(pid=41876) enforce_call /opt/stack/keystone/keystone/common/rbac_enforcer/enforcer.py:449}}
Jul 19 17:13:26 user devstack@keystone.service[41876]: DEBUG keystone.common.rbac_enforcer.enforcer [None req-c8213e2e-cfbc-45c5-8eb2-1428fce35994 None admin] RBAC: Authorization granted {{(pid=41876) enforce_call /opt/stack/keystone/keystone/common/rbac_enforcer/enforcer.py:457}}
Jul 19 17:13:26 user devstack@keystone.service[41876]: [pid: 41876|app: 0|req: 38/117] 10.0.0.210 () {56 vars in 1172 bytes} [Wed Jul 19 17:13:26 2023] GET /identity/v3/users/692981dfa62a468e8c95e24c0f2594ff => generated 274 bytes in 120 msecs (HTTP/1.1 200) 5 headers in 177 bytes (1 switches on core 0)
Jul 19 17:13:26 user devstack@keystone.service[41876]: DEBUG keystone.server.flask.request_processing.middleware.auth_context [None req-c8213e2e-cfbc-45c5-8eb2-1428fce35994 None admin] Authenticating user token {{(pid=41876) process_request /usr/local/lib/python3.10/dist-packages/keystonemiddleware/auth_token/__init__.py:406}}
Jul 19 17:13:26 user devstack@keystone.service[41875]: [pid: 41875|app: 0|req: 39/118] 10.0.0.210 () {58 vars in 1277 bytes} [Wed Jul 19 17:13:26 2023] GET /identity/v3/auth/tokens => generated 798 bytes in 263 msecs (HTTP/1.1 200) 6 headers in 358 bytes (1 switches on core 0)
Jul 19 17:13:26 user devstack@keystone.service[41875]: DEBUG keystone.server.flask.request_processing.middleware.auth_context [None req-b190cf4f-9bbd-41b3-8bf1-cba76fc82eea None admin] Authenticating user token {{(pid=41875) process_request /usr/local/lib/python3.10/dist-packages/keystonemiddleware/auth_token/__init__.py:406}}
Jul 19 17:13:26 user devstack@keystone.service[41874]: [pid: 41874|app: 0|req: 42/119] 10.0.0.210 () {58 vars in 1277 bytes} [Wed Jul 19 17:13:26 2023] GET /identity/v3/auth/tokens => generated 798 bytes in 264 msecs (HTTP/1.1 200) 6 headers in 358 bytes (1 switches on core 0)
Jul 19 17:13:26 user devstack@keystone.service[41874]: DEBUG keystone.server.flask.request_processing.middleware.auth_context [None req-e972128b-77a0-4740-af44-d3874c943a0a None admin] Authenticating user token {{(pid=41874) process_request /usr/local/lib/python3.10/dist-packages/keystonemiddleware/auth_token/__init__.py:406}}
Jul 19 17:13:26 user devstack@keystone.service[41875]: DEBUG dbcounter [-] [41875] Writing DB stats keystone:SELECT=100 {{(pid=41875) stat_writer /usr/local/lib/python3.10/dist-packages/dbcounter.py:117}}
Jul 19 17:13:26 user devstack@keystone.service[41876]: DEBUG keystone.server.flask.request_processing.middleware.auth_context [None req-c8213e2e-cfbc-45c5-8eb2-1428fce35994 None admin] Validating token access rules against request {{(pid=41876) validate_allowed_request /usr/local/lib/python3.10/dist-packages/keystonemiddleware/auth_token/__init__.py:544}}
Jul 19 17:13:26 user devstack@keystone.service[41876]: DEBUG dbcounter [-] [41876] Writing DB stats keystone:SELECT=100 {{(pid=41876) stat_writer /usr/local/lib/python3.10/dist-packages/dbcounter.py:117}}
Jul 19 17:13:26 user devstack@keystone.service[41875]: DEBUG keystone.server.flask.request_processing.middleware.auth_context [None req-b190cf4f-9bbd-41b3-8bf1-cba76fc82eea None admin] Validating token access rules against request {{(pid=41875) validate_allowed_request /usr/local/lib/python3.10/dist-packages/keystonemiddleware/auth_token/__init__.py:544}}
Jul 19 17:13:26 user devstack@keystone.service[41874]: DEBUG keystone.server.flask.request_processing.middleware.auth_context [None req-e972128b-77a0-4740-af44-d3874c943a0a None admin] Validating token access rules against request {{(pid=41874) validate_allowed_request /usr/local/lib/python3.10/dist-packages/keystonemiddleware/auth_token/__init__.py:544}}
Jul 19 17:13:26 user devstack@keystone.service[41876]: DEBUG keystone.server.flask.request_processing.middleware.auth_context [None req-53452983-fefe-4389-b7f6-60384df3fc47 None admin] RBAC: auth_context: {'token': , 'domain_id': None, 'trust_id': None, 'trustor_id': None, 'trustee_id': None, 'domain_name': None, 'group_ids': [], 'user_id': '06348ea80715474e9f1f095b17538d29', 'user_domain_id': 'default', 'system_scope': 'all', 'project_id': None, 'project_domain_id': None, 'roles': ['admin', 'member', 'reader'], 'is_admin_project': True, 'service_user_id': None, 'service_user_domain_id': None, 'service_project_id': None, 'service_project_domain_id': None, 'service_roles': []} {{(pid=41876) fill_context /opt/stack/keystone/keystone/server/flask/request_processing/middleware/auth_context.py:480}}
Jul 19 17:13:26 user devstack@keystone.service[41876]: DEBUG keystone.server.flask.request_processing.req_logging [None req-53452983-fefe-4389-b7f6-60384df3fc47 None admin] REQUEST_METHOD: `GET` {{(pid=41876) log_request_info /opt/stack/keystone/keystone/server/flask/request_processing/req_logging.py:27}}
Jul 19 17:13:26 user devstack@keystone.service[41876]: DEBUG keystone.server.flask.request_processing.req_logging [None req-53452983-fefe-4389-b7f6-60384df3fc47 None admin] SCRIPT_NAME: `/identity` {{(pid=41876) log_request_info /opt/stack/keystone/keystone/server/flask/request_processing/req_logging.py:28}}
Jul 19 17:13:26 user devstack@keystone.service[41876]: DEBUG keystone.server.flask.request_processing.req_logging [None req-53452983-fefe-4389-b7f6-60384df3fc47 None admin] PATH_INFO: `/v3/projects/303e70141ead458f90a7ebedeed58e13` {{(pid=41876) log_request_info /opt/stack/keystone/keystone/server/flask/request_processing/req_logging.py:29}}
Jul 19 17:13:26 user devstack@keystone.service[41876]: DEBUG keystone.common.rbac_enforcer.enforcer [None req-53452983-fefe-4389-b7f6-60384df3fc47 None admin] RBAC: Authorizing `identity:get_project(project_id=303e70141ead458f90a7ebedeed58e13)` {{(pid=41876) enforce_call /opt/stack/keystone/keystone/common/rbac_enforcer/enforcer.py:449}}
Jul 19 17:13:26 user devstack@keystone.service[41876]: DEBUG keystone.common.rbac_enforcer.enforcer [None req-53452983-fefe-4389-b7f6-60384df3fc47 None admin] RBAC: Authorization granted {{(pid=41876) enforce_call /opt/stack/keystone/keystone/common/rbac_enforcer/enforcer.py:457}}
Jul 19 17:13:26 user devstack@keystone.service[41876]: [pid: 41876|app: 0|req: 39/120] 10.0.0.210 () {56 vars in 1181 bytes} [Wed Jul 19 17:13:26 2023] GET /identity/v3/projects/303e70141ead458f90a7ebedeed58e13 => generated 297 bytes in 119 msecs (HTTP/1.1 200) 5 headers in 177 bytes (1 switches on core 0)
Jul 19 17:13:26 user devstack@keystone.service[41876]: DEBUG keystone.server.flask.request_processing.middleware.auth_context [None req-53452983-fefe-4389-b7f6-60384df3fc47 None admin] Authenticating user token {{(pid=41876) process_request /usr/local/lib/python3.10/dist-packages/keystonemiddleware/auth_token/__init__.py:406}}
