Nov 08 16:41:07 user devstack@keystone.service[45985]: DEBUG keystone.server.flask.request_processing.req_logging [None req-c237d813-bbdb-4eb7-bd21-7e14d5922092 None admin] REQUEST_METHOD: `GET` {{(pid=45985) log_request_info /opt/stack/keystone/keystone/server/flask/request_processing/req_logging.py:27}}
Nov 08 16:41:07 user devstack@keystone.service[45985]: DEBUG keystone.server.flask.request_processing.req_logging [None req-c237d813-bbdb-4eb7-bd21-7e14d5922092 None admin] SCRIPT_NAME: `/identity` {{(pid=45985) log_request_info /opt/stack/keystone/keystone/server/flask/request_processing/req_logging.py:28}}
Nov 08 16:41:07 user devstack@keystone.service[45985]: DEBUG keystone.server.flask.request_processing.req_logging [None req-c237d813-bbdb-4eb7-bd21-7e14d5922092 None admin] PATH_INFO: `/v3/domains/default` {{(pid=45985) log_request_info /opt/stack/keystone/keystone/server/flask/request_processing/req_logging.py:29}}
Nov 08 16:41:07 user devstack@keystone.service[45985]: DEBUG keystone.common.rbac_enforcer.enforcer [None req-c237d813-bbdb-4eb7-bd21-7e14d5922092 None admin] RBAC: Authorizing `identity:get_domain(domain_id=default)` {{(pid=45985) enforce_call /opt/stack/keystone/keystone/common/rbac_enforcer/enforcer.py:449}}
Nov 08 16:41:07 user devstack@keystone.service[45985]: DEBUG keystone.common.rbac_enforcer.enforcer [None req-c237d813-bbdb-4eb7-bd21-7e14d5922092 None admin] RBAC: Authorization granted {{(pid=45985) enforce_call /opt/stack/keystone/keystone/common/rbac_enforcer/enforcer.py:457}}
Nov 08 16:41:07 user devstack@keystone.service[45985]: [pid: 45985|app: 0|req: 50/142] 10.0.0.210 () {56 vars in 1103 bytes} [Wed Nov 8 16:41:07 2023] GET /identity/v3/domains/default => generated 198 bytes in 146 msecs (HTTP/1.1 200) 5 headers in 177 bytes (1 switches on core 0)
Nov 08 16:41:07 user devstack@keystone.service[45985]: DEBUG keystone.server.flask.request_processing.middleware.auth_context [None req-c237d813-bbdb-4eb7-bd21-7e14d5922092 None admin] Authenticating user token {{(pid=45985) process_request /opt/stack/data/venv/lib/python3.10/site-packages/keystonemiddleware/auth_token/__init__.py:406}}
Nov 08 16:41:07 user devstack@keystone.service[45984]: DEBUG keystone.server.flask.request_processing.middleware.auth_context [None req-e0bf4a4e-393b-44bb-bb9b-bfa16588b0bd None admin] Validating token access rules against request {{(pid=45984) validate_allowed_request /opt/stack/data/venv/lib/python3.10/site-packages/keystonemiddleware/auth_token/__init__.py:544}}
Nov 08 16:41:07 user devstack@keystone.service[45986]: DEBUG keystone.server.flask.request_processing.middleware.auth_context [None req-04aab42e-239c-478b-9cf9-92fd4b83a2ff None admin] Validating token access rules against request {{(pid=45986) validate_allowed_request /opt/stack/data/venv/lib/python3.10/site-packages/keystonemiddleware/auth_token/__init__.py:544}}
Nov 08 16:41:07 user devstack@keystone.service[45984]: DEBUG keystone.server.flask.request_processing.middleware.auth_context [None req-82eea969-ba87-4210-a4d6-525e702b5157 None admin] RBAC: auth_context: {'token': , 'domain_id': None, 'trust_id': None, 'trustor_id': None, 'trustee_id': None, 'domain_name': None, 'group_ids': [], 'user_id': 'dd7ccaf573424b22b9316e3355c3faf7', 'user_domain_id': 'default', 'system_scope': 'all', 'project_id': None, 'project_domain_id': None, 'roles': ['admin', 'manager', 'member', 'reader'], 'is_admin_project': True, 'service_user_id': None, 'service_user_domain_id': None, 'service_project_id': None, 'service_project_domain_id': None, 'service_roles': []} {{(pid=45984) fill_context /opt/stack/keystone/keystone/server/flask/request_processing/middleware/auth_context.py:480}}
Nov 08 16:41:07 user devstack@keystone.service[45985]: DEBUG keystone.server.flask.request_processing.middleware.auth_context [None req-c237d813-bbdb-4eb7-bd21-7e14d5922092 None admin] Validating token access rules against request {{(pid=45985) validate_allowed_request /opt/stack/data/venv/lib/python3.10/site-packages/keystonemiddleware/auth_token/__init__.py:544}}
Nov 08 16:41:07 user devstack@keystone.service[45984]: DEBUG keystone.server.flask.request_processing.req_logging [None req-82eea969-ba87-4210-a4d6-525e702b5157 None admin] REQUEST_METHOD: `GET` {{(pid=45984) log_request_info /opt/stack/keystone/keystone/server/flask/request_processing/req_logging.py:27}}
Nov 08 16:41:07 user devstack@keystone.service[45984]: DEBUG keystone.server.flask.request_processing.req_logging [None req-82eea969-ba87-4210-a4d6-525e702b5157 None admin] SCRIPT_NAME: `/identity` {{(pid=45984) log_request_info /opt/stack/keystone/keystone/server/flask/request_processing/req_logging.py:28}}
Nov 08 16:41:07 user devstack@keystone.service[45984]: DEBUG keystone.server.flask.request_processing.req_logging [None req-82eea969-ba87-4210-a4d6-525e702b5157 None admin] PATH_INFO: `/v3/roles` {{(pid=45984) log_request_info /opt/stack/keystone/keystone/server/flask/request_processing/req_logging.py:29}}
Nov 08 16:41:07 user devstack@keystone.service[45984]: DEBUG keystone.common.rbac_enforcer.enforcer [None req-82eea969-ba87-4210-a4d6-525e702b5157 None admin] RBAC: Adding query filter params (name=member) {{(pid=45984) _extract_filter_values /opt/stack/keystone/keystone/common/rbac_enforcer/enforcer.py:167}}
Nov 08 16:41:07 user devstack@keystone.service[45984]: DEBUG keystone.common.rbac_enforcer.enforcer [None req-82eea969-ba87-4210-a4d6-525e702b5157 None admin] RBAC: Authorizing `identity:list_roles()` {{(pid=45984) enforce_call /opt/stack/keystone/keystone/common/rbac_enforcer/enforcer.py:449}}
Nov 08 16:41:07 user devstack@keystone.service[45984]: DEBUG keystone.common.rbac_enforcer.enforcer [None req-82eea969-ba87-4210-a4d6-525e702b5157 None admin] RBAC: Authorization granted {{(pid=45984) enforce_call /opt/stack/keystone/keystone/common/rbac_enforcer/enforcer.py:457}}
Nov 08 16:41:07 user devstack@keystone.service[45986]: DEBUG keystone.server.flask.request_processing.middleware.auth_context [None req-46087423-18f1-4127-a320-9e5d76cdc76e None admin] RBAC: auth_context: {'token': , 'domain_id': None, 'trust_id': None, 'trustor_id': None, 'trustee_id': None, 'domain_name': None, 'group_ids': [], 'user_id': 'dd7ccaf573424b22b9316e3355c3faf7', 'user_domain_id': 'default', 'system_scope': 'all', 'project_id': None, 'project_domain_id': None, 'roles': ['admin', 'manager', 'member', 'reader'], 'is_admin_project': True, 'service_user_id': None, 'service_user_domain_id': None, 'service_project_id': None, 'service_project_domain_id': None, 'service_roles': []} {{(pid=45986) fill_context /opt/stack/keystone/keystone/server/flask/request_processing/middleware/auth_context.py:480}}
Nov 08 16:41:07 user devstack@keystone.service[45986]: DEBUG keystone.server.flask.request_processing.req_logging [None req-46087423-18f1-4127-a320-9e5d76cdc76e None admin] REQUEST_METHOD: `GET` {{(pid=45986) log_request_info /opt/stack/keystone/keystone/server/flask/request_processing/req_logging.py:27}}
Nov 08 16:41:07 user devstack@keystone.service[45986]: DEBUG keystone.server.flask.request_processing.req_logging [None req-46087423-18f1-4127-a320-9e5d76cdc76e None admin] SCRIPT_NAME: `/identity` {{(pid=45986) log_request_info /opt/stack/keystone/keystone/server/flask/request_processing/req_logging.py:28}}
Nov 08 16:41:07 user devstack@keystone.service[45986]: DEBUG keystone.server.flask.request_processing.req_logging [None req-46087423-18f1-4127-a320-9e5d76cdc76e None admin] PATH_INFO: `/v3/roles` {{(pid=45986) log_request_info /opt/stack/keystone/keystone/server/flask/request_processing/req_logging.py:29}}
Nov 08 16:41:07 user devstack@keystone.service[45986]: DEBUG keystone.common.rbac_enforcer.enforcer [None req-46087423-18f1-4127-a320-9e5d76cdc76e None admin] RBAC: Adding query filter params (name=admin) {{(pid=45986) _extract_filter_values /opt/stack/keystone/keystone/common/rbac_enforcer/enforcer.py:167}}
Nov 08 16:41:07 user devstack@keystone.service[45986]: DEBUG keystone.common.rbac_enforcer.enforcer [None req-46087423-18f1-4127-a320-9e5d76cdc76e None admin] RBAC: Authorizing `identity:list_roles()` {{(pid=45986) enforce_call /opt/stack/keystone/keystone/common/rbac_enforcer/enforcer.py:449}}
Nov 08 16:41:07 user devstack@keystone.service[45986]: DEBUG keystone.common.rbac_enforcer.enforcer [None req-46087423-18f1-4127-a320-9e5d76cdc76e None admin] RBAC: Authorization granted {{(pid=45986) enforce_call /opt/stack/keystone/keystone/common/rbac_enforcer/enforcer.py:457}}
Nov 08 16:41:07 user devstack@keystone.service[45984]: [pid: 45984|app: 0|req: 47/143] 10.0.0.210 () {56 vars in 1096 bytes} [Wed Nov 8 16:41:07 2023] GET /identity/v3/roles?name=member => generated 339 bytes in 148 msecs (HTTP/1.1 200) 5 headers in 177 bytes (2 switches on core 0)
Nov 08 16:41:07 user devstack@keystone.service[45986]: [pid: 45986|app: 0|req: 47/144] 10.0.0.210 () {56 vars in 1094 bytes} [Wed Nov 8 16:41:07 2023] GET /identity/v3/roles?name=admin => generated 337 bytes in 137 msecs (HTTP/1.1 200) 5 headers in 177 bytes (1 switches on core 0)
Nov 08 16:41:07 user devstack@keystone.service[45984]: DEBUG keystone.server.flask.request_processing.middleware.auth_context [None req-82eea969-ba87-4210-a4d6-525e702b5157 None admin] Authenticating user token {{(pid=45984) process_request /opt/stack/data/venv/lib/python3.10/site-packages/keystonemiddleware/auth_token/__init__.py:406}}
Nov 08 16:41:07 user devstack@keystone.service[45986]: DEBUG keystone.server.flask.request_processing.middleware.auth_context [None req-46087423-18f1-4127-a320-9e5d76cdc76e None admin] Authenticating user token {{(pid=45986) process_request /opt/stack/data/venv/lib/python3.10/site-packages/keystonemiddleware/auth_token/__init__.py:406}}
Nov 08 16:41:07 user devstack@keystone.service[45985]: DEBUG keystone.server.flask.request_processing.middleware.auth_context [None req-a14302ae-0468-4a35-8e7d-c1eec196c0f1 None admin] RBAC: auth_context: {'token': , 'domain_id': None, 'trust_id': None, 'trustor_id': None, 'trustee_id': None, 'domain_name': None, 'group_ids': [], 'user_id': 'dd7ccaf573424b22b9316e3355c3faf7', 'user_domain_id': 'default', 'system_scope': 'all', 'project_id': None, 'project_domain_id': None, 'roles': ['admin', 'manager', 'member', 'reader'], 'is_admin_project': True, 'service_user_id': None, 'service_user_domain_id': None, 'service_project_id': None, 'service_project_domain_id': None, 'service_roles': []} {{(pid=45985) fill_context /opt/stack/keystone/keystone/server/flask/request_processing/middleware/auth_context.py:480}}
Nov 08 16:41:07 user devstack@keystone.service[45985]: DEBUG keystone.server.flask.request_processing.req_logging [None req-a14302ae-0468-4a35-8e7d-c1eec196c0f1 None admin] REQUEST_METHOD: `POST` {{(pid=45985) log_request_info /opt/stack/keystone/keystone/server/flask/request_processing/req_logging.py:27}}
Nov 08 16:41:07 user devstack@keystone.service[45985]: DEBUG keystone.server.flask.request_processing.req_logging [None req-a14302ae-0468-4a35-8e7d-c1eec196c0f1 None admin] SCRIPT_NAME: `/identity` {{(pid=45985) log_request_info /opt/stack/keystone/keystone/server/flask/request_processing/req_logging.py:28}}
Nov 08 16:41:07 user devstack@keystone.service[45985]: DEBUG keystone.server.flask.request_processing.req_logging [None req-a14302ae-0468-4a35-8e7d-c1eec196c0f1 None admin] PATH_INFO: `/v3/users` {{(pid=45985) log_request_info /opt/stack/keystone/keystone/server/flask/request_processing/req_logging.py:29}}
Nov 08 16:41:07 user devstack@keystone.service[45985]: DEBUG keystone.common.rbac_enforcer.enforcer [None req-a14302ae-0468-4a35-8e7d-c1eec196c0f1 None admin] RBAC: Authorizing `identity:create_user()` {{(pid=45985) enforce_call /opt/stack/keystone/keystone/common/rbac_enforcer/enforcer.py:449}}
Nov 08 16:41:07 user devstack@keystone.service[45985]: DEBUG keystone.common.rbac_enforcer.enforcer [None req-a14302ae-0468-4a35-8e7d-c1eec196c0f1 None admin] RBAC: Authorization granted {{(pid=45985) enforce_call /opt/stack/keystone/keystone/common/rbac_enforcer/enforcer.py:457}}
Nov 08 16:41:07 user devstack@keystone.service[45985]: WARNING keystone.common.password_hashing [None req-a14302ae-0468-4a35-8e7d-c1eec196c0f1 None admin] Truncating password to algorithm specific maximum length 72 characters.
Nov 08 16:41:07 user devstack@keystone.service[45985]: [pid: 45985|app: 0|req: 51/145] 10.0.0.210 () {60 vars in 1127 bytes} [Wed Nov 8 16:41:07 2023] POST /identity/v3/users => generated 296 bytes in 153 msecs (HTTP/1.1 201) 5 headers in 182 bytes (2 switches on core 0)
Nov 08 16:41:07 user devstack@keystone.service[45986]: DEBUG keystone.server.flask.request_processing.middleware.auth_context [None req-46087423-18f1-4127-a320-9e5d76cdc76e None admin] Validating token access rules against request {{(pid=45986) validate_allowed_request /opt/stack/data/venv/lib/python3.10/site-packages/keystonemiddleware/auth_token/__init__.py:544}}
Nov 08 16:41:07 user devstack@keystone.service[45984]: DEBUG keystone.server.flask.request_processing.middleware.auth_context [None req-82eea969-ba87-4210-a4d6-525e702b5157 None admin] Validating token access rules against request {{(pid=45984) validate_allowed_request /opt/stack/data/venv/lib/python3.10/site-packages/keystonemiddleware/auth_token/__init__.py:544}}
Nov 08 16:41:07 user devstack@keystone.service[45985]: DEBUG keystone.server.flask.request_processing.req_logging [None req-fd8fc17a-8a06-4f0b-a869-bd079e61616a None None] REQUEST_METHOD: `GET` {{(pid=45985) log_request_info /opt/stack/keystone/keystone/server/flask/request_processing/req_logging.py:27}}
Nov 08 16:41:07 user devstack@keystone.service[45985]: DEBUG keystone.server.flask.request_processing.req_logging [None req-fd8fc17a-8a06-4f0b-a869-bd079e61616a None None] SCRIPT_NAME: `/identity` {{(pid=45985) log_request_info /opt/stack/keystone/keystone/server/flask/request_processing/req_logging.py:28}}
Nov 08 16:41:07 user devstack@keystone.service[45985]: DEBUG keystone.server.flask.request_processing.req_logging [None req-fd8fc17a-8a06-4f0b-a869-bd079e61616a None None] PATH_INFO: `/` {{(pid=45985) log_request_info /opt/stack/keystone/keystone/server/flask/request_processing/req_logging.py:29}}
Nov 08 16:41:07 user devstack@keystone.service[45985]: [pid: 45985|app: 0|req: 52/146] 10.0.0.210 () {54 vars in 921 bytes} [Wed Nov 8 16:41:07 2023] GET /identity => generated 269 bytes in 3 msecs (HTTP/1.1 300) 6 headers in 233 bytes (1 switches on core 0)
Nov 08 16:41:07 user devstack@keystone.service[45985]: DEBUG keystone.server.flask.request_processing.middleware.auth_context [None req-fd8fc17a-8a06-4f0b-a869-bd079e61616a None None] Authenticating user token {{(pid=45985) process_request /opt/stack/data/venv/lib/python3.10/site-packages/keystonemiddleware/auth_token/__init__.py:406}}
Nov 08 16:41:07 user devstack@keystone.service[45986]: DEBUG keystone.server.flask.request_processing.middleware.auth_context [None req-9bd30530-98be-4c7d-affc-2897786f000d None admin] RBAC: auth_context: {'token': , 'domain_id': None, 'trust_id': None, 'trustor_id': None, 'trustee_id': None, 'domain_name': None, 'group_ids': [], 'user_id': 'dd7ccaf573424b22b9316e3355c3faf7', 'user_domain_id': 'default', 'system_scope': 'all', 'project_id': None, 'project_domain_id': None, 'roles': ['admin', 'manager', 'member', 'reader'], 'is_admin_project': True, 'service_user_id': None, 'service_user_domain_id': None, 'service_project_id': None, 'service_project_domain_id': None, 'service_roles': []} {{(pid=45986) fill_context /opt/stack/keystone/keystone/server/flask/request_processing/middleware/auth_context.py:480}}
Nov 08 16:41:07 user devstack@keystone.service[45986]: DEBUG keystone.server.flask.request_processing.req_logging [None req-9bd30530-98be-4c7d-affc-2897786f000d None admin] REQUEST_METHOD: `GET` {{(pid=45986) log_request_info /opt/stack/keystone/keystone/server/flask/request_processing/req_logging.py:27}}
Nov 08 16:41:07 user devstack@keystone.service[45986]: DEBUG keystone.server.flask.request_processing.req_logging [None req-9bd30530-98be-4c7d-affc-2897786f000d None admin] SCRIPT_NAME: `/identity` {{(pid=45986) log_request_info /opt/stack/keystone/keystone/server/flask/request_processing/req_logging.py:28}}
Nov 08 16:41:07 user devstack@keystone.service[45986]: DEBUG keystone.server.flask.request_processing.req_logging [None req-9bd30530-98be-4c7d-affc-2897786f000d None admin] PATH_INFO: `/v3/users/e6eec4331ffa4fa8be7eeb6d8bd5e16c` {{(pid=45986) log_request_info /opt/stack/keystone/keystone/server/flask/request_processing/req_logging.py:29}}
Nov 08 16:41:07 user devstack@keystone.service[45986]: DEBUG keystone.common.rbac_enforcer.enforcer [None req-9bd30530-98be-4c7d-affc-2897786f000d None admin] RBAC: Authorizing `identity:get_user(user_id=e6eec4331ffa4fa8be7eeb6d8bd5e16c)` {{(pid=45986) enforce_call /opt/stack/keystone/keystone/common/rbac_enforcer/enforcer.py:449}}
Nov 08 16:41:07 user devstack@keystone.service[45986]: DEBUG keystone.common.rbac_enforcer.enforcer [None req-9bd30530-98be-4c7d-affc-2897786f000d None admin] RBAC: Authorization granted {{(pid=45986) enforce_call /opt/stack/keystone/keystone/common/rbac_enforcer/enforcer.py:457}}
Nov 08 16:41:07 user devstack@keystone.service[45986]: [pid: 45986|app: 0|req: 48/147] 10.0.0.210 () {56 vars in 1172 bytes} [Wed Nov 8 16:41:07 2023] GET /identity/v3/users/e6eec4331ffa4fa8be7eeb6d8bd5e16c => generated 282 bytes in 128 msecs (HTTP/1.1 200) 5 headers in 177 bytes (2 switches on core 0)
Nov 08 16:41:07 user devstack@keystone.service[45986]: DEBUG keystone.server.flask.request_processing.middleware.auth_context [None req-9bd30530-98be-4c7d-affc-2897786f000d None admin] Authenticating user token {{(pid=45986) process_request /opt/stack/data/venv/lib/python3.10/site-packages/keystonemiddleware/auth_token/__init__.py:406}}
Nov 08 16:41:07 user devstack@keystone.service[45984]: DEBUG keystone.server.flask.request_processing.middleware.auth_context [None req-cc0d172d-4999-4a0b-b6dd-b79d98cb156b None admin] RBAC: auth_context: {'token': , 'domain_id': None, 'trust_id': None, 'trustor_id': None, 'trustee_id': None, 'domain_name': None, 'group_ids': [], 'user_id': 'dd7ccaf573424b22b9316e3355c3faf7', 'user_domain_id': 'default', 'system_scope': 'all', 'project_id': None, 'project_domain_id': None, 'roles': ['admin', 'manager', 'member', 'reader'], 'is_admin_project': True, 'service_user_id': None, 'service_user_domain_id': None, 'service_project_id': None, 'service_project_domain_id': None, 'service_roles': []} {{(pid=45984) fill_context /opt/stack/keystone/keystone/server/flask/request_processing/middleware/auth_context.py:480}}
Nov 08 16:41:07 user devstack@keystone.service[45984]: DEBUG keystone.server.flask.request_processing.req_logging [None req-cc0d172d-4999-4a0b-b6dd-b79d98cb156b None admin] REQUEST_METHOD: `GET` {{(pid=45984) log_request_info /opt/stack/keystone/keystone/server/flask/request_processing/req_logging.py:27}}
Nov 08 16:41:07 user devstack@keystone.service[45984]: DEBUG keystone.server.flask.request_processing.req_logging [None req-cc0d172d-4999-4a0b-b6dd-b79d98cb156b None admin] SCRIPT_NAME: `/identity` {{(pid=45984) log_request_info /opt/stack/keystone/keystone/server/flask/request_processing/req_logging.py:28}}
Nov 08 16:41:07 user devstack@keystone.service[45984]: DEBUG keystone.server.flask.request_processing.req_logging [None req-cc0d172d-4999-4a0b-b6dd-b79d98cb156b None admin] PATH_INFO: `/v3/users/664e6148810f450893274d56fcae355d` {{(pid=45984) log_request_info /opt/stack/keystone/keystone/server/flask/request_processing/req_logging.py:29}}
Nov 08 16:41:07 user devstack@keystone.service[45984]: DEBUG keystone.common.rbac_enforcer.enforcer [None req-cc0d172d-4999-4a0b-b6dd-b79d98cb156b None admin] RBAC: Authorizing `identity:get_user(user_id=664e6148810f450893274d56fcae355d)` {{(pid=45984) enforce_call /opt/stack/keystone/keystone/common/rbac_enforcer/enforcer.py:449}}
Nov 08 16:41:07 user devstack@keystone.service[45984]: DEBUG keystone.common.rbac_enforcer.enforcer [None req-cc0d172d-4999-4a0b-b6dd-b79d98cb156b None admin] RBAC: Authorization granted {{(pid=45984) enforce_call /opt/stack/keystone/keystone/common/rbac_enforcer/enforcer.py:457}}
Nov 08 16:41:07 user devstack@keystone.service[45984]: [pid: 45984|app: 0|req: 48/148] 10.0.0.210 () {56 vars in 1172 bytes} [Wed Nov 8 16:41:07 2023] GET /identity/v3/users/664e6148810f450893274d56fcae355d => generated 296 bytes in 175 msecs (HTTP/1.1 200) 5 headers in 177 bytes (1 switches on core 0)
Nov 08 16:41:07 user devstack@keystone.service[45984]: DEBUG keystone.server.flask.request_processing.middleware.auth_context [None req-cc0d172d-4999-4a0b-b6dd-b79d98cb156b None admin] Authenticating user token {{(pid=45984) process_request /opt/stack/data/venv/lib/python3.10/site-packages/keystonemiddleware/auth_token/__init__.py:406}}
Nov 08 16:41:07 user devstack@keystone.service[45986]: DEBUG keystone.server.flask.request_processing.middleware.auth_context [None req-9bd30530-98be-4c7d-affc-2897786f000d None admin] Validating token access rules against request {{(pid=45986) validate_allowed_request /opt/stack/data/venv/lib/python3.10/site-packages/keystonemiddleware/auth_token/__init__.py:544}}
Nov 08 16:41:07 user devstack@keystone.service[45985]: DEBUG keystone.server.flask.request_processing.middleware.auth_context [None req-fd8fc17a-8a06-4f0b-a869-bd079e61616a None None] Validating token access rules against request {{(pid=45985) validate_allowed_request /opt/stack/data/venv/lib/python3.10/site-packages/keystonemiddleware/auth_token/__init__.py:544}}
Nov 08 16:41:07 user devstack@keystone.service[45986]: DEBUG keystone.server.flask.request_processing.middleware.auth_context [None req-bec656bc-f72b-45ac-acb4-fa5d01c398c3 None admin] RBAC: auth_context: {'token': , 'domain_id': None, 'trust_id': None, 'trustor_id': None, 'trustee_id': None, 'domain_name': None, 'group_ids': [], 'user_id': 'dd7ccaf573424b22b9316e3355c3faf7', 'user_domain_id': 'default', 'system_scope': 'all', 'project_id': None, 'project_domain_id': None, 'roles': ['admin', 'manager', 'member', 'reader'], 'is_admin_project': True, 'service_user_id': None, 'service_user_domain_id': None, 'service_project_id': None, 'service_project_domain_id': None, 'service_roles': []} {{(pid=45986) fill_context /opt/stack/keystone/keystone/server/flask/request_processing/middleware/auth_context.py:480}}
Nov 08 16:41:07 user devstack@keystone.service[45986]: DEBUG keystone.server.flask.request_processing.req_logging [None req-bec656bc-f72b-45ac-acb4-fa5d01c398c3 None admin] REQUEST_METHOD: `GET` {{(pid=45986) log_request_info /opt/stack/keystone/keystone/server/flask/request_processing/req_logging.py:27}}
Nov 08 16:41:07 user devstack@keystone.service[45986]: DEBUG keystone.server.flask.request_processing.req_logging [None req-bec656bc-f72b-45ac-acb4-fa5d01c398c3 None admin] SCRIPT_NAME: `/identity` {{(pid=45986) log_request_info /opt/stack/keystone/keystone/server/flask/request_processing/req_logging.py:28}}
Nov 08 16:41:07 user devstack@keystone.service[45986]: DEBUG keystone.server.flask.request_processing.req_logging [None req-bec656bc-f72b-45ac-acb4-fa5d01c398c3 None admin] PATH_INFO: `/v3/auth/tokens` {{(pid=45986) log_request_info /opt/stack/keystone/keystone/server/flask/request_processing/req_logging.py:29}}
Nov 08 16:41:07 user devstack@keystone.service[45985]: DEBUG keystone.server.flask.request_processing.middleware.auth_context [None req-64ef38ac-eadf-4845-96bf-5fbbe3a9a94c None admin] RBAC: auth_context: {'token': , 'domain_id': None, 'trust_id': None, 'trustor_id': None, 'trustee_id': None, 'domain_name': None, 'group_ids': [], 'user_id': 'dd7ccaf573424b22b9316e3355c3faf7', 'user_domain_id': 'default', 'system_scope': 'all', 'project_id': None, 'project_domain_id': None, 'roles': ['admin', 'manager', 'member', 'reader'], 'is_admin_project': True, 'service_user_id': None, 'service_user_domain_id': None, 'service_project_id': None, 'service_project_domain_id': None, 'service_roles': []} {{(pid=45985) fill_context /opt/stack/keystone/keystone/server/flask/request_processing/middleware/auth_context.py:480}}
Nov 08 16:41:07 user devstack@keystone.service[45985]: DEBUG keystone.server.flask.request_processing.req_logging [None req-64ef38ac-eadf-4845-96bf-5fbbe3a9a94c None admin] REQUEST_METHOD: `GET` {{(pid=45985) log_request_info /opt/stack/keystone/keystone/server/flask/request_processing/req_logging.py:27}}
Nov 08 16:41:07 user devstack@keystone.service[45985]: DEBUG keystone.server.flask.request_processing.req_logging [None req-64ef38ac-eadf-4845-96bf-5fbbe3a9a94c None admin] SCRIPT_NAME: `/identity` {{(pid=45985) log_request_info /opt/stack/keystone/keystone/server/flask/request_processing/req_logging.py:28}}
Nov 08 16:41:07 user devstack@keystone.service[45985]: DEBUG keystone.server.flask.request_processing.req_logging [None req-64ef38ac-eadf-4845-96bf-5fbbe3a9a94c None admin] PATH_INFO: `/v3/roles/anotherrole` {{(pid=45985) log_request_info /opt/stack/keystone/keystone/server/flask/request_processing/req_logging.py:29}}
Nov 08 16:41:07 user devstack@keystone.service[45984]: DEBUG keystone.server.flask.request_processing.middleware.auth_context [None req-cc0d172d-4999-4a0b-b6dd-b79d98cb156b None admin] Validating token access rules against request {{(pid=45984) validate_allowed_request /opt/stack/data/venv/lib/python3.10/site-packages/keystonemiddleware/auth_token/__init__.py:544}}
Nov 08 16:41:08 user devstack@keystone.service[45986]: DEBUG keystone.common.rbac_enforcer.enforcer [None req-bec656bc-f72b-45ac-acb4-fa5d01c398c3 None admin] RBAC: Authorizing `identity:validate_token()` {{(pid=45986) enforce_call /opt/stack/keystone/keystone/common/rbac_enforcer/enforcer.py:449}}
Nov 08 16:41:08 user devstack@keystone.service[45986]: DEBUG keystone.common.rbac_enforcer.enforcer [None req-bec656bc-f72b-45ac-acb4-fa5d01c398c3 None admin] RBAC: Authorization granted {{(pid=45986) enforce_call /opt/stack/keystone/keystone/common/rbac_enforcer/enforcer.py:457}}
Nov 08 16:41:08 user devstack@keystone.service[45984]: DEBUG keystone.server.flask.request_processing.middleware.auth_context [None req-5b229cce-7d3e-4be7-8d60-07d1a16c9f43 None admin] RBAC: auth_context: {'token': , 'domain_id': None, 'trust_id': None, 'trustor_id': None, 'trustee_id': None, 'domain_name': None, 'group_ids': [], 'user_id': 'dd7ccaf573424b22b9316e3355c3faf7', 'user_domain_id': 'default', 'system_scope': 'all', 'project_id': None, 'project_domain_id': None, 'roles': ['admin', 'manager', 'member', 'reader'], 'is_admin_project': True, 'service_user_id': None, 'service_user_domain_id': None, 'service_project_id': None, 'service_project_domain_id': None, 'service_roles': []} {{(pid=45984) fill_context /opt/stack/keystone/keystone/server/flask/request_processing/middleware/auth_context.py:480}}
Nov 08 16:41:08 user devstack@keystone.service[45984]: DEBUG keystone.server.flask.request_processing.req_logging [None req-5b229cce-7d3e-4be7-8d60-07d1a16c9f43 None admin] REQUEST_METHOD: `GET` {{(pid=45984) log_request_info /opt/stack/keystone/keystone/server/flask/request_processing/req_logging.py:27}}
Nov 08 16:41:08 user devstack@keystone.service[45984]: DEBUG keystone.server.flask.request_processing.req_logging [None req-5b229cce-7d3e-4be7-8d60-07d1a16c9f43 None admin] SCRIPT_NAME: `/identity` {{(pid=45984) log_request_info /opt/stack/keystone/keystone/server/flask/request_processing/req_logging.py:28}}
Nov 08 16:41:08 user devstack@keystone.service[45984]: DEBUG keystone.server.flask.request_processing.req_logging [None req-5b229cce-7d3e-4be7-8d60-07d1a16c9f43 None admin] PATH_INFO: `/v3/projects/42a5e7456f8441b9b31af8c546024a44` {{(pid=45984) log_request_info /opt/stack/keystone/keystone/server/flask/request_processing/req_logging.py:29}}
Nov 08 16:41:08 user devstack@keystone.service[45984]: DEBUG keystone.common.rbac_enforcer.enforcer [None req-5b229cce-7d3e-4be7-8d60-07d1a16c9f43 None admin] RBAC: Authorizing `identity:get_project(project_id=42a5e7456f8441b9b31af8c546024a44)` {{(pid=45984) enforce_call /opt/stack/keystone/keystone/common/rbac_enforcer/enforcer.py:449}}
Nov 08 16:41:08 user devstack@keystone.service[45984]: DEBUG keystone.common.rbac_enforcer.enforcer [None req-5b229cce-7d3e-4be7-8d60-07d1a16c9f43 None admin] RBAC: Authorization granted {{(pid=45984) enforce_call /opt/stack/keystone/keystone/common/rbac_enforcer/enforcer.py:457}}
Nov 08 16:41:08 user devstack@keystone.service[45984]: [pid: 45984|app: 0|req: 49/149] 10.0.0.210 () {56 vars in 1181 bytes} [Wed Nov 8 16:41:07 2023] GET /identity/v3/projects/42a5e7456f8441b9b31af8c546024a44 => generated 301 bytes in 151 msecs (HTTP/1.1 200) 5 headers in 177 bytes (1 switches on core 0)
Nov 08 16:41:08 user devstack@keystone.service[45984]: DEBUG keystone.server.flask.request_processing.middleware.auth_context [None req-5b229cce-7d3e-4be7-8d60-07d1a16c9f43 None admin] Authenticating user token {{(pid=45984) process_request /opt/stack/data/venv/lib/python3.10/site-packages/keystonemiddleware/auth_token/__init__.py:406}}
Nov 08 16:41:08 user devstack@keystone.service[45985]: DEBUG keystone.common.rbac_enforcer.enforcer [None req-64ef38ac-eadf-4845-96bf-5fbbe3a9a94c None admin] Extracting inferred target data resulted in "NOT FOUND (404)". {{(pid=45985) enforce_call /opt/stack/keystone/keystone/common/rbac_enforcer/enforcer.py:409}}
Nov 08 16:41:08 user devstack@keystone.service[45985]: ERROR keystone.server.flask.application [None req-64ef38ac-eadf-4845-96bf-5fbbe3a9a94c None admin] Could not find role: anotherrole.: keystone.exception.RoleNotFound: Could not find role: anotherrole.
Nov 08 16:41:08 user devstack@keystone.service[45985]: ERROR keystone.server.flask.application
Traceback (most recent call last):
Nov 08 16:41:08 user devstack@keystone.service[45985]: ERROR keystone.server.flask.application
File "/opt/stack/data/venv/lib/python3.10/site-packages/flask/app.py", line 1823, in full_dispatch_request
Nov 08 16:41:08 user devstack@keystone.service[45985]: ERROR keystone.server.flask.application rv = self.dispatch_request()
Nov 08 16:41:08 user devstack@keystone.service[45985]: ERROR keystone.server.flask.application
File "/opt/stack/data/venv/lib/python3.10/site-packages/flask/app.py", line 1799, in dispatch_request
Nov 08 16:41:08 user devstack@keystone.service[45985]: ERROR keystone.server.flask.application return self.ensure_sync(self.view_functions[rule.endpoint])(**view_args)
Nov 08 16:41:08 user devstack@keystone.service[45985]: ERROR keystone.server.flask.application
File "/opt/stack/data/venv/lib/python3.10/site-packages/flask_restful/__init__.py", line 489, in wrapper
Nov 08 16:41:08 user devstack@keystone.service[45985]: ERROR keystone.server.flask.application resp = resource(*args, **kwargs)
Nov 08 16:41:08 user devstack@keystone.service[45985]: ERROR keystone.server.flask.application
File "/opt/stack/data/venv/lib/python3.10/site-packages/flask/views.py", line 107, in view
Nov 08 16:41:08 user devstack@keystone.service[45985]: ERROR keystone.server.flask.application return current_app.ensure_sync(self.dispatch_request)(**kwargs)
Nov 08 16:41:08 user devstack@keystone.service[45985]: ERROR keystone.server.flask.application
File "/opt/stack/data/venv/lib/python3.10/site-packages/flask_restful/__init__.py", line 604, in dispatch_request
Nov 08 16:41:08 user devstack@keystone.service[45985]: ERROR keystone.server.flask.application resp = meth(*args, **kwargs)
Nov 08 16:41:08 user devstack@keystone.service[45985]: ERROR keystone.server.flask.application
File "/opt/stack/keystone/keystone/api/roles.py", line 50, in get
Nov 08 16:41:08 user devstack@keystone.service[45985]: ERROR keystone.server.flask.application return self._get_role(role_id)
Nov 08 16:41:08 user devstack@keystone.service[45985]: ERROR keystone.server.flask.application
File "/opt/stack/keystone/keystone/api/roles.py", line 70, in _get_role
Nov 08 16:41:08 user devstack@keystone.service[45985]: ERROR keystone.server.flask.application ENFORCER.enforce_call(action='identity:get_role')
Nov 08 16:41:08 user devstack@keystone.service[45985]: ERROR keystone.server.flask.application
File "/opt/stack/keystone/keystone/common/rbac_enforcer/enforcer.py", line 402, in enforce_call
Nov 08 16:41:08 user devstack@keystone.service[45985]: ERROR keystone.server.flask.application policy_dict.update(cls._extract_member_target_data(
Nov 08 16:41:08 user devstack@keystone.service[45985]: ERROR keystone.server.flask.application
File "/opt/stack/keystone/keystone/common/rbac_enforcer/enforcer.py", line 234, in _extract_member_target_data
Nov 08 16:41:08 user devstack@keystone.service[45985]: ERROR keystone.server.flask.application member_name: func(flask.request.view_args[key])
Nov 08 16:41:08 user devstack@keystone.service[45985]: ERROR keystone.server.flask.application
File "/opt/stack/keystone/keystone/common/manager.py", line 115, in wrapped
Nov 08 16:41:08 user devstack@keystone.service[45985]: ERROR keystone.server.flask.application __ret_val = __f(*args, **kwargs)
Nov 08 16:41:08 user devstack@keystone.service[45985]: ERROR keystone.server.flask.application
File "/opt/stack/data/venv/lib/python3.10/site-packages/decorator.py", line 232, in fun
Nov 08 16:41:08 user devstack@keystone.service[45985]: ERROR keystone.server.flask.application return caller(func, *(extras + args), **kw)
Nov 08 16:41:08 user devstack@keystone.service[45985]: ERROR keystone.server.flask.application
File "/opt/stack/data/venv/lib/python3.10/site-packages/dogpile/cache/region.py", line 1594, in get_or_create_for_user_func
Nov 08 16:41:08 user devstack@keystone.service[45985]: ERROR keystone.server.flask.application return self.get_or_create(
Nov 08 16:41:08 user devstack@keystone.service[45985]: ERROR keystone.server.flask.application
File "/opt/stack/data/venv/lib/python3.10/site-packages/dogpile/cache/region.py", line 1054, in get_or_create
Nov 08 16:41:08 user devstack@keystone.service[45985]: ERROR keystone.server.flask.application with Lock(
Nov 08 16:41:08 user devstack@keystone.service[45985]: ERROR keystone.server.flask.application
File "/opt/stack/data/venv/lib/python3.10/site-packages/dogpile/lock.py", line 185, in __enter__
Nov 08 16:41:08 user devstack@keystone.service[45985]: ERROR keystone.server.flask.application return self._enter()
Nov 08 16:41:08 user devstack@keystone.service[45985]: ERROR keystone.server.flask.application
File "/opt/stack/data/venv/lib/python3.10/site-packages/dogpile/lock.py", line 94, in _enter
Nov 08 16:41:08 user devstack@keystone.service[45985]: ERROR keystone.server.flask.application generated = self._enter_create(value, createdtime)
Nov 08 16:41:08 user devstack@keystone.service[45985]: ERROR keystone.server.flask.application
File "/opt/stack/data/venv/lib/python3.10/site-packages/dogpile/lock.py", line 178, in _enter_create
Nov 08 16:41:08 user devstack@keystone.service[45985]: ERROR keystone.server.flask.application return self.creator()
Nov 08 16:41:08 user devstack@keystone.service[45985]: ERROR keystone.server.flask.application
File "/opt/stack/data/venv/lib/python3.10/site-packages/dogpile/cache/region.py", line 1007, in gen_value
Nov 08 16:41:08 user devstack@keystone.service[45985]: ERROR keystone.server.flask.application created_value = creator(
Nov 08 16:41:08 user devstack@keystone.service[45985]: ERROR keystone.server.flask.application
File "/opt/stack/keystone/keystone/assignment/core.py", line 1276, in get_role
Nov 08 16:41:08 user devstack@keystone.service[45985]: ERROR keystone.server.flask.application return self.driver.get_role(role_id)
Nov 08 16:41:08 user devstack@keystone.service[45985]: ERROR keystone.server.flask.application
File "/opt/stack/keystone/keystone/assignment/role_backends/sql.py", line 70, in get_role
Nov 08 16:41:08 user devstack@keystone.service[45985]: ERROR keystone.server.flask.application return self._get_role(session, role_id).to_dict()
Nov 08 16:41:08 user devstack@keystone.service[45985]: ERROR keystone.server.flask.application
File "/opt/stack/keystone/keystone/assignment/role_backends/sql.py", line 65, in _get_role
Nov 08 16:41:08 user devstack@keystone.service[45985]: ERROR keystone.server.flask.application raise exception.RoleNotFound(role_id=role_id)
Nov 08 16:41:08 user devstack@keystone.service[45985]: ERROR keystone.server.flask.application keystone.exception.RoleNotFound: Could not find role: anotherrole.
Nov 08 16:41:08 user devstack@keystone.service[45985]: ERROR keystone.server.flask.application
Nov 08 16:41:08 user devstack@keystone.service[45985]: [pid: 45985|app: 0|req: 53/150] 10.0.0.210 () {56 vars in 1109 bytes} [Wed Nov 8 16:41:07 2023] GET /identity/v3/roles/anotherrole => generated 89 bytes in 251 msecs (HTTP/1.1 404) 5 headers in 183 bytes (1 switches on core 0)
Nov 08 16:41:08 user devstack@keystone.service[45985]: DEBUG keystone.server.flask.request_processing.middleware.auth_context [None req-64ef38ac-eadf-4845-96bf-5fbbe3a9a94c None admin] Authenticating user token {{(pid=45985) process_request /opt/stack/data/venv/lib/python3.10/site-packages/keystonemiddleware/auth_token/__init__.py:406}}
Nov 08 16:41:08 user devstack@keystone.service[45986]: [pid: 45986|app: 0|req: 49/151] 10.0.0.210 () {58 vars in 1277 bytes} [Wed Nov 8 16:41:07 2023] GET /identity/v3/auth/tokens => generated 861 bytes in 284 msecs (HTTP/1.1 200) 6 headers in 358 bytes (1 switches on core 0)
Nov 08 16:41:08 user devstack@keystone.service[45986]: DEBUG keystone.server.flask.request_processing.middleware.auth_context [None req-bec656bc-f72b-45ac-acb4-fa5d01c398c3 None admin] Authenticating user token {{(pid=45986) process_request /opt/stack/data/venv/lib/python3.10/site-packages/keystonemiddleware/auth_token/__init__.py:406}}
Nov 08 16:41:08 user devstack@keystone.service[45984]: DEBUG keystone.server.flask.request_processing.middleware.auth_context [None req-5b229cce-7d3e-4be7-8d60-07d1a16c9f43 None admin] Validating token access rules against request {{(pid=45984) validate_allowed_request /opt/stack/data/venv/lib/python3.10/site-packages/keystonemiddleware/auth_token/__init__.py:544}}
Nov 08 16:41:08 user devstack@keystone.service[45985]: DEBUG keystone.server.flask.request_processing.middleware.auth_context [None req-64ef38ac-eadf-4845-96bf-5fbbe3a9a94c None admin] Validating token access rules against request {{(pid=45985) validate_allowed_request /opt/stack/data/venv/lib/python3.10/site-packages/keystonemiddleware/auth_token/__init__.py:544}}
Nov 08 16:41:08 user devstack@keystone.service[45984]: DEBUG keystone.server.flask.request_processing.middleware.auth_context [None req-286c1dc0-8354-4a72-9a40-1346f7b90719 None admin] RBAC: auth_context: {'token': , 'domain_id': None, 'trust_id': None, 'trustor_id': None, 'trustee_id': None, 'domain_name': None, 'group_ids': [], 'user_id': 'dd7ccaf573424b22b9316e3355c3faf7', 'user_domain_id': 'default', 'system_scope': 'all', 'project_id': None, 'project_domain_id': None, 'roles': ['admin', 'manager', 'member', 'reader'], 'is_admin_project': True, 'service_user_id': None, 'service_user_domain_id': None, 'service_project_id': None, 'service_project_domain_id': None, 'service_roles': []} {{(pid=45984) fill_context /opt/stack/keystone/keystone/server/flask/request_processing/middleware/auth_context.py:480}}
Nov 08 16:41:08 user devstack@keystone.service[45984]: DEBUG keystone.server.flask.request_processing.req_logging [None req-286c1dc0-8354-4a72-9a40-1346f7b90719 None admin] REQUEST_METHOD: `PUT` {{(pid=45984) log_request_info /opt/stack/keystone/keystone/server/flask/request_processing/req_logging.py:27}}
Nov 08 16:41:08 user devstack@keystone.service[45984]: DEBUG keystone.server.flask.request_processing.req_logging [None req-286c1dc0-8354-4a72-9a40-1346f7b90719 None admin] SCRIPT_NAME: `/identity` {{(pid=45984) log_request_info /opt/stack/keystone/keystone/server/flask/request_processing/req_logging.py:28}}
Nov 08 16:41:08 user devstack@keystone.service[45986]: DEBUG keystone.server.flask.request_processing.middleware.auth_context [None req-bec656bc-f72b-45ac-acb4-fa5d01c398c3 None admin] Validating token access rules against request {{(pid=45986) validate_allowed_request /opt/stack/data/venv/lib/python3.10/site-packages/keystonemiddleware/auth_token/__init__.py:544}}
Nov 08 16:41:08 user devstack@keystone.service[45984]: DEBUG keystone.server.flask.request_processing.req_logging [None req-286c1dc0-8354-4a72-9a40-1346f7b90719 None admin] PATH_INFO: `/v3/projects/42a5e7456f8441b9b31af8c546024a44/users/664e6148810f450893274d56fcae355d/roles/0a387d7775504b169a832acc34a4049a` {{(pid=45984) log_request_info /opt/stack/keystone/keystone/server/flask/request_processing/req_logging.py:29}}
Nov 08 16:41:08 user devstack@keystone.service[45984]: DEBUG keystone.common.rbac_enforcer.enforcer [None req-286c1dc0-8354-4a72-9a40-1346f7b90719 None admin] RBAC: Authorizing `identity:create_grant(project_id=42a5e7456f8441b9b31af8c546024a44, user_id=664e6148810f450893274d56fcae355d, role_id=0a387d7775504b169a832acc34a4049a)` {{(pid=45984) enforce_call /opt/stack/keystone/keystone/common/rbac_enforcer/enforcer.py:449}}
Nov 08 16:41:08 user devstack@keystone.service[45984]: DEBUG keystone.common.rbac_enforcer.enforcer [None req-286c1dc0-8354-4a72-9a40-1346f7b90719 None admin] RBAC: Authorization granted {{(pid=45984) enforce_call /opt/stack/keystone/keystone/common/rbac_enforcer/enforcer.py:457}}
Nov 08 16:41:08 user devstack@keystone.service[45985]: DEBUG keystone.server.flask.request_processing.middleware.auth_context [None req-a041cf32-abb2-4d5e-a00b-179c5a3f7296 None admin] RBAC: auth_context: {'token': , 'domain_id': None, 'trust_id': None, 'trustor_id': None, 'trustee_id': None, 'domain_name': None, 'group_ids': [], 'user_id': 'dd7ccaf573424b22b9316e3355c3faf7', 'user_domain_id': 'default', 'system_scope': 'all', 'project_id': None, 'project_domain_id': None, 'roles': ['admin', 'manager', 'member', 'reader'], 'is_admin_project': True, 'service_user_id': None, 'service_user_domain_id': None, 'service_project_id': None, 'service_project_domain_id': None, 'service_roles': []} {{(pid=45985) fill_context /opt/stack/keystone/keystone/server/flask/request_processing/middleware/auth_context.py:480}}
Nov 08 16:41:08 user devstack@keystone.service[45985]: DEBUG keystone.server.flask.request_processing.req_logging [None req-a041cf32-abb2-4d5e-a00b-179c5a3f7296 None admin] REQUEST_METHOD: `GET` {{(pid=45985) log_request_info /opt/stack/keystone/keystone/server/flask/request_processing/req_logging.py:27}}
Nov 08 16:41:08 user devstack@keystone.service[45985]: DEBUG keystone.server.flask.request_processing.req_logging [None req-a041cf32-abb2-4d5e-a00b-179c5a3f7296 None admin] SCRIPT_NAME: `/identity` {{(pid=45985) log_request_info /opt/stack/keystone/keystone/server/flask/request_processing/req_logging.py:28}}
Nov 08 16:41:08 user devstack@keystone.service[45985]: DEBUG keystone.server.flask.request_processing.req_logging [None req-a041cf32-abb2-4d5e-a00b-179c5a3f7296 None admin] PATH_INFO: `/v3/roles` {{(pid=45985) log_request_info /opt/stack/keystone/keystone/server/flask/request_processing/req_logging.py:29}}
Nov 08 16:41:08 user devstack@keystone.service[45985]: DEBUG keystone.common.rbac_enforcer.enforcer [None req-a041cf32-abb2-4d5e-a00b-179c5a3f7296 None admin] RBAC: Adding query filter params (name=anotherrole) {{(pid=45985) _extract_filter_values /opt/stack/keystone/keystone/common/rbac_enforcer/enforcer.py:167}}
Nov 08 16:41:08 user devstack@keystone.service[45985]: DEBUG keystone.common.rbac_enforcer.enforcer [None req-a041cf32-abb2-4d5e-a00b-179c5a3f7296 None admin] RBAC: Authorizing `identity:list_roles()` {{(pid=45985) enforce_call /opt/stack/keystone/keystone/common/rbac_enforcer/enforcer.py:449}}
Nov 08 16:41:08 user devstack@keystone.service[45985]: DEBUG keystone.common.rbac_enforcer.enforcer [None req-a041cf32-abb2-4d5e-a00b-179c5a3f7296 None admin] RBAC: Authorization granted {{(pid=45985) enforce_call /opt/stack/keystone/keystone/common/rbac_enforcer/enforcer.py:457}}
Nov 08 16:41:08 user devstack@keystone.service[45984]: [pid: 45984|app: 0|req: 50/152] 10.0.0.210 () {58 vars in 1434 bytes} [Wed Nov 8 16:41:08 2023] PUT /identity/v3/projects/42a5e7456f8441b9b31af8c546024a44/users/664e6148810f450893274d56fcae355d/roles/0a387d7775504b169a832acc34a4049a => generated 0 bytes in 200 msecs (HTTP/1.1 204) 3 headers in 132 bytes (1 switches on core 0)
Nov 08 16:41:08 user devstack@keystone.service[45985]: [pid: 45985|app: 0|req: 54/153] 10.0.0.210 () {56 vars in 1106 bytes} [Wed Nov 8 16:41:08 2023] GET /identity/v3/roles?name=anotherrole => generated 332 bytes in 165 msecs (HTTP/1.1 200) 5 headers in 177 bytes (1 switches on core 0)
Nov 08 16:41:08 user devstack@keystone.service[45984]: DEBUG keystone.server.flask.request_processing.middleware.auth_context [None req-286c1dc0-8354-4a72-9a40-1346f7b90719 None admin] Authenticating user token {{(pid=45984) process_request /opt/stack/data/venv/lib/python3.10/site-packages/keystonemiddleware/auth_token/__init__.py:406}}
Nov 08 16:41:08 user devstack@keystone.service[45986]: DEBUG keystone.server.flask.request_processing.middleware.auth_context [None req-6f777128-2032-428f-88e4-b6cb3214625e None admin] RBAC: auth_context: {'token': , 'domain_id': None, 'trust_id': None, 'trustor_id': None, 'trustee_id': None, 'domain_name': None, 'group_ids': [], 'user_id': 'dd7ccaf573424b22b9316e3355c3faf7', 'user_domain_id': 'default', 'system_scope': 'all', 'project_id': None, 'project_domain_id': None, 'roles': ['admin', 'manager', 'member', 'reader'], 'is_admin_project': True, 'service_user_id': None, 'service_user_domain_id': None, 'service_project_id': None, 'service_project_domain_id': None, 'service_roles': []} {{(pid=45986) fill_context /opt/stack/keystone/keystone/server/flask/request_processing/middleware/auth_context.py:480}}
Nov 08 16:41:08 user devstack@keystone.service[45986]: DEBUG keystone.server.flask.request_processing.req_logging [None req-6f777128-2032-428f-88e4-b6cb3214625e None admin] REQUEST_METHOD: `GET` {{(pid=45986) log_request_info /opt/stack/keystone/keystone/server/flask/request_processing/req_logging.py:27}}
Nov 08 16:41:08 user devstack@keystone.service[45986]: DEBUG keystone.server.flask.request_processing.req_logging [None req-6f777128-2032-428f-88e4-b6cb3214625e None admin] SCRIPT_NAME: `/identity` {{(pid=45986) log_request_info /opt/stack/keystone/keystone/server/flask/request_processing/req_logging.py:28}}
Nov 08 16:41:08 user devstack@keystone.service[45986]: DEBUG keystone.server.flask.request_processing.req_logging [None req-6f777128-2032-428f-88e4-b6cb3214625e None admin] PATH_INFO: `/v3/projects/42a5e7456f8441b9b31af8c546024a44` {{(pid=45986) log_request_info /opt/stack/keystone/keystone/server/flask/request_processing/req_logging.py:29}}
Nov 08 16:41:08 user devstack@keystone.service[45986]: DEBUG keystone.common.rbac_enforcer.enforcer [None req-6f777128-2032-428f-88e4-b6cb3214625e None admin] RBAC: Authorizing `identity:get_project(project_id=42a5e7456f8441b9b31af8c546024a44)` {{(pid=45986) enforce_call /opt/stack/keystone/keystone/common/rbac_enforcer/enforcer.py:449}}
Nov 08 16:41:08 user devstack@keystone.service[45986]: DEBUG keystone.common.rbac_enforcer.enforcer [None req-6f777128-2032-428f-88e4-b6cb3214625e None admin] RBAC: Authorization granted {{(pid=45986) enforce_call /opt/stack/keystone/keystone/common/rbac_enforcer/enforcer.py:457}}
Nov 08 16:41:08 user devstack@keystone.service[45986]: [pid: 45986|app: 0|req: 50/154] 10.0.0.210 () {56 vars in 1181 bytes} [Wed Nov 8 16:41:08 2023] GET /identity/v3/projects/42a5e7456f8441b9b31af8c546024a44 => generated 301 bytes in 136 msecs (HTTP/1.1 200) 5 headers in 177 bytes (1 switches on core 0)
Nov 08 16:41:08 user devstack@keystone.service[45985]: DEBUG keystone.server.flask.request_processing.middleware.auth_context [None req-a041cf32-abb2-4d5e-a00b-179c5a3f7296 None admin] Authenticating user token {{(pid=45985) process_request /opt/stack/data/venv/lib/python3.10/site-packages/keystonemiddleware/auth_token/__init__.py:406}}
Nov 08 16:41:08 user devstack@keystone.service[45984]: DEBUG keystone.server.flask.request_processing.middleware.auth_context [None req-286c1dc0-8354-4a72-9a40-1346f7b90719 None admin] Validating token access rules against request {{(pid=45984) validate_allowed_request /opt/stack/data/venv/lib/python3.10/site-packages/keystonemiddleware/auth_token/__init__.py:544}}
Nov 08 16:41:08 user devstack@keystone.service[45985]: DEBUG keystone.server.flask.request_processing.middleware.auth_context [None req-a041cf32-abb2-4d5e-a00b-179c5a3f7296 None admin] Validating token access rules against request {{(pid=45985) validate_allowed_request /opt/stack/data/venv/lib/python3.10/site-packages/keystonemiddleware/auth_token/__init__.py:544}}
Nov 08 16:41:08 user devstack@keystone.service[45984]: DEBUG keystone.server.flask.request_processing.middleware.auth_context [None req-8084d0d3-c8d8-4a87-b4fa-b103f090fe0d None admin] RBAC: auth_context: {'token': , 'domain_id': None, 'trust_id': None, 'trustor_id': None, 'trustee_id': None, 'domain_name': None, 'group_ids': [], 'user_id': 'dd7ccaf573424b22b9316e3355c3faf7', 'user_domain_id': 'default', 'system_scope': 'all', 'project_id': None, 'project_domain_id': None, 'roles': ['admin', 'manager', 'member', 'reader'], 'is_admin_project': True, 'service_user_id': None, 'service_user_domain_id': None, 'service_project_id': None, 'service_project_domain_id': None, 'service_roles': []} {{(pid=45984) fill_context /opt/stack/keystone/keystone/server/flask/request_processing/middleware/auth_context.py:480}}
