Nov 28 10:39:18 user devstack@keystone.service[45902]: DEBUG keystone.server.flask.request_processing.req_logging [None req-d6dc148b-cba9-4e61-948a-8ea1317ee565 None admin] PATH_INFO: `/v3/auth/tokens` {{(pid=45902) log_request_info /opt/stack/keystone/keystone/server/flask/request_processing/req_logging.py:29}}
Nov 28 10:39:18 user devstack@keystone.service[45903]: [pid: 45903|app: 0|req: 42/124] 10.0.0.210 () {56 vars in 1369 bytes} [Tue Nov 28 10:39:18 2023] GET /identity/v3/role_assignments?user.id=4d006bc49130491f9a6754895c14cca9&scope.project.id=3e49207f49c5479c8452a809e32c56f4&role.id=d3efb3af8ef347728e5ee2d0a23e7596 => generated 606 bytes in 141 msecs (HTTP/1.1 200) 5 headers in 177 bytes (1 switches on core 0)
Nov 28 10:39:18 user devstack@keystone.service[45903]: DEBUG keystone.server.flask.request_processing.middleware.auth_context [None req-36dd4c02-a164-487c-b02f-30e666443469 None admin] Authenticating user token {{(pid=45903) process_request /opt/stack/data/venv/lib/python3.10/site-packages/keystonemiddleware/auth_token/__init__.py:406}}
Nov 28 10:39:18 user devstack@keystone.service[45901]: [pid: 45901|app: 0|req: 41/125] 10.0.0.210 () {58 vars in 1277 bytes} [Tue Nov 28 10:39:17 2023] GET /identity/v3/auth/tokens => generated 861 bytes in 360 msecs (HTTP/1.1 200) 6 headers in 358 bytes (1 switches on core 0)
Nov 28 10:39:18 user devstack@keystone.service[45901]: DEBUG keystone.server.flask.request_processing.middleware.auth_context [None req-c7059c30-1645-4da5-85b9-32c9ee983ada None admin] Authenticating user token {{(pid=45901) process_request /opt/stack/data/venv/lib/python3.10/site-packages/keystonemiddleware/auth_token/__init__.py:406}}
Nov 28 10:39:18 user devstack@keystone.service[45902]: DEBUG keystone.common.rbac_enforcer.enforcer [None req-d6dc148b-cba9-4e61-948a-8ea1317ee565 None admin] RBAC: Authorizing `identity:validate_token()` {{(pid=45902) enforce_call /opt/stack/keystone/keystone/common/rbac_enforcer/enforcer.py:449}}
Nov 28 10:39:18 user devstack@keystone.service[45902]: DEBUG keystone.common.rbac_enforcer.enforcer [None req-d6dc148b-cba9-4e61-948a-8ea1317ee565 None admin] RBAC: Authorization granted {{(pid=45902) enforce_call /opt/stack/keystone/keystone/common/rbac_enforcer/enforcer.py:457}}
Nov 28 10:39:18 user devstack@keystone.service[45903]: DEBUG keystone.server.flask.request_processing.middleware.auth_context [None req-36dd4c02-a164-487c-b02f-30e666443469 None admin] Validating token access rules against request {{(pid=45903) validate_allowed_request /opt/stack/data/venv/lib/python3.10/site-packages/keystonemiddleware/auth_token/__init__.py:544}}
Nov 28 10:39:18 user devstack@keystone.service[45901]: DEBUG keystone.server.flask.request_processing.middleware.auth_context [None req-c7059c30-1645-4da5-85b9-32c9ee983ada None admin] Validating token access rules against request {{(pid=45901) validate_allowed_request /opt/stack/data/venv/lib/python3.10/site-packages/keystonemiddleware/auth_token/__init__.py:544}}
Nov 28 10:39:18 user devstack@keystone.service[45903]: DEBUG keystone.server.flask.request_processing.middleware.auth_context [None req-c4b30202-8847-45a4-a71d-e2b8a6b62a55 None admin] RBAC: auth_context: {'token': , 'domain_id': None, 'trust_id': None, 'trustor_id': None, 'trustee_id': None, 'domain_name': None, 'group_ids': [], 'user_id': '4d006bc49130491f9a6754895c14cca9', 'user_domain_id': 'default', 'system_scope': 'all', 'project_id': None, 'project_domain_id': None, 'roles': ['admin', 'manager', 'member', 'reader'], 'is_admin_project': True, 'service_user_id': None, 'service_user_domain_id': None, 'service_project_id': None, 'service_project_domain_id': None, 'service_roles': []} {{(pid=45903) fill_context /opt/stack/keystone/keystone/server/flask/request_processing/middleware/auth_context.py:480}}
Nov 28 10:39:18 user devstack@keystone.service[45903]: DEBUG keystone.server.flask.request_processing.req_logging [None req-c4b30202-8847-45a4-a71d-e2b8a6b62a55 None admin] REQUEST_METHOD: `PUT` {{(pid=45903) log_request_info /opt/stack/keystone/keystone/server/flask/request_processing/req_logging.py:27}}
Nov 28 10:39:18 user devstack@keystone.service[45903]: DEBUG keystone.server.flask.request_processing.req_logging [None req-c4b30202-8847-45a4-a71d-e2b8a6b62a55 None admin] SCRIPT_NAME: `/identity` {{(pid=45903) log_request_info /opt/stack/keystone/keystone/server/flask/request_processing/req_logging.py:28}}
Nov 28 10:39:18 user devstack@keystone.service[45903]: DEBUG keystone.server.flask.request_processing.req_logging [None req-c4b30202-8847-45a4-a71d-e2b8a6b62a55 None admin] PATH_INFO: `/v3/projects/3e49207f49c5479c8452a809e32c56f4/users/a4b759da43d344b8a82c48e5ac716f43/roles/59960d6aa61b4e6c907a1552586a29d6` {{(pid=45903) log_request_info /opt/stack/keystone/keystone/server/flask/request_processing/req_logging.py:29}}
Nov 28 10:39:18 user devstack@keystone.service[45903]: DEBUG keystone.common.rbac_enforcer.enforcer [None req-c4b30202-8847-45a4-a71d-e2b8a6b62a55 None admin] RBAC: Authorizing `identity:create_grant(project_id=3e49207f49c5479c8452a809e32c56f4, user_id=a4b759da43d344b8a82c48e5ac716f43, role_id=59960d6aa61b4e6c907a1552586a29d6)` {{(pid=45903) enforce_call /opt/stack/keystone/keystone/common/rbac_enforcer/enforcer.py:449}}
Nov 28 10:39:18 user devstack@keystone.service[45903]: DEBUG keystone.common.rbac_enforcer.enforcer [None req-c4b30202-8847-45a4-a71d-e2b8a6b62a55 None admin] RBAC: Authorization granted {{(pid=45903) enforce_call /opt/stack/keystone/keystone/common/rbac_enforcer/enforcer.py:457}}
Nov 28 10:39:18 user devstack@keystone.service[45903]: [pid: 45903|app: 0|req: 43/126] 10.0.0.210 () {58 vars in 1434 bytes} [Tue Nov 28 10:39:18 2023] PUT /identity/v3/projects/3e49207f49c5479c8452a809e32c56f4/users/a4b759da43d344b8a82c48e5ac716f43/roles/59960d6aa61b4e6c907a1552586a29d6 => generated 0 bytes in 143 msecs (HTTP/1.1 204) 3 headers in 132 bytes (0 switches on core 0)
Nov 28 10:39:18 user devstack@keystone.service[45901]: DEBUG keystone.server.flask.request_processing.middleware.auth_context [None req-1d25eae5-6f0d-438c-a4b8-61a173c8ee6f None admin] RBAC: auth_context: {'token': , 'domain_id': None, 'trust_id': None, 'trustor_id': None, 'trustee_id': None, 'domain_name': None, 'group_ids': [], 'user_id': '4d006bc49130491f9a6754895c14cca9', 'user_domain_id': 'default', 'system_scope': 'all', 'project_id': None, 'project_domain_id': None, 'roles': ['admin', 'manager', 'member', 'reader'], 'is_admin_project': True, 'service_user_id': None, 'service_user_domain_id': None, 'service_project_id': None, 'service_project_domain_id': None, 'service_roles': []} {{(pid=45901) fill_context /opt/stack/keystone/keystone/server/flask/request_processing/middleware/auth_context.py:480}}
Nov 28 10:39:18 user devstack@keystone.service[45901]: DEBUG keystone.server.flask.request_processing.req_logging [None req-1d25eae5-6f0d-438c-a4b8-61a173c8ee6f None admin] REQUEST_METHOD: `GET` {{(pid=45901) log_request_info /opt/stack/keystone/keystone/server/flask/request_processing/req_logging.py:27}}
Nov 28 10:39:18 user devstack@keystone.service[45901]: DEBUG keystone.server.flask.request_processing.req_logging [None req-1d25eae5-6f0d-438c-a4b8-61a173c8ee6f None admin] SCRIPT_NAME: `/identity` {{(pid=45901) log_request_info /opt/stack/keystone/keystone/server/flask/request_processing/req_logging.py:28}}
Nov 28 10:39:18 user devstack@keystone.service[45901]: DEBUG keystone.server.flask.request_processing.req_logging [None req-1d25eae5-6f0d-438c-a4b8-61a173c8ee6f None admin] PATH_INFO: `/v3/projects/3e49207f49c5479c8452a809e32c56f4` {{(pid=45901) log_request_info /opt/stack/keystone/keystone/server/flask/request_processing/req_logging.py:29}}
Nov 28 10:39:18 user devstack@keystone.service[45901]: DEBUG keystone.common.rbac_enforcer.enforcer [None req-1d25eae5-6f0d-438c-a4b8-61a173c8ee6f None admin] RBAC: Authorizing `identity:get_project(project_id=3e49207f49c5479c8452a809e32c56f4)` {{(pid=45901) enforce_call /opt/stack/keystone/keystone/common/rbac_enforcer/enforcer.py:449}}
Nov 28 10:39:18 user devstack@keystone.service[45901]: DEBUG keystone.common.rbac_enforcer.enforcer [None req-1d25eae5-6f0d-438c-a4b8-61a173c8ee6f None admin] RBAC: Authorization granted {{(pid=45901) enforce_call /opt/stack/keystone/keystone/common/rbac_enforcer/enforcer.py:457}}
Nov 28 10:39:18 user devstack@keystone.service[45901]: [pid: 45901|app: 0|req: 42/127] 10.0.0.210 () {56 vars in 1181 bytes} [Tue Nov 28 10:39:18 2023] GET /identity/v3/projects/3e49207f49c5479c8452a809e32c56f4 => generated 297 bytes in 139 msecs (HTTP/1.1 200) 5 headers in 177 bytes (1 switches on core 0)
Nov 28 10:39:18 user devstack@keystone.service[45902]: [pid: 45902|app: 0|req: 43/128] 10.0.0.210 () {58 vars in 1277 bytes} [Tue Nov 28 10:39:18 2023] GET /identity/v3/auth/tokens => generated 861 bytes in 302 msecs (HTTP/1.1 200) 6 headers in 358 bytes (2 switches on core 0)
Nov 28 10:39:18 user devstack@keystone.service[45903]: DEBUG keystone.server.flask.request_processing.middleware.auth_context [None req-c4b30202-8847-45a4-a71d-e2b8a6b62a55 None admin] Authenticating user token {{(pid=45903) process_request /opt/stack/data/venv/lib/python3.10/site-packages/keystonemiddleware/auth_token/__init__.py:406}}
Nov 28 10:39:18 user devstack@keystone.service[45901]: DEBUG keystone.server.flask.request_processing.middleware.auth_context [None req-1d25eae5-6f0d-438c-a4b8-61a173c8ee6f None admin] Authenticating user token {{(pid=45901) process_request /opt/stack/data/venv/lib/python3.10/site-packages/keystonemiddleware/auth_token/__init__.py:406}}
Nov 28 10:39:18 user devstack@keystone.service[45903]: DEBUG keystone.server.flask.request_processing.middleware.auth_context [None req-c4b30202-8847-45a4-a71d-e2b8a6b62a55 None admin] Validating token access rules against request {{(pid=45903) validate_allowed_request /opt/stack/data/venv/lib/python3.10/site-packages/keystonemiddleware/auth_token/__init__.py:544}}
Nov 28 10:39:18 user devstack@keystone.service[45901]: DEBUG keystone.server.flask.request_processing.middleware.auth_context [None req-1d25eae5-6f0d-438c-a4b8-61a173c8ee6f None admin] Validating token access rules against request {{(pid=45901) validate_allowed_request /opt/stack/data/venv/lib/python3.10/site-packages/keystonemiddleware/auth_token/__init__.py:544}}
Nov 28 10:39:18 user devstack@keystone.service[45903]: DEBUG keystone.server.flask.request_processing.middleware.auth_context [None req-6b376911-e71e-4bc7-b746-3140d8ad1571 None admin] RBAC: auth_context: {'token': , 'domain_id': None, 'trust_id': None, 'trustor_id': None, 'trustee_id': None, 'domain_name': None, 'group_ids': [], 'user_id': '4d006bc49130491f9a6754895c14cca9', 'user_domain_id': 'default', 'system_scope': 'all', 'project_id': None, 'project_domain_id': None, 'roles': ['admin', 'manager', 'member', 'reader'], 'is_admin_project': True, 'service_user_id': None, 'service_user_domain_id': None, 'service_project_id': None, 'service_project_domain_id': None, 'service_roles': []} {{(pid=45903) fill_context /opt/stack/keystone/keystone/server/flask/request_processing/middleware/auth_context.py:480}}
Nov 28 10:39:18 user devstack@keystone.service[45903]: DEBUG keystone.server.flask.request_processing.req_logging [None req-6b376911-e71e-4bc7-b746-3140d8ad1571 None admin] REQUEST_METHOD: `GET` {{(pid=45903) log_request_info /opt/stack/keystone/keystone/server/flask/request_processing/req_logging.py:27}}
Nov 28 10:39:18 user devstack@keystone.service[45903]: DEBUG keystone.server.flask.request_processing.req_logging [None req-6b376911-e71e-4bc7-b746-3140d8ad1571 None admin] SCRIPT_NAME: `/identity` {{(pid=45903) log_request_info /opt/stack/keystone/keystone/server/flask/request_processing/req_logging.py:28}}
Nov 28 10:39:18 user devstack@keystone.service[45903]: DEBUG keystone.server.flask.request_processing.req_logging [None req-6b376911-e71e-4bc7-b746-3140d8ad1571 None admin] PATH_INFO: `/v3/role_assignments` {{(pid=45903) log_request_info /opt/stack/keystone/keystone/server/flask/request_processing/req_logging.py:29}}
Nov 28 10:39:18 user devstack@keystone.service[45903]: DEBUG keystone.common.rbac_enforcer.enforcer [None req-6b376911-e71e-4bc7-b746-3140d8ad1571 None admin] RBAC: Adding query filter params (role.id=d9b4b9f6d8af477cb783d8703be3889f, scope.project.id=3e49207f49c5479c8452a809e32c56f4, user.id=a65a3a77ff584c5b81dfb0ea253b2164) {{(pid=45903) _extract_filter_values /opt/stack/keystone/keystone/common/rbac_enforcer/enforcer.py:167}}
Nov 28 10:39:18 user devstack@keystone.service[45903]: DEBUG keystone.common.rbac_enforcer.enforcer [None req-6b376911-e71e-4bc7-b746-3140d8ad1571 None admin] RBAC: Authorizing `identity:list_role_assignments()` {{(pid=45903) enforce_call /opt/stack/keystone/keystone/common/rbac_enforcer/enforcer.py:449}}
Nov 28 10:39:18 user devstack@keystone.service[45901]: DEBUG keystone.server.flask.request_processing.middleware.auth_context [None req-6a69998c-6364-43d3-b5c9-463088779971 None admin] RBAC: auth_context: {'token': , 'domain_id': None, 'trust_id': None, 'trustor_id': None, 'trustee_id': None, 'domain_name': None, 'group_ids': [], 'user_id': '4d006bc49130491f9a6754895c14cca9', 'user_domain_id': 'default', 'system_scope': 'all', 'project_id': None, 'project_domain_id': None, 'roles': ['admin', 'manager', 'member', 'reader'], 'is_admin_project': True, 'service_user_id': None, 'service_user_domain_id': None, 'service_project_id': None, 'service_project_domain_id': None, 'service_roles': []} {{(pid=45901) fill_context /opt/stack/keystone/keystone/server/flask/request_processing/middleware/auth_context.py:480}}
Nov 28 10:39:18 user devstack@keystone.service[45901]: DEBUG keystone.server.flask.request_processing.req_logging [None req-6a69998c-6364-43d3-b5c9-463088779971 None admin] REQUEST_METHOD: `GET` {{(pid=45901) log_request_info /opt/stack/keystone/keystone/server/flask/request_processing/req_logging.py:27}}
Nov 28 10:39:18 user devstack@keystone.service[45901]: DEBUG keystone.server.flask.request_processing.req_logging [None req-6a69998c-6364-43d3-b5c9-463088779971 None admin] SCRIPT_NAME: `/identity` {{(pid=45901) log_request_info /opt/stack/keystone/keystone/server/flask/request_processing/req_logging.py:28}}
Nov 28 10:39:18 user devstack@keystone.service[45901]: DEBUG keystone.server.flask.request_processing.req_logging [None req-6a69998c-6364-43d3-b5c9-463088779971 None admin] PATH_INFO: `/v3/projects/96edd9fc32a74c18a56b196c839d3753` {{(pid=45901) log_request_info /opt/stack/keystone/keystone/server/flask/request_processing/req_logging.py:29}}
Nov 28 10:39:18 user devstack@keystone.service[45903]: DEBUG keystone.common.rbac_enforcer.enforcer [None req-6b376911-e71e-4bc7-b746-3140d8ad1571 None admin] RBAC: Authorization granted {{(pid=45903) enforce_call /opt/stack/keystone/keystone/common/rbac_enforcer/enforcer.py:457}}
Nov 28 10:39:18 user devstack@keystone.service[45901]: DEBUG keystone.common.rbac_enforcer.enforcer [None req-6a69998c-6364-43d3-b5c9-463088779971 None admin] RBAC: Authorizing `identity:get_project(project_id=96edd9fc32a74c18a56b196c839d3753)` {{(pid=45901) enforce_call /opt/stack/keystone/keystone/common/rbac_enforcer/enforcer.py:449}}
Nov 28 10:39:18 user devstack@keystone.service[45901]: DEBUG keystone.common.rbac_enforcer.enforcer [None req-6a69998c-6364-43d3-b5c9-463088779971 None admin] RBAC: Authorization granted {{(pid=45901) enforce_call /opt/stack/keystone/keystone/common/rbac_enforcer/enforcer.py:457}}
Nov 28 10:39:18 user devstack@keystone.service[45901]: [pid: 45901|app: 0|req: 43/129] 10.0.0.210 () {56 vars in 1181 bytes} [Tue Nov 28 10:39:18 2023] GET /identity/v3/projects/96edd9fc32a74c18a56b196c839d3753 => generated 311 bytes in 138 msecs (HTTP/1.1 200) 5 headers in 177 bytes (1 switches on core 0)
Nov 28 10:39:18 user devstack@keystone.service[45903]: [pid: 45903|app: 0|req: 44/130] 10.0.0.210 () {56 vars in 1369 bytes} [Tue Nov 28 10:39:18 2023] GET /identity/v3/role_assignments?user.id=a65a3a77ff584c5b81dfb0ea253b2164&scope.project.id=3e49207f49c5479c8452a809e32c56f4&role.id=d9b4b9f6d8af477cb783d8703be3889f => generated 606 bytes in 143 msecs (HTTP/1.1 200) 5 headers in 177 bytes (1 switches on core 0)
Nov 28 10:39:18 user devstack@keystone.service[45902]: DEBUG keystone.server.flask.request_processing.middleware.auth_context [None req-d6dc148b-cba9-4e61-948a-8ea1317ee565 None admin] Authenticating user token {{(pid=45902) process_request /opt/stack/data/venv/lib/python3.10/site-packages/keystonemiddleware/auth_token/__init__.py:406}}
Nov 28 10:39:18 user devstack@keystone.service[45902]: DEBUG keystone.server.flask.request_processing.middleware.auth_context [None req-d6dc148b-cba9-4e61-948a-8ea1317ee565 None admin] Validating token access rules against request {{(pid=45902) validate_allowed_request /opt/stack/data/venv/lib/python3.10/site-packages/keystonemiddleware/auth_token/__init__.py:544}}
Nov 28 10:39:18 user devstack@keystone.service[45902]: DEBUG keystone.server.flask.request_processing.middleware.auth_context [None req-66a4725c-defa-4916-b8ca-802bbf7e752c None admin] RBAC: auth_context: {'token': , 'domain_id': None, 'trust_id': None, 'trustor_id': None, 'trustee_id': None, 'domain_name': None, 'group_ids': [], 'user_id': '4d006bc49130491f9a6754895c14cca9', 'user_domain_id': 'default', 'system_scope': 'all', 'project_id': None, 'project_domain_id': None, 'roles': ['admin', 'manager', 'member', 'reader'], 'is_admin_project': True, 'service_user_id': None, 'service_user_domain_id': None, 'service_project_id': None, 'service_project_domain_id': None, 'service_roles': []} {{(pid=45902) fill_context /opt/stack/keystone/keystone/server/flask/request_processing/middleware/auth_context.py:480}}
Nov 28 10:39:18 user devstack@keystone.service[45902]: DEBUG keystone.server.flask.request_processing.req_logging [None req-66a4725c-defa-4916-b8ca-802bbf7e752c None admin] REQUEST_METHOD: `GET` {{(pid=45902) log_request_info /opt/stack/keystone/keystone/server/flask/request_processing/req_logging.py:27}}
Nov 28 10:39:18 user devstack@keystone.service[45902]: DEBUG keystone.server.flask.request_processing.req_logging [None req-66a4725c-defa-4916-b8ca-802bbf7e752c None admin] SCRIPT_NAME: `/identity` {{(pid=45902) log_request_info /opt/stack/keystone/keystone/server/flask/request_processing/req_logging.py:28}}
Nov 28 10:39:18 user devstack@keystone.service[45902]: DEBUG keystone.server.flask.request_processing.req_logging [None req-66a4725c-defa-4916-b8ca-802bbf7e752c None admin] PATH_INFO: `/v3/role_assignments` {{(pid=45902) log_request_info /opt/stack/keystone/keystone/server/flask/request_processing/req_logging.py:29}}
Nov 28 10:39:18 user devstack@keystone.service[45902]: DEBUG keystone.common.rbac_enforcer.enforcer [None req-66a4725c-defa-4916-b8ca-802bbf7e752c None admin] RBAC: Adding query filter params (role.id=479d1a0d10504c0486a816a2ecedaa99, scope.project.id=96edd9fc32a74c18a56b196c839d3753, user.id=a65a3a77ff584c5b81dfb0ea253b2164) {{(pid=45902) _extract_filter_values /opt/stack/keystone/keystone/common/rbac_enforcer/enforcer.py:167}}
Nov 28 10:39:18 user devstack@keystone.service[45902]: DEBUG keystone.common.rbac_enforcer.enforcer [None req-66a4725c-defa-4916-b8ca-802bbf7e752c None admin] RBAC: Authorizing `identity:list_role_assignments()` {{(pid=45902) enforce_call /opt/stack/keystone/keystone/common/rbac_enforcer/enforcer.py:449}}
Nov 28 10:39:18 user devstack@keystone.service[45902]: DEBUG keystone.common.rbac_enforcer.enforcer [None req-66a4725c-defa-4916-b8ca-802bbf7e752c None admin] RBAC: Authorization granted {{(pid=45902) enforce_call /opt/stack/keystone/keystone/common/rbac_enforcer/enforcer.py:457}}
Nov 28 10:39:18 user devstack@keystone.service[45902]: [pid: 45902|app: 0|req: 44/131] 10.0.0.210 () {56 vars in 1369 bytes} [Tue Nov 28 10:39:18 2023] GET /identity/v3/role_assignments?user.id=a65a3a77ff584c5b81dfb0ea253b2164&scope.project.id=96edd9fc32a74c18a56b196c839d3753&role.id=479d1a0d10504c0486a816a2ecedaa99 => generated 606 bytes in 141 msecs (HTTP/1.1 200) 5 headers in 177 bytes (1 switches on core 0)
Nov 28 10:39:19 user devstack@keystone.service[45901]: DEBUG keystone.server.flask.request_processing.req_logging [None req-6c41cea1-65c5-4490-9dbf-3ed37a308d8c None None] REQUEST_METHOD: `GET` {{(pid=45901) log_request_info /opt/stack/keystone/keystone/server/flask/request_processing/req_logging.py:27}}
Nov 28 10:39:19 user devstack@keystone.service[45901]: DEBUG keystone.server.flask.request_processing.req_logging [None req-6c41cea1-65c5-4490-9dbf-3ed37a308d8c None None] SCRIPT_NAME: `/identity` {{(pid=45901) log_request_info /opt/stack/keystone/keystone/server/flask/request_processing/req_logging.py:28}}
Nov 28 10:39:19 user devstack@keystone.service[45901]: DEBUG keystone.server.flask.request_processing.req_logging [None req-6c41cea1-65c5-4490-9dbf-3ed37a308d8c None None] PATH_INFO: `/` {{(pid=45901) log_request_info /opt/stack/keystone/keystone/server/flask/request_processing/req_logging.py:29}}
Nov 28 10:39:19 user devstack@keystone.service[45901]: [pid: 45901|app: 0|req: 44/132] 10.0.0.210 () {54 vars in 921 bytes} [Tue Nov 28 10:39:19 2023] GET /identity => generated 269 bytes in 3 msecs (HTTP/1.1 300) 6 headers in 233 bytes (1 switches on core 0)
Nov 28 10:39:19 user devstack@keystone.service[45903]: DEBUG keystone.server.flask.request_processing.req_logging [None req-4ac02096-4944-45ae-a2fd-6427bd87c009 None None] REQUEST_METHOD: `POST` {{(pid=45903) log_request_info /opt/stack/keystone/keystone/server/flask/request_processing/req_logging.py:27}}
Nov 28 10:39:19 user devstack@keystone.service[45903]: DEBUG keystone.server.flask.request_processing.req_logging [None req-4ac02096-4944-45ae-a2fd-6427bd87c009 None None] SCRIPT_NAME: `/identity` {{(pid=45903) log_request_info /opt/stack/keystone/keystone/server/flask/request_processing/req_logging.py:28}}
Nov 28 10:39:19 user devstack@keystone.service[45903]: DEBUG keystone.server.flask.request_processing.req_logging [None req-4ac02096-4944-45ae-a2fd-6427bd87c009 None None] PATH_INFO: `/v3/auth/tokens` {{(pid=45903) log_request_info /opt/stack/keystone/keystone/server/flask/request_processing/req_logging.py:29}}
Nov 28 10:39:19 user devstack@keystone.service[45903]: WARNING keystone.common.password_hashing [None req-4ac02096-4944-45ae-a2fd-6427bd87c009 None None] Truncating password to algorithm specific maximum length 72 characters.
Nov 28 10:39:19 user devstack@keystone.service[45903]: DEBUG keystone.auth.core [None req-4ac02096-4944-45ae-a2fd-6427bd87c009 None None] MFA Rules not processed for user `4d006bc49130491f9a6754895c14cca9`. Rule list: `[]` (Enabled: `True`). {{(pid=45903) check_auth_methods_against_rules /opt/stack/keystone/keystone/auth/core.py:438}}
Nov 28 10:39:19 user devstack@keystone.service[45903]: DEBUG keystone.common.fernet_utils [None req-4ac02096-4944-45ae-a2fd-6427bd87c009 None None] Loaded 2 Fernet keys from /etc/keystone/fernet-keys/, but `[fernet_tokens] max_active_keys = 3`; perhaps there have not been enough key rotations to reach `max_active_keys` yet? {{(pid=45903) load_keys /opt/stack/keystone/keystone/common/fernet_utils.py:286}}
Nov 28 10:39:19 user devstack@keystone.service[45903]: [pid: 45903|app: 0|req: 45/133] 10.0.0.210 () {58 vars in 1018 bytes} [Tue Nov 28 10:39:19 2023] POST /identity/v3/auth/tokens => generated 861 bytes in 83 msecs (HTTP/1.1 201) 6 headers in 363 bytes (1 switches on core 0)
Nov 28 10:39:19 user devstack@keystone.service[45902]: DEBUG keystone.server.flask.request_processing.middleware.auth_context [None req-66a4725c-defa-4916-b8ca-802bbf7e752c None admin] Authenticating user token {{(pid=45902) process_request /opt/stack/data/venv/lib/python3.10/site-packages/keystonemiddleware/auth_token/__init__.py:406}}
Nov 28 10:39:19 user devstack@keystone.service[45902]: DEBUG keystone.server.flask.request_processing.middleware.auth_context [None req-66a4725c-defa-4916-b8ca-802bbf7e752c None admin] Validating token access rules against request {{(pid=45902) validate_allowed_request /opt/stack/data/venv/lib/python3.10/site-packages/keystonemiddleware/auth_token/__init__.py:544}}
Nov 28 10:39:19 user devstack@keystone.service[45902]: DEBUG keystone.server.flask.request_processing.middleware.auth_context [None req-d0afac55-e76f-4e9d-9e7f-1e1222b6ea04 None admin] RBAC: auth_context: {'token': , 'domain_id': None, 'trust_id': None, 'trustor_id': None, 'trustee_id': None, 'domain_name': None, 'group_ids': [], 'user_id': '4d006bc49130491f9a6754895c14cca9', 'user_domain_id': 'default', 'system_scope': 'all', 'project_id': None, 'project_domain_id': None, 'roles': ['admin', 'manager', 'member', 'reader'], 'is_admin_project': True, 'service_user_id': None, 'service_user_domain_id': None, 'service_project_id': None, 'service_project_domain_id': None, 'service_roles': []} {{(pid=45902) fill_context /opt/stack/keystone/keystone/server/flask/request_processing/middleware/auth_context.py:480}}
Nov 28 10:39:19 user devstack@keystone.service[45902]: DEBUG keystone.server.flask.request_processing.req_logging [None req-d0afac55-e76f-4e9d-9e7f-1e1222b6ea04 None admin] REQUEST_METHOD: `GET` {{(pid=45902) log_request_info /opt/stack/keystone/keystone/server/flask/request_processing/req_logging.py:27}}
Nov 28 10:39:19 user devstack@keystone.service[45902]: DEBUG keystone.server.flask.request_processing.req_logging [None req-d0afac55-e76f-4e9d-9e7f-1e1222b6ea04 None admin] SCRIPT_NAME: `/identity` {{(pid=45902) log_request_info /opt/stack/keystone/keystone/server/flask/request_processing/req_logging.py:28}}
Nov 28 10:39:19 user devstack@keystone.service[45902]: DEBUG keystone.server.flask.request_processing.req_logging [None req-d0afac55-e76f-4e9d-9e7f-1e1222b6ea04 None admin] PATH_INFO: `/v3/domains/default` {{(pid=45902) log_request_info /opt/stack/keystone/keystone/server/flask/request_processing/req_logging.py:29}}
Nov 28 10:39:19 user devstack@keystone.service[45902]: DEBUG keystone.common.rbac_enforcer.enforcer [None req-d0afac55-e76f-4e9d-9e7f-1e1222b6ea04 None admin] RBAC: Authorizing `identity:get_domain(domain_id=default)` {{(pid=45902) enforce_call /opt/stack/keystone/keystone/common/rbac_enforcer/enforcer.py:449}}
Nov 28 10:39:19 user devstack@keystone.service[45902]: DEBUG keystone.common.rbac_enforcer.enforcer [None req-d0afac55-e76f-4e9d-9e7f-1e1222b6ea04 None admin] RBAC: Authorization granted {{(pid=45902) enforce_call /opt/stack/keystone/keystone/common/rbac_enforcer/enforcer.py:457}}
Nov 28 10:39:19 user devstack@keystone.service[45902]: [pid: 45902|app: 0|req: 45/134] 10.0.0.210 () {56 vars in 1103 bytes} [Tue Nov 28 10:39:19 2023] GET /identity/v3/domains/default => generated 198 bytes in 130 msecs (HTTP/1.1 200) 5 headers in 177 bytes (1 switches on core 0)
Nov 28 10:39:19 user devstack@keystone.service[45901]: DEBUG keystone.server.flask.request_processing.middleware.auth_context [None req-6c41cea1-65c5-4490-9dbf-3ed37a308d8c None None] Authenticating user token {{(pid=45901) process_request /opt/stack/data/venv/lib/python3.10/site-packages/keystonemiddleware/auth_token/__init__.py:406}}
Nov 28 10:39:19 user devstack@keystone.service[45901]: DEBUG keystone.server.flask.request_processing.middleware.auth_context [None req-6c41cea1-65c5-4490-9dbf-3ed37a308d8c None None] Validating token access rules against request {{(pid=45901) validate_allowed_request /opt/stack/data/venv/lib/python3.10/site-packages/keystonemiddleware/auth_token/__init__.py:544}}
Nov 28 10:39:20 user devstack@keystone.service[45901]: DEBUG keystone.server.flask.request_processing.middleware.auth_context [None req-bd734787-0091-454e-8ad1-26c0437e4f19 None admin] RBAC: auth_context: {'token': , 'domain_id': None, 'trust_id': None, 'trustor_id': None, 'trustee_id': None, 'domain_name': None, 'group_ids': [], 'user_id': '4d006bc49130491f9a6754895c14cca9', 'user_domain_id': 'default', 'system_scope': 'all', 'project_id': None, 'project_domain_id': None, 'roles': ['admin', 'manager', 'member', 'reader'], 'is_admin_project': True, 'service_user_id': None, 'service_user_domain_id': None, 'service_project_id': None, 'service_project_domain_id': None, 'service_roles': []} {{(pid=45901) fill_context /opt/stack/keystone/keystone/server/flask/request_processing/middleware/auth_context.py:480}}
Nov 28 10:39:20 user devstack@keystone.service[45901]: DEBUG keystone.server.flask.request_processing.req_logging [None req-bd734787-0091-454e-8ad1-26c0437e4f19 None admin] REQUEST_METHOD: `POST` {{(pid=45901) log_request_info /opt/stack/keystone/keystone/server/flask/request_processing/req_logging.py:27}}
Nov 28 10:39:20 user devstack@keystone.service[45901]: DEBUG keystone.server.flask.request_processing.req_logging [None req-bd734787-0091-454e-8ad1-26c0437e4f19 None admin] SCRIPT_NAME: `/identity` {{(pid=45901) log_request_info /opt/stack/keystone/keystone/server/flask/request_processing/req_logging.py:28}}
Nov 28 10:39:20 user devstack@keystone.service[45901]: DEBUG keystone.server.flask.request_processing.req_logging [None req-bd734787-0091-454e-8ad1-26c0437e4f19 None admin] PATH_INFO: `/v3/users` {{(pid=45901) log_request_info /opt/stack/keystone/keystone/server/flask/request_processing/req_logging.py:29}}
Nov 28 10:39:20 user devstack@keystone.service[45901]: DEBUG keystone.common.rbac_enforcer.enforcer [None req-bd734787-0091-454e-8ad1-26c0437e4f19 None admin] RBAC: Authorizing `identity:create_user()` {{(pid=45901) enforce_call /opt/stack/keystone/keystone/common/rbac_enforcer/enforcer.py:449}}
Nov 28 10:39:20 user devstack@keystone.service[45901]: DEBUG keystone.common.rbac_enforcer.enforcer [None req-bd734787-0091-454e-8ad1-26c0437e4f19 None admin] RBAC: Authorization granted {{(pid=45901) enforce_call /opt/stack/keystone/keystone/common/rbac_enforcer/enforcer.py:457}}
Nov 28 10:39:20 user devstack@keystone.service[45901]: WARNING keystone.common.password_hashing [None req-bd734787-0091-454e-8ad1-26c0437e4f19 None admin] Truncating password to algorithm specific maximum length 72 characters.
Nov 28 10:39:20 user devstack@keystone.service[45901]: [pid: 45901|app: 0|req: 45/135] 10.0.0.210 () {60 vars in 1127 bytes} [Tue Nov 28 10:39:19 2023] POST /identity/v3/users => generated 282 bytes in 238 msecs (HTTP/1.1 201) 5 headers in 182 bytes (1 switches on core 0)
Nov 28 10:39:20 user devstack@keystone.service[45903]: DEBUG keystone.server.flask.request_processing.req_logging [None req-db0f1be6-c3ca-40af-b695-12c8a243649f None None] REQUEST_METHOD: `GET` {{(pid=45903) log_request_info /opt/stack/keystone/keystone/server/flask/request_processing/req_logging.py:27}}
Nov 28 10:39:20 user devstack@keystone.service[45903]: DEBUG keystone.server.flask.request_processing.req_logging [None req-db0f1be6-c3ca-40af-b695-12c8a243649f None None] SCRIPT_NAME: `/identity` {{(pid=45903) log_request_info /opt/stack/keystone/keystone/server/flask/request_processing/req_logging.py:28}}
Nov 28 10:39:20 user devstack@keystone.service[45903]: DEBUG keystone.server.flask.request_processing.req_logging [None req-db0f1be6-c3ca-40af-b695-12c8a243649f None None] PATH_INFO: `/` {{(pid=45903) log_request_info /opt/stack/keystone/keystone/server/flask/request_processing/req_logging.py:29}}
Nov 28 10:39:20 user devstack@keystone.service[45903]: [pid: 45903|app: 0|req: 46/136] 10.0.0.210 () {54 vars in 921 bytes} [Tue Nov 28 10:39:20 2023] GET /identity => generated 269 bytes in 3 msecs (HTTP/1.1 300) 6 headers in 233 bytes (1 switches on core 0)
Nov 28 10:39:20 user devstack@keystone.service[45902]: DEBUG keystone.server.flask.request_processing.req_logging [None req-ef522c6f-6d9b-4568-aed9-78cac054693f None None] REQUEST_METHOD: `POST` {{(pid=45902) log_request_info /opt/stack/keystone/keystone/server/flask/request_processing/req_logging.py:27}}
Nov 28 10:39:20 user devstack@keystone.service[45902]: DEBUG keystone.server.flask.request_processing.req_logging [None req-ef522c6f-6d9b-4568-aed9-78cac054693f None None] SCRIPT_NAME: `/identity` {{(pid=45902) log_request_info /opt/stack/keystone/keystone/server/flask/request_processing/req_logging.py:28}}
Nov 28 10:39:20 user devstack@keystone.service[45902]: DEBUG keystone.server.flask.request_processing.req_logging [None req-ef522c6f-6d9b-4568-aed9-78cac054693f None None] PATH_INFO: `/v3/auth/tokens` {{(pid=45902) log_request_info /opt/stack/keystone/keystone/server/flask/request_processing/req_logging.py:29}}
Nov 28 10:39:20 user devstack@keystone.service[45902]: WARNING keystone.common.password_hashing [None req-ef522c6f-6d9b-4568-aed9-78cac054693f None None] Truncating password to algorithm specific maximum length 72 characters.
Nov 28 10:39:20 user devstack@keystone.service[45902]: DEBUG keystone.auth.core [None req-ef522c6f-6d9b-4568-aed9-78cac054693f None None] MFA Rules not processed for user `4d006bc49130491f9a6754895c14cca9`. Rule list: `[]` (Enabled: `True`). {{(pid=45902) check_auth_methods_against_rules /opt/stack/keystone/keystone/auth/core.py:438}}
Nov 28 10:39:20 user devstack@keystone.service[45902]: DEBUG keystone.common.fernet_utils [None req-ef522c6f-6d9b-4568-aed9-78cac054693f None None] Loaded 2 Fernet keys from /etc/keystone/fernet-keys/, but `[fernet_tokens] max_active_keys = 3`; perhaps there have not been enough key rotations to reach `max_active_keys` yet? {{(pid=45902) load_keys /opt/stack/keystone/keystone/common/fernet_utils.py:286}}
Nov 28 10:39:20 user devstack@keystone.service[45902]: [pid: 45902|app: 0|req: 46/137] 10.0.0.210 () {58 vars in 1018 bytes} [Tue Nov 28 10:39:20 2023] POST /identity/v3/auth/tokens => generated 861 bytes in 93 msecs (HTTP/1.1 201) 6 headers in 363 bytes (1 switches on core 0)
Nov 28 10:39:20 user devstack@keystone.service[45901]: DEBUG keystone.server.flask.request_processing.middleware.auth_context [None req-bd734787-0091-454e-8ad1-26c0437e4f19 None admin] Authenticating user token {{(pid=45901) process_request /opt/stack/data/venv/lib/python3.10/site-packages/keystonemiddleware/auth_token/__init__.py:406}}
Nov 28 10:39:20 user devstack@keystone.service[45901]: DEBUG keystone.server.flask.request_processing.middleware.auth_context [None req-bd734787-0091-454e-8ad1-26c0437e4f19 None admin] Validating token access rules against request {{(pid=45901) validate_allowed_request /opt/stack/data/venv/lib/python3.10/site-packages/keystonemiddleware/auth_token/__init__.py:544}}
Nov 28 10:39:20 user devstack@keystone.service[45901]: DEBUG keystone.server.flask.request_processing.middleware.auth_context [None req-1fd03715-f5e0-4e6e-85ff-0cf5e456fea0 None admin] RBAC: auth_context: {'token': , 'domain_id': None, 'trust_id': None, 'trustor_id': None, 'trustee_id': None, 'domain_name': None, 'group_ids': [], 'user_id': '4d006bc49130491f9a6754895c14cca9', 'user_domain_id': 'default', 'system_scope': 'all', 'project_id': None, 'project_domain_id': None, 'roles': ['admin', 'manager', 'member', 'reader'], 'is_admin_project': True, 'service_user_id': None, 'service_user_domain_id': None, 'service_project_id': None, 'service_project_domain_id': None, 'service_roles': []} {{(pid=45901) fill_context /opt/stack/keystone/keystone/server/flask/request_processing/middleware/auth_context.py:480}}
Nov 28 10:39:20 user devstack@keystone.service[45901]: DEBUG keystone.server.flask.request_processing.req_logging [None req-1fd03715-f5e0-4e6e-85ff-0cf5e456fea0 None admin] REQUEST_METHOD: `GET` {{(pid=45901) log_request_info /opt/stack/keystone/keystone/server/flask/request_processing/req_logging.py:27}}
Nov 28 10:39:20 user devstack@keystone.service[45901]: DEBUG keystone.server.flask.request_processing.req_logging [None req-1fd03715-f5e0-4e6e-85ff-0cf5e456fea0 None admin] SCRIPT_NAME: `/identity` {{(pid=45901) log_request_info /opt/stack/keystone/keystone/server/flask/request_processing/req_logging.py:28}}
Nov 28 10:39:20 user devstack@keystone.service[45901]: DEBUG keystone.server.flask.request_processing.req_logging [None req-1fd03715-f5e0-4e6e-85ff-0cf5e456fea0 None admin] PATH_INFO: `/v3/roles/reader` {{(pid=45901) log_request_info /opt/stack/keystone/keystone/server/flask/request_processing/req_logging.py:29}}
Nov 28 10:39:20 user devstack@keystone.service[45901]: DEBUG keystone.common.rbac_enforcer.enforcer [None req-1fd03715-f5e0-4e6e-85ff-0cf5e456fea0 None admin] Extracting inferred target data resulted in "NOT FOUND (404)". {{(pid=45901) enforce_call /opt/stack/keystone/keystone/common/rbac_enforcer/enforcer.py:409}}
Nov 28 10:39:20 user devstack@keystone.service[45901]: ERROR keystone.server.flask.application [None req-1fd03715-f5e0-4e6e-85ff-0cf5e456fea0 None admin] Could not find role: reader.: keystone.exception.RoleNotFound: Could not find role: reader.
Nov 28 10:39:20 user devstack@keystone.service[45901]: ERROR keystone.server.flask.application
Traceback (most recent call last):
Nov 28 10:39:20 user devstack@keystone.service[45901]: ERROR keystone.server.flask.application
File "/opt/stack/data/venv/lib/python3.10/site-packages/flask/app.py", line 1823, in full_dispatch_request
Nov 28 10:39:20 user devstack@keystone.service[45901]: ERROR keystone.server.flask.application rv = self.dispatch_request()
Nov 28 10:39:20 user devstack@keystone.service[45901]: ERROR keystone.server.flask.application
File "/opt/stack/data/venv/lib/python3.10/site-packages/flask/app.py", line 1799, in dispatch_request
Nov 28 10:39:20 user devstack@keystone.service[45901]: ERROR keystone.server.flask.application return self.ensure_sync(self.view_functions[rule.endpoint])(**view_args)
Nov 28 10:39:20 user devstack@keystone.service[45901]: ERROR keystone.server.flask.application
File "/opt/stack/data/venv/lib/python3.10/site-packages/flask_restful/__init__.py", line 489, in wrapper
Nov 28 10:39:20 user devstack@keystone.service[45901]: ERROR keystone.server.flask.application resp = resource(*args, **kwargs)
Nov 28 10:39:20 user devstack@keystone.service[45901]: ERROR keystone.server.flask.application
File "/opt/stack/data/venv/lib/python3.10/site-packages/flask/views.py", line 107, in view
Nov 28 10:39:20 user devstack@keystone.service[45901]: ERROR keystone.server.flask.application return current_app.ensure_sync(self.dispatch_request)(**kwargs)
Nov 28 10:39:20 user devstack@keystone.service[45901]: ERROR keystone.server.flask.application
File "/opt/stack/data/venv/lib/python3.10/site-packages/flask_restful/__init__.py", line 604, in dispatch_request
Nov 28 10:39:20 user devstack@keystone.service[45901]: ERROR keystone.server.flask.application resp = meth(*args, **kwargs)
Nov 28 10:39:20 user devstack@keystone.service[45901]: ERROR keystone.server.flask.application
File "/opt/stack/keystone/keystone/api/roles.py", line 50, in get
Nov 28 10:39:20 user devstack@keystone.service[45901]: ERROR keystone.server.flask.application return self._get_role(role_id)
Nov 28 10:39:20 user devstack@keystone.service[45901]: ERROR keystone.server.flask.application
File "/opt/stack/keystone/keystone/api/roles.py", line 70, in _get_role
Nov 28 10:39:20 user devstack@keystone.service[45901]: ERROR keystone.server.flask.application ENFORCER.enforce_call(action='identity:get_role')
Nov 28 10:39:20 user devstack@keystone.service[45901]: ERROR keystone.server.flask.application
File "/opt/stack/keystone/keystone/common/rbac_enforcer/enforcer.py", line 402, in enforce_call
Nov 28 10:39:20 user devstack@keystone.service[45901]: ERROR keystone.server.flask.application policy_dict.update(cls._extract_member_target_data(
Nov 28 10:39:20 user devstack@keystone.service[45901]: ERROR keystone.server.flask.application
File "/opt/stack/keystone/keystone/common/rbac_enforcer/enforcer.py", line 234, in _extract_member_target_data
Nov 28 10:39:20 user devstack@keystone.service[45901]: ERROR keystone.server.flask.application member_name: func(flask.request.view_args[key])
Nov 28 10:39:20 user devstack@keystone.service[45901]: ERROR keystone.server.flask.application
File "/opt/stack/keystone/keystone/common/manager.py", line 115, in wrapped
Nov 28 10:39:20 user devstack@keystone.service[45901]: ERROR keystone.server.flask.application __ret_val = __f(*args, **kwargs)
Nov 28 10:39:20 user devstack@keystone.service[45901]: ERROR keystone.server.flask.application
File "/opt/stack/data/venv/lib/python3.10/site-packages/decorator.py", line 232, in fun
Nov 28 10:39:20 user devstack@keystone.service[45901]: ERROR keystone.server.flask.application return caller(func, *(extras + args), **kw)
Nov 28 10:39:20 user devstack@keystone.service[45901]: ERROR keystone.server.flask.application
File "/opt/stack/data/venv/lib/python3.10/site-packages/dogpile/cache/region.py", line 1594, in get_or_create_for_user_func
Nov 28 10:39:20 user devstack@keystone.service[45901]: ERROR keystone.server.flask.application return self.get_or_create(
Nov 28 10:39:20 user devstack@keystone.service[45901]: ERROR keystone.server.flask.application
File "/opt/stack/data/venv/lib/python3.10/site-packages/dogpile/cache/region.py", line 1054, in get_or_create
Nov 28 10:39:20 user devstack@keystone.service[45901]: ERROR keystone.server.flask.application with Lock(
Nov 28 10:39:20 user devstack@keystone.service[45901]: ERROR keystone.server.flask.application
File "/opt/stack/data/venv/lib/python3.10/site-packages/dogpile/lock.py", line 185, in __enter__
Nov 28 10:39:20 user devstack@keystone.service[45901]: ERROR keystone.server.flask.application return self._enter()
Nov 28 10:39:20 user devstack@keystone.service[45901]: ERROR keystone.server.flask.application
File "/opt/stack/data/venv/lib/python3.10/site-packages/dogpile/lock.py", line 94, in _enter
Nov 28 10:39:20 user devstack@keystone.service[45901]: ERROR keystone.server.flask.application generated = self._enter_create(value, createdtime)
Nov 28 10:39:20 user devstack@keystone.service[45901]: ERROR keystone.server.flask.application
File "/opt/stack/data/venv/lib/python3.10/site-packages/dogpile/lock.py", line 178, in _enter_create
Nov 28 10:39:20 user devstack@keystone.service[45901]: ERROR keystone.server.flask.application return self.creator()
Nov 28 10:39:20 user devstack@keystone.service[45901]: ERROR keystone.server.flask.application
File "/opt/stack/data/venv/lib/python3.10/site-packages/dogpile/cache/region.py", line 1007, in gen_value
Nov 28 10:39:20 user devstack@keystone.service[45901]: ERROR keystone.server.flask.application created_value = creator(
Nov 28 10:39:20 user devstack@keystone.service[45901]: ERROR keystone.server.flask.application
File "/opt/stack/keystone/keystone/assignment/core.py", line 1276, in get_role
Nov 28 10:39:20 user devstack@keystone.service[45901]: ERROR keystone.server.flask.application return self.driver.get_role(role_id)
Nov 28 10:39:20 user devstack@keystone.service[45901]: ERROR keystone.server.flask.application
File "/opt/stack/keystone/keystone/assignment/role_backends/sql.py", line 70, in get_role
Nov 28 10:39:20 user devstack@keystone.service[45901]: ERROR keystone.server.flask.application return self._get_role(session, role_id).to_dict()
Nov 28 10:39:20 user devstack@keystone.service[45901]: ERROR keystone.server.flask.application
File "/opt/stack/keystone/keystone/assignment/role_backends/sql.py", line 65, in _get_role
Nov 28 10:39:20 user devstack@keystone.service[45901]: ERROR keystone.server.flask.application raise exception.RoleNotFound(role_id=role_id)
Nov 28 10:39:20 user devstack@keystone.service[45901]: ERROR keystone.server.flask.application keystone.exception.RoleNotFound: Could not find role: reader.
Nov 28 10:39:20 user devstack@keystone.service[45901]: ERROR keystone.server.flask.application
Nov 28 10:39:20 user devstack@keystone.service[45901]: [pid: 45901|app: 0|req: 46/138] 10.0.0.210 () {56 vars in 1094 bytes} [Tue Nov 28 10:39:20 2023] GET /identity/v3/roles/reader => generated 84 bytes in 160 msecs (HTTP/1.1 404) 5 headers in 183 bytes (1 switches on core 0)
Nov 28 10:39:20 user devstack@keystone.service[45903]: DEBUG keystone.server.flask.request_processing.middleware.auth_context [None req-db0f1be6-c3ca-40af-b695-12c8a243649f None None] Authenticating user token {{(pid=45903) process_request /opt/stack/data/venv/lib/python3.10/site-packages/keystonemiddleware/auth_token/__init__.py:406}}
Nov 28 10:39:20 user devstack@keystone.service[45903]: DEBUG keystone.server.flask.request_processing.middleware.auth_context [None req-db0f1be6-c3ca-40af-b695-12c8a243649f None None] Validating token access rules against request {{(pid=45903) validate_allowed_request /opt/stack/data/venv/lib/python3.10/site-packages/keystonemiddleware/auth_token/__init__.py:544}}
Nov 28 10:39:20 user devstack@keystone.service[45903]: DEBUG keystone.server.flask.request_processing.middleware.auth_context [None req-c7610eb0-7659-40c8-9193-0f386e6ebd96 None admin] RBAC: auth_context: {'token': , 'domain_id': None, 'trust_id': None, 'trustor_id': None, 'trustee_id': None, 'domain_name': None, 'group_ids': [], 'user_id': '4d006bc49130491f9a6754895c14cca9', 'user_domain_id': 'default', 'system_scope': 'all', 'project_id': None, 'project_domain_id': None, 'roles': ['admin', 'manager', 'member', 'reader'], 'is_admin_project': True, 'service_user_id': None, 'service_user_domain_id': None, 'service_project_id': None, 'service_project_domain_id': None, 'service_roles': []} {{(pid=45903) fill_context /opt/stack/keystone/keystone/server/flask/request_processing/middleware/auth_context.py:480}}
Nov 28 10:39:20 user devstack@keystone.service[45903]: DEBUG keystone.server.flask.request_processing.req_logging [None req-c7610eb0-7659-40c8-9193-0f386e6ebd96 None admin] REQUEST_METHOD: `GET` {{(pid=45903) log_request_info /opt/stack/keystone/keystone/server/flask/request_processing/req_logging.py:27}}
Nov 28 10:39:20 user devstack@keystone.service[45903]: DEBUG keystone.server.flask.request_processing.req_logging [None req-c7610eb0-7659-40c8-9193-0f386e6ebd96 None admin] SCRIPT_NAME: `/identity` {{(pid=45903) log_request_info /opt/stack/keystone/keystone/server/flask/request_processing/req_logging.py:28}}
Nov 28 10:39:20 user devstack@keystone.service[45903]: DEBUG keystone.server.flask.request_processing.req_logging [None req-c7610eb0-7659-40c8-9193-0f386e6ebd96 None admin] PATH_INFO: `/v3/roles` {{(pid=45903) log_request_info /opt/stack/keystone/keystone/server/flask/request_processing/req_logging.py:29}}
Nov 28 10:39:20 user devstack@keystone.service[45903]: DEBUG keystone.common.rbac_enforcer.enforcer [None req-c7610eb0-7659-40c8-9193-0f386e6ebd96 None admin] RBAC: Adding query filter params (name=reader) {{(pid=45903) _extract_filter_values /opt/stack/keystone/keystone/common/rbac_enforcer/enforcer.py:167}}
Nov 28 10:39:20 user devstack@keystone.service[45903]: DEBUG keystone.common.rbac_enforcer.enforcer [None req-c7610eb0-7659-40c8-9193-0f386e6ebd96 None admin] RBAC: Authorizing `identity:list_roles()` {{(pid=45903) enforce_call /opt/stack/keystone/keystone/common/rbac_enforcer/enforcer.py:449}}
Nov 28 10:39:20 user devstack@keystone.service[45903]: DEBUG keystone.common.rbac_enforcer.enforcer [None req-c7610eb0-7659-40c8-9193-0f386e6ebd96 None admin] RBAC: Authorization granted {{(pid=45903) enforce_call /opt/stack/keystone/keystone/common/rbac_enforcer/enforcer.py:457}}
Nov 28 10:39:20 user devstack@keystone.service[45903]: [pid: 45903|app: 0|req: 47/139] 10.0.0.210 () {56 vars in 1096 bytes} [Tue Nov 28 10:39:20 2023] GET /identity/v3/roles?name=reader => generated 339 bytes in 140 msecs (HTTP/1.1 200) 5 headers in 177 bytes (1 switches on core 0)
Nov 28 10:39:20 user devstack@keystone.service[45902]: DEBUG keystone.server.flask.request_processing.middleware.auth_context [None req-ef522c6f-6d9b-4568-aed9-78cac054693f None None] Authenticating user token {{(pid=45902) process_request /opt/stack/data/venv/lib/python3.10/site-packages/keystonemiddleware/auth_token/__init__.py:406}}
Nov 28 10:39:20 user devstack@keystone.service[45902]: DEBUG keystone.server.flask.request_processing.middleware.auth_context [None req-ef522c6f-6d9b-4568-aed9-78cac054693f None None] Validating token access rules against request {{(pid=45902) validate_allowed_request /opt/stack/data/venv/lib/python3.10/site-packages/keystonemiddleware/auth_token/__init__.py:544}}
Nov 28 10:39:20 user devstack@keystone.service[45902]: DEBUG keystone.server.flask.request_processing.middleware.auth_context [None req-869c73a5-ab18-4932-b641-9255c6dd8517 None admin] RBAC: auth_context: {'token': , 'domain_id': None, 'trust_id': None, 'trustor_id': None, 'trustee_id': None, 'domain_name': None, 'group_ids': [], 'user_id': '4d006bc49130491f9a6754895c14cca9', 'user_domain_id': 'default', 'system_scope': 'all', 'project_id': None, 'project_domain_id': None, 'roles': ['admin', 'manager', 'member', 'reader'], 'is_admin_project': True, 'service_user_id': None, 'service_user_domain_id': None, 'service_project_id': None, 'service_project_domain_id': None, 'service_roles': []} {{(pid=45902) fill_context /opt/stack/keystone/keystone/server/flask/request_processing/middleware/auth_context.py:480}}
Nov 28 10:39:20 user devstack@keystone.service[45902]: DEBUG keystone.server.flask.request_processing.req_logging [None req-869c73a5-ab18-4932-b641-9255c6dd8517 None admin] REQUEST_METHOD: `GET` {{(pid=45902) log_request_info /opt/stack/keystone/keystone/server/flask/request_processing/req_logging.py:27}}
Nov 28 10:39:20 user devstack@keystone.service[45902]: DEBUG keystone.server.flask.request_processing.req_logging [None req-869c73a5-ab18-4932-b641-9255c6dd8517 None admin] SCRIPT_NAME: `/identity` {{(pid=45902) log_request_info /opt/stack/keystone/keystone/server/flask/request_processing/req_logging.py:28}}
Nov 28 10:39:20 user devstack@keystone.service[45902]: DEBUG keystone.server.flask.request_processing.req_logging [None req-869c73a5-ab18-4932-b641-9255c6dd8517 None admin] PATH_INFO: `/v3/users/a4b759da43d344b8a82c48e5ac716f43` {{(pid=45902) log_request_info /opt/stack/keystone/keystone/server/flask/request_processing/req_logging.py:29}}
