File "/opt/stack/keystone/keystone/assignment/core.py", line 1276, in get_role
Nov 28 10:39:40 user devstack@keystone.service[45902]: ERROR keystone.server.flask.application return self.driver.get_role(role_id)
Nov 28 10:39:40 user devstack@keystone.service[45902]: ERROR keystone.server.flask.application
File "/opt/stack/keystone/keystone/assignment/role_backends/sql.py", line 70, in get_role
Nov 28 10:39:40 user devstack@keystone.service[45902]: ERROR keystone.server.flask.application return self._get_role(session, role_id).to_dict()
Nov 28 10:39:40 user devstack@keystone.service[45902]: ERROR keystone.server.flask.application
File "/opt/stack/keystone/keystone/assignment/role_backends/sql.py", line 65, in _get_role
Nov 28 10:39:40 user devstack@keystone.service[45902]: ERROR keystone.server.flask.application raise exception.RoleNotFound(role_id=role_id)
Nov 28 10:39:40 user devstack@keystone.service[45902]: ERROR keystone.server.flask.application keystone.exception.RoleNotFound: Could not find role: member.
Nov 28 10:39:40 user devstack@keystone.service[45902]: ERROR keystone.server.flask.application
Nov 28 10:39:40 user devstack@keystone.service[45902]: [pid: 45902|app: 0|req: 103/310] 10.0.0.210 () {56 vars in 1094 bytes} [Tue Nov 28 10:39:40 2023] GET /identity/v3/roles/member => generated 84 bytes in 142 msecs (HTTP/1.1 404) 5 headers in 183 bytes (1 switches on core 0)
Nov 28 10:39:40 user devstack@keystone.service[45902]: DEBUG keystone.server.flask.request_processing.middleware.auth_context [None req-aef9f582-4e36-4ac6-8483-c12eb52d0e22 None admin] Authenticating user token {{(pid=45902) process_request /opt/stack/data/venv/lib/python3.10/site-packages/keystonemiddleware/auth_token/__init__.py:406}}
Nov 28 10:39:40 user devstack@keystone.service[45903]: [pid: 45903|app: 0|req: 105/311] 10.0.0.210 () {58 vars in 1277 bytes} [Tue Nov 28 10:39:39 2023] GET /identity/v3/auth/tokens => generated 861 bytes in 312 msecs (HTTP/1.1 200) 6 headers in 358 bytes (1 switches on core 0)
Nov 28 10:39:40 user devstack@keystone.service[45903]: DEBUG keystone.server.flask.request_processing.middleware.auth_context [None req-d1b4867d-4def-49d5-aaac-4ada59778a50 None admin] Authenticating user token {{(pid=45903) process_request /opt/stack/data/venv/lib/python3.10/site-packages/keystonemiddleware/auth_token/__init__.py:406}}
Nov 28 10:39:40 user devstack@keystone.service[45901]: DEBUG keystone.server.flask.request_processing.middleware.auth_context [None req-4053d392-4c32-4d5e-a05c-982409c2bd90 None admin] Validating token access rules against request {{(pid=45901) validate_allowed_request /opt/stack/data/venv/lib/python3.10/site-packages/keystonemiddleware/auth_token/__init__.py:544}}
Nov 28 10:39:40 user devstack@keystone.service[45901]: DEBUG keystone.server.flask.request_processing.middleware.auth_context [None req-b1f3bd20-f42d-40d3-85aa-16efcbd14596 None admin] RBAC: auth_context: {'token': , 'domain_id': None, 'trust_id': None, 'trustor_id': None, 'trustee_id': None, 'domain_name': None, 'group_ids': [], 'user_id': '4d006bc49130491f9a6754895c14cca9', 'user_domain_id': 'default', 'system_scope': 'all', 'project_id': None, 'project_domain_id': None, 'roles': ['admin', 'manager', 'member', 'reader'], 'is_admin_project': True, 'service_user_id': None, 'service_user_domain_id': None, 'service_project_id': None, 'service_project_domain_id': None, 'service_roles': []} {{(pid=45901) fill_context /opt/stack/keystone/keystone/server/flask/request_processing/middleware/auth_context.py:480}}
Nov 28 10:39:40 user devstack@keystone.service[45901]: DEBUG keystone.server.flask.request_processing.req_logging [None req-b1f3bd20-f42d-40d3-85aa-16efcbd14596 None admin] REQUEST_METHOD: `GET` {{(pid=45901) log_request_info /opt/stack/keystone/keystone/server/flask/request_processing/req_logging.py:27}}
Nov 28 10:39:40 user devstack@keystone.service[45901]: DEBUG keystone.server.flask.request_processing.req_logging [None req-b1f3bd20-f42d-40d3-85aa-16efcbd14596 None admin] SCRIPT_NAME: `/identity` {{(pid=45901) log_request_info /opt/stack/keystone/keystone/server/flask/request_processing/req_logging.py:28}}
Nov 28 10:39:40 user devstack@keystone.service[45901]: DEBUG keystone.server.flask.request_processing.req_logging [None req-b1f3bd20-f42d-40d3-85aa-16efcbd14596 None admin] PATH_INFO: `/v3/roles` {{(pid=45901) log_request_info /opt/stack/keystone/keystone/server/flask/request_processing/req_logging.py:29}}
Nov 28 10:39:40 user devstack@keystone.service[45901]: DEBUG keystone.common.rbac_enforcer.enforcer [None req-b1f3bd20-f42d-40d3-85aa-16efcbd14596 None admin] RBAC: Adding query filter params (name=anotherrole) {{(pid=45901) _extract_filter_values /opt/stack/keystone/keystone/common/rbac_enforcer/enforcer.py:167}}
Nov 28 10:39:40 user devstack@keystone.service[45901]: DEBUG keystone.common.rbac_enforcer.enforcer [None req-b1f3bd20-f42d-40d3-85aa-16efcbd14596 None admin] RBAC: Authorizing `identity:list_roles()` {{(pid=45901) enforce_call /opt/stack/keystone/keystone/common/rbac_enforcer/enforcer.py:449}}
Nov 28 10:39:40 user devstack@keystone.service[45901]: DEBUG keystone.common.rbac_enforcer.enforcer [None req-b1f3bd20-f42d-40d3-85aa-16efcbd14596 None admin] RBAC: Authorization granted {{(pid=45901) enforce_call /opt/stack/keystone/keystone/common/rbac_enforcer/enforcer.py:457}}
Nov 28 10:39:40 user devstack@keystone.service[45901]: [pid: 45901|app: 0|req: 104/312] 10.0.0.210 () {56 vars in 1106 bytes} [Tue Nov 28 10:39:40 2023] GET /identity/v3/roles?name=anotherrole => generated 332 bytes in 142 msecs (HTTP/1.1 200) 5 headers in 177 bytes (1 switches on core 0)
Nov 28 10:39:40 user devstack@keystone.service[45901]: DEBUG keystone.server.flask.request_processing.middleware.auth_context [None req-b1f3bd20-f42d-40d3-85aa-16efcbd14596 None admin] Authenticating user token {{(pid=45901) process_request /opt/stack/data/venv/lib/python3.10/site-packages/keystonemiddleware/auth_token/__init__.py:406}}
Nov 28 10:39:40 user devstack@keystone.service[45902]: DEBUG keystone.server.flask.request_processing.middleware.auth_context [None req-aef9f582-4e36-4ac6-8483-c12eb52d0e22 None admin] Validating token access rules against request {{(pid=45902) validate_allowed_request /opt/stack/data/venv/lib/python3.10/site-packages/keystonemiddleware/auth_token/__init__.py:544}}
Nov 28 10:39:40 user devstack@keystone.service[45903]: DEBUG keystone.server.flask.request_processing.middleware.auth_context [None req-d1b4867d-4def-49d5-aaac-4ada59778a50 None admin] Validating token access rules against request {{(pid=45903) validate_allowed_request /opt/stack/data/venv/lib/python3.10/site-packages/keystonemiddleware/auth_token/__init__.py:544}}
Nov 28 10:39:40 user devstack@keystone.service[45902]: DEBUG keystone.server.flask.request_processing.middleware.auth_context [None req-d43796e3-75f5-47f1-b84a-0c00b49d1cd0 None admin] RBAC: auth_context: {'token': , 'domain_id': None, 'trust_id': None, 'trustor_id': None, 'trustee_id': None, 'domain_name': None, 'group_ids': [], 'user_id': '4d006bc49130491f9a6754895c14cca9', 'user_domain_id': 'default', 'system_scope': 'all', 'project_id': None, 'project_domain_id': None, 'roles': ['admin', 'manager', 'member', 'reader'], 'is_admin_project': True, 'service_user_id': None, 'service_user_domain_id': None, 'service_project_id': None, 'service_project_domain_id': None, 'service_roles': []} {{(pid=45902) fill_context /opt/stack/keystone/keystone/server/flask/request_processing/middleware/auth_context.py:480}}
Nov 28 10:39:40 user devstack@keystone.service[45902]: DEBUG keystone.server.flask.request_processing.req_logging [None req-d43796e3-75f5-47f1-b84a-0c00b49d1cd0 None admin] REQUEST_METHOD: `GET` {{(pid=45902) log_request_info /opt/stack/keystone/keystone/server/flask/request_processing/req_logging.py:27}}
Nov 28 10:39:40 user devstack@keystone.service[45902]: DEBUG keystone.server.flask.request_processing.req_logging [None req-d43796e3-75f5-47f1-b84a-0c00b49d1cd0 None admin] SCRIPT_NAME: `/identity` {{(pid=45902) log_request_info /opt/stack/keystone/keystone/server/flask/request_processing/req_logging.py:28}}
Nov 28 10:39:40 user devstack@keystone.service[45902]: DEBUG keystone.server.flask.request_processing.req_logging [None req-d43796e3-75f5-47f1-b84a-0c00b49d1cd0 None admin] PATH_INFO: `/v3/roles/anotherrole` {{(pid=45902) log_request_info /opt/stack/keystone/keystone/server/flask/request_processing/req_logging.py:29}}
Nov 28 10:39:40 user devstack@keystone.service[45902]: DEBUG keystone.common.rbac_enforcer.enforcer [None req-d43796e3-75f5-47f1-b84a-0c00b49d1cd0 None admin] Extracting inferred target data resulted in "NOT FOUND (404)". {{(pid=45902) enforce_call /opt/stack/keystone/keystone/common/rbac_enforcer/enforcer.py:409}}
Nov 28 10:39:40 user devstack@keystone.service[45902]: ERROR keystone.server.flask.application [None req-d43796e3-75f5-47f1-b84a-0c00b49d1cd0 None admin] Could not find role: anotherrole.: keystone.exception.RoleNotFound: Could not find role: anotherrole.
Nov 28 10:39:40 user devstack@keystone.service[45902]: ERROR keystone.server.flask.application
Traceback (most recent call last):
Nov 28 10:39:40 user devstack@keystone.service[45902]: ERROR keystone.server.flask.application
File "/opt/stack/data/venv/lib/python3.10/site-packages/flask/app.py", line 1823, in full_dispatch_request
Nov 28 10:39:40 user devstack@keystone.service[45902]: ERROR keystone.server.flask.application rv = self.dispatch_request()
Nov 28 10:39:40 user devstack@keystone.service[45902]: ERROR keystone.server.flask.application
File "/opt/stack/data/venv/lib/python3.10/site-packages/flask/app.py", line 1799, in dispatch_request
Nov 28 10:39:40 user devstack@keystone.service[45902]: ERROR keystone.server.flask.application return self.ensure_sync(self.view_functions[rule.endpoint])(**view_args)
Nov 28 10:39:40 user devstack@keystone.service[45902]: ERROR keystone.server.flask.application
File "/opt/stack/data/venv/lib/python3.10/site-packages/flask_restful/__init__.py", line 489, in wrapper
Nov 28 10:39:40 user devstack@keystone.service[45902]: ERROR keystone.server.flask.application resp = resource(*args, **kwargs)
Nov 28 10:39:40 user devstack@keystone.service[45902]: ERROR keystone.server.flask.application
File "/opt/stack/data/venv/lib/python3.10/site-packages/flask/views.py", line 107, in view
Nov 28 10:39:40 user devstack@keystone.service[45902]: ERROR keystone.server.flask.application return current_app.ensure_sync(self.dispatch_request)(**kwargs)
Nov 28 10:39:40 user devstack@keystone.service[45902]: ERROR keystone.server.flask.application
File "/opt/stack/data/venv/lib/python3.10/site-packages/flask_restful/__init__.py", line 604, in dispatch_request
Nov 28 10:39:40 user devstack@keystone.service[45902]: ERROR keystone.server.flask.application resp = meth(*args, **kwargs)
Nov 28 10:39:40 user devstack@keystone.service[45902]: ERROR keystone.server.flask.application
File "/opt/stack/keystone/keystone/api/roles.py", line 50, in get
Nov 28 10:39:40 user devstack@keystone.service[45902]: ERROR keystone.server.flask.application return self._get_role(role_id)
Nov 28 10:39:40 user devstack@keystone.service[45902]: ERROR keystone.server.flask.application
File "/opt/stack/keystone/keystone/api/roles.py", line 70, in _get_role
Nov 28 10:39:40 user devstack@keystone.service[45902]: ERROR keystone.server.flask.application ENFORCER.enforce_call(action='identity:get_role')
Nov 28 10:39:40 user devstack@keystone.service[45902]: ERROR keystone.server.flask.application
File "/opt/stack/keystone/keystone/common/rbac_enforcer/enforcer.py", line 402, in enforce_call
Nov 28 10:39:40 user devstack@keystone.service[45902]: ERROR keystone.server.flask.application policy_dict.update(cls._extract_member_target_data(
Nov 28 10:39:40 user devstack@keystone.service[45902]: ERROR keystone.server.flask.application
File "/opt/stack/keystone/keystone/common/rbac_enforcer/enforcer.py", line 234, in _extract_member_target_data
Nov 28 10:39:40 user devstack@keystone.service[45902]: ERROR keystone.server.flask.application member_name: func(flask.request.view_args[key])
Nov 28 10:39:40 user devstack@keystone.service[45902]: ERROR keystone.server.flask.application
File "/opt/stack/keystone/keystone/common/manager.py", line 115, in wrapped
Nov 28 10:39:40 user devstack@keystone.service[45902]: ERROR keystone.server.flask.application __ret_val = __f(*args, **kwargs)
Nov 28 10:39:40 user devstack@keystone.service[45902]: ERROR keystone.server.flask.application
File "/opt/stack/data/venv/lib/python3.10/site-packages/decorator.py", line 232, in fun
Nov 28 10:39:40 user devstack@keystone.service[45902]: ERROR keystone.server.flask.application return caller(func, *(extras + args), **kw)
Nov 28 10:39:40 user devstack@keystone.service[45902]: ERROR keystone.server.flask.application
File "/opt/stack/data/venv/lib/python3.10/site-packages/dogpile/cache/region.py", line 1594, in get_or_create_for_user_func
Nov 28 10:39:40 user devstack@keystone.service[45902]: ERROR keystone.server.flask.application return self.get_or_create(
Nov 28 10:39:40 user devstack@keystone.service[45902]: ERROR keystone.server.flask.application
File "/opt/stack/data/venv/lib/python3.10/site-packages/dogpile/cache/region.py", line 1054, in get_or_create
Nov 28 10:39:40 user devstack@keystone.service[45902]: ERROR keystone.server.flask.application with Lock(
Nov 28 10:39:40 user devstack@keystone.service[45902]: ERROR keystone.server.flask.application
File "/opt/stack/data/venv/lib/python3.10/site-packages/dogpile/lock.py", line 185, in __enter__
Nov 28 10:39:40 user devstack@keystone.service[45902]: ERROR keystone.server.flask.application return self._enter()
Nov 28 10:39:40 user devstack@keystone.service[45902]: ERROR keystone.server.flask.application
File "/opt/stack/data/venv/lib/python3.10/site-packages/dogpile/lock.py", line 94, in _enter
Nov 28 10:39:40 user devstack@keystone.service[45902]: ERROR keystone.server.flask.application generated = self._enter_create(value, createdtime)
Nov 28 10:39:40 user devstack@keystone.service[45902]: ERROR keystone.server.flask.application
File "/opt/stack/data/venv/lib/python3.10/site-packages/dogpile/lock.py", line 178, in _enter_create
Nov 28 10:39:40 user devstack@keystone.service[45902]: ERROR keystone.server.flask.application return self.creator()
Nov 28 10:39:40 user devstack@keystone.service[45902]: ERROR keystone.server.flask.application
File "/opt/stack/data/venv/lib/python3.10/site-packages/dogpile/cache/region.py", line 1007, in gen_value
Nov 28 10:39:40 user devstack@keystone.service[45902]: ERROR keystone.server.flask.application created_value = creator(
Nov 28 10:39:40 user devstack@keystone.service[45902]: ERROR keystone.server.flask.application
File "/opt/stack/keystone/keystone/assignment/core.py", line 1276, in get_role
Nov 28 10:39:40 user devstack@keystone.service[45902]: ERROR keystone.server.flask.application return self.driver.get_role(role_id)
Nov 28 10:39:40 user devstack@keystone.service[45902]: ERROR keystone.server.flask.application
File "/opt/stack/keystone/keystone/assignment/role_backends/sql.py", line 70, in get_role
Nov 28 10:39:40 user devstack@keystone.service[45902]: ERROR keystone.server.flask.application return self._get_role(session, role_id).to_dict()
Nov 28 10:39:40 user devstack@keystone.service[45902]: ERROR keystone.server.flask.application
File "/opt/stack/keystone/keystone/assignment/role_backends/sql.py", line 65, in _get_role
Nov 28 10:39:40 user devstack@keystone.service[45902]: ERROR keystone.server.flask.application raise exception.RoleNotFound(role_id=role_id)
Nov 28 10:39:40 user devstack@keystone.service[45902]: ERROR keystone.server.flask.application keystone.exception.RoleNotFound: Could not find role: anotherrole.
Nov 28 10:39:40 user devstack@keystone.service[45902]: ERROR keystone.server.flask.application
Nov 28 10:39:40 user devstack@keystone.service[45902]: [pid: 45902|app: 0|req: 104/313] 10.0.0.210 () {56 vars in 1109 bytes} [Tue Nov 28 10:39:40 2023] GET /identity/v3/roles/anotherrole => generated 89 bytes in 139 msecs (HTTP/1.1 404) 5 headers in 183 bytes (1 switches on core 0)
Nov 28 10:39:40 user devstack@keystone.service[45902]: DEBUG keystone.server.flask.request_processing.req_logging [None req-a09325c3-5e1a-446d-b2b1-4ade47624115 None None] REQUEST_METHOD: `GET` {{(pid=45902) log_request_info /opt/stack/keystone/keystone/server/flask/request_processing/req_logging.py:27}}
Nov 28 10:39:40 user devstack@keystone.service[45902]: DEBUG keystone.server.flask.request_processing.req_logging [None req-a09325c3-5e1a-446d-b2b1-4ade47624115 None None] SCRIPT_NAME: `/identity` {{(pid=45902) log_request_info /opt/stack/keystone/keystone/server/flask/request_processing/req_logging.py:28}}
Nov 28 10:39:40 user devstack@keystone.service[45902]: DEBUG keystone.server.flask.request_processing.req_logging [None req-a09325c3-5e1a-446d-b2b1-4ade47624115 None None] PATH_INFO: `/` {{(pid=45902) log_request_info /opt/stack/keystone/keystone/server/flask/request_processing/req_logging.py:29}}
Nov 28 10:39:40 user devstack@keystone.service[45902]: [pid: 45902|app: 0|req: 105/314] 10.0.0.210 () {54 vars in 921 bytes} [Tue Nov 28 10:39:40 2023] GET /identity => generated 269 bytes in 2 msecs (HTTP/1.1 300) 6 headers in 233 bytes (1 switches on core 0)
Nov 28 10:39:40 user devstack@keystone.service[45902]: DEBUG keystone.server.flask.request_processing.middleware.auth_context [None req-a09325c3-5e1a-446d-b2b1-4ade47624115 None None] Authenticating user token {{(pid=45902) process_request /opt/stack/data/venv/lib/python3.10/site-packages/keystonemiddleware/auth_token/__init__.py:406}}
Nov 28 10:39:40 user devstack@keystone.service[45903]: DEBUG keystone.server.flask.request_processing.middleware.auth_context [None req-f2214008-7870-4b56-97c2-84843fbe1eed None admin] RBAC: auth_context: {'token': , 'domain_id': None, 'trust_id': None, 'trustor_id': None, 'trustee_id': None, 'domain_name': None, 'group_ids': [], 'user_id': '4d006bc49130491f9a6754895c14cca9', 'user_domain_id': 'default', 'system_scope': 'all', 'project_id': None, 'project_domain_id': None, 'roles': ['admin', 'manager', 'member', 'reader'], 'is_admin_project': True, 'service_user_id': None, 'service_user_domain_id': None, 'service_project_id': None, 'service_project_domain_id': None, 'service_roles': []} {{(pid=45903) fill_context /opt/stack/keystone/keystone/server/flask/request_processing/middleware/auth_context.py:480}}
Nov 28 10:39:40 user devstack@keystone.service[45903]: DEBUG keystone.server.flask.request_processing.req_logging [None req-f2214008-7870-4b56-97c2-84843fbe1eed None admin] REQUEST_METHOD: `GET` {{(pid=45903) log_request_info /opt/stack/keystone/keystone/server/flask/request_processing/req_logging.py:27}}
Nov 28 10:39:40 user devstack@keystone.service[45903]: DEBUG keystone.server.flask.request_processing.req_logging [None req-f2214008-7870-4b56-97c2-84843fbe1eed None admin] SCRIPT_NAME: `/identity` {{(pid=45903) log_request_info /opt/stack/keystone/keystone/server/flask/request_processing/req_logging.py:28}}
Nov 28 10:39:40 user devstack@keystone.service[45903]: DEBUG keystone.server.flask.request_processing.req_logging [None req-f2214008-7870-4b56-97c2-84843fbe1eed None admin] PATH_INFO: `/v3/roles` {{(pid=45903) log_request_info /opt/stack/keystone/keystone/server/flask/request_processing/req_logging.py:29}}
Nov 28 10:39:40 user devstack@keystone.service[45903]: DEBUG keystone.common.rbac_enforcer.enforcer [None req-f2214008-7870-4b56-97c2-84843fbe1eed None admin] RBAC: Adding query filter params (name=member) {{(pid=45903) _extract_filter_values /opt/stack/keystone/keystone/common/rbac_enforcer/enforcer.py:167}}
Nov 28 10:39:40 user devstack@keystone.service[45903]: DEBUG keystone.common.rbac_enforcer.enforcer [None req-f2214008-7870-4b56-97c2-84843fbe1eed None admin] RBAC: Authorizing `identity:list_roles()` {{(pid=45903) enforce_call /opt/stack/keystone/keystone/common/rbac_enforcer/enforcer.py:449}}
Nov 28 10:39:40 user devstack@keystone.service[45903]: DEBUG keystone.common.rbac_enforcer.enforcer [None req-f2214008-7870-4b56-97c2-84843fbe1eed None admin] RBAC: Authorization granted {{(pid=45903) enforce_call /opt/stack/keystone/keystone/common/rbac_enforcer/enforcer.py:457}}
Nov 28 10:39:40 user devstack@keystone.service[45903]: [pid: 45903|app: 0|req: 106/315] 10.0.0.210 () {56 vars in 1096 bytes} [Tue Nov 28 10:39:40 2023] GET /identity/v3/roles?name=member => generated 339 bytes in 158 msecs (HTTP/1.1 200) 5 headers in 177 bytes (1 switches on core 0)
Nov 28 10:39:40 user devstack@keystone.service[45903]: DEBUG keystone.server.flask.request_processing.middleware.auth_context [None req-f2214008-7870-4b56-97c2-84843fbe1eed None admin] Authenticating user token {{(pid=45903) process_request /opt/stack/data/venv/lib/python3.10/site-packages/keystonemiddleware/auth_token/__init__.py:406}}
Nov 28 10:39:40 user devstack@keystone.service[45901]: DEBUG keystone.server.flask.request_processing.middleware.auth_context [None req-b1f3bd20-f42d-40d3-85aa-16efcbd14596 None admin] Validating token access rules against request {{(pid=45901) validate_allowed_request /opt/stack/data/venv/lib/python3.10/site-packages/keystonemiddleware/auth_token/__init__.py:544}}
Nov 28 10:39:40 user devstack@keystone.service[45901]: DEBUG keystone.server.flask.request_processing.middleware.auth_context [None req-c4f73f56-9220-48bf-a2d7-77e63badc897 None admin] RBAC: auth_context: {'token': , 'domain_id': None, 'trust_id': None, 'trustor_id': None, 'trustee_id': None, 'domain_name': None, 'group_ids': [], 'user_id': '4d006bc49130491f9a6754895c14cca9', 'user_domain_id': 'default', 'system_scope': 'all', 'project_id': None, 'project_domain_id': None, 'roles': ['admin', 'manager', 'member', 'reader'], 'is_admin_project': True, 'service_user_id': None, 'service_user_domain_id': None, 'service_project_id': None, 'service_project_domain_id': None, 'service_roles': []} {{(pid=45901) fill_context /opt/stack/keystone/keystone/server/flask/request_processing/middleware/auth_context.py:480}}
Nov 28 10:39:40 user devstack@keystone.service[45901]: DEBUG keystone.server.flask.request_processing.req_logging [None req-c4f73f56-9220-48bf-a2d7-77e63badc897 None admin] REQUEST_METHOD: `GET` {{(pid=45901) log_request_info /opt/stack/keystone/keystone/server/flask/request_processing/req_logging.py:27}}
Nov 28 10:39:40 user devstack@keystone.service[45901]: DEBUG keystone.server.flask.request_processing.req_logging [None req-c4f73f56-9220-48bf-a2d7-77e63badc897 None admin] SCRIPT_NAME: `/identity` {{(pid=45901) log_request_info /opt/stack/keystone/keystone/server/flask/request_processing/req_logging.py:28}}
Nov 28 10:39:40 user devstack@keystone.service[45901]: DEBUG keystone.server.flask.request_processing.req_logging [None req-c4f73f56-9220-48bf-a2d7-77e63badc897 None admin] PATH_INFO: `/v3/projects/3e49207f49c5479c8452a809e32c56f4` {{(pid=45901) log_request_info /opt/stack/keystone/keystone/server/flask/request_processing/req_logging.py:29}}
Nov 28 10:39:40 user devstack@keystone.service[45901]: DEBUG keystone.common.rbac_enforcer.enforcer [None req-c4f73f56-9220-48bf-a2d7-77e63badc897 None admin] RBAC: Authorizing `identity:get_project(project_id=3e49207f49c5479c8452a809e32c56f4)` {{(pid=45901) enforce_call /opt/stack/keystone/keystone/common/rbac_enforcer/enforcer.py:449}}
Nov 28 10:39:40 user devstack@keystone.service[45901]: DEBUG keystone.common.rbac_enforcer.enforcer [None req-c4f73f56-9220-48bf-a2d7-77e63badc897 None admin] RBAC: Authorization granted {{(pid=45901) enforce_call /opt/stack/keystone/keystone/common/rbac_enforcer/enforcer.py:457}}
Nov 28 10:39:40 user devstack@keystone.service[45901]: [pid: 45901|app: 0|req: 105/316] 10.0.0.210 () {56 vars in 1181 bytes} [Tue Nov 28 10:39:40 2023] GET /identity/v3/projects/3e49207f49c5479c8452a809e32c56f4 => generated 297 bytes in 154 msecs (HTTP/1.1 200) 5 headers in 177 bytes (1 switches on core 0)
Nov 28 10:39:40 user devstack@keystone.service[45901]: DEBUG keystone.server.flask.request_processing.req_logging [None req-31f96cd3-fa1c-4931-8306-25cca14f34ec None None] REQUEST_METHOD: `POST` {{(pid=45901) log_request_info /opt/stack/keystone/keystone/server/flask/request_processing/req_logging.py:27}}
Nov 28 10:39:40 user devstack@keystone.service[45901]: DEBUG keystone.server.flask.request_processing.req_logging [None req-31f96cd3-fa1c-4931-8306-25cca14f34ec None None] SCRIPT_NAME: `/identity` {{(pid=45901) log_request_info /opt/stack/keystone/keystone/server/flask/request_processing/req_logging.py:28}}
Nov 28 10:39:40 user devstack@keystone.service[45901]: DEBUG keystone.server.flask.request_processing.req_logging [None req-31f96cd3-fa1c-4931-8306-25cca14f34ec None None] PATH_INFO: `/v3/auth/tokens` {{(pid=45901) log_request_info /opt/stack/keystone/keystone/server/flask/request_processing/req_logging.py:29}}
Nov 28 10:39:40 user devstack@keystone.service[45902]: DEBUG keystone.server.flask.request_processing.middleware.auth_context [None req-a09325c3-5e1a-446d-b2b1-4ade47624115 None None] Validating token access rules against request {{(pid=45902) validate_allowed_request /opt/stack/data/venv/lib/python3.10/site-packages/keystonemiddleware/auth_token/__init__.py:544}}
Nov 28 10:39:40 user devstack@keystone.service[45901]: WARNING keystone.common.password_hashing [None req-31f96cd3-fa1c-4931-8306-25cca14f34ec None None] Truncating password to algorithm specific maximum length 72 characters.
Nov 28 10:39:40 user devstack@keystone.service[45901]: DEBUG keystone.auth.core [None req-31f96cd3-fa1c-4931-8306-25cca14f34ec None None] MFA Rules not processed for user `4d006bc49130491f9a6754895c14cca9`. Rule list: `[]` (Enabled: `True`). {{(pid=45901) check_auth_methods_against_rules /opt/stack/keystone/keystone/auth/core.py:438}}
Nov 28 10:39:40 user devstack@keystone.service[45901]: DEBUG keystone.common.fernet_utils [None req-31f96cd3-fa1c-4931-8306-25cca14f34ec None None] Loaded 2 Fernet keys from /etc/keystone/fernet-keys/, but `[fernet_tokens] max_active_keys = 3`; perhaps there have not been enough key rotations to reach `max_active_keys` yet? {{(pid=45901) load_keys /opt/stack/keystone/keystone/common/fernet_utils.py:286}}
Nov 28 10:39:40 user devstack@keystone.service[45903]: DEBUG keystone.server.flask.request_processing.middleware.auth_context [None req-f2214008-7870-4b56-97c2-84843fbe1eed None admin] Validating token access rules against request {{(pid=45903) validate_allowed_request /opt/stack/data/venv/lib/python3.10/site-packages/keystonemiddleware/auth_token/__init__.py:544}}
Nov 28 10:39:40 user devstack@keystone.service[45902]: DEBUG keystone.server.flask.request_processing.middleware.auth_context [None req-999b21b7-7d1a-4c43-aea9-e0a736db4ffc None admin] RBAC: auth_context: {'token': , 'domain_id': None, 'trust_id': None, 'trustor_id': None, 'trustee_id': None, 'domain_name': None, 'group_ids': [], 'user_id': '4d006bc49130491f9a6754895c14cca9', 'user_domain_id': 'default', 'system_scope': 'all', 'project_id': None, 'project_domain_id': None, 'roles': ['admin', 'manager', 'member', 'reader'], 'is_admin_project': True, 'service_user_id': None, 'service_user_domain_id': None, 'service_project_id': None, 'service_project_domain_id': None, 'service_roles': []} {{(pid=45902) fill_context /opt/stack/keystone/keystone/server/flask/request_processing/middleware/auth_context.py:480}}
Nov 28 10:39:40 user devstack@keystone.service[45902]: DEBUG keystone.server.flask.request_processing.req_logging [None req-999b21b7-7d1a-4c43-aea9-e0a736db4ffc None admin] REQUEST_METHOD: `GET` {{(pid=45902) log_request_info /opt/stack/keystone/keystone/server/flask/request_processing/req_logging.py:27}}
Nov 28 10:39:40 user devstack@keystone.service[45902]: DEBUG keystone.server.flask.request_processing.req_logging [None req-999b21b7-7d1a-4c43-aea9-e0a736db4ffc None admin] SCRIPT_NAME: `/identity` {{(pid=45902) log_request_info /opt/stack/keystone/keystone/server/flask/request_processing/req_logging.py:28}}
Nov 28 10:39:40 user devstack@keystone.service[45902]: DEBUG keystone.server.flask.request_processing.req_logging [None req-999b21b7-7d1a-4c43-aea9-e0a736db4ffc None admin] PATH_INFO: `/v3/auth/tokens` {{(pid=45902) log_request_info /opt/stack/keystone/keystone/server/flask/request_processing/req_logging.py:29}}
Nov 28 10:39:40 user devstack@keystone.service[45903]: DEBUG keystone.server.flask.request_processing.middleware.auth_context [None req-66eff0fb-4513-4f1a-b5b5-7f0ab0b13fdf None admin] RBAC: auth_context: {'token': , 'domain_id': None, 'trust_id': None, 'trustor_id': None, 'trustee_id': None, 'domain_name': None, 'group_ids': [], 'user_id': '4d006bc49130491f9a6754895c14cca9', 'user_domain_id': 'default', 'system_scope': 'all', 'project_id': None, 'project_domain_id': None, 'roles': ['admin', 'manager', 'member', 'reader'], 'is_admin_project': True, 'service_user_id': None, 'service_user_domain_id': None, 'service_project_id': None, 'service_project_domain_id': None, 'service_roles': []} {{(pid=45903) fill_context /opt/stack/keystone/keystone/server/flask/request_processing/middleware/auth_context.py:480}}
Nov 28 10:39:40 user devstack@keystone.service[45903]: DEBUG keystone.server.flask.request_processing.req_logging [None req-66eff0fb-4513-4f1a-b5b5-7f0ab0b13fdf None admin] REQUEST_METHOD: `GET` {{(pid=45903) log_request_info /opt/stack/keystone/keystone/server/flask/request_processing/req_logging.py:27}}
Nov 28 10:39:40 user devstack@keystone.service[45903]: DEBUG keystone.server.flask.request_processing.req_logging [None req-66eff0fb-4513-4f1a-b5b5-7f0ab0b13fdf None admin] SCRIPT_NAME: `/identity` {{(pid=45903) log_request_info /opt/stack/keystone/keystone/server/flask/request_processing/req_logging.py:28}}
Nov 28 10:39:40 user devstack@keystone.service[45903]: DEBUG keystone.server.flask.request_processing.req_logging [None req-66eff0fb-4513-4f1a-b5b5-7f0ab0b13fdf None admin] PATH_INFO: `/v3/roles` {{(pid=45903) log_request_info /opt/stack/keystone/keystone/server/flask/request_processing/req_logging.py:29}}
Nov 28 10:39:40 user devstack@keystone.service[45903]: DEBUG keystone.common.rbac_enforcer.enforcer [None req-66eff0fb-4513-4f1a-b5b5-7f0ab0b13fdf None admin] RBAC: Adding query filter params (name=anotherrole) {{(pid=45903) _extract_filter_values /opt/stack/keystone/keystone/common/rbac_enforcer/enforcer.py:167}}
Nov 28 10:39:40 user devstack@keystone.service[45903]: DEBUG keystone.common.rbac_enforcer.enforcer [None req-66eff0fb-4513-4f1a-b5b5-7f0ab0b13fdf None admin] RBAC: Authorizing `identity:list_roles()` {{(pid=45903) enforce_call /opt/stack/keystone/keystone/common/rbac_enforcer/enforcer.py:449}}
Nov 28 10:39:40 user devstack@keystone.service[45903]: DEBUG keystone.common.rbac_enforcer.enforcer [None req-66eff0fb-4513-4f1a-b5b5-7f0ab0b13fdf None admin] RBAC: Authorization granted {{(pid=45903) enforce_call /opt/stack/keystone/keystone/common/rbac_enforcer/enforcer.py:457}}
Nov 28 10:39:40 user devstack@keystone.service[45903]: [pid: 45903|app: 0|req: 107/317] 10.0.0.210 () {56 vars in 1106 bytes} [Tue Nov 28 10:39:40 2023] GET /identity/v3/roles?name=anotherrole => generated 332 bytes in 136 msecs (HTTP/1.1 200) 5 headers in 177 bytes (1 switches on core 0)
Nov 28 10:39:40 user devstack@keystone.service[45903]: DEBUG keystone.server.flask.request_processing.middleware.auth_context [None req-66eff0fb-4513-4f1a-b5b5-7f0ab0b13fdf None admin] Authenticating user token {{(pid=45903) process_request /opt/stack/data/venv/lib/python3.10/site-packages/keystonemiddleware/auth_token/__init__.py:406}}
Nov 28 10:39:40 user devstack@keystone.service[45901]: [pid: 45901|app: 0|req: 106/318] 10.0.0.210 () {58 vars in 1018 bytes} [Tue Nov 28 10:39:40 2023] POST /identity/v3/auth/tokens => generated 861 bytes in 85 msecs (HTTP/1.1 201) 6 headers in 363 bytes (1 switches on core 0)
Nov 28 10:39:40 user devstack@keystone.service[45901]: DEBUG keystone.server.flask.request_processing.middleware.auth_context [None req-31f96cd3-fa1c-4931-8306-25cca14f34ec None None] Authenticating user token {{(pid=45901) process_request /opt/stack/data/venv/lib/python3.10/site-packages/keystonemiddleware/auth_token/__init__.py:406}}
Nov 28 10:39:40 user devstack@keystone.service[45902]: DEBUG keystone.common.rbac_enforcer.enforcer [None req-999b21b7-7d1a-4c43-aea9-e0a736db4ffc None admin] RBAC: Authorizing `identity:validate_token()` {{(pid=45902) enforce_call /opt/stack/keystone/keystone/common/rbac_enforcer/enforcer.py:449}}
Nov 28 10:39:40 user devstack@keystone.service[45902]: DEBUG keystone.common.rbac_enforcer.enforcer [None req-999b21b7-7d1a-4c43-aea9-e0a736db4ffc None admin] RBAC: Authorization granted {{(pid=45902) enforce_call /opt/stack/keystone/keystone/common/rbac_enforcer/enforcer.py:457}}
Nov 28 10:39:40 user devstack@keystone.service[45903]: DEBUG keystone.server.flask.request_processing.middleware.auth_context [None req-66eff0fb-4513-4f1a-b5b5-7f0ab0b13fdf None admin] Validating token access rules against request {{(pid=45903) validate_allowed_request /opt/stack/data/venv/lib/python3.10/site-packages/keystonemiddleware/auth_token/__init__.py:544}}
Nov 28 10:39:40 user devstack@keystone.service[45901]: DEBUG keystone.server.flask.request_processing.middleware.auth_context [None req-31f96cd3-fa1c-4931-8306-25cca14f34ec None None] Validating token access rules against request {{(pid=45901) validate_allowed_request /opt/stack/data/venv/lib/python3.10/site-packages/keystonemiddleware/auth_token/__init__.py:544}}
Nov 28 10:39:40 user devstack@keystone.service[45902]: [pid: 45902|app: 0|req: 106/319] 10.0.0.210 () {58 vars in 1277 bytes} [Tue Nov 28 10:39:40 2023] GET /identity/v3/auth/tokens => generated 861 bytes in 274 msecs (HTTP/1.1 200) 6 headers in 358 bytes (1 switches on core 0)
Nov 28 10:39:40 user devstack@keystone.service[45902]: DEBUG keystone.server.flask.request_processing.middleware.auth_context [None req-999b21b7-7d1a-4c43-aea9-e0a736db4ffc None admin] Authenticating user token {{(pid=45902) process_request /opt/stack/data/venv/lib/python3.10/site-packages/keystonemiddleware/auth_token/__init__.py:406}}
Nov 28 10:39:40 user devstack@keystone.service[45903]: DEBUG keystone.server.flask.request_processing.middleware.auth_context [None req-ea0b20f1-8591-4353-833f-93cea11bc973 None admin] RBAC: auth_context: {'token': , 'domain_id': None, 'trust_id': None, 'trustor_id': None, 'trustee_id': None, 'domain_name': None, 'group_ids': [], 'user_id': '4d006bc49130491f9a6754895c14cca9', 'user_domain_id': 'default', 'system_scope': 'all', 'project_id': None, 'project_domain_id': None, 'roles': ['admin', 'manager', 'member', 'reader'], 'is_admin_project': True, 'service_user_id': None, 'service_user_domain_id': None, 'service_project_id': None, 'service_project_domain_id': None, 'service_roles': []} {{(pid=45903) fill_context /opt/stack/keystone/keystone/server/flask/request_processing/middleware/auth_context.py:480}}
Nov 28 10:39:40 user devstack@keystone.service[45903]: DEBUG keystone.server.flask.request_processing.req_logging [None req-ea0b20f1-8591-4353-833f-93cea11bc973 None admin] REQUEST_METHOD: `GET` {{(pid=45903) log_request_info /opt/stack/keystone/keystone/server/flask/request_processing/req_logging.py:27}}
Nov 28 10:39:40 user devstack@keystone.service[45903]: DEBUG keystone.server.flask.request_processing.req_logging [None req-ea0b20f1-8591-4353-833f-93cea11bc973 None admin] SCRIPT_NAME: `/identity` {{(pid=45903) log_request_info /opt/stack/keystone/keystone/server/flask/request_processing/req_logging.py:28}}
Nov 28 10:39:40 user devstack@keystone.service[45903]: DEBUG keystone.server.flask.request_processing.req_logging [None req-ea0b20f1-8591-4353-833f-93cea11bc973 None admin] PATH_INFO: `/v3/auth/tokens` {{(pid=45903) log_request_info /opt/stack/keystone/keystone/server/flask/request_processing/req_logging.py:29}}
Nov 28 10:39:40 user devstack@keystone.service[45901]: DEBUG keystone.server.flask.request_processing.middleware.auth_context [None req-8ec23fc6-e272-49d2-a5d2-e5fc5e407a85 None admin] RBAC: auth_context: {'token': , 'domain_id': None, 'trust_id': None, 'trustor_id': None, 'trustee_id': None, 'domain_name': None, 'group_ids': [], 'user_id': '4d006bc49130491f9a6754895c14cca9', 'user_domain_id': 'default', 'system_scope': 'all', 'project_id': None, 'project_domain_id': None, 'roles': ['admin', 'manager', 'member', 'reader'], 'is_admin_project': True, 'service_user_id': None, 'service_user_domain_id': None, 'service_project_id': None, 'service_project_domain_id': None, 'service_roles': []} {{(pid=45901) fill_context /opt/stack/keystone/keystone/server/flask/request_processing/middleware/auth_context.py:480}}
Nov 28 10:39:40 user devstack@keystone.service[45901]: DEBUG keystone.server.flask.request_processing.req_logging [None req-8ec23fc6-e272-49d2-a5d2-e5fc5e407a85 None admin] REQUEST_METHOD: `GET` {{(pid=45901) log_request_info /opt/stack/keystone/keystone/server/flask/request_processing/req_logging.py:27}}
Nov 28 10:39:40 user devstack@keystone.service[45901]: DEBUG keystone.server.flask.request_processing.req_logging [None req-8ec23fc6-e272-49d2-a5d2-e5fc5e407a85 None admin] SCRIPT_NAME: `/identity` {{(pid=45901) log_request_info /opt/stack/keystone/keystone/server/flask/request_processing/req_logging.py:28}}
Nov 28 10:39:40 user devstack@keystone.service[45901]: DEBUG keystone.server.flask.request_processing.req_logging [None req-8ec23fc6-e272-49d2-a5d2-e5fc5e407a85 None admin] PATH_INFO: `/v3/groups/65da87b2651f43bbb94647366018a389` {{(pid=45901) log_request_info /opt/stack/keystone/keystone/server/flask/request_processing/req_logging.py:29}}
Nov 28 10:39:40 user devstack@keystone.service[45901]: DEBUG keystone.common.rbac_enforcer.enforcer [None req-8ec23fc6-e272-49d2-a5d2-e5fc5e407a85 None admin] RBAC: Authorizing `identity:get_group(group_id=65da87b2651f43bbb94647366018a389)` {{(pid=45901) enforce_call /opt/stack/keystone/keystone/common/rbac_enforcer/enforcer.py:449}}
Nov 28 10:39:40 user devstack@keystone.service[45901]: DEBUG keystone.common.rbac_enforcer.enforcer [None req-8ec23fc6-e272-49d2-a5d2-e5fc5e407a85 None admin] RBAC: Authorization granted {{(pid=45901) enforce_call /opt/stack/keystone/keystone/common/rbac_enforcer/enforcer.py:457}}
Nov 28 10:39:40 user devstack@keystone.service[45901]: [pid: 45901|app: 0|req: 107/320] 10.0.0.210 () {56 vars in 1175 bytes} [Tue Nov 28 10:39:40 2023] GET /identity/v3/groups/65da87b2651f43bbb94647366018a389 => generated 225 bytes in 135 msecs (HTTP/1.1 200) 5 headers in 177 bytes (1 switches on core 0)
Nov 28 10:39:40 user devstack@keystone.service[45901]: DEBUG keystone.server.flask.request_processing.middleware.auth_context [None req-8ec23fc6-e272-49d2-a5d2-e5fc5e407a85 None admin] Authenticating user token {{(pid=45901) process_request /opt/stack/data/venv/lib/python3.10/site-packages/keystonemiddleware/auth_token/__init__.py:406}}
Nov 28 10:39:40 user devstack@keystone.service[45902]: DEBUG keystone.server.flask.request_processing.middleware.auth_context [None req-999b21b7-7d1a-4c43-aea9-e0a736db4ffc None admin] Validating token access rules against request {{(pid=45902) validate_allowed_request /opt/stack/data/venv/lib/python3.10/site-packages/keystonemiddleware/auth_token/__init__.py:544}}
Nov 28 10:39:40 user devstack@keystone.service[45903]: DEBUG keystone.common.rbac_enforcer.enforcer [None req-ea0b20f1-8591-4353-833f-93cea11bc973 None admin] RBAC: Authorizing `identity:validate_token()` {{(pid=45903) enforce_call /opt/stack/keystone/keystone/common/rbac_enforcer/enforcer.py:449}}
Nov 28 10:39:40 user devstack@keystone.service[45903]: DEBUG keystone.common.rbac_enforcer.enforcer [None req-ea0b20f1-8591-4353-833f-93cea11bc973 None admin] RBAC: Authorization granted {{(pid=45903) enforce_call /opt/stack/keystone/keystone/common/rbac_enforcer/enforcer.py:457}}
Nov 28 10:39:40 user devstack@keystone.service[45902]: DEBUG keystone.server.flask.request_processing.middleware.auth_context [None req-c4151842-b219-4689-befe-417a6baaf317 None admin] RBAC: auth_context: {'token': , 'domain_id': None, 'trust_id': None, 'trustor_id': None, 'trustee_id': None, 'domain_name': None, 'group_ids': [], 'user_id': '4d006bc49130491f9a6754895c14cca9', 'user_domain_id': 'default', 'system_scope': 'all', 'project_id': None, 'project_domain_id': None, 'roles': ['admin', 'manager', 'member', 'reader'], 'is_admin_project': True, 'service_user_id': None, 'service_user_domain_id': None, 'service_project_id': None, 'service_project_domain_id': None, 'service_roles': []} {{(pid=45902) fill_context /opt/stack/keystone/keystone/server/flask/request_processing/middleware/auth_context.py:480}}
Nov 28 10:39:40 user devstack@keystone.service[45902]: DEBUG keystone.server.flask.request_processing.req_logging [None req-c4151842-b219-4689-befe-417a6baaf317 None admin] REQUEST_METHOD: `GET` {{(pid=45902) log_request_info /opt/stack/keystone/keystone/server/flask/request_processing/req_logging.py:27}}
Nov 28 10:39:40 user devstack@keystone.service[45902]: DEBUG keystone.server.flask.request_processing.req_logging [None req-c4151842-b219-4689-befe-417a6baaf317 None admin] SCRIPT_NAME: `/identity` {{(pid=45902) log_request_info /opt/stack/keystone/keystone/server/flask/request_processing/req_logging.py:28}}
Nov 28 10:39:40 user devstack@keystone.service[45902]: DEBUG keystone.server.flask.request_processing.req_logging [None req-c4151842-b219-4689-befe-417a6baaf317 None admin] PATH_INFO: `/v3/auth/tokens` {{(pid=45902) log_request_info /opt/stack/keystone/keystone/server/flask/request_processing/req_logging.py:29}}
Nov 28 10:39:40 user devstack@keystone.service[45901]: DEBUG keystone.server.flask.request_processing.middleware.auth_context [None req-8ec23fc6-e272-49d2-a5d2-e5fc5e407a85 None admin] Validating token access rules against request {{(pid=45901) validate_allowed_request /opt/stack/data/venv/lib/python3.10/site-packages/keystonemiddleware/auth_token/__init__.py:544}}
Nov 28 10:39:40 user devstack@keystone.service[45901]: DEBUG keystone.server.flask.request_processing.middleware.auth_context [None req-0eaf1b96-0d09-4830-89f1-3c6ef5285fb6 None admin] RBAC: auth_context: {'token': , 'domain_id': None, 'trust_id': None, 'trustor_id': None, 'trustee_id': None, 'domain_name': None, 'group_ids': [], 'user_id': '4d006bc49130491f9a6754895c14cca9', 'user_domain_id': 'default', 'system_scope': 'all', 'project_id': None, 'project_domain_id': None, 'roles': ['admin', 'manager', 'member', 'reader'], 'is_admin_project': True, 'service_user_id': None, 'service_user_domain_id': None, 'service_project_id': None, 'service_project_domain_id': None, 'service_roles': []} {{(pid=45901) fill_context /opt/stack/keystone/keystone/server/flask/request_processing/middleware/auth_context.py:480}}
Nov 28 10:39:40 user devstack@keystone.service[45901]: DEBUG keystone.server.flask.request_processing.req_logging [None req-0eaf1b96-0d09-4830-89f1-3c6ef5285fb6 None admin] REQUEST_METHOD: `GET` {{(pid=45901) log_request_info /opt/stack/keystone/keystone/server/flask/request_processing/req_logging.py:27}}
Nov 28 10:39:40 user devstack@keystone.service[45901]: DEBUG keystone.server.flask.request_processing.req_logging [None req-0eaf1b96-0d09-4830-89f1-3c6ef5285fb6 None admin] SCRIPT_NAME: `/identity` {{(pid=45901) log_request_info /opt/stack/keystone/keystone/server/flask/request_processing/req_logging.py:28}}
Nov 28 10:39:40 user devstack@keystone.service[45901]: DEBUG keystone.server.flask.request_processing.req_logging [None req-0eaf1b96-0d09-4830-89f1-3c6ef5285fb6 None admin] PATH_INFO: `/v3/projects/3e49207f49c5479c8452a809e32c56f4` {{(pid=45901) log_request_info /opt/stack/keystone/keystone/server/flask/request_processing/req_logging.py:29}}
Nov 28 10:39:40 user devstack@keystone.service[45901]: DEBUG keystone.common.rbac_enforcer.enforcer [None req-0eaf1b96-0d09-4830-89f1-3c6ef5285fb6 None admin] RBAC: Authorizing `identity:get_project(project_id=3e49207f49c5479c8452a809e32c56f4)` {{(pid=45901) enforce_call /opt/stack/keystone/keystone/common/rbac_enforcer/enforcer.py:449}}
Nov 28 10:39:40 user devstack@keystone.service[45901]: DEBUG keystone.common.rbac_enforcer.enforcer [None req-0eaf1b96-0d09-4830-89f1-3c6ef5285fb6 None admin] RBAC: Authorization granted {{(pid=45901) enforce_call /opt/stack/keystone/keystone/common/rbac_enforcer/enforcer.py:457}}
Nov 28 10:39:40 user devstack@keystone.service[45901]: [pid: 45901|app: 0|req: 108/321] 10.0.0.210 () {56 vars in 1181 bytes} [Tue Nov 28 10:39:40 2023] GET /identity/v3/projects/3e49207f49c5479c8452a809e32c56f4 => generated 297 bytes in 139 msecs (HTTP/1.1 200) 5 headers in 177 bytes (1 switches on core 0)
Nov 28 10:39:40 user devstack@keystone.service[45901]: DEBUG keystone.server.flask.request_processing.middleware.auth_context [None req-0eaf1b96-0d09-4830-89f1-3c6ef5285fb6 None admin] Authenticating user token {{(pid=45901) process_request /opt/stack/data/venv/lib/python3.10/site-packages/keystonemiddleware/auth_token/__init__.py:406}}
Nov 28 10:39:40 user devstack@keystone.service[45903]: [pid: 45903|app: 0|req: 108/322] 10.0.0.210 () {58 vars in 1277 bytes} [Tue Nov 28 10:39:40 2023] GET /identity/v3/auth/tokens => generated 861 bytes in 295 msecs (HTTP/1.1 200) 6 headers in 358 bytes (1 switches on core 0)
Nov 28 10:39:40 user devstack@keystone.service[45903]: DEBUG keystone.server.flask.request_processing.middleware.auth_context [None req-ea0b20f1-8591-4353-833f-93cea11bc973 None admin] Authenticating user token {{(pid=45903) process_request /opt/stack/data/venv/lib/python3.10/site-packages/keystonemiddleware/auth_token/__init__.py:406}}
Nov 28 10:39:40 user devstack@keystone.service[45902]: DEBUG keystone.common.rbac_enforcer.enforcer [None req-c4151842-b219-4689-befe-417a6baaf317 None admin] RBAC: Authorizing `identity:validate_token()` {{(pid=45902) enforce_call /opt/stack/keystone/keystone/common/rbac_enforcer/enforcer.py:449}}
Nov 28 10:39:40 user devstack@keystone.service[45902]: DEBUG keystone.common.rbac_enforcer.enforcer [None req-c4151842-b219-4689-befe-417a6baaf317 None admin] RBAC: Authorization granted {{(pid=45902) enforce_call /opt/stack/keystone/keystone/common/rbac_enforcer/enforcer.py:457}}
Nov 28 10:39:40 user devstack@keystone.service[45902]: [pid: 45902|app: 0|req: 107/323] 10.0.0.210 () {58 vars in 1277 bytes} [Tue Nov 28 10:39:40 2023] GET /identity/v3/auth/tokens => generated 861 bytes in 271 msecs (HTTP/1.1 200) 6 headers in 358 bytes (1 switches on core 0)
Nov 28 10:39:40 user devstack@keystone.service[45903]: DEBUG keystone.server.flask.request_processing.middleware.auth_context [None req-ea0b20f1-8591-4353-833f-93cea11bc973 None admin] Validating token access rules against request {{(pid=45903) validate_allowed_request /opt/stack/data/venv/lib/python3.10/site-packages/keystonemiddleware/auth_token/__init__.py:544}}
Nov 28 10:39:40 user devstack@keystone.service[45902]: DEBUG keystone.server.flask.request_processing.middleware.auth_context [None req-c4151842-b219-4689-befe-417a6baaf317 None admin] Authenticating user token {{(pid=45902) process_request /opt/stack/data/venv/lib/python3.10/site-packages/keystonemiddleware/auth_token/__init__.py:406}}
Nov 28 10:39:40 user devstack@keystone.service[45901]: DEBUG keystone.server.flask.request_processing.middleware.auth_context [None req-0eaf1b96-0d09-4830-89f1-3c6ef5285fb6 None admin] Validating token access rules against request {{(pid=45901) validate_allowed_request /opt/stack/data/venv/lib/python3.10/site-packages/keystonemiddleware/auth_token/__init__.py:544}}
Nov 28 10:39:40 user devstack@keystone.service[45903]: DEBUG keystone.server.flask.request_processing.middleware.auth_context [None req-620cbbd4-2b8e-4996-9eb7-247512d210ac None admin] RBAC: auth_context: {'token': , 'domain_id': None, 'trust_id': None, 'trustor_id': None, 'trustee_id': None, 'domain_name': None, 'group_ids': [], 'user_id': '4d006bc49130491f9a6754895c14cca9', 'user_domain_id': 'default', 'system_scope': 'all', 'project_id': None, 'project_domain_id': None, 'roles': ['admin', 'manager', 'member', 'reader'], 'is_admin_project': True, 'service_user_id': None, 'service_user_domain_id': None, 'service_project_id': None, 'service_project_domain_id': None, 'service_roles': []} {{(pid=45903) fill_context /opt/stack/keystone/keystone/server/flask/request_processing/middleware/auth_context.py:480}}
Nov 28 10:39:40 user devstack@keystone.service[45903]: DEBUG keystone.server.flask.request_processing.req_logging [None req-620cbbd4-2b8e-4996-9eb7-247512d210ac None admin] REQUEST_METHOD: `GET` {{(pid=45903) log_request_info /opt/stack/keystone/keystone/server/flask/request_processing/req_logging.py:27}}
Nov 28 10:39:40 user devstack@keystone.service[45903]: DEBUG keystone.server.flask.request_processing.req_logging [None req-620cbbd4-2b8e-4996-9eb7-247512d210ac None admin] SCRIPT_NAME: `/identity` {{(pid=45903) log_request_info /opt/stack/keystone/keystone/server/flask/request_processing/req_logging.py:28}}
Nov 28 10:39:40 user devstack@keystone.service[45903]: DEBUG keystone.server.flask.request_processing.req_logging [None req-620cbbd4-2b8e-4996-9eb7-247512d210ac None admin] PATH_INFO: `/v3/roles/admin` {{(pid=45903) log_request_info /opt/stack/keystone/keystone/server/flask/request_processing/req_logging.py:29}}
