Nov 09 00:37:31 user devstack@c-api.service[75278]: DEBUG cinder.api.openstack.wsgi [None req-8da2642c-77ff-4664-8be7-cc812940ad54 tempest-BackendsCapabilitiesAdminTestsJSON-2142764854 tempest-BackendsCapabilitiesAdminTestsJSON-2142764854-project-admin] Empty body provided in request {{(pid=75278) get_body /opt/stack/cinder/cinder/api/openstack/wsgi.py:715}}
Nov 09 00:37:31 user devstack@c-api.service[75278]: DEBUG cinder.api.openstack.wsgi [None req-8da2642c-77ff-4664-8be7-cc812940ad54 tempest-BackendsCapabilitiesAdminTestsJSON-2142764854 tempest-BackendsCapabilitiesAdminTestsJSON-2142764854-project-admin] Calling method 'get_pools' {{(pid=75278) _process_stack /opt/stack/cinder/cinder/api/openstack/wsgi.py:868}}
Nov 09 00:37:31 user devstack@c-api.service[75278]: /opt/stack/data/venv/lib/python3.10/site-packages/oslo_context/context.py:100: DeprecationWarning: Policy enforcement is depending on the value of is_admin. This key is deprecated. Please update your policy file to use the standard policy values.
Nov 09 00:37:31 user devstack@c-api.service[75278]: warnings.warn('Policy enforcement is depending on the value of '
Nov 09 00:37:31 user devstack@c-api.service[75279]: INFO cinder.api.openstack.wsgi [None req-07e4c16e-6938-4726-989e-cd07626c4683 tempest-QosSpecsTestJSON-825529135 tempest-QosSpecsTestJSON-825529135-project-admin] http://10.0.0.210/volume/v3/a62ffa2e7fa14803a67e9bce3a1589ac/types/09b13e4c-e949-4a5d-851f-30f8b9de937b returned with HTTP 202
Nov 09 00:37:31 user devstack@c-api.service[75279]: [pid: 75279|app: 0|req: 15/29] 10.0.0.210 () {62 vars in 1399 bytes} [Thu Nov 9 00:37:30 2023] DELETE /volume/v3/a62ffa2e7fa14803a67e9bce3a1589ac/types/09b13e4c-e949-4a5d-851f-30f8b9de937b => generated 0 bytes in 75 msecs (HTTP/1.1 202) 6 headers in 233 bytes (1 switches on core 0)
Nov 09 00:37:31 user devstack@c-api.service[75277]: DEBUG cinder.api.middleware.request_id [None req-c40a41d6-8449-4965-aad7-ecfb65cd9c33 None None] RequestId filter calling following filter/app {{(pid=75277) _context_setter /opt/stack/cinder/cinder/api/middleware/request_id.py:62}}
Nov 09 00:37:31 user devstack@c-api.service[75277]: INFO cinder.api.openstack.wsgi [None req-c40a41d6-8449-4965-aad7-ecfb65cd9c33 tempest-QosSpecsTestJSON-825529135 tempest-QosSpecsTestJSON-825529135-project-admin] GET http://10.0.0.210/volume/v3/a62ffa2e7fa14803a67e9bce3a1589ac/types/09b13e4c-e949-4a5d-851f-30f8b9de937b
Nov 09 00:37:31 user devstack@c-api.service[75277]: DEBUG cinder.api.openstack.wsgi [None req-c40a41d6-8449-4965-aad7-ecfb65cd9c33 tempest-QosSpecsTestJSON-825529135 tempest-QosSpecsTestJSON-825529135-project-admin] Empty body provided in request {{(pid=75277) get_body /opt/stack/cinder/cinder/api/openstack/wsgi.py:715}}
Nov 09 00:37:31 user devstack@c-api.service[75277]: DEBUG cinder.api.openstack.wsgi [None req-c40a41d6-8449-4965-aad7-ecfb65cd9c33 tempest-QosSpecsTestJSON-825529135 tempest-QosSpecsTestJSON-825529135-project-admin] Calling method 'show' {{(pid=75277) _process_stack /opt/stack/cinder/cinder/api/openstack/wsgi.py:868}}
Nov 09 00:37:31 user devstack@c-api.service[75278]: INFO cinder.api.openstack.wsgi [None req-8da2642c-77ff-4664-8be7-cc812940ad54 tempest-BackendsCapabilitiesAdminTestsJSON-2142764854 tempest-BackendsCapabilitiesAdminTestsJSON-2142764854-project-admin] http://10.0.0.210/volume/v3/303ade70ca034a57b3ab45fa04302dc5/scheduler-stats/get_pools?detail=True returned with HTTP 200
Nov 09 00:37:31 user devstack@c-api.service[75278]: [pid: 75278|app: 0|req: 12/30] 10.0.0.210 () {62 vars in 1368 bytes} [Thu Nov 9 00:37:31 2023] GET /volume/v3/303ade70ca034a57b3ab45fa04302dc5/scheduler-stats/get_pools?detail=True => generated 509 bytes in 56 msecs (HTTP/1.1 200) 7 headers in 285 bytes (1 switches on core 0)
Nov 09 00:37:31 user devstack@c-api.service[75277]: DEBUG oslo_db.sqlalchemy.engines [None req-c40a41d6-8449-4965-aad7-ecfb65cd9c33 tempest-QosSpecsTestJSON-825529135 tempest-QosSpecsTestJSON-825529135-project-admin] MySQL server mode set to STRICT_TRANS_TABLES,STRICT_ALL_TABLES,NO_ZERO_IN_DATE,NO_ZERO_DATE,ERROR_FOR_DIVISION_BY_ZERO,TRADITIONAL,NO_ENGINE_SUBSTITUTION {{(pid=75277) _check_effective_sql_mode /opt/stack/data/venv/lib/python3.10/site-packages/oslo_db/sqlalchemy/engines.py:342}}
Nov 09 00:37:31 user devstack@c-api.service[75279]: DEBUG cinder.api.middleware.request_id [None req-dc6376c2-2968-45d0-9ef1-cd66a66369fe None None] RequestId filter calling following filter/app {{(pid=75279) _context_setter /opt/stack/cinder/cinder/api/middleware/request_id.py:62}}
Nov 09 00:37:31 user devstack@c-api.service[75279]: INFO cinder.api.openstack.wsgi [None req-dc6376c2-2968-45d0-9ef1-cd66a66369fe tempest-BackendsCapabilitiesAdminTestsJSON-2142764854 tempest-BackendsCapabilitiesAdminTestsJSON-2142764854-project-admin] GET http://10.0.0.210/volume/v3/303ade70ca034a57b3ab45fa04302dc5/capabilities/user@joviandss-2
Nov 09 00:37:31 user devstack@c-api.service[75279]: DEBUG cinder.api.openstack.wsgi [None req-dc6376c2-2968-45d0-9ef1-cd66a66369fe tempest-BackendsCapabilitiesAdminTestsJSON-2142764854 tempest-BackendsCapabilitiesAdminTestsJSON-2142764854-project-admin] Empty body provided in request {{(pid=75279) get_body /opt/stack/cinder/cinder/api/openstack/wsgi.py:715}}
Nov 09 00:37:31 user devstack@c-api.service[75279]: DEBUG cinder.api.openstack.wsgi [None req-dc6376c2-2968-45d0-9ef1-cd66a66369fe tempest-BackendsCapabilitiesAdminTestsJSON-2142764854 tempest-BackendsCapabilitiesAdminTestsJSON-2142764854-project-admin] Calling method 'show' {{(pid=75279) _process_stack /opt/stack/cinder/cinder/api/openstack/wsgi.py:868}}
Nov 09 00:37:31 user devstack@c-api.service[75277]: INFO cinder.api.openstack.wsgi [None req-c40a41d6-8449-4965-aad7-ecfb65cd9c33 tempest-QosSpecsTestJSON-825529135 tempest-QosSpecsTestJSON-825529135-project-admin] http://10.0.0.210/volume/v3/a62ffa2e7fa14803a67e9bce3a1589ac/types/09b13e4c-e949-4a5d-851f-30f8b9de937b returned with HTTP 404
Nov 09 00:37:31 user devstack@c-api.service[75277]: [pid: 75277|app: 0|req: 4/31] 10.0.0.210 () {62 vars in 1396 bytes} [Thu Nov 9 00:37:31 2023] GET /volume/v3/a62ffa2e7fa14803a67e9bce3a1589ac/types/09b13e4c-e949-4a5d-851f-30f8b9de937b => generated 114 bytes in 80 msecs (HTTP/1.1 404) 7 headers in 292 bytes (1 switches on core 0)
Nov 09 00:37:31 user devstack@c-api.service[75278]: DEBUG cinder.api.middleware.request_id [None req-bb8fa65a-3a7f-4e26-9629-528bcdc4243f None None] RequestId filter calling following filter/app {{(pid=75278) _context_setter /opt/stack/cinder/cinder/api/middleware/request_id.py:62}}
Nov 09 00:37:31 user devstack@c-api.service[75278]: INFO cinder.api.openstack.wsgi [None req-bb8fa65a-3a7f-4e26-9629-528bcdc4243f tempest-QosSpecsTestJSON-825529135 tempest-QosSpecsTestJSON-825529135-project-admin] DELETE http://10.0.0.210/volume/v3/a62ffa2e7fa14803a67e9bce3a1589ac/types/4c32521b-d744-42fc-8277-66816d37b451
Nov 09 00:37:31 user devstack@c-api.service[75278]: DEBUG cinder.api.openstack.wsgi [None req-bb8fa65a-3a7f-4e26-9629-528bcdc4243f tempest-QosSpecsTestJSON-825529135 tempest-QosSpecsTestJSON-825529135-project-admin] Empty body provided in request {{(pid=75278) get_body /opt/stack/cinder/cinder/api/openstack/wsgi.py:715}}
Nov 09 00:37:31 user devstack@c-api.service[75278]: DEBUG cinder.api.openstack.wsgi [None req-bb8fa65a-3a7f-4e26-9629-528bcdc4243f tempest-QosSpecsTestJSON-825529135 tempest-QosSpecsTestJSON-825529135-project-admin] Calling method '_delete' {{(pid=75278) _process_stack /opt/stack/cinder/cinder/api/openstack/wsgi.py:868}}
Nov 09 00:37:31 user devstack@c-api.service[75279]: INFO cinder.api.openstack.wsgi [None req-dc6376c2-2968-45d0-9ef1-cd66a66369fe tempest-BackendsCapabilitiesAdminTestsJSON-2142764854 tempest-BackendsCapabilitiesAdminTestsJSON-2142764854-project-admin] http://10.0.0.210/volume/v3/303ade70ca034a57b3ab45fa04302dc5/capabilities/user@joviandss-2 returned with HTTP 200
Nov 09 00:37:31 user devstack@c-api.service[75279]: [pid: 75279|app: 0|req: 16/32] 10.0.0.210 () {62 vars in 1357 bytes} [Thu Nov 9 00:37:31 2023] GET /volume/v3/303ade70ca034a57b3ab45fa04302dc5/capabilities/user@joviandss-2 => generated 699 bytes in 84 msecs (HTTP/1.1 200) 7 headers in 285 bytes (1 switches on core 0)
Nov 09 00:37:31 user devstack@c-api.service[75277]: DEBUG cinder.api.middleware.request_id [None req-d5aeeb90-e3e3-492f-95f7-637d222a078e None None] RequestId filter calling following filter/app {{(pid=75277) _context_setter /opt/stack/cinder/cinder/api/middleware/request_id.py:62}}
Nov 09 00:37:31 user devstack@c-api.service[75277]: INFO cinder.api.openstack.wsgi [None req-d5aeeb90-e3e3-492f-95f7-637d222a078e tempest-BackendsCapabilitiesAdminTestsJSON-2142764854 tempest-BackendsCapabilitiesAdminTestsJSON-2142764854-project-admin] GET http://10.0.0.210/volume/v3/303ade70ca034a57b3ab45fa04302dc5/capabilities/user@joviandss-2
Nov 09 00:37:31 user devstack@c-api.service[75277]: DEBUG cinder.api.openstack.wsgi [None req-d5aeeb90-e3e3-492f-95f7-637d222a078e tempest-BackendsCapabilitiesAdminTestsJSON-2142764854 tempest-BackendsCapabilitiesAdminTestsJSON-2142764854-project-admin] Empty body provided in request {{(pid=75277) get_body /opt/stack/cinder/cinder/api/openstack/wsgi.py:715}}
Nov 09 00:37:31 user devstack@c-api.service[75277]: DEBUG cinder.api.openstack.wsgi [None req-d5aeeb90-e3e3-492f-95f7-637d222a078e tempest-BackendsCapabilitiesAdminTestsJSON-2142764854 tempest-BackendsCapabilitiesAdminTestsJSON-2142764854-project-admin] Calling method 'show' {{(pid=75277) _process_stack /opt/stack/cinder/cinder/api/openstack/wsgi.py:868}}
Nov 09 00:37:31 user devstack@c-api.service[75278]: INFO cinder.api.openstack.wsgi [None req-bb8fa65a-3a7f-4e26-9629-528bcdc4243f tempest-QosSpecsTestJSON-825529135 tempest-QosSpecsTestJSON-825529135-project-admin] http://10.0.0.210/volume/v3/a62ffa2e7fa14803a67e9bce3a1589ac/types/4c32521b-d744-42fc-8277-66816d37b451 returned with HTTP 202
Nov 09 00:37:31 user devstack@c-api.service[75278]: [pid: 75278|app: 0|req: 13/33] 10.0.0.210 () {62 vars in 1399 bytes} [Thu Nov 9 00:37:31 2023] DELETE /volume/v3/a62ffa2e7fa14803a67e9bce3a1589ac/types/4c32521b-d744-42fc-8277-66816d37b451 => generated 0 bytes in 82 msecs (HTTP/1.1 202) 6 headers in 233 bytes (1 switches on core 0)
Nov 09 00:37:31 user devstack@c-api.service[75279]: DEBUG cinder.api.middleware.request_id [None req-b66bcabc-604a-41f9-9d4d-6c17699a081a None None] RequestId filter calling following filter/app {{(pid=75279) _context_setter /opt/stack/cinder/cinder/api/middleware/request_id.py:62}}
Nov 09 00:37:31 user devstack@c-api.service[75277]: INFO cinder.api.openstack.wsgi [None req-d5aeeb90-e3e3-492f-95f7-637d222a078e tempest-BackendsCapabilitiesAdminTestsJSON-2142764854 tempest-BackendsCapabilitiesAdminTestsJSON-2142764854-project-admin] http://10.0.0.210/volume/v3/303ade70ca034a57b3ab45fa04302dc5/capabilities/user@joviandss-2 returned with HTTP 200
Nov 09 00:37:31 user devstack@c-api.service[75279]: INFO cinder.api.openstack.wsgi [None req-b66bcabc-604a-41f9-9d4d-6c17699a081a tempest-QosSpecsTestJSON-825529135 tempest-QosSpecsTestJSON-825529135-project-admin] GET http://10.0.0.210/volume/v3/a62ffa2e7fa14803a67e9bce3a1589ac/types/4c32521b-d744-42fc-8277-66816d37b451
Nov 09 00:37:31 user devstack@c-api.service[75279]: DEBUG cinder.api.openstack.wsgi [None req-b66bcabc-604a-41f9-9d4d-6c17699a081a tempest-QosSpecsTestJSON-825529135 tempest-QosSpecsTestJSON-825529135-project-admin] Empty body provided in request {{(pid=75279) get_body /opt/stack/cinder/cinder/api/openstack/wsgi.py:715}}
Nov 09 00:37:31 user devstack@c-api.service[75279]: DEBUG cinder.api.openstack.wsgi [None req-b66bcabc-604a-41f9-9d4d-6c17699a081a tempest-QosSpecsTestJSON-825529135 tempest-QosSpecsTestJSON-825529135-project-admin] Calling method 'show' {{(pid=75279) _process_stack /opt/stack/cinder/cinder/api/openstack/wsgi.py:868}}
Nov 09 00:37:31 user devstack@c-api.service[75277]: [pid: 75277|app: 0|req: 5/34] 10.0.0.210 () {62 vars in 1357 bytes} [Thu Nov 9 00:37:31 2023] GET /volume/v3/303ade70ca034a57b3ab45fa04302dc5/capabilities/user@joviandss-2 => generated 699 bytes in 38 msecs (HTTP/1.1 200) 7 headers in 285 bytes (1 switches on core 0)
Nov 09 00:37:31 user devstack@c-api.service[75279]: INFO cinder.api.openstack.wsgi [None req-b66bcabc-604a-41f9-9d4d-6c17699a081a tempest-QosSpecsTestJSON-825529135 tempest-QosSpecsTestJSON-825529135-project-admin] http://10.0.0.210/volume/v3/a62ffa2e7fa14803a67e9bce3a1589ac/types/4c32521b-d744-42fc-8277-66816d37b451 returned with HTTP 404
Nov 09 00:37:31 user devstack@c-api.service[75279]: [pid: 75279|app: 0|req: 17/35] 10.0.0.210 () {62 vars in 1396 bytes} [Thu Nov 9 00:37:31 2023] GET /volume/v3/a62ffa2e7fa14803a67e9bce3a1589ac/types/4c32521b-d744-42fc-8277-66816d37b451 => generated 114 bytes in 33 msecs (HTTP/1.1 404) 7 headers in 292 bytes (1 switches on core 0)
Nov 09 00:37:31 user devstack@c-api.service[75278]: DEBUG cinder.api.middleware.request_id [None req-61f4ec89-259f-4d5a-a7c2-90908c1ec2fa None None] RequestId filter calling following filter/app {{(pid=75278) _context_setter /opt/stack/cinder/cinder/api/middleware/request_id.py:62}}
Nov 09 00:37:31 user devstack@c-api.service[75278]: INFO cinder.api.openstack.wsgi [None req-61f4ec89-259f-4d5a-a7c2-90908c1ec2fa tempest-QosSpecsTestJSON-825529135 tempest-QosSpecsTestJSON-825529135-project-admin] POST http://10.0.0.210/volume/v3/a62ffa2e7fa14803a67e9bce3a1589ac/qos-specs
Nov 09 00:37:31 user devstack@c-api.service[75278]: DEBUG cinder.api.openstack.wsgi [None req-61f4ec89-259f-4d5a-a7c2-90908c1ec2fa tempest-QosSpecsTestJSON-825529135 tempest-QosSpecsTestJSON-825529135-project-admin] Action: 'create', calling method: create, body: {"qos_specs": {"name": "tempest-QosSpecsTestJSON-qos-1747092579", "consumer": "back-end"}} {{(pid=75278) _process_stack /opt/stack/cinder/cinder/api/openstack/wsgi.py:866}}
Nov 09 00:37:31 user devstack@c-api.service[75278]: DEBUG cinder.volume.qos_specs [None req-61f4ec89-259f-4d5a-a7c2-90908c1ec2fa tempest-QosSpecsTestJSON-825529135 tempest-QosSpecsTestJSON-825529135-project-admin] Dict for qos_specs: {'name': 'tempest-QosSpecsTestJSON-qos-1747092579', 'consumer': 'back-end', 'specs': {}} {{(pid=75278) create /opt/stack/cinder/cinder/volume/qos_specs.py:64}}
Nov 09 00:37:31 user devstack@c-api.service[75278]: DEBUG cinder.db.sqlalchemy.api [None req-61f4ec89-259f-4d5a-a7c2-90908c1ec2fa tempest-QosSpecsTestJSON-825529135 tempest-QosSpecsTestJSON-825529135-project-admin] DB qos_specs_create(): root {'id': 'e4f186d2-9a73-4759-a4c6-ff138e2ac4c0', 'key': 'QoS_Specs_Name', 'value': 'tempest-QosSpecsTestJSON-qos-1747092579'} {{(pid=75278) qos_specs_create /opt/stack/cinder/cinder/db/sqlalchemy/api.py:5643}}
Nov 09 00:37:31 user devstack@c-api.service[75278]: INFO cinder.api.openstack.wsgi [None req-61f4ec89-259f-4d5a-a7c2-90908c1ec2fa tempest-QosSpecsTestJSON-825529135 tempest-QosSpecsTestJSON-825529135-project-admin] http://10.0.0.210/volume/v3/a62ffa2e7fa14803a67e9bce3a1589ac/qos-specs returned with HTTP 200
Nov 09 00:37:31 user devstack@c-api.service[75278]: [pid: 75278|app: 0|req: 14/36] 10.0.0.210 () {64 vars in 1318 bytes} [Thu Nov 9 00:37:31 2023] POST /volume/v3/a62ffa2e7fa14803a67e9bce3a1589ac/qos-specs => generated 433 bytes in 28 msecs (HTTP/1.1 200) 7 headers in 285 bytes (1 switches on core 0)
Nov 09 00:37:31 user devstack@c-api.service[75277]: DEBUG cinder.api.middleware.request_id [None req-9e2e5d83-3af2-4c07-bba4-b68cccec380c None None] RequestId filter calling following filter/app {{(pid=75277) _context_setter /opt/stack/cinder/cinder/api/middleware/request_id.py:62}}
Nov 09 00:37:31 user devstack@c-api.service[75277]: INFO cinder.api.openstack.wsgi [None req-9e2e5d83-3af2-4c07-bba4-b68cccec380c tempest-QosSpecsTestJSON-825529135 tempest-QosSpecsTestJSON-825529135-project-admin] DELETE http://10.0.0.210/volume/v3/a62ffa2e7fa14803a67e9bce3a1589ac/qos-specs/e4f186d2-9a73-4759-a4c6-ff138e2ac4c0?force=False
Nov 09 00:37:31 user devstack@c-api.service[75277]: DEBUG cinder.api.openstack.wsgi [None req-9e2e5d83-3af2-4c07-bba4-b68cccec380c tempest-QosSpecsTestJSON-825529135 tempest-QosSpecsTestJSON-825529135-project-admin] Empty body provided in request {{(pid=75277) get_body /opt/stack/cinder/cinder/api/openstack/wsgi.py:715}}
Nov 09 00:37:31 user devstack@c-api.service[75277]: DEBUG cinder.api.openstack.wsgi [None req-9e2e5d83-3af2-4c07-bba4-b68cccec380c tempest-QosSpecsTestJSON-825529135 tempest-QosSpecsTestJSON-825529135-project-admin] Calling method 'delete' {{(pid=75277) _process_stack /opt/stack/cinder/cinder/api/openstack/wsgi.py:868}}
Nov 09 00:37:31 user devstack@c-api.service[75277]: DEBUG cinder.api.contrib.qos_specs_manage [None req-9e2e5d83-3af2-4c07-bba4-b68cccec380c tempest-QosSpecsTestJSON-825529135 tempest-QosSpecsTestJSON-825529135-project-admin] Delete qos_spec: e4f186d2-9a73-4759-a4c6-ff138e2ac4c0, force: False {{(pid=75277) delete /opt/stack/cinder/cinder/api/contrib/qos_specs_manage.py:168}}
Nov 09 00:37:31 user devstack@c-api.service[75277]: INFO cinder.api.openstack.wsgi [None req-9e2e5d83-3af2-4c07-bba4-b68cccec380c tempest-QosSpecsTestJSON-825529135 tempest-QosSpecsTestJSON-825529135-project-admin] http://10.0.0.210/volume/v3/a62ffa2e7fa14803a67e9bce3a1589ac/qos-specs/e4f186d2-9a73-4759-a4c6-ff138e2ac4c0?force=False returned with HTTP 202
Nov 09 00:37:31 user devstack@c-api.service[75277]: [pid: 75277|app: 0|req: 6/37] 10.0.0.210 () {62 vars in 1434 bytes} [Thu Nov 9 00:37:31 2023] DELETE /volume/v3/a62ffa2e7fa14803a67e9bce3a1589ac/qos-specs/e4f186d2-9a73-4759-a4c6-ff138e2ac4c0?force=False => generated 0 bytes in 57 msecs (HTTP/1.1 202) 6 headers in 233 bytes (1 switches on core 0)
Nov 09 00:37:31 user devstack@c-api.service[75279]: DEBUG cinder.api.middleware.request_id [None req-7cc57784-8848-4ea2-b144-1a6e1274c6b9 None None] RequestId filter calling following filter/app {{(pid=75279) _context_setter /opt/stack/cinder/cinder/api/middleware/request_id.py:62}}
Nov 09 00:37:31 user devstack@c-api.service[75279]: INFO cinder.api.openstack.wsgi [None req-7cc57784-8848-4ea2-b144-1a6e1274c6b9 tempest-QosSpecsTestJSON-825529135 tempest-QosSpecsTestJSON-825529135-project-admin] GET http://10.0.0.210/volume/v3/a62ffa2e7fa14803a67e9bce3a1589ac/qos-specs/e4f186d2-9a73-4759-a4c6-ff138e2ac4c0
Nov 09 00:37:31 user devstack@c-api.service[75279]: DEBUG cinder.api.openstack.wsgi [None req-7cc57784-8848-4ea2-b144-1a6e1274c6b9 tempest-QosSpecsTestJSON-825529135 tempest-QosSpecsTestJSON-825529135-project-admin] Empty body provided in request {{(pid=75279) get_body /opt/stack/cinder/cinder/api/openstack/wsgi.py:715}}
Nov 09 00:37:31 user devstack@c-api.service[75279]: DEBUG cinder.api.openstack.wsgi [None req-7cc57784-8848-4ea2-b144-1a6e1274c6b9 tempest-QosSpecsTestJSON-825529135 tempest-QosSpecsTestJSON-825529135-project-admin] Calling method 'show' {{(pid=75279) _process_stack /opt/stack/cinder/cinder/api/openstack/wsgi.py:868}}
Nov 09 00:37:31 user devstack@c-api.service[75279]: INFO cinder.api.openstack.wsgi [None req-7cc57784-8848-4ea2-b144-1a6e1274c6b9 tempest-QosSpecsTestJSON-825529135 tempest-QosSpecsTestJSON-825529135-project-admin] http://10.0.0.210/volume/v3/a62ffa2e7fa14803a67e9bce3a1589ac/qos-specs/e4f186d2-9a73-4759-a4c6-ff138e2ac4c0 returned with HTTP 404
Nov 09 00:37:31 user devstack@c-api.service[75279]: [pid: 75279|app: 0|req: 18/38] 10.0.0.210 () {62 vars in 1408 bytes} [Thu Nov 9 00:37:31 2023] GET /volume/v3/a62ffa2e7fa14803a67e9bce3a1589ac/qos-specs/e4f186d2-9a73-4759-a4c6-ff138e2ac4c0 => generated 100 bytes in 16 msecs (HTTP/1.1 404) 7 headers in 292 bytes (1 switches on core 0)
Nov 09 00:37:31 user devstack@c-api.service[75278]: DEBUG cinder.api.middleware.request_id [None req-97a08593-91b9-4404-9e88-c1e9574c6587 None None] RequestId filter calling following filter/app {{(pid=75278) _context_setter /opt/stack/cinder/cinder/api/middleware/request_id.py:62}}
Nov 09 00:37:31 user devstack@c-api.service[75278]: INFO cinder.api.openstack.wsgi [None req-97a08593-91b9-4404-9e88-c1e9574c6587 tempest-QosSpecsTestJSON-825529135 tempest-QosSpecsTestJSON-825529135-project-admin] GET http://10.0.0.210/volume/v3/a62ffa2e7fa14803a67e9bce3a1589ac/qos-specs
Nov 09 00:37:31 user devstack@c-api.service[75278]: DEBUG cinder.api.openstack.wsgi [None req-97a08593-91b9-4404-9e88-c1e9574c6587 tempest-QosSpecsTestJSON-825529135 tempest-QosSpecsTestJSON-825529135-project-admin] Empty body provided in request {{(pid=75278) get_body /opt/stack/cinder/cinder/api/openstack/wsgi.py:715}}
Nov 09 00:37:31 user devstack@c-api.service[75278]: DEBUG cinder.api.openstack.wsgi [None req-97a08593-91b9-4404-9e88-c1e9574c6587 tempest-QosSpecsTestJSON-825529135 tempest-QosSpecsTestJSON-825529135-project-admin] Calling method 'index' {{(pid=75278) _process_stack /opt/stack/cinder/cinder/api/openstack/wsgi.py:868}}
Nov 09 00:37:31 user devstack@c-api.service[75278]: /opt/stack/data/venv/lib/python3.10/site-packages/oslo_context/context.py:100: DeprecationWarning: Policy enforcement is depending on the value of is_admin. This key is deprecated. Please update your policy file to use the standard policy values.
Nov 09 00:37:31 user devstack@c-api.service[75278]: warnings.warn('Policy enforcement is depending on the value of '
Nov 09 00:37:31 user devstack@c-api.service[75278]: INFO cinder.api.openstack.wsgi [None req-97a08593-91b9-4404-9e88-c1e9574c6587 tempest-QosSpecsTestJSON-825529135 tempest-QosSpecsTestJSON-825529135-project-admin] http://10.0.0.210/volume/v3/a62ffa2e7fa14803a67e9bce3a1589ac/qos-specs returned with HTTP 200
Nov 09 00:37:31 user devstack@c-api.service[75278]: [pid: 75278|app: 0|req: 15/39] 10.0.0.210 () {62 vars in 1297 bytes} [Thu Nov 9 00:37:31 2023] GET /volume/v3/a62ffa2e7fa14803a67e9bce3a1589ac/qos-specs => generated 175 bytes in 26 msecs (HTTP/1.1 200) 7 headers in 285 bytes (1 switches on core 0)
Nov 09 00:37:31 user devstack@c-api.service[75277]: DEBUG cinder.api.middleware.request_id [None req-87a7b261-9016-49aa-a600-7dbb2f5b5010 None None] RequestId filter calling following filter/app {{(pid=75277) _context_setter /opt/stack/cinder/cinder/api/middleware/request_id.py:62}}
Nov 09 00:37:31 user devstack@c-api.service[75277]: INFO cinder.api.openstack.wsgi [None req-87a7b261-9016-49aa-a600-7dbb2f5b5010 tempest-QosSpecsTestJSON-825529135 tempest-QosSpecsTestJSON-825529135-project-admin] DELETE http://10.0.0.210/volume/v3/a62ffa2e7fa14803a67e9bce3a1589ac/qos-specs/e4f186d2-9a73-4759-a4c6-ff138e2ac4c0?force=False
Nov 09 00:37:31 user devstack@c-api.service[75277]: DEBUG cinder.api.openstack.wsgi [None req-87a7b261-9016-49aa-a600-7dbb2f5b5010 tempest-QosSpecsTestJSON-825529135 tempest-QosSpecsTestJSON-825529135-project-admin] Empty body provided in request {{(pid=75277) get_body /opt/stack/cinder/cinder/api/openstack/wsgi.py:715}}
Nov 09 00:37:31 user devstack@c-api.service[75277]: DEBUG cinder.api.openstack.wsgi [None req-87a7b261-9016-49aa-a600-7dbb2f5b5010 tempest-QosSpecsTestJSON-825529135 tempest-QosSpecsTestJSON-825529135-project-admin] Calling method 'delete' {{(pid=75277) _process_stack /opt/stack/cinder/cinder/api/openstack/wsgi.py:868}}
Nov 09 00:37:31 user devstack@c-api.service[75277]: /opt/stack/data/venv/lib/python3.10/site-packages/oslo_context/context.py:100: DeprecationWarning: Policy enforcement is depending on the value of is_admin. This key is deprecated. Please update your policy file to use the standard policy values.
Nov 09 00:37:31 user devstack@c-api.service[75277]: warnings.warn('Policy enforcement is depending on the value of '
Nov 09 00:37:31 user devstack@c-api.service[75277]: DEBUG cinder.api.contrib.qos_specs_manage [None req-87a7b261-9016-49aa-a600-7dbb2f5b5010 tempest-QosSpecsTestJSON-825529135 tempest-QosSpecsTestJSON-825529135-project-admin] Delete qos_spec: e4f186d2-9a73-4759-a4c6-ff138e2ac4c0, force: False {{(pid=75277) delete /opt/stack/cinder/cinder/api/contrib/qos_specs_manage.py:168}}
Nov 09 00:37:31 user devstack@c-api.service[75277]: INFO cinder.api.openstack.wsgi [None req-87a7b261-9016-49aa-a600-7dbb2f5b5010 tempest-QosSpecsTestJSON-825529135 tempest-QosSpecsTestJSON-825529135-project-admin] http://10.0.0.210/volume/v3/a62ffa2e7fa14803a67e9bce3a1589ac/qos-specs/e4f186d2-9a73-4759-a4c6-ff138e2ac4c0?force=False returned with HTTP 404
Nov 09 00:37:31 user devstack@c-api.service[75277]: [pid: 75277|app: 0|req: 7/40] 10.0.0.210 () {62 vars in 1434 bytes} [Thu Nov 9 00:37:31 2023] DELETE /volume/v3/a62ffa2e7fa14803a67e9bce3a1589ac/qos-specs/e4f186d2-9a73-4759-a4c6-ff138e2ac4c0?force=False => generated 100 bytes in 16 msecs (HTTP/1.1 404) 7 headers in 292 bytes (1 switches on core 0)
Nov 09 00:37:31 user devstack@c-api.service[75279]: DEBUG cinder.api.middleware.request_id [None req-cccd1bbc-abb2-4ffd-9737-cfbeb66cac42 None None] RequestId filter calling following filter/app {{(pid=75279) _context_setter /opt/stack/cinder/cinder/api/middleware/request_id.py:62}}
Nov 09 00:37:31 user devstack@c-api.service[75278]: DEBUG cinder.api.middleware.request_id [None req-792049ef-5f24-44c3-a242-2ad987058672 None None] RequestId filter calling following filter/app {{(pid=75278) _context_setter /opt/stack/cinder/cinder/api/middleware/request_id.py:62}}
Nov 09 00:37:31 user devstack@c-api.service[75279]: INFO cinder.api.openstack.wsgi [None req-cccd1bbc-abb2-4ffd-9737-cfbeb66cac42 tempest-QosSpecsTestJSON-825529135 tempest-QosSpecsTestJSON-825529135-project-admin] GET http://10.0.0.210/volume/v3/a62ffa2e7fa14803a67e9bce3a1589ac/qos-specs/e4f186d2-9a73-4759-a4c6-ff138e2ac4c0
Nov 09 00:37:31 user devstack@c-api.service[75279]: DEBUG cinder.api.openstack.wsgi [None req-cccd1bbc-abb2-4ffd-9737-cfbeb66cac42 tempest-QosSpecsTestJSON-825529135 tempest-QosSpecsTestJSON-825529135-project-admin] Empty body provided in request {{(pid=75279) get_body /opt/stack/cinder/cinder/api/openstack/wsgi.py:715}}
Nov 09 00:37:31 user devstack@c-api.service[75279]: DEBUG cinder.api.openstack.wsgi [None req-cccd1bbc-abb2-4ffd-9737-cfbeb66cac42 tempest-QosSpecsTestJSON-825529135 tempest-QosSpecsTestJSON-825529135-project-admin] Calling method 'show' {{(pid=75279) _process_stack /opt/stack/cinder/cinder/api/openstack/wsgi.py:868}}
Nov 09 00:37:31 user devstack@c-api.service[75278]: INFO cinder.api.openstack.wsgi [None req-792049ef-5f24-44c3-a242-2ad987058672 tempest-VolumesTestJSON-1622480940 tempest-VolumesTestJSON-1622480940-project-member] GET http://10.0.0.210/volume/v3/432e4380eda74f708b5df87ebcc3ed54/volumes/d29effad-3ed7-495c-8f34-d24e69546a1d
Nov 09 00:37:31 user devstack@c-api.service[75278]: DEBUG cinder.api.openstack.wsgi [None req-792049ef-5f24-44c3-a242-2ad987058672 tempest-VolumesTestJSON-1622480940 tempest-VolumesTestJSON-1622480940-project-member] Empty body provided in request {{(pid=75278) get_body /opt/stack/cinder/cinder/api/openstack/wsgi.py:715}}
Nov 09 00:37:31 user devstack@c-api.service[75278]: DEBUG cinder.api.openstack.wsgi [None req-792049ef-5f24-44c3-a242-2ad987058672 tempest-VolumesTestJSON-1622480940 tempest-VolumesTestJSON-1622480940-project-member] Calling method 'show' {{(pid=75278) _process_stack /opt/stack/cinder/cinder/api/openstack/wsgi.py:868}}
Nov 09 00:37:31 user devstack@c-api.service[75279]: INFO cinder.api.openstack.wsgi [None req-cccd1bbc-abb2-4ffd-9737-cfbeb66cac42 tempest-QosSpecsTestJSON-825529135 tempest-QosSpecsTestJSON-825529135-project-admin] http://10.0.0.210/volume/v3/a62ffa2e7fa14803a67e9bce3a1589ac/qos-specs/e4f186d2-9a73-4759-a4c6-ff138e2ac4c0 returned with HTTP 404
Nov 09 00:37:31 user devstack@c-api.service[75279]: [pid: 75279|app: 0|req: 19/41] 10.0.0.210 () {62 vars in 1408 bytes} [Thu Nov 9 00:37:31 2023] GET /volume/v3/a62ffa2e7fa14803a67e9bce3a1589ac/qos-specs/e4f186d2-9a73-4759-a4c6-ff138e2ac4c0 => generated 100 bytes in 29 msecs (HTTP/1.1 404) 7 headers in 292 bytes (1 switches on core 0)
Nov 09 00:37:31 user devstack@c-api.service[75277]: DEBUG cinder.api.middleware.request_id [None req-0a3a1558-a2f8-460a-a0eb-9310c8b82dc7 None None] RequestId filter calling following filter/app {{(pid=75277) _context_setter /opt/stack/cinder/cinder/api/middleware/request_id.py:62}}
Nov 09 00:37:31 user devstack@c-api.service[75278]: /opt/stack/data/venv/lib/python3.10/site-packages/oslo_context/context.py:100: DeprecationWarning: Policy enforcement is depending on the value of is_admin. This key is deprecated. Please update your policy file to use the standard policy values.
Nov 09 00:37:31 user devstack@c-api.service[75278]: warnings.warn('Policy enforcement is depending on the value of '
Nov 09 00:37:31 user devstack@c-api.service[75277]: INFO cinder.api.openstack.wsgi [None req-0a3a1558-a2f8-460a-a0eb-9310c8b82dc7 tempest-QosSpecsTestJSON-825529135 tempest-QosSpecsTestJSON-825529135-project-admin] POST http://10.0.0.210/volume/v3/a62ffa2e7fa14803a67e9bce3a1589ac/qos-specs
Nov 09 00:37:31 user devstack@c-api.service[75277]: DEBUG cinder.api.openstack.wsgi [None req-0a3a1558-a2f8-460a-a0eb-9310c8b82dc7 tempest-QosSpecsTestJSON-825529135 tempest-QosSpecsTestJSON-825529135-project-admin] Action: 'create', calling method: create, body: {"qos_specs": {"name": "tempest-QosSpecsTestJSON-qos-1202650146", "consumer": "both"}} {{(pid=75277) _process_stack /opt/stack/cinder/cinder/api/openstack/wsgi.py:866}}
Nov 09 00:37:31 user devstack@c-api.service[75277]: DEBUG cinder.volume.qos_specs [None req-0a3a1558-a2f8-460a-a0eb-9310c8b82dc7 tempest-QosSpecsTestJSON-825529135 tempest-QosSpecsTestJSON-825529135-project-admin] Dict for qos_specs: {'name': 'tempest-QosSpecsTestJSON-qos-1202650146', 'consumer': 'both', 'specs': {}} {{(pid=75277) create /opt/stack/cinder/cinder/volume/qos_specs.py:64}}
Nov 09 00:37:31 user devstack@c-api.service[75278]: INFO cinder.volume.api [None req-792049ef-5f24-44c3-a242-2ad987058672 tempest-VolumesTestJSON-1622480940 tempest-VolumesTestJSON-1622480940-project-member] Volume info retrieved successfully.
Nov 09 00:37:31 user devstack@c-api.service[75277]: DEBUG cinder.db.sqlalchemy.api [None req-0a3a1558-a2f8-460a-a0eb-9310c8b82dc7 tempest-QosSpecsTestJSON-825529135 tempest-QosSpecsTestJSON-825529135-project-admin] DB qos_specs_create(): root {'id': '639f321e-61ff-4d86-bec4-11d4b7aa0974', 'key': 'QoS_Specs_Name', 'value': 'tempest-QosSpecsTestJSON-qos-1202650146'} {{(pid=75277) qos_specs_create /opt/stack/cinder/cinder/db/sqlalchemy/api.py:5643}}
Nov 09 00:37:31 user devstack@c-api.service[75277]: INFO cinder.api.openstack.wsgi [None req-0a3a1558-a2f8-460a-a0eb-9310c8b82dc7 tempest-QosSpecsTestJSON-825529135 tempest-QosSpecsTestJSON-825529135-project-admin] http://10.0.0.210/volume/v3/a62ffa2e7fa14803a67e9bce3a1589ac/qos-specs returned with HTTP 200
Nov 09 00:37:31 user devstack@c-api.service[75277]: [pid: 75277|app: 0|req: 8/42] 10.0.0.210 () {64 vars in 1318 bytes} [Thu Nov 9 00:37:31 2023] POST /volume/v3/a62ffa2e7fa14803a67e9bce3a1589ac/qos-specs => generated 429 bytes in 36 msecs (HTTP/1.1 200) 7 headers in 285 bytes (1 switches on core 0)
Nov 09 00:37:31 user devstack@c-api.service[75278]: INFO cinder.api.openstack.wsgi [None req-792049ef-5f24-44c3-a242-2ad987058672 tempest-VolumesTestJSON-1622480940 tempest-VolumesTestJSON-1622480940-project-member] http://10.0.0.210/volume/v3/432e4380eda74f708b5df87ebcc3ed54/volumes/d29effad-3ed7-495c-8f34-d24e69546a1d returned with HTTP 200
Nov 09 00:37:31 user devstack@c-api.service[75278]: [pid: 75278|app: 0|req: 16/43] 10.0.0.210 () {62 vars in 1402 bytes} [Thu Nov 9 00:37:31 2023] GET /volume/v3/432e4380eda74f708b5df87ebcc3ed54/volumes/d29effad-3ed7-495c-8f34-d24e69546a1d => generated 919 bytes in 65 msecs (HTTP/1.1 200) 7 headers in 285 bytes (1 switches on core 0)
Nov 09 00:37:31 user devstack@c-api.service[75279]: DEBUG cinder.api.middleware.request_id [None req-ee69bdfa-de1e-4ea4-8963-7537b3385479 None None] RequestId filter calling following filter/app {{(pid=75279) _context_setter /opt/stack/cinder/cinder/api/middleware/request_id.py:62}}
Nov 09 00:37:31 user devstack@c-api.service[75279]: INFO cinder.api.openstack.wsgi [None req-ee69bdfa-de1e-4ea4-8963-7537b3385479 tempest-QosSpecsTestJSON-825529135 tempest-QosSpecsTestJSON-825529135-project-admin] DELETE http://10.0.0.210/volume/v3/a62ffa2e7fa14803a67e9bce3a1589ac/qos-specs/639f321e-61ff-4d86-bec4-11d4b7aa0974?force=False
Nov 09 00:37:31 user devstack@c-api.service[75279]: DEBUG cinder.api.openstack.wsgi [None req-ee69bdfa-de1e-4ea4-8963-7537b3385479 tempest-QosSpecsTestJSON-825529135 tempest-QosSpecsTestJSON-825529135-project-admin] Empty body provided in request {{(pid=75279) get_body /opt/stack/cinder/cinder/api/openstack/wsgi.py:715}}
Nov 09 00:37:31 user devstack@c-api.service[75279]: DEBUG cinder.api.openstack.wsgi [None req-ee69bdfa-de1e-4ea4-8963-7537b3385479 tempest-QosSpecsTestJSON-825529135 tempest-QosSpecsTestJSON-825529135-project-admin] Calling method 'delete' {{(pid=75279) _process_stack /opt/stack/cinder/cinder/api/openstack/wsgi.py:868}}
Nov 09 00:37:31 user devstack@c-api.service[75279]: DEBUG cinder.api.contrib.qos_specs_manage [None req-ee69bdfa-de1e-4ea4-8963-7537b3385479 tempest-QosSpecsTestJSON-825529135 tempest-QosSpecsTestJSON-825529135-project-admin] Delete qos_spec: 639f321e-61ff-4d86-bec4-11d4b7aa0974, force: False {{(pid=75279) delete /opt/stack/cinder/cinder/api/contrib/qos_specs_manage.py:168}}
Nov 09 00:37:31 user devstack@c-api.service[75279]: INFO cinder.api.openstack.wsgi [None req-ee69bdfa-de1e-4ea4-8963-7537b3385479 tempest-QosSpecsTestJSON-825529135 tempest-QosSpecsTestJSON-825529135-project-admin] http://10.0.0.210/volume/v3/a62ffa2e7fa14803a67e9bce3a1589ac/qos-specs/639f321e-61ff-4d86-bec4-11d4b7aa0974?force=False returned with HTTP 202
Nov 09 00:37:31 user devstack@c-api.service[75279]: [pid: 75279|app: 0|req: 20/44] 10.0.0.210 () {62 vars in 1434 bytes} [Thu Nov 9 00:37:31 2023] DELETE /volume/v3/a62ffa2e7fa14803a67e9bce3a1589ac/qos-specs/639f321e-61ff-4d86-bec4-11d4b7aa0974?force=False => generated 0 bytes in 53 msecs (HTTP/1.1 202) 6 headers in 233 bytes (1 switches on core 0)
Nov 09 00:37:31 user devstack@c-api.service[75277]: DEBUG cinder.api.middleware.request_id [None req-611d67f8-dd33-4ec7-abe5-e7255a78d090 None None] RequestId filter calling following filter/app {{(pid=75277) _context_setter /opt/stack/cinder/cinder/api/middleware/request_id.py:62}}
Nov 09 00:37:31 user devstack@c-api.service[75277]: INFO cinder.api.openstack.wsgi [None req-611d67f8-dd33-4ec7-abe5-e7255a78d090 tempest-QosSpecsTestJSON-825529135 tempest-QosSpecsTestJSON-825529135-project-admin] GET http://10.0.0.210/volume/v3/a62ffa2e7fa14803a67e9bce3a1589ac/qos-specs/639f321e-61ff-4d86-bec4-11d4b7aa0974
Nov 09 00:37:31 user devstack@c-api.service[75277]: DEBUG cinder.api.openstack.wsgi [None req-611d67f8-dd33-4ec7-abe5-e7255a78d090 tempest-QosSpecsTestJSON-825529135 tempest-QosSpecsTestJSON-825529135-project-admin] Empty body provided in request {{(pid=75277) get_body /opt/stack/cinder/cinder/api/openstack/wsgi.py:715}}
Nov 09 00:37:31 user devstack@c-api.service[75277]: DEBUG cinder.api.openstack.wsgi [None req-611d67f8-dd33-4ec7-abe5-e7255a78d090 tempest-QosSpecsTestJSON-825529135 tempest-QosSpecsTestJSON-825529135-project-admin] Calling method 'show' {{(pid=75277) _process_stack /opt/stack/cinder/cinder/api/openstack/wsgi.py:868}}
Nov 09 00:37:31 user devstack@c-api.service[75277]: /opt/stack/data/venv/lib/python3.10/site-packages/oslo_context/context.py:100: DeprecationWarning: Policy enforcement is depending on the value of is_admin. This key is deprecated. Please update your policy file to use the standard policy values.
Nov 09 00:37:31 user devstack@c-api.service[75277]: warnings.warn('Policy enforcement is depending on the value of '
Nov 09 00:37:31 user devstack@c-api.service[75277]: INFO cinder.api.openstack.wsgi [None req-611d67f8-dd33-4ec7-abe5-e7255a78d090 tempest-QosSpecsTestJSON-825529135 tempest-QosSpecsTestJSON-825529135-project-admin] http://10.0.0.210/volume/v3/a62ffa2e7fa14803a67e9bce3a1589ac/qos-specs/639f321e-61ff-4d86-bec4-11d4b7aa0974 returned with HTTP 404
Nov 09 00:37:31 user devstack@c-api.service[75277]: [pid: 75277|app: 0|req: 9/45] 10.0.0.210 () {62 vars in 1408 bytes} [Thu Nov 9 00:37:31 2023] GET /volume/v3/a62ffa2e7fa14803a67e9bce3a1589ac/qos-specs/639f321e-61ff-4d86-bec4-11d4b7aa0974 => generated 100 bytes in 26 msecs (HTTP/1.1 404) 7 headers in 292 bytes (1 switches on core 0)
Nov 09 00:37:31 user devstack@c-api.service[75278]: DEBUG cinder.api.middleware.request_id [None req-68f8cd7d-95b3-4ba3-b196-94f5520cfed0 None None] RequestId filter calling following filter/app {{(pid=75278) _context_setter /opt/stack/cinder/cinder/api/middleware/request_id.py:62}}
Nov 09 00:37:31 user devstack@c-api.service[75278]: INFO cinder.api.openstack.wsgi [None req-68f8cd7d-95b3-4ba3-b196-94f5520cfed0 tempest-QosSpecsTestJSON-825529135 tempest-QosSpecsTestJSON-825529135-project-admin] GET http://10.0.0.210/volume/v3/a62ffa2e7fa14803a67e9bce3a1589ac/qos-specs
Nov 09 00:37:31 user devstack@c-api.service[75278]: DEBUG cinder.api.openstack.wsgi [None req-68f8cd7d-95b3-4ba3-b196-94f5520cfed0 tempest-QosSpecsTestJSON-825529135 tempest-QosSpecsTestJSON-825529135-project-admin] Empty body provided in request {{(pid=75278) get_body /opt/stack/cinder/cinder/api/openstack/wsgi.py:715}}
Nov 09 00:37:31 user devstack@c-api.service[75278]: DEBUG cinder.api.openstack.wsgi [None req-68f8cd7d-95b3-4ba3-b196-94f5520cfed0 tempest-QosSpecsTestJSON-825529135 tempest-QosSpecsTestJSON-825529135-project-admin] Calling method 'index' {{(pid=75278) _process_stack /opt/stack/cinder/cinder/api/openstack/wsgi.py:868}}
Nov 09 00:37:31 user devstack@c-api.service[75278]: INFO cinder.api.openstack.wsgi [None req-68f8cd7d-95b3-4ba3-b196-94f5520cfed0 tempest-QosSpecsTestJSON-825529135 tempest-QosSpecsTestJSON-825529135-project-admin] http://10.0.0.210/volume/v3/a62ffa2e7fa14803a67e9bce3a1589ac/qos-specs returned with HTTP 200
Nov 09 00:37:31 user devstack@c-api.service[75278]: [pid: 75278|app: 0|req: 17/46] 10.0.0.210 () {62 vars in 1297 bytes} [Thu Nov 9 00:37:31 2023] GET /volume/v3/a62ffa2e7fa14803a67e9bce3a1589ac/qos-specs => generated 175 bytes in 19 msecs (HTTP/1.1 200) 7 headers in 285 bytes (1 switches on core 0)
Nov 09 00:37:31 user devstack@c-api.service[75279]: DEBUG cinder.api.middleware.request_id [None req-ee2e7d03-245d-42d5-a612-03c5ccc14a9f None None] RequestId filter calling following filter/app {{(pid=75279) _context_setter /opt/stack/cinder/cinder/api/middleware/request_id.py:62}}
Nov 09 00:37:31 user devstack@c-api.service[75279]: INFO cinder.api.openstack.wsgi [None req-ee2e7d03-245d-42d5-a612-03c5ccc14a9f tempest-QosSpecsTestJSON-825529135 tempest-QosSpecsTestJSON-825529135-project-admin] DELETE http://10.0.0.210/volume/v3/a62ffa2e7fa14803a67e9bce3a1589ac/qos-specs/639f321e-61ff-4d86-bec4-11d4b7aa0974?force=False
Nov 09 00:37:31 user devstack@c-api.service[75279]: DEBUG cinder.api.openstack.wsgi [None req-ee2e7d03-245d-42d5-a612-03c5ccc14a9f tempest-QosSpecsTestJSON-825529135 tempest-QosSpecsTestJSON-825529135-project-admin] Empty body provided in request {{(pid=75279) get_body /opt/stack/cinder/cinder/api/openstack/wsgi.py:715}}
Nov 09 00:37:31 user devstack@c-api.service[75279]: DEBUG cinder.api.openstack.wsgi [None req-ee2e7d03-245d-42d5-a612-03c5ccc14a9f tempest-QosSpecsTestJSON-825529135 tempest-QosSpecsTestJSON-825529135-project-admin] Calling method 'delete' {{(pid=75279) _process_stack /opt/stack/cinder/cinder/api/openstack/wsgi.py:868}}
Nov 09 00:37:31 user devstack@c-api.service[75279]: /opt/stack/data/venv/lib/python3.10/site-packages/oslo_context/context.py:100: DeprecationWarning: Policy enforcement is depending on the value of is_admin. This key is deprecated. Please update your policy file to use the standard policy values.
Nov 09 00:37:31 user devstack@c-api.service[75279]: warnings.warn('Policy enforcement is depending on the value of '
Nov 09 00:37:31 user devstack@c-api.service[75279]: DEBUG cinder.api.contrib.qos_specs_manage [None req-ee2e7d03-245d-42d5-a612-03c5ccc14a9f tempest-QosSpecsTestJSON-825529135 tempest-QosSpecsTestJSON-825529135-project-admin] Delete qos_spec: 639f321e-61ff-4d86-bec4-11d4b7aa0974, force: False {{(pid=75279) delete /opt/stack/cinder/cinder/api/contrib/qos_specs_manage.py:168}}
Nov 09 00:37:31 user devstack@c-api.service[75279]: INFO cinder.api.openstack.wsgi [None req-ee2e7d03-245d-42d5-a612-03c5ccc14a9f tempest-QosSpecsTestJSON-825529135 tempest-QosSpecsTestJSON-825529135-project-admin] http://10.0.0.210/volume/v3/a62ffa2e7fa14803a67e9bce3a1589ac/qos-specs/639f321e-61ff-4d86-bec4-11d4b7aa0974?force=False returned with HTTP 404
Nov 09 00:37:31 user devstack@c-api.service[75279]: [pid: 75279|app: 0|req: 21/47] 10.0.0.210 () {62 vars in 1434 bytes} [Thu Nov 9 00:37:31 2023] DELETE /volume/v3/a62ffa2e7fa14803a67e9bce3a1589ac/qos-specs/639f321e-61ff-4d86-bec4-11d4b7aa0974?force=False => generated 100 bytes in 26 msecs (HTTP/1.1 404) 7 headers in 292 bytes (1 switches on core 0)
Nov 09 00:37:31 user devstack@c-api.service[75277]: DEBUG cinder.api.middleware.request_id [None req-af35e2c3-ad6a-45b1-9354-5c0aa1e36977 None None] RequestId filter calling following filter/app {{(pid=75277) _context_setter /opt/stack/cinder/cinder/api/middleware/request_id.py:62}}
Nov 09 00:37:31 user devstack@c-api.service[75277]: INFO cinder.api.openstack.wsgi [None req-af35e2c3-ad6a-45b1-9354-5c0aa1e36977 tempest-QosSpecsTestJSON-825529135 tempest-QosSpecsTestJSON-825529135-project-admin] GET http://10.0.0.210/volume/v3/a62ffa2e7fa14803a67e9bce3a1589ac/qos-specs/639f321e-61ff-4d86-bec4-11d4b7aa0974
Nov 09 00:37:31 user devstack@c-api.service[75277]: DEBUG cinder.api.openstack.wsgi [None req-af35e2c3-ad6a-45b1-9354-5c0aa1e36977 tempest-QosSpecsTestJSON-825529135 tempest-QosSpecsTestJSON-825529135-project-admin] Empty body provided in request {{(pid=75277) get_body /opt/stack/cinder/cinder/api/openstack/wsgi.py:715}}
Nov 09 00:37:31 user devstack@c-api.service[75277]: DEBUG cinder.api.openstack.wsgi [None req-af35e2c3-ad6a-45b1-9354-5c0aa1e36977 tempest-QosSpecsTestJSON-825529135 tempest-QosSpecsTestJSON-825529135-project-admin] Calling method 'show' {{(pid=75277) _process_stack /opt/stack/cinder/cinder/api/openstack/wsgi.py:868}}
Nov 09 00:37:31 user devstack@c-api.service[75277]: INFO cinder.api.openstack.wsgi [None req-af35e2c3-ad6a-45b1-9354-5c0aa1e36977 tempest-QosSpecsTestJSON-825529135 tempest-QosSpecsTestJSON-825529135-project-admin] http://10.0.0.210/volume/v3/a62ffa2e7fa14803a67e9bce3a1589ac/qos-specs/639f321e-61ff-4d86-bec4-11d4b7aa0974 returned with HTTP 404
Nov 09 00:37:31 user devstack@c-api.service[75277]: [pid: 75277|app: 0|req: 10/48] 10.0.0.210 () {62 vars in 1408 bytes} [Thu Nov 9 00:37:31 2023] GET /volume/v3/a62ffa2e7fa14803a67e9bce3a1589ac/qos-specs/639f321e-61ff-4d86-bec4-11d4b7aa0974 => generated 100 bytes in 17 msecs (HTTP/1.1 404) 7 headers in 292 bytes (1 switches on core 0)
Nov 09 00:37:31 user devstack@c-api.service[75278]: DEBUG cinder.api.middleware.request_id [None req-9f087bce-9de1-4cda-b22f-daf4f2f86860 None None] RequestId filter calling following filter/app {{(pid=75278) _context_setter /opt/stack/cinder/cinder/api/middleware/request_id.py:62}}
Nov 09 00:37:31 user devstack@c-api.service[75278]: INFO cinder.api.openstack.wsgi [None req-9f087bce-9de1-4cda-b22f-daf4f2f86860 tempest-QosSpecsTestJSON-825529135 tempest-QosSpecsTestJSON-825529135-project-admin] POST http://10.0.0.210/volume/v3/a62ffa2e7fa14803a67e9bce3a1589ac/qos-specs
Nov 09 00:37:31 user devstack@c-api.service[75278]: DEBUG cinder.api.openstack.wsgi [None req-9f087bce-9de1-4cda-b22f-daf4f2f86860 tempest-QosSpecsTestJSON-825529135 tempest-QosSpecsTestJSON-825529135-project-admin] Action: 'create', calling method: create, body: {"qos_specs": {"name": "tempest-QosSpecsTestJSON-qos-2131396962", "consumer": "front-end"}} {{(pid=75278) _process_stack /opt/stack/cinder/cinder/api/openstack/wsgi.py:866}}
Nov 09 00:37:31 user devstack@c-api.service[75278]: /opt/stack/data/venv/lib/python3.10/site-packages/oslo_context/context.py:100: DeprecationWarning: Policy enforcement is depending on the value of is_admin. This key is deprecated. Please update your policy file to use the standard policy values.
Nov 09 00:37:31 user devstack@c-api.service[75278]: warnings.warn('Policy enforcement is depending on the value of '
Nov 09 00:37:31 user devstack@c-api.service[75278]: DEBUG cinder.volume.qos_specs [None req-9f087bce-9de1-4cda-b22f-daf4f2f86860 tempest-QosSpecsTestJSON-825529135 tempest-QosSpecsTestJSON-825529135-project-admin] Dict for qos_specs: {'name': 'tempest-QosSpecsTestJSON-qos-2131396962', 'consumer': 'front-end', 'specs': {}} {{(pid=75278) create /opt/stack/cinder/cinder/volume/qos_specs.py:64}}
Nov 09 00:37:31 user devstack@c-api.service[75278]: DEBUG cinder.db.sqlalchemy.api [None req-9f087bce-9de1-4cda-b22f-daf4f2f86860 tempest-QosSpecsTestJSON-825529135 tempest-QosSpecsTestJSON-825529135-project-admin] DB qos_specs_create(): root {'id': 'd493137a-2146-477a-ae67-822a894201f2', 'key': 'QoS_Specs_Name', 'value': 'tempest-QosSpecsTestJSON-qos-2131396962'} {{(pid=75278) qos_specs_create /opt/stack/cinder/cinder/db/sqlalchemy/api.py:5643}}
Nov 09 00:37:31 user devstack@c-api.service[75278]: INFO cinder.api.openstack.wsgi [None req-9f087bce-9de1-4cda-b22f-daf4f2f86860 tempest-QosSpecsTestJSON-825529135 tempest-QosSpecsTestJSON-825529135-project-admin] http://10.0.0.210/volume/v3/a62ffa2e7fa14803a67e9bce3a1589ac/qos-specs returned with HTTP 200
Nov 09 00:37:31 user devstack@c-api.service[75278]: [pid: 75278|app: 0|req: 18/49] 10.0.0.210 () {64 vars in 1318 bytes} [Thu Nov 9 00:37:31 2023] POST /volume/v3/a62ffa2e7fa14803a67e9bce3a1589ac/qos-specs => generated 434 bytes in 27 msecs (HTTP/1.1 200) 7 headers in 285 bytes (1 switches on core 0)
Nov 09 00:37:31 user devstack@c-api.service[75279]: DEBUG cinder.api.middleware.request_id [None req-b19beb57-1485-40ac-b2c2-9434374792f2 None None] RequestId filter calling following filter/app {{(pid=75279) _context_setter /opt/stack/cinder/cinder/api/middleware/request_id.py:62}}
Nov 09 00:37:31 user devstack@c-api.service[75279]: INFO cinder.api.openstack.wsgi [None req-b19beb57-1485-40ac-b2c2-9434374792f2 tempest-QosSpecsTestJSON-825529135 tempest-QosSpecsTestJSON-825529135-project-admin] DELETE http://10.0.0.210/volume/v3/a62ffa2e7fa14803a67e9bce3a1589ac/qos-specs/d493137a-2146-477a-ae67-822a894201f2?force=False
Nov 09 00:37:31 user devstack@c-api.service[75279]: DEBUG cinder.api.openstack.wsgi [None req-b19beb57-1485-40ac-b2c2-9434374792f2 tempest-QosSpecsTestJSON-825529135 tempest-QosSpecsTestJSON-825529135-project-admin] Empty body provided in request {{(pid=75279) get_body /opt/stack/cinder/cinder/api/openstack/wsgi.py:715}}
Nov 09 00:37:31 user devstack@c-api.service[75279]: DEBUG cinder.api.openstack.wsgi [None req-b19beb57-1485-40ac-b2c2-9434374792f2 tempest-QosSpecsTestJSON-825529135 tempest-QosSpecsTestJSON-825529135-project-admin] Calling method 'delete' {{(pid=75279) _process_stack /opt/stack/cinder/cinder/api/openstack/wsgi.py:868}}
Nov 09 00:37:31 user devstack@c-api.service[75279]: DEBUG cinder.api.contrib.qos_specs_manage [None req-b19beb57-1485-40ac-b2c2-9434374792f2 tempest-QosSpecsTestJSON-825529135 tempest-QosSpecsTestJSON-825529135-project-admin] Delete qos_spec: d493137a-2146-477a-ae67-822a894201f2, force: False {{(pid=75279) delete /opt/stack/cinder/cinder/api/contrib/qos_specs_manage.py:168}}
Nov 09 00:37:31 user devstack@c-api.service[75279]: INFO cinder.api.openstack.wsgi [None req-b19beb57-1485-40ac-b2c2-9434374792f2 tempest-QosSpecsTestJSON-825529135 tempest-QosSpecsTestJSON-825529135-project-admin] http://10.0.0.210/volume/v3/a62ffa2e7fa14803a67e9bce3a1589ac/qos-specs/d493137a-2146-477a-ae67-822a894201f2?force=False returned with HTTP 202
Nov 09 00:37:31 user devstack@c-api.service[75279]: [pid: 75279|app: 0|req: 22/50] 10.0.0.210 () {62 vars in 1434 bytes} [Thu Nov 9 00:37:31 2023] DELETE /volume/v3/a62ffa2e7fa14803a67e9bce3a1589ac/qos-specs/d493137a-2146-477a-ae67-822a894201f2?force=False => generated 0 bytes in 41 msecs (HTTP/1.1 202) 6 headers in 233 bytes (1 switches on core 0)
Nov 09 00:37:31 user devstack@c-api.service[75277]: DEBUG cinder.api.middleware.request_id [None req-7e959bd5-2f48-497a-882f-16e638a577cb None None] RequestId filter calling following filter/app {{(pid=75277) _context_setter /opt/stack/cinder/cinder/api/middleware/request_id.py:62}}
Nov 09 00:37:31 user devstack@c-api.service[75277]: INFO cinder.api.openstack.wsgi [None req-7e959bd5-2f48-497a-882f-16e638a577cb tempest-QosSpecsTestJSON-825529135 tempest-QosSpecsTestJSON-825529135-project-admin] GET http://10.0.0.210/volume/v3/a62ffa2e7fa14803a67e9bce3a1589ac/qos-specs/d493137a-2146-477a-ae67-822a894201f2
Nov 09 00:37:31 user devstack@c-api.service[75277]: DEBUG cinder.api.openstack.wsgi [None req-7e959bd5-2f48-497a-882f-16e638a577cb tempest-QosSpecsTestJSON-825529135 tempest-QosSpecsTestJSON-825529135-project-admin] Empty body provided in request {{(pid=75277) get_body /opt/stack/cinder/cinder/api/openstack/wsgi.py:715}}
Nov 09 00:37:31 user devstack@c-api.service[75277]: DEBUG cinder.api.openstack.wsgi [None req-7e959bd5-2f48-497a-882f-16e638a577cb tempest-QosSpecsTestJSON-825529135 tempest-QosSpecsTestJSON-825529135-project-admin] Calling method 'show' {{(pid=75277) _process_stack /opt/stack/cinder/cinder/api/openstack/wsgi.py:868}}
Nov 09 00:37:31 user devstack@c-api.service[75277]: INFO cinder.api.openstack.wsgi [None req-7e959bd5-2f48-497a-882f-16e638a577cb tempest-QosSpecsTestJSON-825529135 tempest-QosSpecsTestJSON-825529135-project-admin] http://10.0.0.210/volume/v3/a62ffa2e7fa14803a67e9bce3a1589ac/qos-specs/d493137a-2146-477a-ae67-822a894201f2 returned with HTTP 404
