Nov 02 04:33:16 user devstack@keystone.service[46482]: DEBUG keystone.server.flask.request_processing.req_logging [None req-19ff0e6d-da26-48ce-af3a-198bcc16e6ee None admin] PATH_INFO: `/v3/users/143bd3ea63a34b8fa36d8b684eb09fb7` {{(pid=46482) log_request_info /opt/stack/keystone/keystone/server/flask/request_processing/req_logging.py:29}}
Nov 02 04:33:16 user devstack@keystone.service[46482]: DEBUG keystone.common.rbac_enforcer.enforcer [None req-19ff0e6d-da26-48ce-af3a-198bcc16e6ee None admin] RBAC: Authorizing `identity:get_user(user_id=143bd3ea63a34b8fa36d8b684eb09fb7)` {{(pid=46482) enforce_call /opt/stack/keystone/keystone/common/rbac_enforcer/enforcer.py:449}}
Nov 02 04:33:16 user devstack@keystone.service[46482]: DEBUG keystone.common.rbac_enforcer.enforcer [None req-19ff0e6d-da26-48ce-af3a-198bcc16e6ee None admin] RBAC: Authorization granted {{(pid=46482) enforce_call /opt/stack/keystone/keystone/common/rbac_enforcer/enforcer.py:457}}
Nov 02 04:33:16 user devstack@keystone.service[46482]: [pid: 46482|app: 0|req: 36/103] 10.0.0.210 () {56 vars in 1172 bytes} [Thu Nov 2 04:33:16 2023] GET /identity/v3/users/143bd3ea63a34b8fa36d8b684eb09fb7 => generated 274 bytes in 140 msecs (HTTP/1.1 200) 5 headers in 177 bytes (1 switches on core 0)
Nov 02 04:33:16 user devstack@keystone.service[46482]: DEBUG keystone.server.flask.request_processing.middleware.auth_context [None req-19ff0e6d-da26-48ce-af3a-198bcc16e6ee None admin] Authenticating user token {{(pid=46482) process_request /opt/stack/data/venv/lib/python3.10/site-packages/keystonemiddleware/auth_token/__init__.py:406}}
Nov 02 04:33:16 user devstack@keystone.service[46481]: DEBUG keystone.server.flask.request_processing.middleware.auth_context [None req-5ea13e49-4e89-48a0-85b4-3390c0e2abce None admin] RBAC: auth_context: {'token': , 'domain_id': None, 'trust_id': None, 'trustor_id': None, 'trustee_id': None, 'domain_name': None, 'group_ids': [], 'user_id': 'bb262e1155dc46b2a993d27134f97850', 'user_domain_id': 'default', 'system_scope': 'all', 'project_id': None, 'project_domain_id': None, 'roles': ['admin', 'manager', 'member', 'reader'], 'is_admin_project': True, 'service_user_id': None, 'service_user_domain_id': None, 'service_project_id': None, 'service_project_domain_id': None, 'service_roles': []} {{(pid=46481) fill_context /opt/stack/keystone/keystone/server/flask/request_processing/middleware/auth_context.py:480}}
Nov 02 04:33:16 user devstack@keystone.service[46481]: DEBUG keystone.server.flask.request_processing.req_logging [None req-5ea13e49-4e89-48a0-85b4-3390c0e2abce None admin] REQUEST_METHOD: `GET` {{(pid=46481) log_request_info /opt/stack/keystone/keystone/server/flask/request_processing/req_logging.py:27}}
Nov 02 04:33:16 user devstack@keystone.service[46481]: DEBUG keystone.server.flask.request_processing.req_logging [None req-5ea13e49-4e89-48a0-85b4-3390c0e2abce None admin] SCRIPT_NAME: `/identity` {{(pid=46481) log_request_info /opt/stack/keystone/keystone/server/flask/request_processing/req_logging.py:28}}
Nov 02 04:33:16 user devstack@keystone.service[46481]: DEBUG keystone.server.flask.request_processing.req_logging [None req-5ea13e49-4e89-48a0-85b4-3390c0e2abce None admin] PATH_INFO: `/v3/projects/603f9c36716444d0b37a511f6f8c67e0` {{(pid=46481) log_request_info /opt/stack/keystone/keystone/server/flask/request_processing/req_logging.py:29}}
Nov 02 04:33:16 user devstack@keystone.service[46481]: DEBUG keystone.common.rbac_enforcer.enforcer [None req-5ea13e49-4e89-48a0-85b4-3390c0e2abce None admin] RBAC: Authorizing `identity:get_project(project_id=603f9c36716444d0b37a511f6f8c67e0)` {{(pid=46481) enforce_call /opt/stack/keystone/keystone/common/rbac_enforcer/enforcer.py:449}}
Nov 02 04:33:16 user devstack@keystone.service[46481]: DEBUG keystone.common.rbac_enforcer.enforcer [None req-5ea13e49-4e89-48a0-85b4-3390c0e2abce None admin] RBAC: Authorization granted {{(pid=46481) enforce_call /opt/stack/keystone/keystone/common/rbac_enforcer/enforcer.py:457}}
Nov 02 04:33:16 user devstack@keystone.service[46481]: [pid: 46481|app: 0|req: 35/104] 10.0.0.210 () {56 vars in 1181 bytes} [Thu Nov 2 04:33:16 2023] GET /identity/v3/projects/603f9c36716444d0b37a511f6f8c67e0 => generated 297 bytes in 188 msecs (HTTP/1.1 200) 5 headers in 177 bytes (1 switches on core 0)
Nov 02 04:33:16 user devstack@keystone.service[46481]: DEBUG keystone.server.flask.request_processing.middleware.auth_context [None req-5ea13e49-4e89-48a0-85b4-3390c0e2abce None admin] Authenticating user token {{(pid=46481) process_request /opt/stack/data/venv/lib/python3.10/site-packages/keystonemiddleware/auth_token/__init__.py:406}}
Nov 02 04:33:16 user devstack@keystone.service[46482]: DEBUG keystone.server.flask.request_processing.middleware.auth_context [None req-19ff0e6d-da26-48ce-af3a-198bcc16e6ee None admin] Validating token access rules against request {{(pid=46482) validate_allowed_request /opt/stack/data/venv/lib/python3.10/site-packages/keystonemiddleware/auth_token/__init__.py:544}}
Nov 02 04:33:16 user devstack@keystone.service[46482]: DEBUG keystone.server.flask.request_processing.middleware.auth_context [None req-d6f0c776-4355-410d-8c32-41e77f9b7c34 None admin] RBAC: auth_context: {'token': , 'domain_id': None, 'trust_id': None, 'trustor_id': None, 'trustee_id': None, 'domain_name': None, 'group_ids': [], 'user_id': 'bb262e1155dc46b2a993d27134f97850', 'user_domain_id': 'default', 'system_scope': 'all', 'project_id': None, 'project_domain_id': None, 'roles': ['admin', 'manager', 'member', 'reader'], 'is_admin_project': True, 'service_user_id': None, 'service_user_domain_id': None, 'service_project_id': None, 'service_project_domain_id': None, 'service_roles': []} {{(pid=46482) fill_context /opt/stack/keystone/keystone/server/flask/request_processing/middleware/auth_context.py:480}}
Nov 02 04:33:16 user devstack@keystone.service[46482]: DEBUG keystone.server.flask.request_processing.req_logging [None req-d6f0c776-4355-410d-8c32-41e77f9b7c34 None admin] REQUEST_METHOD: `GET` {{(pid=46482) log_request_info /opt/stack/keystone/keystone/server/flask/request_processing/req_logging.py:27}}
Nov 02 04:33:16 user devstack@keystone.service[46482]: DEBUG keystone.server.flask.request_processing.req_logging [None req-d6f0c776-4355-410d-8c32-41e77f9b7c34 None admin] SCRIPT_NAME: `/identity` {{(pid=46482) log_request_info /opt/stack/keystone/keystone/server/flask/request_processing/req_logging.py:28}}
Nov 02 04:33:16 user devstack@keystone.service[46482]: DEBUG keystone.server.flask.request_processing.req_logging [None req-d6f0c776-4355-410d-8c32-41e77f9b7c34 None admin] PATH_INFO: `/v3/auth/tokens` {{(pid=46482) log_request_info /opt/stack/keystone/keystone/server/flask/request_processing/req_logging.py:29}}
Nov 02 04:33:16 user devstack@keystone.service[46481]: DEBUG keystone.server.flask.request_processing.middleware.auth_context [None req-5ea13e49-4e89-48a0-85b4-3390c0e2abce None admin] Validating token access rules against request {{(pid=46481) validate_allowed_request /opt/stack/data/venv/lib/python3.10/site-packages/keystonemiddleware/auth_token/__init__.py:544}}
Nov 02 04:33:16 user devstack@keystone.service[46481]: DEBUG keystone.server.flask.request_processing.middleware.auth_context [None req-cdecec35-9c9d-4042-9048-c20da3f092b1 None admin] RBAC: auth_context: {'token': , 'domain_id': None, 'trust_id': None, 'trustor_id': None, 'trustee_id': None, 'domain_name': None, 'group_ids': [], 'user_id': 'bb262e1155dc46b2a993d27134f97850', 'user_domain_id': 'default', 'system_scope': 'all', 'project_id': None, 'project_domain_id': None, 'roles': ['admin', 'manager', 'member', 'reader'], 'is_admin_project': True, 'service_user_id': None, 'service_user_domain_id': None, 'service_project_id': None, 'service_project_domain_id': None, 'service_roles': []} {{(pid=46481) fill_context /opt/stack/keystone/keystone/server/flask/request_processing/middleware/auth_context.py:480}}
Nov 02 04:33:16 user devstack@keystone.service[46481]: DEBUG keystone.server.flask.request_processing.req_logging [None req-cdecec35-9c9d-4042-9048-c20da3f092b1 None admin] REQUEST_METHOD: `PUT` {{(pid=46481) log_request_info /opt/stack/keystone/keystone/server/flask/request_processing/req_logging.py:27}}
Nov 02 04:33:16 user devstack@keystone.service[46481]: DEBUG keystone.server.flask.request_processing.req_logging [None req-cdecec35-9c9d-4042-9048-c20da3f092b1 None admin] SCRIPT_NAME: `/identity` {{(pid=46481) log_request_info /opt/stack/keystone/keystone/server/flask/request_processing/req_logging.py:28}}
Nov 02 04:33:16 user devstack@keystone.service[46481]: DEBUG keystone.server.flask.request_processing.req_logging [None req-cdecec35-9c9d-4042-9048-c20da3f092b1 None admin] PATH_INFO: `/v3/projects/603f9c36716444d0b37a511f6f8c67e0/users/80fa08e031ac46329bb25a1fee4d564d/roles/603c6283fe584659a032d683d724f57b` {{(pid=46481) log_request_info /opt/stack/keystone/keystone/server/flask/request_processing/req_logging.py:29}}
Nov 02 04:33:16 user devstack@keystone.service[46481]: DEBUG keystone.common.rbac_enforcer.enforcer [None req-cdecec35-9c9d-4042-9048-c20da3f092b1 None admin] RBAC: Authorizing `identity:create_grant(project_id=603f9c36716444d0b37a511f6f8c67e0, user_id=80fa08e031ac46329bb25a1fee4d564d, role_id=603c6283fe584659a032d683d724f57b)` {{(pid=46481) enforce_call /opt/stack/keystone/keystone/common/rbac_enforcer/enforcer.py:449}}
Nov 02 04:33:16 user devstack@keystone.service[46482]: DEBUG keystone.common.rbac_enforcer.enforcer [None req-d6f0c776-4355-410d-8c32-41e77f9b7c34 None admin] RBAC: Authorizing `identity:validate_token()` {{(pid=46482) enforce_call /opt/stack/keystone/keystone/common/rbac_enforcer/enforcer.py:449}}
Nov 02 04:33:16 user devstack@keystone.service[46481]: DEBUG keystone.common.rbac_enforcer.enforcer [None req-cdecec35-9c9d-4042-9048-c20da3f092b1 None admin] RBAC: Authorization granted {{(pid=46481) enforce_call /opt/stack/keystone/keystone/common/rbac_enforcer/enforcer.py:457}}
Nov 02 04:33:16 user devstack@keystone.service[46482]: DEBUG keystone.common.rbac_enforcer.enforcer [None req-d6f0c776-4355-410d-8c32-41e77f9b7c34 None admin] RBAC: Authorization granted {{(pid=46482) enforce_call /opt/stack/keystone/keystone/common/rbac_enforcer/enforcer.py:457}}
Nov 02 04:33:16 user devstack@keystone.service[46481]: [pid: 46481|app: 0|req: 36/105] 10.0.0.210 () {58 vars in 1434 bytes} [Thu Nov 2 04:33:16 2023] PUT /identity/v3/projects/603f9c36716444d0b37a511f6f8c67e0/users/80fa08e031ac46329bb25a1fee4d564d/roles/603c6283fe584659a032d683d724f57b => generated 0 bytes in 189 msecs (HTTP/1.1 204) 3 headers in 132 bytes (1 switches on core 0)
Nov 02 04:33:16 user devstack@keystone.service[46480]: [pid: 46480|app: 0|req: 34/106] 10.0.0.210 () {58 vars in 1277 bytes} [Thu Nov 2 04:33:16 2023] GET /identity/v3/auth/tokens => generated 861 bytes in 530 msecs (HTTP/1.1 200) 6 headers in 358 bytes (1 switches on core 0)
Nov 02 04:33:16 user devstack@keystone.service[46481]: DEBUG keystone.server.flask.request_processing.middleware.auth_context [None req-cdecec35-9c9d-4042-9048-c20da3f092b1 None admin] Authenticating user token {{(pid=46481) process_request /opt/stack/data/venv/lib/python3.10/site-packages/keystonemiddleware/auth_token/__init__.py:406}}
Nov 02 04:33:16 user devstack@keystone.service[46482]: [pid: 46482|app: 0|req: 37/107] 10.0.0.210 () {58 vars in 1277 bytes} [Thu Nov 2 04:33:16 2023] GET /identity/v3/auth/tokens => generated 861 bytes in 311 msecs (HTTP/1.1 200) 6 headers in 358 bytes (1 switches on core 0)
Nov 02 04:33:16 user devstack@keystone.service[46480]: DEBUG keystone.server.flask.request_processing.middleware.auth_context [None req-f195e4d8-8f72-4855-8971-068bea652098 None admin] Authenticating user token {{(pid=46480) process_request /opt/stack/data/venv/lib/python3.10/site-packages/keystonemiddleware/auth_token/__init__.py:406}}
Nov 02 04:33:17 user devstack@keystone.service[46481]: DEBUG keystone.server.flask.request_processing.middleware.auth_context [None req-cdecec35-9c9d-4042-9048-c20da3f092b1 None admin] Validating token access rules against request {{(pid=46481) validate_allowed_request /opt/stack/data/venv/lib/python3.10/site-packages/keystonemiddleware/auth_token/__init__.py:544}}
Nov 02 04:33:17 user devstack@keystone.service[46480]: DEBUG keystone.server.flask.request_processing.middleware.auth_context [None req-f195e4d8-8f72-4855-8971-068bea652098 None admin] Validating token access rules against request {{(pid=46480) validate_allowed_request /opt/stack/data/venv/lib/python3.10/site-packages/keystonemiddleware/auth_token/__init__.py:544}}
Nov 02 04:33:17 user devstack@keystone.service[46481]: DEBUG keystone.server.flask.request_processing.middleware.auth_context [None req-a0a2dd04-915f-48fe-abd1-8d0f28d5ac7a None admin] RBAC: auth_context: {'token': , 'domain_id': None, 'trust_id': None, 'trustor_id': None, 'trustee_id': None, 'domain_name': None, 'group_ids': [], 'user_id': 'bb262e1155dc46b2a993d27134f97850', 'user_domain_id': 'default', 'system_scope': 'all', 'project_id': None, 'project_domain_id': None, 'roles': ['admin', 'manager', 'member', 'reader'], 'is_admin_project': True, 'service_user_id': None, 'service_user_domain_id': None, 'service_project_id': None, 'service_project_domain_id': None, 'service_roles': []} {{(pid=46481) fill_context /opt/stack/keystone/keystone/server/flask/request_processing/middleware/auth_context.py:480}}
Nov 02 04:33:17 user devstack@keystone.service[46481]: DEBUG keystone.server.flask.request_processing.req_logging [None req-a0a2dd04-915f-48fe-abd1-8d0f28d5ac7a None admin] REQUEST_METHOD: `GET` {{(pid=46481) log_request_info /opt/stack/keystone/keystone/server/flask/request_processing/req_logging.py:27}}
Nov 02 04:33:17 user devstack@keystone.service[46481]: DEBUG keystone.server.flask.request_processing.req_logging [None req-a0a2dd04-915f-48fe-abd1-8d0f28d5ac7a None admin] SCRIPT_NAME: `/identity` {{(pid=46481) log_request_info /opt/stack/keystone/keystone/server/flask/request_processing/req_logging.py:28}}
Nov 02 04:33:17 user devstack@keystone.service[46481]: DEBUG keystone.server.flask.request_processing.req_logging [None req-a0a2dd04-915f-48fe-abd1-8d0f28d5ac7a None admin] PATH_INFO: `/v3/projects/603f9c36716444d0b37a511f6f8c67e0` {{(pid=46481) log_request_info /opt/stack/keystone/keystone/server/flask/request_processing/req_logging.py:29}}
Nov 02 04:33:17 user devstack@keystone.service[46481]: DEBUG keystone.common.rbac_enforcer.enforcer [None req-a0a2dd04-915f-48fe-abd1-8d0f28d5ac7a None admin] RBAC: Authorizing `identity:get_project(project_id=603f9c36716444d0b37a511f6f8c67e0)` {{(pid=46481) enforce_call /opt/stack/keystone/keystone/common/rbac_enforcer/enforcer.py:449}}
Nov 02 04:33:17 user devstack@keystone.service[46481]: DEBUG keystone.common.rbac_enforcer.enforcer [None req-a0a2dd04-915f-48fe-abd1-8d0f28d5ac7a None admin] RBAC: Authorization granted {{(pid=46481) enforce_call /opt/stack/keystone/keystone/common/rbac_enforcer/enforcer.py:457}}
Nov 02 04:33:17 user devstack@keystone.service[46481]: [pid: 46481|app: 0|req: 37/108] 10.0.0.210 () {56 vars in 1181 bytes} [Thu Nov 2 04:33:16 2023] GET /identity/v3/projects/603f9c36716444d0b37a511f6f8c67e0 => generated 297 bytes in 135 msecs (HTTP/1.1 200) 5 headers in 177 bytes (1 switches on core 0)
Nov 02 04:33:17 user devstack@keystone.service[46480]: DEBUG keystone.server.flask.request_processing.middleware.auth_context [None req-64cf3559-4a0d-4d86-b51e-ebe36e25e230 None admin] RBAC: auth_context: {'token': , 'domain_id': None, 'trust_id': None, 'trustor_id': None, 'trustee_id': None, 'domain_name': None, 'group_ids': [], 'user_id': 'bb262e1155dc46b2a993d27134f97850', 'user_domain_id': 'default', 'system_scope': 'all', 'project_id': None, 'project_domain_id': None, 'roles': ['admin', 'manager', 'member', 'reader'], 'is_admin_project': True, 'service_user_id': None, 'service_user_domain_id': None, 'service_project_id': None, 'service_project_domain_id': None, 'service_roles': []} {{(pid=46480) fill_context /opt/stack/keystone/keystone/server/flask/request_processing/middleware/auth_context.py:480}}
Nov 02 04:33:17 user devstack@keystone.service[46480]: DEBUG keystone.server.flask.request_processing.req_logging [None req-64cf3559-4a0d-4d86-b51e-ebe36e25e230 None admin] REQUEST_METHOD: `GET` {{(pid=46480) log_request_info /opt/stack/keystone/keystone/server/flask/request_processing/req_logging.py:27}}
Nov 02 04:33:17 user devstack@keystone.service[46480]: DEBUG keystone.server.flask.request_processing.req_logging [None req-64cf3559-4a0d-4d86-b51e-ebe36e25e230 None admin] SCRIPT_NAME: `/identity` {{(pid=46480) log_request_info /opt/stack/keystone/keystone/server/flask/request_processing/req_logging.py:28}}
Nov 02 04:33:17 user devstack@keystone.service[46480]: DEBUG keystone.server.flask.request_processing.req_logging [None req-64cf3559-4a0d-4d86-b51e-ebe36e25e230 None admin] PATH_INFO: `/v3/projects/f52291ccf27e4c10b3c80b75b0a12f0b` {{(pid=46480) log_request_info /opt/stack/keystone/keystone/server/flask/request_processing/req_logging.py:29}}
Nov 02 04:33:17 user devstack@keystone.service[46482]: DEBUG keystone.server.flask.request_processing.middleware.auth_context [None req-d6f0c776-4355-410d-8c32-41e77f9b7c34 None admin] Authenticating user token {{(pid=46482) process_request /opt/stack/data/venv/lib/python3.10/site-packages/keystonemiddleware/auth_token/__init__.py:406}}
Nov 02 04:33:17 user devstack@keystone.service[46480]: DEBUG keystone.common.rbac_enforcer.enforcer [None req-64cf3559-4a0d-4d86-b51e-ebe36e25e230 None admin] RBAC: Authorizing `identity:get_project(project_id=f52291ccf27e4c10b3c80b75b0a12f0b)` {{(pid=46480) enforce_call /opt/stack/keystone/keystone/common/rbac_enforcer/enforcer.py:449}}
Nov 02 04:33:17 user devstack@keystone.service[46480]: DEBUG keystone.common.rbac_enforcer.enforcer [None req-64cf3559-4a0d-4d86-b51e-ebe36e25e230 None admin] RBAC: Authorization granted {{(pid=46480) enforce_call /opt/stack/keystone/keystone/common/rbac_enforcer/enforcer.py:457}}
Nov 02 04:33:17 user devstack@keystone.service[46480]: [pid: 46480|app: 0|req: 35/109] 10.0.0.210 () {56 vars in 1181 bytes} [Thu Nov 2 04:33:16 2023] GET /identity/v3/projects/f52291ccf27e4c10b3c80b75b0a12f0b => generated 311 bytes in 136 msecs (HTTP/1.1 200) 5 headers in 177 bytes (1 switches on core 0)
Nov 02 04:33:17 user devstack@keystone.service[46481]: DEBUG keystone.server.flask.request_processing.middleware.auth_context [None req-a0a2dd04-915f-48fe-abd1-8d0f28d5ac7a None admin] Authenticating user token {{(pid=46481) process_request /opt/stack/data/venv/lib/python3.10/site-packages/keystonemiddleware/auth_token/__init__.py:406}}
Nov 02 04:33:17 user devstack@keystone.service[46482]: DEBUG keystone.server.flask.request_processing.middleware.auth_context [None req-d6f0c776-4355-410d-8c32-41e77f9b7c34 None admin] Validating token access rules against request {{(pid=46482) validate_allowed_request /opt/stack/data/venv/lib/python3.10/site-packages/keystonemiddleware/auth_token/__init__.py:544}}
Nov 02 04:33:17 user devstack@keystone.service[46481]: DEBUG keystone.server.flask.request_processing.middleware.auth_context [None req-a0a2dd04-915f-48fe-abd1-8d0f28d5ac7a None admin] Validating token access rules against request {{(pid=46481) validate_allowed_request /opt/stack/data/venv/lib/python3.10/site-packages/keystonemiddleware/auth_token/__init__.py:544}}
Nov 02 04:33:17 user devstack@keystone.service[46482]: DEBUG keystone.server.flask.request_processing.middleware.auth_context [None req-25d53436-2244-45c1-b2dc-0acfa4f95fd6 None admin] RBAC: auth_context: {'token': , 'domain_id': None, 'trust_id': None, 'trustor_id': None, 'trustee_id': None, 'domain_name': None, 'group_ids': [], 'user_id': 'bb262e1155dc46b2a993d27134f97850', 'user_domain_id': 'default', 'system_scope': 'all', 'project_id': None, 'project_domain_id': None, 'roles': ['admin', 'manager', 'member', 'reader'], 'is_admin_project': True, 'service_user_id': None, 'service_user_domain_id': None, 'service_project_id': None, 'service_project_domain_id': None, 'service_roles': []} {{(pid=46482) fill_context /opt/stack/keystone/keystone/server/flask/request_processing/middleware/auth_context.py:480}}
Nov 02 04:33:17 user devstack@keystone.service[46482]: DEBUG keystone.server.flask.request_processing.req_logging [None req-25d53436-2244-45c1-b2dc-0acfa4f95fd6 None admin] REQUEST_METHOD: `GET` {{(pid=46482) log_request_info /opt/stack/keystone/keystone/server/flask/request_processing/req_logging.py:27}}
Nov 02 04:33:17 user devstack@keystone.service[46482]: DEBUG keystone.server.flask.request_processing.req_logging [None req-25d53436-2244-45c1-b2dc-0acfa4f95fd6 None admin] SCRIPT_NAME: `/identity` {{(pid=46482) log_request_info /opt/stack/keystone/keystone/server/flask/request_processing/req_logging.py:28}}
Nov 02 04:33:17 user devstack@keystone.service[46482]: DEBUG keystone.server.flask.request_processing.req_logging [None req-25d53436-2244-45c1-b2dc-0acfa4f95fd6 None admin] PATH_INFO: `/v3/role_assignments` {{(pid=46482) log_request_info /opt/stack/keystone/keystone/server/flask/request_processing/req_logging.py:29}}
Nov 02 04:33:17 user devstack@keystone.service[46482]: DEBUG keystone.common.rbac_enforcer.enforcer [None req-25d53436-2244-45c1-b2dc-0acfa4f95fd6 None admin] RBAC: Adding query filter params (role.id=375195bda5e342b6b270a0514f731851, scope.project.id=603f9c36716444d0b37a511f6f8c67e0, user.id=143bd3ea63a34b8fa36d8b684eb09fb7) {{(pid=46482) _extract_filter_values /opt/stack/keystone/keystone/common/rbac_enforcer/enforcer.py:167}}
Nov 02 04:33:17 user devstack@keystone.service[46482]: DEBUG keystone.common.rbac_enforcer.enforcer [None req-25d53436-2244-45c1-b2dc-0acfa4f95fd6 None admin] RBAC: Authorizing `identity:list_role_assignments()` {{(pid=46482) enforce_call /opt/stack/keystone/keystone/common/rbac_enforcer/enforcer.py:449}}
Nov 02 04:33:17 user devstack@keystone.service[46482]: DEBUG keystone.common.rbac_enforcer.enforcer [None req-25d53436-2244-45c1-b2dc-0acfa4f95fd6 None admin] RBAC: Authorization granted {{(pid=46482) enforce_call /opt/stack/keystone/keystone/common/rbac_enforcer/enforcer.py:457}}
Nov 02 04:33:17 user devstack@keystone.service[46482]: [pid: 46482|app: 0|req: 38/110] 10.0.0.210 () {56 vars in 1369 bytes} [Thu Nov 2 04:33:17 2023] GET /identity/v3/role_assignments?user.id=143bd3ea63a34b8fa36d8b684eb09fb7&scope.project.id=603f9c36716444d0b37a511f6f8c67e0&role.id=375195bda5e342b6b270a0514f731851 => generated 606 bytes in 134 msecs (HTTP/1.1 200) 5 headers in 177 bytes (1 switches on core 0)
Nov 02 04:33:17 user devstack@keystone.service[46481]: DEBUG keystone.server.flask.request_processing.middleware.auth_context [None req-ff68e2d8-108e-4a98-a6e7-051d8d8d8317 None admin] RBAC: auth_context: {'token': , 'domain_id': None, 'trust_id': None, 'trustor_id': None, 'trustee_id': None, 'domain_name': None, 'group_ids': [], 'user_id': 'bb262e1155dc46b2a993d27134f97850', 'user_domain_id': 'default', 'system_scope': 'all', 'project_id': None, 'project_domain_id': None, 'roles': ['admin', 'manager', 'member', 'reader'], 'is_admin_project': True, 'service_user_id': None, 'service_user_domain_id': None, 'service_project_id': None, 'service_project_domain_id': None, 'service_roles': []} {{(pid=46481) fill_context /opt/stack/keystone/keystone/server/flask/request_processing/middleware/auth_context.py:480}}
Nov 02 04:33:17 user devstack@keystone.service[46481]: DEBUG keystone.server.flask.request_processing.req_logging [None req-ff68e2d8-108e-4a98-a6e7-051d8d8d8317 None admin] REQUEST_METHOD: `GET` {{(pid=46481) log_request_info /opt/stack/keystone/keystone/server/flask/request_processing/req_logging.py:27}}
Nov 02 04:33:17 user devstack@keystone.service[46481]: DEBUG keystone.server.flask.request_processing.req_logging [None req-ff68e2d8-108e-4a98-a6e7-051d8d8d8317 None admin] SCRIPT_NAME: `/identity` {{(pid=46481) log_request_info /opt/stack/keystone/keystone/server/flask/request_processing/req_logging.py:28}}
Nov 02 04:33:17 user devstack@keystone.service[46481]: DEBUG keystone.server.flask.request_processing.req_logging [None req-ff68e2d8-108e-4a98-a6e7-051d8d8d8317 None admin] PATH_INFO: `/v3/role_assignments` {{(pid=46481) log_request_info /opt/stack/keystone/keystone/server/flask/request_processing/req_logging.py:29}}
Nov 02 04:33:17 user devstack@keystone.service[46481]: DEBUG keystone.common.rbac_enforcer.enforcer [None req-ff68e2d8-108e-4a98-a6e7-051d8d8d8317 None admin] RBAC: Adding query filter params (role.id=857faa0ce36c488daba83a094de485c4, scope.project.id=f52291ccf27e4c10b3c80b75b0a12f0b, user.id=143bd3ea63a34b8fa36d8b684eb09fb7) {{(pid=46481) _extract_filter_values /opt/stack/keystone/keystone/common/rbac_enforcer/enforcer.py:167}}
Nov 02 04:33:17 user devstack@keystone.service[46481]: DEBUG keystone.common.rbac_enforcer.enforcer [None req-ff68e2d8-108e-4a98-a6e7-051d8d8d8317 None admin] RBAC: Authorizing `identity:list_role_assignments()` {{(pid=46481) enforce_call /opt/stack/keystone/keystone/common/rbac_enforcer/enforcer.py:449}}
Nov 02 04:33:17 user devstack@keystone.service[46481]: DEBUG keystone.common.rbac_enforcer.enforcer [None req-ff68e2d8-108e-4a98-a6e7-051d8d8d8317 None admin] RBAC: Authorization granted {{(pid=46481) enforce_call /opt/stack/keystone/keystone/common/rbac_enforcer/enforcer.py:457}}
Nov 02 04:33:17 user devstack@keystone.service[46481]: [pid: 46481|app: 0|req: 38/111] 10.0.0.210 () {56 vars in 1369 bytes} [Thu Nov 2 04:33:17 2023] GET /identity/v3/role_assignments?user.id=143bd3ea63a34b8fa36d8b684eb09fb7&scope.project.id=f52291ccf27e4c10b3c80b75b0a12f0b&role.id=857faa0ce36c488daba83a094de485c4 => generated 606 bytes in 162 msecs (HTTP/1.1 200) 5 headers in 177 bytes (1 switches on core 0)
Nov 02 04:33:18 user devstack@keystone.service[46480]: DEBUG keystone.server.flask.request_processing.req_logging [None req-1aab6869-9246-456e-aab2-078a24b78f82 None None] REQUEST_METHOD: `GET` {{(pid=46480) log_request_info /opt/stack/keystone/keystone/server/flask/request_processing/req_logging.py:27}}
Nov 02 04:33:18 user devstack@keystone.service[46480]: DEBUG keystone.server.flask.request_processing.req_logging [None req-1aab6869-9246-456e-aab2-078a24b78f82 None None] SCRIPT_NAME: `/identity` {{(pid=46480) log_request_info /opt/stack/keystone/keystone/server/flask/request_processing/req_logging.py:28}}
Nov 02 04:33:18 user devstack@keystone.service[46480]: DEBUG keystone.server.flask.request_processing.req_logging [None req-1aab6869-9246-456e-aab2-078a24b78f82 None None] PATH_INFO: `/` {{(pid=46480) log_request_info /opt/stack/keystone/keystone/server/flask/request_processing/req_logging.py:29}}
Nov 02 04:33:18 user devstack@keystone.service[46480]: [pid: 46480|app: 0|req: 36/112] 10.0.0.210 () {54 vars in 921 bytes} [Thu Nov 2 04:33:18 2023] GET /identity => generated 269 bytes in 3 msecs (HTTP/1.1 300) 6 headers in 233 bytes (1 switches on core 0)
Nov 02 04:33:18 user devstack@keystone.service[46482]: DEBUG keystone.server.flask.request_processing.middleware.auth_context [None req-25d53436-2244-45c1-b2dc-0acfa4f95fd6 None admin] Authenticating user token {{(pid=46482) process_request /opt/stack/data/venv/lib/python3.10/site-packages/keystonemiddleware/auth_token/__init__.py:406}}
Nov 02 04:33:18 user devstack@keystone.service[46482]: DEBUG keystone.server.flask.request_processing.middleware.auth_context [None req-25d53436-2244-45c1-b2dc-0acfa4f95fd6 None admin] Validating token access rules against request {{(pid=46482) validate_allowed_request /opt/stack/data/venv/lib/python3.10/site-packages/keystonemiddleware/auth_token/__init__.py:544}}
Nov 02 04:33:18 user devstack@keystone.service[46482]: DEBUG keystone.server.flask.request_processing.middleware.auth_context [None req-e44e0d2c-29b6-409c-ba22-5d2b46f97888 None admin] RBAC: auth_context: {'token': , 'domain_id': None, 'trust_id': None, 'trustor_id': None, 'trustee_id': None, 'domain_name': None, 'group_ids': [], 'user_id': 'bb262e1155dc46b2a993d27134f97850', 'user_domain_id': 'default', 'system_scope': 'all', 'project_id': None, 'project_domain_id': None, 'roles': ['admin', 'manager', 'member', 'reader'], 'is_admin_project': True, 'service_user_id': None, 'service_user_domain_id': None, 'service_project_id': None, 'service_project_domain_id': None, 'service_roles': []} {{(pid=46482) fill_context /opt/stack/keystone/keystone/server/flask/request_processing/middleware/auth_context.py:480}}
Nov 02 04:33:18 user devstack@keystone.service[46482]: DEBUG keystone.server.flask.request_processing.req_logging [None req-e44e0d2c-29b6-409c-ba22-5d2b46f97888 None admin] REQUEST_METHOD: `GET` {{(pid=46482) log_request_info /opt/stack/keystone/keystone/server/flask/request_processing/req_logging.py:27}}
Nov 02 04:33:18 user devstack@keystone.service[46482]: DEBUG keystone.server.flask.request_processing.req_logging [None req-e44e0d2c-29b6-409c-ba22-5d2b46f97888 None admin] SCRIPT_NAME: `/identity` {{(pid=46482) log_request_info /opt/stack/keystone/keystone/server/flask/request_processing/req_logging.py:28}}
Nov 02 04:33:18 user devstack@keystone.service[46482]: DEBUG keystone.server.flask.request_processing.req_logging [None req-e44e0d2c-29b6-409c-ba22-5d2b46f97888 None admin] PATH_INFO: `/v3/domains/default` {{(pid=46482) log_request_info /opt/stack/keystone/keystone/server/flask/request_processing/req_logging.py:29}}
Nov 02 04:33:18 user devstack@keystone.service[46482]: DEBUG keystone.common.rbac_enforcer.enforcer [None req-e44e0d2c-29b6-409c-ba22-5d2b46f97888 None admin] RBAC: Authorizing `identity:get_domain(domain_id=default)` {{(pid=46482) enforce_call /opt/stack/keystone/keystone/common/rbac_enforcer/enforcer.py:449}}
Nov 02 04:33:18 user devstack@keystone.service[46482]: DEBUG keystone.common.rbac_enforcer.enforcer [None req-e44e0d2c-29b6-409c-ba22-5d2b46f97888 None admin] RBAC: Authorization granted {{(pid=46482) enforce_call /opt/stack/keystone/keystone/common/rbac_enforcer/enforcer.py:457}}
Nov 02 04:33:18 user devstack@keystone.service[46482]: [pid: 46482|app: 0|req: 39/113] 10.0.0.210 () {56 vars in 1103 bytes} [Thu Nov 2 04:33:18 2023] GET /identity/v3/domains/default => generated 198 bytes in 134 msecs (HTTP/1.1 200) 5 headers in 177 bytes (1 switches on core 0)
Nov 02 04:33:18 user devstack@keystone.service[46481]: DEBUG keystone.server.flask.request_processing.middleware.auth_context [None req-ff68e2d8-108e-4a98-a6e7-051d8d8d8317 None admin] Authenticating user token {{(pid=46481) process_request /opt/stack/data/venv/lib/python3.10/site-packages/keystonemiddleware/auth_token/__init__.py:406}}
Nov 02 04:33:18 user devstack@keystone.service[46481]: DEBUG keystone.server.flask.request_processing.middleware.auth_context [None req-ff68e2d8-108e-4a98-a6e7-051d8d8d8317 None admin] Validating token access rules against request {{(pid=46481) validate_allowed_request /opt/stack/data/venv/lib/python3.10/site-packages/keystonemiddleware/auth_token/__init__.py:544}}
Nov 02 04:33:18 user devstack@keystone.service[46481]: DEBUG keystone.server.flask.request_processing.middleware.auth_context [None req-8e5e8628-b540-4091-8fc1-ba889175ce99 None admin] RBAC: auth_context: {'token': , 'domain_id': None, 'trust_id': None, 'trustor_id': None, 'trustee_id': None, 'domain_name': None, 'group_ids': [], 'user_id': 'bb262e1155dc46b2a993d27134f97850', 'user_domain_id': 'default', 'system_scope': 'all', 'project_id': None, 'project_domain_id': None, 'roles': ['admin', 'manager', 'member', 'reader'], 'is_admin_project': True, 'service_user_id': None, 'service_user_domain_id': None, 'service_project_id': None, 'service_project_domain_id': None, 'service_roles': []} {{(pid=46481) fill_context /opt/stack/keystone/keystone/server/flask/request_processing/middleware/auth_context.py:480}}
Nov 02 04:33:18 user devstack@keystone.service[46481]: DEBUG keystone.server.flask.request_processing.req_logging [None req-8e5e8628-b540-4091-8fc1-ba889175ce99 None admin] REQUEST_METHOD: `POST` {{(pid=46481) log_request_info /opt/stack/keystone/keystone/server/flask/request_processing/req_logging.py:27}}
Nov 02 04:33:18 user devstack@keystone.service[46481]: DEBUG keystone.server.flask.request_processing.req_logging [None req-8e5e8628-b540-4091-8fc1-ba889175ce99 None admin] SCRIPT_NAME: `/identity` {{(pid=46481) log_request_info /opt/stack/keystone/keystone/server/flask/request_processing/req_logging.py:28}}
Nov 02 04:33:18 user devstack@keystone.service[46481]: DEBUG keystone.server.flask.request_processing.req_logging [None req-8e5e8628-b540-4091-8fc1-ba889175ce99 None admin] PATH_INFO: `/v3/users` {{(pid=46481) log_request_info /opt/stack/keystone/keystone/server/flask/request_processing/req_logging.py:29}}
Nov 02 04:33:18 user devstack@keystone.service[46481]: DEBUG keystone.common.rbac_enforcer.enforcer [None req-8e5e8628-b540-4091-8fc1-ba889175ce99 None admin] RBAC: Authorizing `identity:create_user()` {{(pid=46481) enforce_call /opt/stack/keystone/keystone/common/rbac_enforcer/enforcer.py:449}}
Nov 02 04:33:18 user devstack@keystone.service[46481]: DEBUG keystone.common.rbac_enforcer.enforcer [None req-8e5e8628-b540-4091-8fc1-ba889175ce99 None admin] RBAC: Authorization granted {{(pid=46481) enforce_call /opt/stack/keystone/keystone/common/rbac_enforcer/enforcer.py:457}}
Nov 02 04:33:18 user devstack@keystone.service[46481]: WARNING keystone.common.password_hashing [None req-8e5e8628-b540-4091-8fc1-ba889175ce99 None admin] Truncating password to algorithm specific maximum length 72 characters.
Nov 02 04:33:18 user devstack@keystone.service[46481]: DEBUG passlib.handlers.bcrypt [None req-8e5e8628-b540-4091-8fc1-ba889175ce99 None admin] detected 'bcrypt' backend, version '4.0.1' {{(pid=46481) _load_backend_mixin /opt/stack/data/venv/lib/python3.10/site-packages/passlib/handlers/bcrypt.py:625}}
Nov 02 04:33:18 user devstack@keystone.service[46481]: DEBUG passlib.handlers.bcrypt [None req-8e5e8628-b540-4091-8fc1-ba889175ce99 None admin] 'bcrypt' backend lacks $2$ support, enabling workaround {{(pid=46481) _finalize_backend_mixin /opt/stack/data/venv/lib/python3.10/site-packages/passlib/handlers/bcrypt.py:406}}
Nov 02 04:33:18 user devstack@keystone.service[46481]: [pid: 46481|app: 0|req: 39/114] 10.0.0.210 () {60 vars in 1127 bytes} [Thu Nov 2 04:33:18 2023] POST /identity/v3/users => generated 282 bytes in 200 msecs (HTTP/1.1 201) 5 headers in 182 bytes (1 switches on core 0)
Nov 02 04:33:18 user devstack@keystone.service[46480]: DEBUG keystone.server.flask.request_processing.req_logging [None req-4e9d215a-9385-459f-a6e9-4aaff167ae12 None None] REQUEST_METHOD: `GET` {{(pid=46480) log_request_info /opt/stack/keystone/keystone/server/flask/request_processing/req_logging.py:27}}
Nov 02 04:33:18 user devstack@keystone.service[46480]: DEBUG keystone.server.flask.request_processing.req_logging [None req-4e9d215a-9385-459f-a6e9-4aaff167ae12 None None] SCRIPT_NAME: `/identity` {{(pid=46480) log_request_info /opt/stack/keystone/keystone/server/flask/request_processing/req_logging.py:28}}
Nov 02 04:33:18 user devstack@keystone.service[46480]: DEBUG keystone.server.flask.request_processing.req_logging [None req-4e9d215a-9385-459f-a6e9-4aaff167ae12 None None] PATH_INFO: `/` {{(pid=46480) log_request_info /opt/stack/keystone/keystone/server/flask/request_processing/req_logging.py:29}}
Nov 02 04:33:18 user devstack@keystone.service[46480]: [pid: 46480|app: 0|req: 37/115] 10.0.0.210 () {54 vars in 921 bytes} [Thu Nov 2 04:33:18 2023] GET /identity => generated 269 bytes in 3 msecs (HTTP/1.1 300) 6 headers in 233 bytes (1 switches on core 0)
Nov 02 04:33:18 user devstack@keystone.service[46482]: DEBUG keystone.server.flask.request_processing.middleware.auth_context [None req-e44e0d2c-29b6-409c-ba22-5d2b46f97888 None admin] Authenticating user token {{(pid=46482) process_request /opt/stack/data/venv/lib/python3.10/site-packages/keystonemiddleware/auth_token/__init__.py:406}}
Nov 02 04:33:18 user devstack@keystone.service[46482]: DEBUG keystone.server.flask.request_processing.middleware.auth_context [None req-e44e0d2c-29b6-409c-ba22-5d2b46f97888 None admin] Validating token access rules against request {{(pid=46482) validate_allowed_request /opt/stack/data/venv/lib/python3.10/site-packages/keystonemiddleware/auth_token/__init__.py:544}}
Nov 02 04:33:18 user devstack@keystone.service[46482]: DEBUG keystone.server.flask.request_processing.middleware.auth_context [None req-e92927f9-472d-479d-8b52-737e47632f0d None admin] RBAC: auth_context: {'token': , 'domain_id': None, 'trust_id': None, 'trustor_id': None, 'trustee_id': None, 'domain_name': None, 'group_ids': [], 'user_id': 'bb262e1155dc46b2a993d27134f97850', 'user_domain_id': 'default', 'system_scope': 'all', 'project_id': None, 'project_domain_id': None, 'roles': ['admin', 'manager', 'member', 'reader'], 'is_admin_project': True, 'service_user_id': None, 'service_user_domain_id': None, 'service_project_id': None, 'service_project_domain_id': None, 'service_roles': []} {{(pid=46482) fill_context /opt/stack/keystone/keystone/server/flask/request_processing/middleware/auth_context.py:480}}
Nov 02 04:33:18 user devstack@keystone.service[46482]: DEBUG keystone.server.flask.request_processing.req_logging [None req-e92927f9-472d-479d-8b52-737e47632f0d None admin] REQUEST_METHOD: `GET` {{(pid=46482) log_request_info /opt/stack/keystone/keystone/server/flask/request_processing/req_logging.py:27}}
Nov 02 04:33:18 user devstack@keystone.service[46482]: DEBUG keystone.server.flask.request_processing.req_logging [None req-e92927f9-472d-479d-8b52-737e47632f0d None admin] SCRIPT_NAME: `/identity` {{(pid=46482) log_request_info /opt/stack/keystone/keystone/server/flask/request_processing/req_logging.py:28}}
Nov 02 04:33:18 user devstack@keystone.service[46482]: DEBUG keystone.server.flask.request_processing.req_logging [None req-e92927f9-472d-479d-8b52-737e47632f0d None admin] PATH_INFO: `/v3/roles/reader` {{(pid=46482) log_request_info /opt/stack/keystone/keystone/server/flask/request_processing/req_logging.py:29}}
Nov 02 04:33:18 user devstack@keystone.service[46482]: DEBUG keystone.common.rbac_enforcer.enforcer [None req-e92927f9-472d-479d-8b52-737e47632f0d None admin] Extracting inferred target data resulted in "NOT FOUND (404)". {{(pid=46482) enforce_call /opt/stack/keystone/keystone/common/rbac_enforcer/enforcer.py:409}}
Nov 02 04:33:18 user devstack@keystone.service[46482]: ERROR keystone.server.flask.application [None req-e92927f9-472d-479d-8b52-737e47632f0d None admin] Could not find role: reader.: keystone.exception.RoleNotFound: Could not find role: reader.
Nov 02 04:33:18 user devstack@keystone.service[46482]: ERROR keystone.server.flask.application
Traceback (most recent call last):
Nov 02 04:33:18 user devstack@keystone.service[46482]: ERROR keystone.server.flask.application
File "/opt/stack/data/venv/lib/python3.10/site-packages/flask/app.py", line 1823, in full_dispatch_request
Nov 02 04:33:18 user devstack@keystone.service[46482]: ERROR keystone.server.flask.application rv = self.dispatch_request()
Nov 02 04:33:18 user devstack@keystone.service[46482]: ERROR keystone.server.flask.application
File "/opt/stack/data/venv/lib/python3.10/site-packages/flask/app.py", line 1799, in dispatch_request
Nov 02 04:33:18 user devstack@keystone.service[46482]: ERROR keystone.server.flask.application return self.ensure_sync(self.view_functions[rule.endpoint])(**view_args)
Nov 02 04:33:18 user devstack@keystone.service[46482]: ERROR keystone.server.flask.application
File "/opt/stack/data/venv/lib/python3.10/site-packages/flask_restful/__init__.py", line 489, in wrapper
Nov 02 04:33:18 user devstack@keystone.service[46482]: ERROR keystone.server.flask.application resp = resource(*args, **kwargs)
Nov 02 04:33:18 user devstack@keystone.service[46482]: ERROR keystone.server.flask.application
File "/opt/stack/data/venv/lib/python3.10/site-packages/flask/views.py", line 107, in view
Nov 02 04:33:18 user devstack@keystone.service[46482]: ERROR keystone.server.flask.application return current_app.ensure_sync(self.dispatch_request)(**kwargs)
Nov 02 04:33:18 user devstack@keystone.service[46482]: ERROR keystone.server.flask.application
File "/opt/stack/data/venv/lib/python3.10/site-packages/flask_restful/__init__.py", line 604, in dispatch_request
Nov 02 04:33:18 user devstack@keystone.service[46482]: ERROR keystone.server.flask.application resp = meth(*args, **kwargs)
Nov 02 04:33:18 user devstack@keystone.service[46482]: ERROR keystone.server.flask.application
File "/opt/stack/keystone/keystone/api/roles.py", line 50, in get
Nov 02 04:33:18 user devstack@keystone.service[46482]: ERROR keystone.server.flask.application return self._get_role(role_id)
Nov 02 04:33:18 user devstack@keystone.service[46482]: ERROR keystone.server.flask.application
File "/opt/stack/keystone/keystone/api/roles.py", line 70, in _get_role
Nov 02 04:33:18 user devstack@keystone.service[46482]: ERROR keystone.server.flask.application ENFORCER.enforce_call(action='identity:get_role')
Nov 02 04:33:18 user devstack@keystone.service[46482]: ERROR keystone.server.flask.application
File "/opt/stack/keystone/keystone/common/rbac_enforcer/enforcer.py", line 402, in enforce_call
Nov 02 04:33:18 user devstack@keystone.service[46482]: ERROR keystone.server.flask.application policy_dict.update(cls._extract_member_target_data(
Nov 02 04:33:18 user devstack@keystone.service[46482]: ERROR keystone.server.flask.application
File "/opt/stack/keystone/keystone/common/rbac_enforcer/enforcer.py", line 234, in _extract_member_target_data
Nov 02 04:33:18 user devstack@keystone.service[46482]: ERROR keystone.server.flask.application member_name: func(flask.request.view_args[key])
Nov 02 04:33:18 user devstack@keystone.service[46482]: ERROR keystone.server.flask.application
File "/opt/stack/keystone/keystone/common/manager.py", line 115, in wrapped
Nov 02 04:33:18 user devstack@keystone.service[46482]: ERROR keystone.server.flask.application __ret_val = __f(*args, **kwargs)
Nov 02 04:33:18 user devstack@keystone.service[46482]: ERROR keystone.server.flask.application
File "/opt/stack/data/venv/lib/python3.10/site-packages/decorator.py", line 232, in fun
Nov 02 04:33:18 user devstack@keystone.service[46482]: ERROR keystone.server.flask.application return caller(func, *(extras + args), **kw)
Nov 02 04:33:18 user devstack@keystone.service[46482]: ERROR keystone.server.flask.application
File "/opt/stack/data/venv/lib/python3.10/site-packages/dogpile/cache/region.py", line 1594, in get_or_create_for_user_func
Nov 02 04:33:18 user devstack@keystone.service[46482]: ERROR keystone.server.flask.application return self.get_or_create(
Nov 02 04:33:18 user devstack@keystone.service[46482]: ERROR keystone.server.flask.application
File "/opt/stack/data/venv/lib/python3.10/site-packages/dogpile/cache/region.py", line 1054, in get_or_create
Nov 02 04:33:18 user devstack@keystone.service[46482]: ERROR keystone.server.flask.application with Lock(
Nov 02 04:33:18 user devstack@keystone.service[46482]: ERROR keystone.server.flask.application
File "/opt/stack/data/venv/lib/python3.10/site-packages/dogpile/lock.py", line 185, in __enter__
Nov 02 04:33:18 user devstack@keystone.service[46482]: ERROR keystone.server.flask.application return self._enter()
Nov 02 04:33:18 user devstack@keystone.service[46482]: ERROR keystone.server.flask.application
File "/opt/stack/data/venv/lib/python3.10/site-packages/dogpile/lock.py", line 94, in _enter
Nov 02 04:33:18 user devstack@keystone.service[46482]: ERROR keystone.server.flask.application generated = self._enter_create(value, createdtime)
Nov 02 04:33:18 user devstack@keystone.service[46482]: ERROR keystone.server.flask.application
File "/opt/stack/data/venv/lib/python3.10/site-packages/dogpile/lock.py", line 178, in _enter_create
Nov 02 04:33:18 user devstack@keystone.service[46482]: ERROR keystone.server.flask.application return self.creator()
Nov 02 04:33:18 user devstack@keystone.service[46482]: ERROR keystone.server.flask.application
File "/opt/stack/data/venv/lib/python3.10/site-packages/dogpile/cache/region.py", line 1007, in gen_value
Nov 02 04:33:18 user devstack@keystone.service[46482]: ERROR keystone.server.flask.application created_value = creator(
Nov 02 04:33:18 user devstack@keystone.service[46482]: ERROR keystone.server.flask.application
File "/opt/stack/keystone/keystone/assignment/core.py", line 1276, in get_role
Nov 02 04:33:18 user devstack@keystone.service[46482]: ERROR keystone.server.flask.application return self.driver.get_role(role_id)
Nov 02 04:33:18 user devstack@keystone.service[46482]: ERROR keystone.server.flask.application
File "/opt/stack/keystone/keystone/assignment/role_backends/sql.py", line 70, in get_role
Nov 02 04:33:18 user devstack@keystone.service[46482]: ERROR keystone.server.flask.application return self._get_role(session, role_id).to_dict()
Nov 02 04:33:18 user devstack@keystone.service[46482]: ERROR keystone.server.flask.application
File "/opt/stack/keystone/keystone/assignment/role_backends/sql.py", line 65, in _get_role
Nov 02 04:33:18 user devstack@keystone.service[46482]: ERROR keystone.server.flask.application raise exception.RoleNotFound(role_id=role_id)
Nov 02 04:33:18 user devstack@keystone.service[46482]: ERROR keystone.server.flask.application keystone.exception.RoleNotFound: Could not find role: reader.
Nov 02 04:33:18 user devstack@keystone.service[46482]: ERROR keystone.server.flask.application
Nov 02 04:33:18 user devstack@keystone.service[46482]: [pid: 46482|app: 0|req: 40/116] 10.0.0.210 () {56 vars in 1094 bytes} [Thu Nov 2 04:33:18 2023] GET /identity/v3/roles/reader => generated 84 bytes in 142 msecs (HTTP/1.1 404) 5 headers in 183 bytes (1 switches on core 0)
Nov 02 04:33:18 user devstack@keystone.service[46481]: DEBUG keystone.server.flask.request_processing.middleware.auth_context [None req-8e5e8628-b540-4091-8fc1-ba889175ce99 None admin] Authenticating user token {{(pid=46481) process_request /opt/stack/data/venv/lib/python3.10/site-packages/keystonemiddleware/auth_token/__init__.py:406}}
Nov 02 04:33:18 user devstack@keystone.service[46481]: DEBUG keystone.server.flask.request_processing.middleware.auth_context [None req-8e5e8628-b540-4091-8fc1-ba889175ce99 None admin] Validating token access rules against request {{(pid=46481) validate_allowed_request /opt/stack/data/venv/lib/python3.10/site-packages/keystonemiddleware/auth_token/__init__.py:544}}
Nov 02 04:33:19 user devstack@keystone.service[46481]: DEBUG keystone.server.flask.request_processing.middleware.auth_context [None req-626c545e-e4c0-47df-ae06-d726ffba84d1 None admin] RBAC: auth_context: {'token': , 'domain_id': None, 'trust_id': None, 'trustor_id': None, 'trustee_id': None, 'domain_name': None, 'group_ids': [], 'user_id': 'bb262e1155dc46b2a993d27134f97850', 'user_domain_id': 'default', 'system_scope': 'all', 'project_id': None, 'project_domain_id': None, 'roles': ['admin', 'manager', 'member', 'reader'], 'is_admin_project': True, 'service_user_id': None, 'service_user_domain_id': None, 'service_project_id': None, 'service_project_domain_id': None, 'service_roles': []} {{(pid=46481) fill_context /opt/stack/keystone/keystone/server/flask/request_processing/middleware/auth_context.py:480}}
Nov 02 04:33:19 user devstack@keystone.service[46481]: DEBUG keystone.server.flask.request_processing.req_logging [None req-626c545e-e4c0-47df-ae06-d726ffba84d1 None admin] REQUEST_METHOD: `GET` {{(pid=46481) log_request_info /opt/stack/keystone/keystone/server/flask/request_processing/req_logging.py:27}}
Nov 02 04:33:19 user devstack@keystone.service[46481]: DEBUG keystone.server.flask.request_processing.req_logging [None req-626c545e-e4c0-47df-ae06-d726ffba84d1 None admin] SCRIPT_NAME: `/identity` {{(pid=46481) log_request_info /opt/stack/keystone/keystone/server/flask/request_processing/req_logging.py:28}}
Nov 02 04:33:19 user devstack@keystone.service[46481]: DEBUG keystone.server.flask.request_processing.req_logging [None req-626c545e-e4c0-47df-ae06-d726ffba84d1 None admin] PATH_INFO: `/v3/roles` {{(pid=46481) log_request_info /opt/stack/keystone/keystone/server/flask/request_processing/req_logging.py:29}}
Nov 02 04:33:19 user devstack@keystone.service[46481]: DEBUG keystone.common.rbac_enforcer.enforcer [None req-626c545e-e4c0-47df-ae06-d726ffba84d1 None admin] RBAC: Adding query filter params (name=reader) {{(pid=46481) _extract_filter_values /opt/stack/keystone/keystone/common/rbac_enforcer/enforcer.py:167}}
Nov 02 04:33:19 user devstack@keystone.service[46481]: DEBUG keystone.common.rbac_enforcer.enforcer [None req-626c545e-e4c0-47df-ae06-d726ffba84d1 None admin] RBAC: Authorizing `identity:list_roles()` {{(pid=46481) enforce_call /opt/stack/keystone/keystone/common/rbac_enforcer/enforcer.py:449}}
Nov 02 04:33:19 user devstack@keystone.service[46481]: DEBUG keystone.common.rbac_enforcer.enforcer [None req-626c545e-e4c0-47df-ae06-d726ffba84d1 None admin] RBAC: Authorization granted {{(pid=46481) enforce_call /opt/stack/keystone/keystone/common/rbac_enforcer/enforcer.py:457}}
Nov 02 04:33:19 user devstack@keystone.service[46481]: [pid: 46481|app: 0|req: 40/117] 10.0.0.210 () {56 vars in 1096 bytes} [Thu Nov 2 04:33:18 2023] GET /identity/v3/roles?name=reader => generated 339 bytes in 146 msecs (HTTP/1.1 200) 5 headers in 177 bytes (1 switches on core 0)
Nov 02 04:33:19 user devstack@keystone.service[46480]: DEBUG keystone.server.flask.request_processing.middleware.auth_context [None req-4e9d215a-9385-459f-a6e9-4aaff167ae12 None None] Authenticating user token {{(pid=46480) process_request /opt/stack/data/venv/lib/python3.10/site-packages/keystonemiddleware/auth_token/__init__.py:406}}
