Apr 20 18:49:16 user devstack@c-api.service[72550]: DEBUG cinder.volume.api [None req-2674b681-3274-4e80-8bfb-df273d809719 tempest-ServerRescueNegativeTestJSON-1808078690 tempest-ServerRescueNegativeTestJSON-1808078690-project-member] Task 'cinder.volume.flows.api.create_volume.VolumeCastTask;volume:create' (07257ba1-7f9c-4953-93cb-f21d2858b53a) transitioned into state 'SUCCESS' from state 'RUNNING' with result 'None' {{(pid=72550) _task_receiver /usr/local/lib/python3.10/dist-packages/taskflow/listeners/logging.py:178}}
Apr 20 18:49:16 user devstack@c-api.service[72550]: DEBUG cinder.volume.api [None req-2674b681-3274-4e80-8bfb-df273d809719 tempest-ServerRescueNegativeTestJSON-1808078690 tempest-ServerRescueNegativeTestJSON-1808078690-project-member] Flow 'volume_create_api' (038ff51d-904c-49e2-96ac-1f1424fae584) transitioned into state 'SUCCESS' from state 'RUNNING' {{(pid=72550) _flow_receiver /usr/local/lib/python3.10/dist-packages/taskflow/listeners/logging.py:141}}
Apr 20 18:49:16 user devstack@c-api.service[72550]: INFO cinder.volume.api [None req-2674b681-3274-4e80-8bfb-df273d809719 tempest-ServerRescueNegativeTestJSON-1808078690 tempest-ServerRescueNegativeTestJSON-1808078690-project-member] Create volume request issued successfully.
Apr 20 18:49:16 user devstack@c-api.service[72550]: INFO cinder.api.openstack.wsgi [None req-2674b681-3274-4e80-8bfb-df273d809719 tempest-ServerRescueNegativeTestJSON-1808078690 tempest-ServerRescueNegativeTestJSON-1808078690-project-member] http://10.0.0.210/volume/v3/641b4a94c3114312ae2f8b3658921374/volumes returned with HTTP 202
Apr 20 18:49:16 user devstack@c-api.service[72550]: [pid: 72550|app: 0|req: 100/297] 10.0.0.210 () {64 vars in 1312 bytes} [Thu Apr 20 18:49:16 2023] POST /volume/v3/641b4a94c3114312ae2f8b3658921374/volumes => generated 825 bytes in 225 msecs (HTTP/1.1 202) 7 headers in 291 bytes (1 switches on core 0)
Apr 20 18:49:16 user devstack@c-api.service[72549]: DEBUG cinder.api.middleware.request_id [None req-5998a2e2-7b8b-44bd-8775-a940ce1da71c None None] RequestId filter calling following filter/app {{(pid=72549) _context_setter /opt/stack/cinder/cinder/api/middleware/request_id.py:62}}
Apr 20 18:49:16 user devstack@c-api.service[72549]: INFO cinder.api.openstack.wsgi [None req-5998a2e2-7b8b-44bd-8775-a940ce1da71c tempest-ServerRescueNegativeTestJSON-1808078690 tempest-ServerRescueNegativeTestJSON-1808078690-project-member] GET http://10.0.0.210/volume/v3/641b4a94c3114312ae2f8b3658921374/volumes/6a5b8e4d-a8ae-44db-b855-eb9d49dfe287
Apr 20 18:49:16 user devstack@c-api.service[72549]: DEBUG cinder.api.openstack.wsgi [None req-5998a2e2-7b8b-44bd-8775-a940ce1da71c tempest-ServerRescueNegativeTestJSON-1808078690 tempest-ServerRescueNegativeTestJSON-1808078690-project-member] Empty body provided in request {{(pid=72549) get_body /opt/stack/cinder/cinder/api/openstack/wsgi.py:715}}
Apr 20 18:49:16 user devstack@c-api.service[72549]: DEBUG cinder.api.openstack.wsgi [None req-5998a2e2-7b8b-44bd-8775-a940ce1da71c tempest-ServerRescueNegativeTestJSON-1808078690 tempest-ServerRescueNegativeTestJSON-1808078690-project-member] Calling method 'show' {{(pid=72549) _process_stack /opt/stack/cinder/cinder/api/openstack/wsgi.py:868}}
Apr 20 18:49:16 user devstack@c-api.service[72549]: /usr/local/lib/python3.10/dist-packages/oslo_context/context.py:100: DeprecationWarning: Policy enforcement is depending on the value of is_admin. This key is deprecated. Please update your policy file to use the standard policy values.
Apr 20 18:49:16 user devstack@c-api.service[72549]: warnings.warn('Policy enforcement is depending on the value of '
Apr 20 18:49:16 user devstack@c-api.service[72549]: INFO cinder.volume.api [None req-5998a2e2-7b8b-44bd-8775-a940ce1da71c tempest-ServerRescueNegativeTestJSON-1808078690 tempest-ServerRescueNegativeTestJSON-1808078690-project-member] Volume info retrieved successfully.
Apr 20 18:49:16 user devstack@c-api.service[72549]: INFO cinder.api.openstack.wsgi [None req-5998a2e2-7b8b-44bd-8775-a940ce1da71c tempest-ServerRescueNegativeTestJSON-1808078690 tempest-ServerRescueNegativeTestJSON-1808078690-project-member] http://10.0.0.210/volume/v3/641b4a94c3114312ae2f8b3658921374/volumes/6a5b8e4d-a8ae-44db-b855-eb9d49dfe287 returned with HTTP 200
Apr 20 18:49:16 user devstack@c-api.service[72549]: [pid: 72549|app: 0|req: 103/298] 10.0.0.210 () {62 vars in 1402 bytes} [Thu Apr 20 18:49:16 2023] GET /volume/v3/641b4a94c3114312ae2f8b3658921374/volumes/6a5b8e4d-a8ae-44db-b855-eb9d49dfe287 => generated 893 bytes in 36 msecs (HTTP/1.1 200) 7 headers in 285 bytes (1 switches on core 0)
Apr 20 18:49:17 user devstack@c-api.service[72548]: DEBUG cinder.api.middleware.request_id [None req-0d827f52-6075-49ad-a1cb-1e3b761281ad None None] RequestId filter calling following filter/app {{(pid=72548) _context_setter /opt/stack/cinder/cinder/api/middleware/request_id.py:62}}
Apr 20 18:49:17 user devstack@c-api.service[72548]: INFO cinder.api.openstack.wsgi [None req-0d827f52-6075-49ad-a1cb-1e3b761281ad tempest-VolumesTestJSON-55673950 tempest-VolumesTestJSON-55673950-project-member] POST http://10.0.0.210/volume/v3/e10cb71ce77f4118b6f2ffea37f272e8/volumes
Apr 20 18:49:17 user devstack@c-api.service[72548]: DEBUG cinder.api.openstack.wsgi [None req-0d827f52-6075-49ad-a1cb-1e3b761281ad tempest-VolumesTestJSON-55673950 tempest-VolumesTestJSON-55673950-project-member] Action: 'create', calling method: create, body: {"volume": {"metadata": {"Type": "work"}, "size": 1, "display_name": "tempest-VolumesTestJSON-volume-258871885"}} {{(pid=72548) _process_stack /opt/stack/cinder/cinder/api/openstack/wsgi.py:866}}
Apr 20 18:49:17 user devstack@c-api.service[72548]: DEBUG cinder.api.v3.volumes [None req-0d827f52-6075-49ad-a1cb-1e3b761281ad tempest-VolumesTestJSON-55673950 tempest-VolumesTestJSON-55673950-project-member] Create volume request body: {'volume': {'metadata': {'Type': 'work'}, 'size': 1, 'display_name': 'tempest-VolumesTestJSON-volume-258871885'}} {{(pid=72548) create /opt/stack/cinder/cinder/api/v3/volumes.py:297}}
Apr 20 18:49:17 user devstack@c-api.service[72548]: INFO cinder.api.v3.volumes [None req-0d827f52-6075-49ad-a1cb-1e3b761281ad tempest-VolumesTestJSON-55673950 tempest-VolumesTestJSON-55673950-project-member] Create volume of 1 GB
Apr 20 18:49:17 user devstack@c-api.service[72548]: INFO cinder.volume.api [None req-0d827f52-6075-49ad-a1cb-1e3b761281ad tempest-VolumesTestJSON-55673950 tempest-VolumesTestJSON-55673950-project-member] Availability Zones retrieved successfully.
Apr 20 18:49:17 user devstack@c-api.service[72548]: DEBUG cinder.volume.api [None req-0d827f52-6075-49ad-a1cb-1e3b761281ad tempest-VolumesTestJSON-55673950 tempest-VolumesTestJSON-55673950-project-member] Flow 'volume_create_api' (f252824b-9894-4c11-8103-2f36c9570ee6) transitioned into state 'RUNNING' from state 'PENDING' {{(pid=72548) _flow_receiver /usr/local/lib/python3.10/dist-packages/taskflow/listeners/logging.py:141}}
Apr 20 18:49:17 user devstack@c-api.service[72548]: DEBUG cinder.volume.api [None req-0d827f52-6075-49ad-a1cb-1e3b761281ad tempest-VolumesTestJSON-55673950 tempest-VolumesTestJSON-55673950-project-member] Task 'cinder.volume.flows.api.create_volume.ExtractVolumeRequestTask;volume:create' (19c279fa-7428-43df-83c5-52e169379b17) transitioned into state 'RUNNING' from state 'PENDING' {{(pid=72548) _task_receiver /usr/local/lib/python3.10/dist-packages/taskflow/listeners/logging.py:190}}
Apr 20 18:49:17 user devstack@c-api.service[72548]: DEBUG cinder.volume.flows.api.create_volume [None req-0d827f52-6075-49ad-a1cb-1e3b761281ad tempest-VolumesTestJSON-55673950 tempest-VolumesTestJSON-55673950-project-member] Validating volume size '1' using validate_int {{(pid=72548) _extract_size /opt/stack/cinder/cinder/volume/flows/api/create_volume.py:228}}
Apr 20 18:49:17 user devstack@c-api.service[72548]: DEBUG cinder.volume.api [None req-0d827f52-6075-49ad-a1cb-1e3b761281ad tempest-VolumesTestJSON-55673950 tempest-VolumesTestJSON-55673950-project-member] Task 'cinder.volume.flows.api.create_volume.ExtractVolumeRequestTask;volume:create' (19c279fa-7428-43df-83c5-52e169379b17) transitioned into state 'SUCCESS' from state 'RUNNING' with result '{'size': 1, 'snapshot_id': None, 'source_volid': None, 'volume_type': VolumeType(created_at=2023-04-20T18:40:39Z,deleted=False,deleted_at=None,description=None,extra_specs={volume_backend_name='joviandss-2'},id=6c29c8bf-1491-40e8-966b-a8372de9b55f,is_public=True,name='joviandss-2',projects=[],qos_specs=,qos_specs_id=None,updated_at=None), 'volume_type_id': '6c29c8bf-1491-40e8-966b-a8372de9b55f', 'encryption_key_id': None, 'qos_specs': None, 'consistencygroup_id': None, 'cgsnapshot_id': None, 'group_id': None, 'replication_status': 'disabled', 'refresh_az': False, 'backup_id': None, 'multiattach': False, 'availability_zones': ['nova']}' {{(pid=72548) _task_receiver /usr/local/lib/python3.10/dist-packages/taskflow/listeners/logging.py:178}}
Apr 20 18:49:17 user devstack@c-api.service[72548]: DEBUG cinder.volume.api [None req-0d827f52-6075-49ad-a1cb-1e3b761281ad tempest-VolumesTestJSON-55673950 tempest-VolumesTestJSON-55673950-project-member] Task 'cinder.volume.flows.api.create_volume.QuotaReserveTask;volume:create' (141f7112-b7e2-499a-a685-d58c5e0cad58) transitioned into state 'RUNNING' from state 'PENDING' {{(pid=72548) _task_receiver /usr/local/lib/python3.10/dist-packages/taskflow/listeners/logging.py:190}}
Apr 20 18:49:17 user devstack@c-api.service[72548]: DEBUG cinder.quota [None req-0d827f52-6075-49ad-a1cb-1e3b761281ad tempest-VolumesTestJSON-55673950 tempest-VolumesTestJSON-55673950-project-member] Created reservations ['09f787f9-1a39-4436-bce3-9e4592cea037', 'ae797306-ee7c-4a40-91b7-235309d457d2', '8c674afe-1332-422d-b032-9f6c307e8099', 'c32fa9dd-5a32-4885-8324-7a6e2172d485'] {{(pid=72548) reserve /opt/stack/cinder/cinder/quota.py:755}}
Apr 20 18:49:17 user devstack@c-api.service[72548]: DEBUG cinder.volume.api [None req-0d827f52-6075-49ad-a1cb-1e3b761281ad tempest-VolumesTestJSON-55673950 tempest-VolumesTestJSON-55673950-project-member] Task 'cinder.volume.flows.api.create_volume.QuotaReserveTask;volume:create' (141f7112-b7e2-499a-a685-d58c5e0cad58) transitioned into state 'SUCCESS' from state 'RUNNING' with result '{'reservations': ['09f787f9-1a39-4436-bce3-9e4592cea037', 'ae797306-ee7c-4a40-91b7-235309d457d2', '8c674afe-1332-422d-b032-9f6c307e8099', 'c32fa9dd-5a32-4885-8324-7a6e2172d485']}' {{(pid=72548) _task_receiver /usr/local/lib/python3.10/dist-packages/taskflow/listeners/logging.py:178}}
Apr 20 18:49:17 user devstack@c-api.service[72548]: DEBUG cinder.volume.api [None req-0d827f52-6075-49ad-a1cb-1e3b761281ad tempest-VolumesTestJSON-55673950 tempest-VolumesTestJSON-55673950-project-member] Task 'cinder.volume.flows.api.create_volume.EntryCreateTask;volume:create' (e238ea52-2d78-491b-9d47-f4eccab59a7e) transitioned into state 'RUNNING' from state 'PENDING' {{(pid=72548) _task_receiver /usr/local/lib/python3.10/dist-packages/taskflow/listeners/logging.py:190}}
Apr 20 18:49:17 user devstack@c-api.service[72550]: DEBUG cinder.api.middleware.request_id [None req-8690a584-6894-445e-8870-873b0f2ffa53 None None] RequestId filter calling following filter/app {{(pid=72550) _context_setter /opt/stack/cinder/cinder/api/middleware/request_id.py:62}}
Apr 20 18:49:17 user devstack@c-api.service[72548]: DEBUG cinder.volume.api [None req-0d827f52-6075-49ad-a1cb-1e3b761281ad tempest-VolumesTestJSON-55673950 tempest-VolumesTestJSON-55673950-project-member] Task 'cinder.volume.flows.api.create_volume.EntryCreateTask;volume:create' (e238ea52-2d78-491b-9d47-f4eccab59a7e) transitioned into state 'SUCCESS' from state 'RUNNING' with result '{'volume_id': 'd22c2f4b-22e3-4877-bd63-03b9b8dd2a72', 'volume_properties': VolumeProperties(attach_status='detached',availability_zone='nova',cgsnapshot_id=None,consistencygroup_id=None,display_description=None,display_name='tempest-VolumesTestJSON-volume-258871885',encryption_key_id=None,group_id=None,group_type_id=,metadata={Type='work'},multiattach=False,project_id='e10cb71ce77f4118b6f2ffea37f272e8',qos_specs=None,replication_status=,reservations=['09f787f9-1a39-4436-bce3-9e4592cea037','ae797306-ee7c-4a40-91b7-235309d457d2','8c674afe-1332-422d-b032-9f6c307e8099','c32fa9dd-5a32-4885-8324-7a6e2172d485'],size=1,snapshot_id=None,source_replicaid=,source_volid=None,status='creating',user_id='42eb44d4f98c4cdab4706dc484dfa70d',volume_type_id=6c29c8bf-1491-40e8-966b-a8372de9b55f), 'volume': Volume(_name_id=None,admin_metadata=,attach_status='detached',availability_zone='nova',bootable=False,cluster=,cluster_name=None,consistencygroup=,consistencygroup_id=None,created_at=2023-04-20T18:49:17Z,deleted=False,deleted_at=None,display_description=None,display_name='tempest-VolumesTestJSON-volume-258871885',ec2_id=None,encryption_key_id=None,glance_metadata=,group=,group_id=None,host=None,id=d22c2f4b-22e3-4877-bd63-03b9b8dd2a72,launched_at=None,metadata={Type='work'},migration_status=None,multiattach=False,previous_status=None,project_id='e10cb71ce77f4118b6f2ffea37f272e8',provider_auth=None,provider_geometry=None,provider_id=None,provider_location=None,replication_driver_data=None,replication_extended_status=None,replication_status=None,scheduled_at=None,service_uuid=None,shared_targets=True,size=1,snapshot_id=None,snapshots=,source_volid=None,status='creating',terminated_at=None,updated_at=None,use_quota=True,user_id='42eb44d4f98c4cdab4706dc484dfa70d',volume_attachment=VolumeAttachmentList,volume_type=VolumeType(6c29c8bf-1491-40e8-966b-a8372de9b55f),volume_type_id=6c29c8bf-1491-40e8-966b-a8372de9b55f)}' {{(pid=72548) _task_receiver /usr/local/lib/python3.10/dist-packages/taskflow/listeners/logging.py:178}}
Apr 20 18:49:17 user devstack@c-api.service[72550]: INFO cinder.api.openstack.wsgi [None req-8690a584-6894-445e-8870-873b0f2ffa53 tempest-AttachVolumeNegativeTest-422913090 tempest-AttachVolumeNegativeTest-422913090-project-member] GET http://10.0.0.210/volume/v3/8be777a9cd424d42ae9caae453cb2e52/volumes/99558f03-8555-41e7-ab6d-04957bb59218
Apr 20 18:49:17 user devstack@c-api.service[72550]: DEBUG cinder.api.openstack.wsgi [None req-8690a584-6894-445e-8870-873b0f2ffa53 tempest-AttachVolumeNegativeTest-422913090 tempest-AttachVolumeNegativeTest-422913090-project-member] Empty body provided in request {{(pid=72550) get_body /opt/stack/cinder/cinder/api/openstack/wsgi.py:715}}
Apr 20 18:49:17 user devstack@c-api.service[72550]: DEBUG cinder.api.openstack.wsgi [None req-8690a584-6894-445e-8870-873b0f2ffa53 tempest-AttachVolumeNegativeTest-422913090 tempest-AttachVolumeNegativeTest-422913090-project-member] Calling method 'show' {{(pid=72550) _process_stack /opt/stack/cinder/cinder/api/openstack/wsgi.py:868}}
Apr 20 18:49:17 user devstack@c-api.service[72548]: DEBUG cinder.volume.api [None req-0d827f52-6075-49ad-a1cb-1e3b761281ad tempest-VolumesTestJSON-55673950 tempest-VolumesTestJSON-55673950-project-member] Task 'cinder.volume.flows.api.create_volume.QuotaCommitTask;volume:create' (65002137-9f3f-432a-9946-ca515de617ee) transitioned into state 'RUNNING' from state 'PENDING' {{(pid=72548) _task_receiver /usr/local/lib/python3.10/dist-packages/taskflow/listeners/logging.py:190}}
Apr 20 18:49:17 user devstack@c-api.service[72550]: /usr/local/lib/python3.10/dist-packages/oslo_context/context.py:100: DeprecationWarning: Policy enforcement is depending on the value of is_admin. This key is deprecated. Please update your policy file to use the standard policy values.
Apr 20 18:49:17 user devstack@c-api.service[72550]: warnings.warn('Policy enforcement is depending on the value of '
Apr 20 18:49:17 user devstack@c-api.service[72548]: DEBUG cinder.volume.api [None req-0d827f52-6075-49ad-a1cb-1e3b761281ad tempest-VolumesTestJSON-55673950 tempest-VolumesTestJSON-55673950-project-member] Task 'cinder.volume.flows.api.create_volume.QuotaCommitTask;volume:create' (65002137-9f3f-432a-9946-ca515de617ee) transitioned into state 'SUCCESS' from state 'RUNNING' with result '{'volume_properties': VolumeProperties(attach_status='detached',availability_zone='nova',cgsnapshot_id=None,consistencygroup_id=None,display_description=None,display_name='tempest-VolumesTestJSON-volume-258871885',encryption_key_id=None,group_id=None,group_type_id=,metadata={Type='work'},multiattach=False,project_id='e10cb71ce77f4118b6f2ffea37f272e8',qos_specs=None,replication_status=,reservations=['09f787f9-1a39-4436-bce3-9e4592cea037','ae797306-ee7c-4a40-91b7-235309d457d2','8c674afe-1332-422d-b032-9f6c307e8099','c32fa9dd-5a32-4885-8324-7a6e2172d485'],size=1,snapshot_id=None,source_replicaid=,source_volid=None,status='creating',user_id='42eb44d4f98c4cdab4706dc484dfa70d',volume_type_id=6c29c8bf-1491-40e8-966b-a8372de9b55f)}' {{(pid=72548) _task_receiver /usr/local/lib/python3.10/dist-packages/taskflow/listeners/logging.py:178}}
Apr 20 18:49:17 user devstack@c-api.service[72548]: DEBUG cinder.volume.api [None req-0d827f52-6075-49ad-a1cb-1e3b761281ad tempest-VolumesTestJSON-55673950 tempest-VolumesTestJSON-55673950-project-member] Task 'cinder.volume.flows.api.create_volume.VolumeCastTask;volume:create' (61a13787-40a4-4749-80f6-6c51708c46f6) transitioned into state 'RUNNING' from state 'PENDING' {{(pid=72548) _task_receiver /usr/local/lib/python3.10/dist-packages/taskflow/listeners/logging.py:190}}
Apr 20 18:49:17 user devstack@c-api.service[72550]: INFO cinder.volume.api [None req-8690a584-6894-445e-8870-873b0f2ffa53 tempest-AttachVolumeNegativeTest-422913090 tempest-AttachVolumeNegativeTest-422913090-project-member] Volume info retrieved successfully.
Apr 20 18:49:17 user devstack@c-api.service[72548]: DEBUG cinder.volume.api [None req-0d827f52-6075-49ad-a1cb-1e3b761281ad tempest-VolumesTestJSON-55673950 tempest-VolumesTestJSON-55673950-project-member] Task 'cinder.volume.flows.api.create_volume.VolumeCastTask;volume:create' (61a13787-40a4-4749-80f6-6c51708c46f6) transitioned into state 'SUCCESS' from state 'RUNNING' with result 'None' {{(pid=72548) _task_receiver /usr/local/lib/python3.10/dist-packages/taskflow/listeners/logging.py:178}}
Apr 20 18:49:17 user devstack@c-api.service[72548]: DEBUG cinder.volume.api [None req-0d827f52-6075-49ad-a1cb-1e3b761281ad tempest-VolumesTestJSON-55673950 tempest-VolumesTestJSON-55673950-project-member] Flow 'volume_create_api' (f252824b-9894-4c11-8103-2f36c9570ee6) transitioned into state 'SUCCESS' from state 'RUNNING' {{(pid=72548) _flow_receiver /usr/local/lib/python3.10/dist-packages/taskflow/listeners/logging.py:141}}
Apr 20 18:49:17 user devstack@c-api.service[72550]: INFO cinder.api.openstack.wsgi [None req-8690a584-6894-445e-8870-873b0f2ffa53 tempest-AttachVolumeNegativeTest-422913090 tempest-AttachVolumeNegativeTest-422913090-project-member] http://10.0.0.210/volume/v3/8be777a9cd424d42ae9caae453cb2e52/volumes/99558f03-8555-41e7-ab6d-04957bb59218 returned with HTTP 200
Apr 20 18:49:17 user devstack@c-api.service[72548]: INFO cinder.volume.api [None req-0d827f52-6075-49ad-a1cb-1e3b761281ad tempest-VolumesTestJSON-55673950 tempest-VolumesTestJSON-55673950-project-member] Create volume request issued successfully.
Apr 20 18:49:17 user devstack@c-api.service[72550]: [pid: 72550|app: 0|req: 101/299] 10.0.0.210 () {62 vars in 1402 bytes} [Thu Apr 20 18:49:17 2023] GET /volume/v3/8be777a9cd424d42ae9caae453cb2e52/volumes/99558f03-8555-41e7-ab6d-04957bb59218 => generated 910 bytes in 48 msecs (HTTP/1.1 200) 7 headers in 285 bytes (1 switches on core 0)
Apr 20 18:49:17 user devstack@c-api.service[72548]: INFO cinder.api.openstack.wsgi [None req-0d827f52-6075-49ad-a1cb-1e3b761281ad tempest-VolumesTestJSON-55673950 tempest-VolumesTestJSON-55673950-project-member] http://10.0.0.210/volume/v3/e10cb71ce77f4118b6f2ffea37f272e8/volumes returned with HTTP 202
Apr 20 18:49:17 user devstack@c-api.service[72548]: [pid: 72548|app: 0|req: 96/300] 10.0.0.210 () {64 vars in 1313 bytes} [Thu Apr 20 18:49:17 2023] POST /volume/v3/e10cb71ce77f4118b6f2ffea37f272e8/volumes => generated 826 bytes in 430 msecs (HTTP/1.1 202) 7 headers in 291 bytes (1 switches on core 0)
Apr 20 18:49:17 user devstack@c-api.service[72549]: DEBUG cinder.api.middleware.request_id [None req-8e87c100-3244-4464-b076-0a61f50b8ad4 None None] RequestId filter calling following filter/app {{(pid=72549) _context_setter /opt/stack/cinder/cinder/api/middleware/request_id.py:62}}
Apr 20 18:49:17 user devstack@c-api.service[72550]: DEBUG cinder.api.middleware.request_id [None req-b315a381-6207-4de5-9df9-efc0468e7652 None None] RequestId filter calling following filter/app {{(pid=72550) _context_setter /opt/stack/cinder/cinder/api/middleware/request_id.py:62}}
Apr 20 18:49:17 user devstack@c-api.service[72549]: INFO cinder.api.openstack.wsgi [None req-8e87c100-3244-4464-b076-0a61f50b8ad4 tempest-VolumesTestJSON-55673950 tempest-VolumesTestJSON-55673950-project-member] GET http://10.0.0.210/volume/v3/e10cb71ce77f4118b6f2ffea37f272e8/volumes/d22c2f4b-22e3-4877-bd63-03b9b8dd2a72
Apr 20 18:49:17 user devstack@c-api.service[72549]: DEBUG cinder.api.openstack.wsgi [None req-8e87c100-3244-4464-b076-0a61f50b8ad4 tempest-VolumesTestJSON-55673950 tempest-VolumesTestJSON-55673950-project-member] Empty body provided in request {{(pid=72549) get_body /opt/stack/cinder/cinder/api/openstack/wsgi.py:715}}
Apr 20 18:49:17 user devstack@c-api.service[72549]: DEBUG cinder.api.openstack.wsgi [None req-8e87c100-3244-4464-b076-0a61f50b8ad4 tempest-VolumesTestJSON-55673950 tempest-VolumesTestJSON-55673950-project-member] Calling method 'show' {{(pid=72549) _process_stack /opt/stack/cinder/cinder/api/openstack/wsgi.py:868}}
Apr 20 18:49:17 user devstack@c-api.service[72550]: INFO cinder.api.openstack.wsgi [None req-b315a381-6207-4de5-9df9-efc0468e7652 tempest-ServerRescueNegativeTestJSON-1808078690 tempest-ServerRescueNegativeTestJSON-1808078690-project-member] GET http://10.0.0.210/volume/v3/641b4a94c3114312ae2f8b3658921374/volumes/6a5b8e4d-a8ae-44db-b855-eb9d49dfe287
Apr 20 18:49:17 user devstack@c-api.service[72550]: DEBUG cinder.api.openstack.wsgi [None req-b315a381-6207-4de5-9df9-efc0468e7652 tempest-ServerRescueNegativeTestJSON-1808078690 tempest-ServerRescueNegativeTestJSON-1808078690-project-member] Empty body provided in request {{(pid=72550) get_body /opt/stack/cinder/cinder/api/openstack/wsgi.py:715}}
Apr 20 18:49:17 user devstack@c-api.service[72550]: DEBUG cinder.api.openstack.wsgi [None req-b315a381-6207-4de5-9df9-efc0468e7652 tempest-ServerRescueNegativeTestJSON-1808078690 tempest-ServerRescueNegativeTestJSON-1808078690-project-member] Calling method 'show' {{(pid=72550) _process_stack /opt/stack/cinder/cinder/api/openstack/wsgi.py:868}}
Apr 20 18:49:17 user devstack@c-api.service[72549]: /usr/local/lib/python3.10/dist-packages/oslo_context/context.py:100: DeprecationWarning: Policy enforcement is depending on the value of is_admin. This key is deprecated. Please update your policy file to use the standard policy values.
Apr 20 18:49:17 user devstack@c-api.service[72549]: warnings.warn('Policy enforcement is depending on the value of '
Apr 20 18:49:17 user devstack@c-api.service[72550]: /usr/local/lib/python3.10/dist-packages/oslo_context/context.py:100: DeprecationWarning: Policy enforcement is depending on the value of is_admin. This key is deprecated. Please update your policy file to use the standard policy values.
Apr 20 18:49:17 user devstack@c-api.service[72550]: warnings.warn('Policy enforcement is depending on the value of '
Apr 20 18:49:17 user devstack@c-api.service[72549]: INFO cinder.volume.api [None req-8e87c100-3244-4464-b076-0a61f50b8ad4 tempest-VolumesTestJSON-55673950 tempest-VolumesTestJSON-55673950-project-member] Volume info retrieved successfully.
Apr 20 18:49:17 user devstack@c-api.service[72550]: INFO cinder.volume.api [None req-b315a381-6207-4de5-9df9-efc0468e7652 tempest-ServerRescueNegativeTestJSON-1808078690 tempest-ServerRescueNegativeTestJSON-1808078690-project-member] Volume info retrieved successfully.
Apr 20 18:49:17 user devstack@c-api.service[72549]: INFO cinder.api.openstack.wsgi [None req-8e87c100-3244-4464-b076-0a61f50b8ad4 tempest-VolumesTestJSON-55673950 tempest-VolumesTestJSON-55673950-project-member] http://10.0.0.210/volume/v3/e10cb71ce77f4118b6f2ffea37f272e8/volumes/d22c2f4b-22e3-4877-bd63-03b9b8dd2a72 returned with HTTP 200
Apr 20 18:49:17 user devstack@c-api.service[72549]: [pid: 72549|app: 0|req: 104/301] 10.0.0.210 () {62 vars in 1402 bytes} [Thu Apr 20 18:49:17 2023] GET /volume/v3/e10cb71ce77f4118b6f2ffea37f272e8/volumes/d22c2f4b-22e3-4877-bd63-03b9b8dd2a72 => generated 894 bytes in 40 msecs (HTTP/1.1 200) 7 headers in 285 bytes (1 switches on core 0)
Apr 20 18:49:17 user devstack@c-api.service[72550]: INFO cinder.api.openstack.wsgi [None req-b315a381-6207-4de5-9df9-efc0468e7652 tempest-ServerRescueNegativeTestJSON-1808078690 tempest-ServerRescueNegativeTestJSON-1808078690-project-member] http://10.0.0.210/volume/v3/641b4a94c3114312ae2f8b3658921374/volumes/6a5b8e4d-a8ae-44db-b855-eb9d49dfe287 returned with HTTP 200
Apr 20 18:49:17 user devstack@c-api.service[72550]: [pid: 72550|app: 0|req: 102/302] 10.0.0.210 () {62 vars in 1402 bytes} [Thu Apr 20 18:49:17 2023] GET /volume/v3/641b4a94c3114312ae2f8b3658921374/volumes/6a5b8e4d-a8ae-44db-b855-eb9d49dfe287 => generated 914 bytes in 39 msecs (HTTP/1.1 200) 7 headers in 285 bytes (1 switches on core 0)
Apr 20 18:49:17 user devstack@c-api.service[72548]: DEBUG cinder.api.middleware.request_id [None req-e78029c9-e1ae-474a-8506-275bb4ee31ff None None] RequestId filter calling following filter/app {{(pid=72548) _context_setter /opt/stack/cinder/cinder/api/middleware/request_id.py:62}}
Apr 20 18:49:17 user devstack@c-api.service[72548]: INFO cinder.api.openstack.wsgi [None req-e78029c9-e1ae-474a-8506-275bb4ee31ff tempest-ServerRescueNegativeTestJSON-1808078690 tempest-ServerRescueNegativeTestJSON-1808078690-project-member] POST http://10.0.0.210/volume/v3/641b4a94c3114312ae2f8b3658921374/volumes
Apr 20 18:49:17 user devstack@c-api.service[72548]: DEBUG cinder.api.openstack.wsgi [None req-e78029c9-e1ae-474a-8506-275bb4ee31ff tempest-ServerRescueNegativeTestJSON-1808078690 tempest-ServerRescueNegativeTestJSON-1808078690-project-member] Action: 'create', calling method: create, body: {"volume": {"size": 1, "display_name": "tempest-ServerRescueNegativeTestJSON-volume-2074623826"}} {{(pid=72548) _process_stack /opt/stack/cinder/cinder/api/openstack/wsgi.py:866}}
Apr 20 18:49:17 user devstack@c-api.service[72548]: DEBUG cinder.api.v3.volumes [None req-e78029c9-e1ae-474a-8506-275bb4ee31ff tempest-ServerRescueNegativeTestJSON-1808078690 tempest-ServerRescueNegativeTestJSON-1808078690-project-member] Create volume request body: {'volume': {'size': 1, 'display_name': 'tempest-ServerRescueNegativeTestJSON-volume-2074623826'}} {{(pid=72548) create /opt/stack/cinder/cinder/api/v3/volumes.py:297}}
Apr 20 18:49:17 user devstack@c-api.service[72548]: INFO cinder.api.v3.volumes [None req-e78029c9-e1ae-474a-8506-275bb4ee31ff tempest-ServerRescueNegativeTestJSON-1808078690 tempest-ServerRescueNegativeTestJSON-1808078690-project-member] Create volume of 1 GB
Apr 20 18:49:17 user devstack@c-api.service[72548]: /usr/local/lib/python3.10/dist-packages/oslo_context/context.py:100: DeprecationWarning: Policy enforcement is depending on the value of is_admin. This key is deprecated. Please update your policy file to use the standard policy values.
Apr 20 18:49:17 user devstack@c-api.service[72548]: warnings.warn('Policy enforcement is depending on the value of '
Apr 20 18:49:17 user devstack@c-api.service[72548]: INFO cinder.volume.api [None req-e78029c9-e1ae-474a-8506-275bb4ee31ff tempest-ServerRescueNegativeTestJSON-1808078690 tempest-ServerRescueNegativeTestJSON-1808078690-project-member] Availability Zones retrieved successfully.
Apr 20 18:49:17 user devstack@c-api.service[72548]: DEBUG cinder.volume.api [None req-e78029c9-e1ae-474a-8506-275bb4ee31ff tempest-ServerRescueNegativeTestJSON-1808078690 tempest-ServerRescueNegativeTestJSON-1808078690-project-member] Flow 'volume_create_api' (645fe138-8963-41d1-b5e2-41b5a6633974) transitioned into state 'RUNNING' from state 'PENDING' {{(pid=72548) _flow_receiver /usr/local/lib/python3.10/dist-packages/taskflow/listeners/logging.py:141}}
Apr 20 18:49:17 user devstack@c-api.service[72548]: DEBUG cinder.volume.api [None req-e78029c9-e1ae-474a-8506-275bb4ee31ff tempest-ServerRescueNegativeTestJSON-1808078690 tempest-ServerRescueNegativeTestJSON-1808078690-project-member] Task 'cinder.volume.flows.api.create_volume.ExtractVolumeRequestTask;volume:create' (b8b146f8-5701-43d4-b947-51b4b39bdedb) transitioned into state 'RUNNING' from state 'PENDING' {{(pid=72548) _task_receiver /usr/local/lib/python3.10/dist-packages/taskflow/listeners/logging.py:190}}
Apr 20 18:49:17 user devstack@c-api.service[72548]: DEBUG cinder.volume.flows.api.create_volume [None req-e78029c9-e1ae-474a-8506-275bb4ee31ff tempest-ServerRescueNegativeTestJSON-1808078690 tempest-ServerRescueNegativeTestJSON-1808078690-project-member] Validating volume size '1' using validate_int {{(pid=72548) _extract_size /opt/stack/cinder/cinder/volume/flows/api/create_volume.py:228}}
Apr 20 18:49:17 user devstack@c-api.service[72548]: DEBUG cinder.volume.api [None req-e78029c9-e1ae-474a-8506-275bb4ee31ff tempest-ServerRescueNegativeTestJSON-1808078690 tempest-ServerRescueNegativeTestJSON-1808078690-project-member] Task 'cinder.volume.flows.api.create_volume.ExtractVolumeRequestTask;volume:create' (b8b146f8-5701-43d4-b947-51b4b39bdedb) transitioned into state 'SUCCESS' from state 'RUNNING' with result '{'size': 1, 'snapshot_id': None, 'source_volid': None, 'volume_type': VolumeType(created_at=2023-04-20T18:40:39Z,deleted=False,deleted_at=None,description=None,extra_specs={volume_backend_name='joviandss-2'},id=6c29c8bf-1491-40e8-966b-a8372de9b55f,is_public=True,name='joviandss-2',projects=[],qos_specs=,qos_specs_id=None,updated_at=None), 'volume_type_id': '6c29c8bf-1491-40e8-966b-a8372de9b55f', 'encryption_key_id': None, 'qos_specs': None, 'consistencygroup_id': None, 'cgsnapshot_id': None, 'group_id': None, 'replication_status': 'disabled', 'refresh_az': False, 'backup_id': None, 'multiattach': False, 'availability_zones': ['nova']}' {{(pid=72548) _task_receiver /usr/local/lib/python3.10/dist-packages/taskflow/listeners/logging.py:178}}
Apr 20 18:49:17 user devstack@c-api.service[72548]: DEBUG cinder.volume.api [None req-e78029c9-e1ae-474a-8506-275bb4ee31ff tempest-ServerRescueNegativeTestJSON-1808078690 tempest-ServerRescueNegativeTestJSON-1808078690-project-member] Task 'cinder.volume.flows.api.create_volume.QuotaReserveTask;volume:create' (2c94e0da-ca27-42bc-9fc3-f87eb05cddf6) transitioned into state 'RUNNING' from state 'PENDING' {{(pid=72548) _task_receiver /usr/local/lib/python3.10/dist-packages/taskflow/listeners/logging.py:190}}
Apr 20 18:49:17 user devstack@c-api.service[72548]: DEBUG dbcounter [-] [72548] Writing DB stats cinder:SELECT=77,cinder:INSERT=11,cinder:UPDATE=12 {{(pid=72548) stat_writer /usr/local/lib/python3.10/dist-packages/dbcounter.py:117}}
Apr 20 18:49:17 user devstack@c-api.service[72548]: DEBUG cinder.quota [None req-e78029c9-e1ae-474a-8506-275bb4ee31ff tempest-ServerRescueNegativeTestJSON-1808078690 tempest-ServerRescueNegativeTestJSON-1808078690-project-member] Created reservations ['369d4f96-b11b-4f27-acaa-79aeae8f874a', 'd3e87246-4357-43ac-8ae8-3adb8bc92ad1', '74e7f2d6-ba67-40ec-b8b1-987918833edc', '8061a5c2-559b-4828-87bd-a0f8f3e5cd91'] {{(pid=72548) reserve /opt/stack/cinder/cinder/quota.py:755}}
Apr 20 18:49:17 user devstack@c-api.service[72548]: DEBUG cinder.volume.api [None req-e78029c9-e1ae-474a-8506-275bb4ee31ff tempest-ServerRescueNegativeTestJSON-1808078690 tempest-ServerRescueNegativeTestJSON-1808078690-project-member] Task 'cinder.volume.flows.api.create_volume.QuotaReserveTask;volume:create' (2c94e0da-ca27-42bc-9fc3-f87eb05cddf6) transitioned into state 'SUCCESS' from state 'RUNNING' with result '{'reservations': ['369d4f96-b11b-4f27-acaa-79aeae8f874a', 'd3e87246-4357-43ac-8ae8-3adb8bc92ad1', '74e7f2d6-ba67-40ec-b8b1-987918833edc', '8061a5c2-559b-4828-87bd-a0f8f3e5cd91']}' {{(pid=72548) _task_receiver /usr/local/lib/python3.10/dist-packages/taskflow/listeners/logging.py:178}}
Apr 20 18:49:17 user devstack@c-api.service[72548]: DEBUG cinder.volume.api [None req-e78029c9-e1ae-474a-8506-275bb4ee31ff tempest-ServerRescueNegativeTestJSON-1808078690 tempest-ServerRescueNegativeTestJSON-1808078690-project-member] Task 'cinder.volume.flows.api.create_volume.EntryCreateTask;volume:create' (aba55d03-3b49-4fff-b897-5a2ab793ec50) transitioned into state 'RUNNING' from state 'PENDING' {{(pid=72548) _task_receiver /usr/local/lib/python3.10/dist-packages/taskflow/listeners/logging.py:190}}
Apr 20 18:49:18 user devstack@c-api.service[72548]: DEBUG cinder.volume.api [None req-e78029c9-e1ae-474a-8506-275bb4ee31ff tempest-ServerRescueNegativeTestJSON-1808078690 tempest-ServerRescueNegativeTestJSON-1808078690-project-member] Task 'cinder.volume.flows.api.create_volume.EntryCreateTask;volume:create' (aba55d03-3b49-4fff-b897-5a2ab793ec50) transitioned into state 'SUCCESS' from state 'RUNNING' with result '{'volume_id': 'ec1d1436-ed0b-495b-8721-1595bb902b18', 'volume_properties': VolumeProperties(attach_status='detached',availability_zone='nova',cgsnapshot_id=None,consistencygroup_id=None,display_description=None,display_name='tempest-ServerRescueNegativeTestJSON-volume-2074623826',encryption_key_id=None,group_id=None,group_type_id=,metadata={},multiattach=False,project_id='641b4a94c3114312ae2f8b3658921374',qos_specs=None,replication_status=,reservations=['369d4f96-b11b-4f27-acaa-79aeae8f874a','d3e87246-4357-43ac-8ae8-3adb8bc92ad1','74e7f2d6-ba67-40ec-b8b1-987918833edc','8061a5c2-559b-4828-87bd-a0f8f3e5cd91'],size=1,snapshot_id=None,source_replicaid=,source_volid=None,status='creating',user_id='e33a2234ce2640f59dbf4dc4e693b0af',volume_type_id=6c29c8bf-1491-40e8-966b-a8372de9b55f), 'volume': Volume(_name_id=None,admin_metadata=,attach_status='detached',availability_zone='nova',bootable=False,cluster=,cluster_name=None,consistencygroup=,consistencygroup_id=None,created_at=2023-04-20T18:49:17Z,deleted=False,deleted_at=None,display_description=None,display_name='tempest-ServerRescueNegativeTestJSON-volume-2074623826',ec2_id=None,encryption_key_id=None,glance_metadata=,group=,group_id=None,host=None,id=ec1d1436-ed0b-495b-8721-1595bb902b18,launched_at=None,metadata={},migration_status=None,multiattach=False,previous_status=None,project_id='641b4a94c3114312ae2f8b3658921374',provider_auth=None,provider_geometry=None,provider_id=None,provider_location=None,replication_driver_data=None,replication_extended_status=None,replication_status=None,scheduled_at=None,service_uuid=None,shared_targets=True,size=1,snapshot_id=None,snapshots=,source_volid=None,status='creating',terminated_at=None,updated_at=None,use_quota=True,user_id='e33a2234ce2640f59dbf4dc4e693b0af',volume_attachment=VolumeAttachmentList,volume_type=VolumeType(6c29c8bf-1491-40e8-966b-a8372de9b55f),volume_type_id=6c29c8bf-1491-40e8-966b-a8372de9b55f)}' {{(pid=72548) _task_receiver /usr/local/lib/python3.10/dist-packages/taskflow/listeners/logging.py:178}}
Apr 20 18:49:18 user devstack@c-api.service[72548]: DEBUG cinder.volume.api [None req-e78029c9-e1ae-474a-8506-275bb4ee31ff tempest-ServerRescueNegativeTestJSON-1808078690 tempest-ServerRescueNegativeTestJSON-1808078690-project-member] Task 'cinder.volume.flows.api.create_volume.QuotaCommitTask;volume:create' (c5d7ba8c-56c3-4d23-a66d-7512fa48339d) transitioned into state 'RUNNING' from state 'PENDING' {{(pid=72548) _task_receiver /usr/local/lib/python3.10/dist-packages/taskflow/listeners/logging.py:190}}
Apr 20 18:49:18 user devstack@c-api.service[72548]: DEBUG cinder.volume.api [None req-e78029c9-e1ae-474a-8506-275bb4ee31ff tempest-ServerRescueNegativeTestJSON-1808078690 tempest-ServerRescueNegativeTestJSON-1808078690-project-member] Task 'cinder.volume.flows.api.create_volume.QuotaCommitTask;volume:create' (c5d7ba8c-56c3-4d23-a66d-7512fa48339d) transitioned into state 'SUCCESS' from state 'RUNNING' with result '{'volume_properties': VolumeProperties(attach_status='detached',availability_zone='nova',cgsnapshot_id=None,consistencygroup_id=None,display_description=None,display_name='tempest-ServerRescueNegativeTestJSON-volume-2074623826',encryption_key_id=None,group_id=None,group_type_id=,metadata={},multiattach=False,project_id='641b4a94c3114312ae2f8b3658921374',qos_specs=None,replication_status=,reservations=['369d4f96-b11b-4f27-acaa-79aeae8f874a','d3e87246-4357-43ac-8ae8-3adb8bc92ad1','74e7f2d6-ba67-40ec-b8b1-987918833edc','8061a5c2-559b-4828-87bd-a0f8f3e5cd91'],size=1,snapshot_id=None,source_replicaid=,source_volid=None,status='creating',user_id='e33a2234ce2640f59dbf4dc4e693b0af',volume_type_id=6c29c8bf-1491-40e8-966b-a8372de9b55f)}' {{(pid=72548) _task_receiver /usr/local/lib/python3.10/dist-packages/taskflow/listeners/logging.py:178}}
Apr 20 18:49:18 user devstack@c-api.service[72548]: DEBUG cinder.volume.api [None req-e78029c9-e1ae-474a-8506-275bb4ee31ff tempest-ServerRescueNegativeTestJSON-1808078690 tempest-ServerRescueNegativeTestJSON-1808078690-project-member] Task 'cinder.volume.flows.api.create_volume.VolumeCastTask;volume:create' (babbed1b-8980-488f-a8c4-fb861d1f360d) transitioned into state 'RUNNING' from state 'PENDING' {{(pid=72548) _task_receiver /usr/local/lib/python3.10/dist-packages/taskflow/listeners/logging.py:190}}
Apr 20 18:49:18 user devstack@c-api.service[72548]: DEBUG cinder.volume.api [None req-e78029c9-e1ae-474a-8506-275bb4ee31ff tempest-ServerRescueNegativeTestJSON-1808078690 tempest-ServerRescueNegativeTestJSON-1808078690-project-member] Task 'cinder.volume.flows.api.create_volume.VolumeCastTask;volume:create' (babbed1b-8980-488f-a8c4-fb861d1f360d) transitioned into state 'SUCCESS' from state 'RUNNING' with result 'None' {{(pid=72548) _task_receiver /usr/local/lib/python3.10/dist-packages/taskflow/listeners/logging.py:178}}
Apr 20 18:49:18 user devstack@c-api.service[72548]: DEBUG cinder.volume.api [None req-e78029c9-e1ae-474a-8506-275bb4ee31ff tempest-ServerRescueNegativeTestJSON-1808078690 tempest-ServerRescueNegativeTestJSON-1808078690-project-member] Flow 'volume_create_api' (645fe138-8963-41d1-b5e2-41b5a6633974) transitioned into state 'SUCCESS' from state 'RUNNING' {{(pid=72548) _flow_receiver /usr/local/lib/python3.10/dist-packages/taskflow/listeners/logging.py:141}}
Apr 20 18:49:18 user devstack@c-api.service[72548]: INFO cinder.volume.api [None req-e78029c9-e1ae-474a-8506-275bb4ee31ff tempest-ServerRescueNegativeTestJSON-1808078690 tempest-ServerRescueNegativeTestJSON-1808078690-project-member] Create volume request issued successfully.
Apr 20 18:49:18 user devstack@c-api.service[72548]: INFO cinder.api.openstack.wsgi [None req-e78029c9-e1ae-474a-8506-275bb4ee31ff tempest-ServerRescueNegativeTestJSON-1808078690 tempest-ServerRescueNegativeTestJSON-1808078690-project-member] http://10.0.0.210/volume/v3/641b4a94c3114312ae2f8b3658921374/volumes returned with HTTP 202
Apr 20 18:49:18 user devstack@c-api.service[72548]: [pid: 72548|app: 0|req: 97/303] 10.0.0.210 () {64 vars in 1312 bytes} [Thu Apr 20 18:49:17 2023] POST /volume/v3/641b4a94c3114312ae2f8b3658921374/volumes => generated 826 bytes in 197 msecs (HTTP/1.1 202) 7 headers in 291 bytes (1 switches on core 0)
Apr 20 18:49:18 user devstack@c-api.service[72549]: DEBUG cinder.api.middleware.request_id [None req-ce6d5ee3-bbdf-444d-93ba-721f374435c0 None None] RequestId filter calling following filter/app {{(pid=72549) _context_setter /opt/stack/cinder/cinder/api/middleware/request_id.py:62}}
Apr 20 18:49:18 user devstack@c-api.service[72549]: INFO cinder.api.openstack.wsgi [None req-ce6d5ee3-bbdf-444d-93ba-721f374435c0 tempest-ServerRescueNegativeTestJSON-1808078690 tempest-ServerRescueNegativeTestJSON-1808078690-project-member] GET http://10.0.0.210/volume/v3/641b4a94c3114312ae2f8b3658921374/volumes/ec1d1436-ed0b-495b-8721-1595bb902b18
Apr 20 18:49:18 user devstack@c-api.service[72549]: DEBUG cinder.api.openstack.wsgi [None req-ce6d5ee3-bbdf-444d-93ba-721f374435c0 tempest-ServerRescueNegativeTestJSON-1808078690 tempest-ServerRescueNegativeTestJSON-1808078690-project-member] Empty body provided in request {{(pid=72549) get_body /opt/stack/cinder/cinder/api/openstack/wsgi.py:715}}
Apr 20 18:49:18 user devstack@c-api.service[72549]: DEBUG cinder.api.openstack.wsgi [None req-ce6d5ee3-bbdf-444d-93ba-721f374435c0 tempest-ServerRescueNegativeTestJSON-1808078690 tempest-ServerRescueNegativeTestJSON-1808078690-project-member] Calling method 'show' {{(pid=72549) _process_stack /opt/stack/cinder/cinder/api/openstack/wsgi.py:868}}
Apr 20 18:49:18 user devstack@c-api.service[72549]: /usr/local/lib/python3.10/dist-packages/oslo_context/context.py:100: DeprecationWarning: Policy enforcement is depending on the value of is_admin. This key is deprecated. Please update your policy file to use the standard policy values.
Apr 20 18:49:18 user devstack@c-api.service[72549]: warnings.warn('Policy enforcement is depending on the value of '
Apr 20 18:49:18 user devstack@c-api.service[72549]: INFO cinder.volume.api [None req-ce6d5ee3-bbdf-444d-93ba-721f374435c0 tempest-ServerRescueNegativeTestJSON-1808078690 tempest-ServerRescueNegativeTestJSON-1808078690-project-member] Volume info retrieved successfully.
Apr 20 18:49:18 user devstack@c-api.service[72549]: INFO cinder.api.openstack.wsgi [None req-ce6d5ee3-bbdf-444d-93ba-721f374435c0 tempest-ServerRescueNegativeTestJSON-1808078690 tempest-ServerRescueNegativeTestJSON-1808078690-project-member] http://10.0.0.210/volume/v3/641b4a94c3114312ae2f8b3658921374/volumes/ec1d1436-ed0b-495b-8721-1595bb902b18 returned with HTTP 200
Apr 20 18:49:18 user devstack@c-api.service[72549]: [pid: 72549|app: 0|req: 105/304] 10.0.0.210 () {62 vars in 1402 bytes} [Thu Apr 20 18:49:18 2023] GET /volume/v3/641b4a94c3114312ae2f8b3658921374/volumes/ec1d1436-ed0b-495b-8721-1595bb902b18 => generated 894 bytes in 44 msecs (HTTP/1.1 200) 7 headers in 285 bytes (1 switches on core 0)
Apr 20 18:49:18 user devstack@c-api.service[72550]: DEBUG cinder.api.middleware.request_id [None req-487df39d-c6e3-435a-86c2-d7754f2edca0 None None] RequestId filter calling following filter/app {{(pid=72550) _context_setter /opt/stack/cinder/cinder/api/middleware/request_id.py:62}}
Apr 20 18:49:18 user devstack@c-api.service[72550]: INFO cinder.api.openstack.wsgi [None req-487df39d-c6e3-435a-86c2-d7754f2edca0 tempest-VolumesTestJSON-55673950 tempest-VolumesTestJSON-55673950-project-member] GET http://10.0.0.210/volume/v3/e10cb71ce77f4118b6f2ffea37f272e8/volumes/d22c2f4b-22e3-4877-bd63-03b9b8dd2a72
Apr 20 18:49:18 user devstack@c-api.service[72550]: DEBUG cinder.api.openstack.wsgi [None req-487df39d-c6e3-435a-86c2-d7754f2edca0 tempest-VolumesTestJSON-55673950 tempest-VolumesTestJSON-55673950-project-member] Empty body provided in request {{(pid=72550) get_body /opt/stack/cinder/cinder/api/openstack/wsgi.py:715}}
Apr 20 18:49:18 user devstack@c-api.service[72550]: DEBUG cinder.api.openstack.wsgi [None req-487df39d-c6e3-435a-86c2-d7754f2edca0 tempest-VolumesTestJSON-55673950 tempest-VolumesTestJSON-55673950-project-member] Calling method 'show' {{(pid=72550) _process_stack /opt/stack/cinder/cinder/api/openstack/wsgi.py:868}}
Apr 20 18:49:18 user devstack@c-api.service[72550]: /usr/local/lib/python3.10/dist-packages/oslo_context/context.py:100: DeprecationWarning: Policy enforcement is depending on the value of is_admin. This key is deprecated. Please update your policy file to use the standard policy values.
Apr 20 18:49:18 user devstack@c-api.service[72550]: warnings.warn('Policy enforcement is depending on the value of '
Apr 20 18:49:18 user devstack@c-api.service[72550]: INFO cinder.volume.api [None req-487df39d-c6e3-435a-86c2-d7754f2edca0 tempest-VolumesTestJSON-55673950 tempest-VolumesTestJSON-55673950-project-member] Volume info retrieved successfully.
Apr 20 18:49:18 user devstack@c-api.service[72550]: INFO cinder.api.openstack.wsgi [None req-487df39d-c6e3-435a-86c2-d7754f2edca0 tempest-VolumesTestJSON-55673950 tempest-VolumesTestJSON-55673950-project-member] http://10.0.0.210/volume/v3/e10cb71ce77f4118b6f2ffea37f272e8/volumes/d22c2f4b-22e3-4877-bd63-03b9b8dd2a72 returned with HTTP 200
Apr 20 18:49:18 user devstack@c-api.service[72550]: [pid: 72550|app: 0|req: 103/305] 10.0.0.210 () {62 vars in 1402 bytes} [Thu Apr 20 18:49:18 2023] GET /volume/v3/e10cb71ce77f4118b6f2ffea37f272e8/volumes/d22c2f4b-22e3-4877-bd63-03b9b8dd2a72 => generated 915 bytes in 37 msecs (HTTP/1.1 200) 7 headers in 285 bytes (1 switches on core 0)
Apr 20 18:49:18 user devstack@c-api.service[72548]: DEBUG cinder.api.middleware.request_id [None req-fa2dddb8-9e85-476a-8036-238cd8ca642c None None] RequestId filter calling following filter/app {{(pid=72548) _context_setter /opt/stack/cinder/cinder/api/middleware/request_id.py:62}}
Apr 20 18:49:18 user devstack@c-api.service[72548]: INFO cinder.api.openstack.wsgi [None req-fa2dddb8-9e85-476a-8036-238cd8ca642c tempest-VolumesTestJSON-55673950 tempest-VolumesTestJSON-55673950-project-member] DELETE http://10.0.0.210/volume/v3/e10cb71ce77f4118b6f2ffea37f272e8/volumes/d22c2f4b-22e3-4877-bd63-03b9b8dd2a72
Apr 20 18:49:18 user devstack@c-api.service[72548]: DEBUG cinder.api.openstack.wsgi [None req-fa2dddb8-9e85-476a-8036-238cd8ca642c tempest-VolumesTestJSON-55673950 tempest-VolumesTestJSON-55673950-project-member] Empty body provided in request {{(pid=72548) get_body /opt/stack/cinder/cinder/api/openstack/wsgi.py:715}}
Apr 20 18:49:18 user devstack@c-api.service[72548]: DEBUG cinder.api.openstack.wsgi [None req-fa2dddb8-9e85-476a-8036-238cd8ca642c tempest-VolumesTestJSON-55673950 tempest-VolumesTestJSON-55673950-project-member] Calling method 'delete' {{(pid=72548) _process_stack /opt/stack/cinder/cinder/api/openstack/wsgi.py:868}}
Apr 20 18:49:18 user devstack@c-api.service[72548]: INFO cinder.api.v3.volumes [None req-fa2dddb8-9e85-476a-8036-238cd8ca642c tempest-VolumesTestJSON-55673950 tempest-VolumesTestJSON-55673950-project-member] Delete volume with id: d22c2f4b-22e3-4877-bd63-03b9b8dd2a72
Apr 20 18:49:18 user devstack@c-api.service[72548]: /usr/local/lib/python3.10/dist-packages/oslo_context/context.py:100: DeprecationWarning: Policy enforcement is depending on the value of is_admin. This key is deprecated. Please update your policy file to use the standard policy values.
Apr 20 18:49:18 user devstack@c-api.service[72548]: warnings.warn('Policy enforcement is depending on the value of '
Apr 20 18:49:18 user devstack@c-api.service[72548]: INFO cinder.volume.api [None req-fa2dddb8-9e85-476a-8036-238cd8ca642c tempest-VolumesTestJSON-55673950 tempest-VolumesTestJSON-55673950-project-member] Volume info retrieved successfully.
Apr 20 18:49:18 user devstack@c-api.service[72548]: DEBUG cinder.volume.api [None req-fa2dddb8-9e85-476a-8036-238cd8ca642c tempest-VolumesTestJSON-55673950 tempest-VolumesTestJSON-55673950-project-member] Decrease volume quotas for non temporary volume in non error_managing status. {{(pid=72548) delete /opt/stack/cinder/cinder/volume/api.py:433}}
Apr 20 18:49:18 user devstack@c-api.service[72548]: DEBUG cinder.quota [None req-fa2dddb8-9e85-476a-8036-238cd8ca642c tempest-VolumesTestJSON-55673950 tempest-VolumesTestJSON-55673950-project-member] Created reservations ['1fd0ca5e-d66e-4296-9ecb-0045585090c5', '7506af77-52e4-4134-bd5b-0654acaaac5e', '2e4394f4-f1ce-4e8b-8ddf-6269abd06ed5', '1833c81d-517b-4cef-b249-cae25efa71bf'] {{(pid=72548) reserve /opt/stack/cinder/cinder/quota.py:755}}
Apr 20 18:49:19 user devstack@c-api.service[72548]: INFO cinder.volume.api [None req-fa2dddb8-9e85-476a-8036-238cd8ca642c tempest-VolumesTestJSON-55673950 tempest-VolumesTestJSON-55673950-project-member] Delete volume request issued successfully.
Apr 20 18:49:19 user devstack@c-api.service[72548]: INFO cinder.api.openstack.wsgi [None req-fa2dddb8-9e85-476a-8036-238cd8ca642c tempest-VolumesTestJSON-55673950 tempest-VolumesTestJSON-55673950-project-member] http://10.0.0.210/volume/v3/e10cb71ce77f4118b6f2ffea37f272e8/volumes/d22c2f4b-22e3-4877-bd63-03b9b8dd2a72 returned with HTTP 202
Apr 20 18:49:19 user devstack@c-api.service[72548]: [pid: 72548|app: 0|req: 98/306] 10.0.0.210 () {62 vars in 1405 bytes} [Thu Apr 20 18:49:18 2023] DELETE /volume/v3/e10cb71ce77f4118b6f2ffea37f272e8/volumes/d22c2f4b-22e3-4877-bd63-03b9b8dd2a72 => generated 0 bytes in 109 msecs (HTTP/1.1 202) 6 headers in 233 bytes (1 switches on core 0)
Apr 20 18:49:19 user devstack@c-api.service[72549]: DEBUG cinder.api.middleware.request_id [None req-6a77eb4d-2f0a-44ca-9328-f82c303b47f0 None None] RequestId filter calling following filter/app {{(pid=72549) _context_setter /opt/stack/cinder/cinder/api/middleware/request_id.py:62}}
Apr 20 18:49:19 user devstack@c-api.service[72549]: INFO cinder.api.openstack.wsgi [None req-6a77eb4d-2f0a-44ca-9328-f82c303b47f0 tempest-VolumesTestJSON-55673950 tempest-VolumesTestJSON-55673950-project-member] GET http://10.0.0.210/volume/v3/e10cb71ce77f4118b6f2ffea37f272e8/volumes/d22c2f4b-22e3-4877-bd63-03b9b8dd2a72
Apr 20 18:49:19 user devstack@c-api.service[72549]: DEBUG cinder.api.openstack.wsgi [None req-6a77eb4d-2f0a-44ca-9328-f82c303b47f0 tempest-VolumesTestJSON-55673950 tempest-VolumesTestJSON-55673950-project-member] Empty body provided in request {{(pid=72549) get_body /opt/stack/cinder/cinder/api/openstack/wsgi.py:715}}
Apr 20 18:49:19 user devstack@c-api.service[72549]: DEBUG cinder.api.openstack.wsgi [None req-6a77eb4d-2f0a-44ca-9328-f82c303b47f0 tempest-VolumesTestJSON-55673950 tempest-VolumesTestJSON-55673950-project-member] Calling method 'show' {{(pid=72549) _process_stack /opt/stack/cinder/cinder/api/openstack/wsgi.py:868}}
