Apr 20 18:34:58 user devstack@keystone.service[43026]: DEBUG keystone.server.flask.request_processing.req_logging [None req-40c52ef6-b161-4850-8307-a3545dfd40e8 None None] SCRIPT_NAME: `/identity` {{(pid=43026) log_request_info /opt/stack/keystone/keystone/server/flask/request_processing/req_logging.py:28}}
Apr 20 18:34:58 user devstack@keystone.service[43026]: DEBUG keystone.server.flask.request_processing.req_logging [None req-40c52ef6-b161-4850-8307-a3545dfd40e8 None None] PATH_INFO: `/v3/auth/tokens` {{(pid=43026) log_request_info /opt/stack/keystone/keystone/server/flask/request_processing/req_logging.py:29}}
Apr 20 18:34:58 user devstack@keystone.service[43026]: WARNING keystone.common.password_hashing [None req-40c52ef6-b161-4850-8307-a3545dfd40e8 None None] Truncating password to algorithm specific maximum length 54 characters.
Apr 20 18:34:58 user devstack@keystone.service[43026]: DEBUG keystone.auth.core [None req-40c52ef6-b161-4850-8307-a3545dfd40e8 None None] MFA Rules not processed for user `3cdaff2e3a324e52a75abda51879db2f`. Rule list: `[]` (Enabled: `True`). {{(pid=43026) check_auth_methods_against_rules /opt/stack/keystone/keystone/auth/core.py:438}}
Apr 20 18:34:58 user devstack@keystone.service[43024]: [pid: 43024|app: 0|req: 61/191] 10.0.0.210 () {58 vars in 1017 bytes} [Thu Apr 20 18:34:58 2023] POST /identity/v3/auth/tokens => generated 798 bytes in 102 msecs (HTTP/1.1 201) 6 headers in 363 bytes (1 switches on core 0)
Apr 20 18:34:58 user devstack@keystone.service[43026]: DEBUG keystone.common.fernet_utils [None req-40c52ef6-b161-4850-8307-a3545dfd40e8 None None] Loaded 2 Fernet keys from /etc/keystone/fernet-keys/, but `[fernet_tokens] max_active_keys = 3`; perhaps there have not been enough key rotations to reach `max_active_keys` yet? {{(pid=43026) load_keys /opt/stack/keystone/keystone/common/fernet_utils.py:286}}
Apr 20 18:34:58 user devstack@keystone.service[43026]: DEBUG dbcounter [-] [43026] Writing DB stats keystone:SELECT=100 {{(pid=43026) stat_writer /usr/local/lib/python3.10/dist-packages/dbcounter.py:117}}
Apr 20 18:34:58 user devstack@keystone.service[43026]: [pid: 43026|app: 0|req: 63/192] 10.0.0.210 () {58 vars in 1017 bytes} [Thu Apr 20 18:34:58 2023] POST /identity/v3/auth/tokens => generated 798 bytes in 82 msecs (HTTP/1.1 201) 6 headers in 363 bytes (1 switches on core 0)
Apr 20 18:34:58 user devstack@keystone.service[43025]: DEBUG keystone.server.flask.request_processing.middleware.auth_context [None req-fe2174bc-5f66-4db6-ae03-c9a46b00c02c None None] Authenticating user token {{(pid=43025) process_request /usr/local/lib/python3.10/dist-packages/keystonemiddleware/auth_token/__init__.py:406}}
Apr 20 18:34:58 user devstack@keystone.service[43025]: DEBUG dbcounter [-] [43025] Writing DB stats keystone:SELECT=100 {{(pid=43025) stat_writer /usr/local/lib/python3.10/dist-packages/dbcounter.py:117}}
Apr 20 18:34:58 user devstack@keystone.service[43025]: DEBUG keystone.server.flask.request_processing.middleware.auth_context [None req-fe2174bc-5f66-4db6-ae03-c9a46b00c02c None None] Validating token access rules against request {{(pid=43025) validate_allowed_request /usr/local/lib/python3.10/dist-packages/keystonemiddleware/auth_token/__init__.py:544}}
Apr 20 18:34:58 user devstack@keystone.service[43025]: DEBUG keystone.server.flask.request_processing.middleware.auth_context [None req-8c24808d-4700-4e94-b816-cf6abe7b8750 None admin] RBAC: auth_context: {'token': , 'domain_id': None, 'trust_id': None, 'trustor_id': None, 'trustee_id': None, 'domain_name': None, 'group_ids': [], 'user_id': '3cdaff2e3a324e52a75abda51879db2f', 'user_domain_id': 'default', 'system_scope': 'all', 'project_id': None, 'project_domain_id': None, 'roles': ['admin', 'member', 'reader'], 'is_admin_project': True, 'service_user_id': None, 'service_user_domain_id': None, 'service_project_id': None, 'service_project_domain_id': None, 'service_roles': []} {{(pid=43025) fill_context /opt/stack/keystone/keystone/server/flask/request_processing/middleware/auth_context.py:478}}
Apr 20 18:34:58 user devstack@keystone.service[43025]: DEBUG keystone.server.flask.request_processing.req_logging [None req-8c24808d-4700-4e94-b816-cf6abe7b8750 None admin] REQUEST_METHOD: `GET` {{(pid=43025) log_request_info /opt/stack/keystone/keystone/server/flask/request_processing/req_logging.py:27}}
Apr 20 18:34:58 user devstack@keystone.service[43025]: DEBUG keystone.server.flask.request_processing.req_logging [None req-8c24808d-4700-4e94-b816-cf6abe7b8750 None admin] SCRIPT_NAME: `/identity` {{(pid=43025) log_request_info /opt/stack/keystone/keystone/server/flask/request_processing/req_logging.py:28}}
Apr 20 18:34:58 user devstack@keystone.service[43025]: DEBUG keystone.server.flask.request_processing.req_logging [None req-8c24808d-4700-4e94-b816-cf6abe7b8750 None admin] PATH_INFO: `/v3/roles/reader` {{(pid=43025) log_request_info /opt/stack/keystone/keystone/server/flask/request_processing/req_logging.py:29}}
Apr 20 18:34:58 user devstack@keystone.service[43024]: DEBUG keystone.server.flask.request_processing.middleware.auth_context [None req-e51f37f2-083d-44f9-8f79-3cfede54d2ee None None] Authenticating user token {{(pid=43024) process_request /usr/local/lib/python3.10/dist-packages/keystonemiddleware/auth_token/__init__.py:406}}
Apr 20 18:34:58 user devstack@keystone.service[43025]: DEBUG keystone.common.rbac_enforcer.enforcer [None req-8c24808d-4700-4e94-b816-cf6abe7b8750 None admin] Extracting inferred target data resulted in "NOT FOUND (404)". {{(pid=43025) enforce_call /opt/stack/keystone/keystone/common/rbac_enforcer/enforcer.py:409}}
Apr 20 18:34:58 user devstack@keystone.service[43025]: ERROR keystone.server.flask.application [None req-8c24808d-4700-4e94-b816-cf6abe7b8750 None admin] Could not find role: reader.: keystone.exception.RoleNotFound: Could not find role: reader.
Apr 20 18:34:58 user devstack@keystone.service[43025]: ERROR keystone.server.flask.application
Traceback (most recent call last):
Apr 20 18:34:58 user devstack@keystone.service[43025]: ERROR keystone.server.flask.application
File "/usr/local/lib/python3.10/dist-packages/flask/app.py", line 1823, in full_dispatch_request
Apr 20 18:34:58 user devstack@keystone.service[43025]: ERROR keystone.server.flask.application rv = self.dispatch_request()
Apr 20 18:34:58 user devstack@keystone.service[43025]: ERROR keystone.server.flask.application
File "/usr/local/lib/python3.10/dist-packages/flask/app.py", line 1799, in dispatch_request
Apr 20 18:34:58 user devstack@keystone.service[43025]: ERROR keystone.server.flask.application return self.ensure_sync(self.view_functions[rule.endpoint])(**view_args)
Apr 20 18:34:58 user devstack@keystone.service[43025]: ERROR keystone.server.flask.application
File "/usr/local/lib/python3.10/dist-packages/flask_restful/__init__.py", line 467, in wrapper
Apr 20 18:34:58 user devstack@keystone.service[43025]: ERROR keystone.server.flask.application resp = resource(*args, **kwargs)
Apr 20 18:34:58 user devstack@keystone.service[43025]: ERROR keystone.server.flask.application
File "/usr/local/lib/python3.10/dist-packages/flask/views.py", line 107, in view
Apr 20 18:34:58 user devstack@keystone.service[43025]: ERROR keystone.server.flask.application return current_app.ensure_sync(self.dispatch_request)(**kwargs)
Apr 20 18:34:58 user devstack@keystone.service[43025]: ERROR keystone.server.flask.application
File "/usr/local/lib/python3.10/dist-packages/flask_restful/__init__.py", line 582, in dispatch_request
Apr 20 18:34:58 user devstack@keystone.service[43025]: ERROR keystone.server.flask.application resp = meth(*args, **kwargs)
Apr 20 18:34:58 user devstack@keystone.service[43025]: ERROR keystone.server.flask.application
File "/opt/stack/keystone/keystone/api/roles.py", line 50, in get
Apr 20 18:34:58 user devstack@keystone.service[43025]: ERROR keystone.server.flask.application return self._get_role(role_id)
Apr 20 18:34:58 user devstack@keystone.service[43025]: ERROR keystone.server.flask.application
File "/opt/stack/keystone/keystone/api/roles.py", line 70, in _get_role
Apr 20 18:34:58 user devstack@keystone.service[43025]: ERROR keystone.server.flask.application ENFORCER.enforce_call(action='identity:get_role')
Apr 20 18:34:58 user devstack@keystone.service[43025]: ERROR keystone.server.flask.application
File "/opt/stack/keystone/keystone/common/rbac_enforcer/enforcer.py", line 402, in enforce_call
Apr 20 18:34:58 user devstack@keystone.service[43025]: ERROR keystone.server.flask.application policy_dict.update(cls._extract_member_target_data(
Apr 20 18:34:58 user devstack@keystone.service[43025]: ERROR keystone.server.flask.application
File "/opt/stack/keystone/keystone/common/rbac_enforcer/enforcer.py", line 234, in _extract_member_target_data
Apr 20 18:34:58 user devstack@keystone.service[43025]: ERROR keystone.server.flask.application member_name: func(flask.request.view_args[key])
Apr 20 18:34:58 user devstack@keystone.service[43025]: ERROR keystone.server.flask.application
File "/opt/stack/keystone/keystone/common/manager.py", line 115, in wrapped
Apr 20 18:34:58 user devstack@keystone.service[43025]: ERROR keystone.server.flask.application __ret_val = __f(*args, **kwargs)
Apr 20 18:34:58 user devstack@keystone.service[43025]: ERROR keystone.server.flask.application
File "/usr/local/lib/python3.10/dist-packages/decorator.py", line 232, in fun
Apr 20 18:34:58 user devstack@keystone.service[43025]: ERROR keystone.server.flask.application return caller(func, *(extras + args), **kw)
Apr 20 18:34:58 user devstack@keystone.service[43025]: ERROR keystone.server.flask.application
File "/usr/local/lib/python3.10/dist-packages/dogpile/cache/region.py", line 1577, in get_or_create_for_user_func
Apr 20 18:34:58 user devstack@keystone.service[43025]: ERROR keystone.server.flask.application return self.get_or_create(
Apr 20 18:34:58 user devstack@keystone.service[43025]: ERROR keystone.server.flask.application
File "/usr/local/lib/python3.10/dist-packages/dogpile/cache/region.py", line 1042, in get_or_create
Apr 20 18:34:58 user devstack@keystone.service[43025]: ERROR keystone.server.flask.application with Lock(
Apr 20 18:34:58 user devstack@keystone.service[43025]: ERROR keystone.server.flask.application
File "/usr/local/lib/python3.10/dist-packages/dogpile/lock.py", line 185, in __enter__
Apr 20 18:34:58 user devstack@keystone.service[43025]: ERROR keystone.server.flask.application return self._enter()
Apr 20 18:34:58 user devstack@keystone.service[43025]: ERROR keystone.server.flask.application
File "/usr/local/lib/python3.10/dist-packages/dogpile/lock.py", line 94, in _enter
Apr 20 18:34:58 user devstack@keystone.service[43025]: ERROR keystone.server.flask.application generated = self._enter_create(value, createdtime)
Apr 20 18:34:58 user devstack@keystone.service[43025]: ERROR keystone.server.flask.application
File "/usr/local/lib/python3.10/dist-packages/dogpile/lock.py", line 178, in _enter_create
Apr 20 18:34:58 user devstack@keystone.service[43025]: ERROR keystone.server.flask.application return self.creator()
Apr 20 18:34:58 user devstack@keystone.service[43025]: ERROR keystone.server.flask.application
File "/usr/local/lib/python3.10/dist-packages/dogpile/cache/region.py", line 995, in gen_value
Apr 20 18:34:58 user devstack@keystone.service[43025]: ERROR keystone.server.flask.application created_value = creator(
Apr 20 18:34:58 user devstack@keystone.service[43025]: ERROR keystone.server.flask.application
File "/opt/stack/keystone/keystone/assignment/core.py", line 1276, in get_role
Apr 20 18:34:58 user devstack@keystone.service[43025]: ERROR keystone.server.flask.application return self.driver.get_role(role_id)
Apr 20 18:34:58 user devstack@keystone.service[43025]: ERROR keystone.server.flask.application
File "/opt/stack/keystone/keystone/assignment/role_backends/sql.py", line 70, in get_role
Apr 20 18:34:58 user devstack@keystone.service[43025]: ERROR keystone.server.flask.application return self._get_role(session, role_id).to_dict()
Apr 20 18:34:58 user devstack@keystone.service[43025]: ERROR keystone.server.flask.application
File "/opt/stack/keystone/keystone/assignment/role_backends/sql.py", line 65, in _get_role
Apr 20 18:34:58 user devstack@keystone.service[43025]: ERROR keystone.server.flask.application raise exception.RoleNotFound(role_id=role_id)
Apr 20 18:34:58 user devstack@keystone.service[43025]: ERROR keystone.server.flask.application keystone.exception.RoleNotFound: Could not find role: reader.
Apr 20 18:34:58 user devstack@keystone.service[43025]: ERROR keystone.server.flask.application
Apr 20 18:34:58 user devstack@keystone.service[43025]: [pid: 43025|app: 0|req: 69/193] 10.0.0.210 () {56 vars in 1094 bytes} [Thu Apr 20 18:34:58 2023] GET /identity/v3/roles/reader => generated 84 bytes in 133 msecs (HTTP/1.1 404) 5 headers in 183 bytes (1 switches on core 0)
Apr 20 18:34:58 user devstack@keystone.service[43026]: DEBUG keystone.server.flask.request_processing.middleware.auth_context [None req-40c52ef6-b161-4850-8307-a3545dfd40e8 None None] Authenticating user token {{(pid=43026) process_request /usr/local/lib/python3.10/dist-packages/keystonemiddleware/auth_token/__init__.py:406}}
Apr 20 18:34:58 user devstack@keystone.service[43025]: DEBUG keystone.server.flask.request_processing.middleware.auth_context [None req-8c24808d-4700-4e94-b816-cf6abe7b8750 None admin] Authenticating user token {{(pid=43025) process_request /usr/local/lib/python3.10/dist-packages/keystonemiddleware/auth_token/__init__.py:406}}
Apr 20 18:34:59 user devstack@keystone.service[43024]: DEBUG dbcounter [-] [43024] Writing DB stats keystone:SELECT=100 {{(pid=43024) stat_writer /usr/local/lib/python3.10/dist-packages/dbcounter.py:117}}
Apr 20 18:34:59 user devstack@keystone.service[43024]: DEBUG keystone.server.flask.request_processing.middleware.auth_context [None req-e51f37f2-083d-44f9-8f79-3cfede54d2ee None None] Validating token access rules against request {{(pid=43024) validate_allowed_request /usr/local/lib/python3.10/dist-packages/keystonemiddleware/auth_token/__init__.py:544}}
Apr 20 18:34:59 user devstack@keystone.service[43026]: DEBUG keystone.server.flask.request_processing.middleware.auth_context [None req-40c52ef6-b161-4850-8307-a3545dfd40e8 None None] Validating token access rules against request {{(pid=43026) validate_allowed_request /usr/local/lib/python3.10/dist-packages/keystonemiddleware/auth_token/__init__.py:544}}
Apr 20 18:34:59 user devstack@keystone.service[43024]: DEBUG keystone.server.flask.request_processing.middleware.auth_context [None req-b0626e16-bba6-441a-8f6e-7ec77056a881 None admin] RBAC: auth_context: {'token': , 'domain_id': None, 'trust_id': None, 'trustor_id': None, 'trustee_id': None, 'domain_name': None, 'group_ids': [], 'user_id': '3cdaff2e3a324e52a75abda51879db2f', 'user_domain_id': 'default', 'system_scope': 'all', 'project_id': None, 'project_domain_id': None, 'roles': ['admin', 'member', 'reader'], 'is_admin_project': True, 'service_user_id': None, 'service_user_domain_id': None, 'service_project_id': None, 'service_project_domain_id': None, 'service_roles': []} {{(pid=43024) fill_context /opt/stack/keystone/keystone/server/flask/request_processing/middleware/auth_context.py:478}}
Apr 20 18:34:59 user devstack@keystone.service[43024]: DEBUG keystone.server.flask.request_processing.req_logging [None req-b0626e16-bba6-441a-8f6e-7ec77056a881 None admin] REQUEST_METHOD: `GET` {{(pid=43024) log_request_info /opt/stack/keystone/keystone/server/flask/request_processing/req_logging.py:27}}
Apr 20 18:34:59 user devstack@keystone.service[43024]: DEBUG keystone.server.flask.request_processing.req_logging [None req-b0626e16-bba6-441a-8f6e-7ec77056a881 None admin] SCRIPT_NAME: `/identity` {{(pid=43024) log_request_info /opt/stack/keystone/keystone/server/flask/request_processing/req_logging.py:28}}
Apr 20 18:34:59 user devstack@keystone.service[43024]: DEBUG keystone.server.flask.request_processing.req_logging [None req-b0626e16-bba6-441a-8f6e-7ec77056a881 None admin] PATH_INFO: `/v3/domains/default` {{(pid=43024) log_request_info /opt/stack/keystone/keystone/server/flask/request_processing/req_logging.py:29}}
Apr 20 18:34:59 user devstack@keystone.service[43024]: DEBUG keystone.common.rbac_enforcer.enforcer [None req-b0626e16-bba6-441a-8f6e-7ec77056a881 None admin] RBAC: Authorizing `identity:get_domain(domain_id=default)` {{(pid=43024) enforce_call /opt/stack/keystone/keystone/common/rbac_enforcer/enforcer.py:449}}
Apr 20 18:34:59 user devstack@keystone.service[43026]: DEBUG keystone.server.flask.request_processing.middleware.auth_context [None req-063f34fe-f54b-4695-ad50-82a78a1770ec None admin] RBAC: auth_context: {'token': , 'domain_id': None, 'trust_id': None, 'trustor_id': None, 'trustee_id': None, 'domain_name': None, 'group_ids': [], 'user_id': '3cdaff2e3a324e52a75abda51879db2f', 'user_domain_id': 'default', 'system_scope': 'all', 'project_id': None, 'project_domain_id': None, 'roles': ['admin', 'member', 'reader'], 'is_admin_project': True, 'service_user_id': None, 'service_user_domain_id': None, 'service_project_id': None, 'service_project_domain_id': None, 'service_roles': []} {{(pid=43026) fill_context /opt/stack/keystone/keystone/server/flask/request_processing/middleware/auth_context.py:478}}
Apr 20 18:34:59 user devstack@keystone.service[43026]: DEBUG keystone.server.flask.request_processing.req_logging [None req-063f34fe-f54b-4695-ad50-82a78a1770ec None admin] REQUEST_METHOD: `GET` {{(pid=43026) log_request_info /opt/stack/keystone/keystone/server/flask/request_processing/req_logging.py:27}}
Apr 20 18:34:59 user devstack@keystone.service[43026]: DEBUG keystone.server.flask.request_processing.req_logging [None req-063f34fe-f54b-4695-ad50-82a78a1770ec None admin] SCRIPT_NAME: `/identity` {{(pid=43026) log_request_info /opt/stack/keystone/keystone/server/flask/request_processing/req_logging.py:28}}
Apr 20 18:34:59 user devstack@keystone.service[43026]: DEBUG keystone.server.flask.request_processing.req_logging [None req-063f34fe-f54b-4695-ad50-82a78a1770ec None admin] PATH_INFO: `/v3/roles` {{(pid=43026) log_request_info /opt/stack/keystone/keystone/server/flask/request_processing/req_logging.py:29}}
Apr 20 18:34:59 user devstack@keystone.service[43024]: DEBUG keystone.common.rbac_enforcer.enforcer [None req-b0626e16-bba6-441a-8f6e-7ec77056a881 None admin] RBAC: Authorization granted {{(pid=43024) enforce_call /opt/stack/keystone/keystone/common/rbac_enforcer/enforcer.py:457}}
Apr 20 18:34:59 user devstack@keystone.service[43026]: DEBUG keystone.common.rbac_enforcer.enforcer [None req-063f34fe-f54b-4695-ad50-82a78a1770ec None admin] RBAC: Adding query filter params (name=reader) {{(pid=43026) _extract_filter_values /opt/stack/keystone/keystone/common/rbac_enforcer/enforcer.py:167}}
Apr 20 18:34:59 user devstack@keystone.service[43026]: DEBUG keystone.common.rbac_enforcer.enforcer [None req-063f34fe-f54b-4695-ad50-82a78a1770ec None admin] RBAC: Authorizing `identity:list_roles()` {{(pid=43026) enforce_call /opt/stack/keystone/keystone/common/rbac_enforcer/enforcer.py:449}}
Apr 20 18:34:59 user devstack@keystone.service[43024]: [pid: 43024|app: 0|req: 62/194] 10.0.0.210 () {56 vars in 1103 bytes} [Thu Apr 20 18:34:58 2023] GET /identity/v3/domains/default => generated 198 bytes in 140 msecs (HTTP/1.1 200) 5 headers in 177 bytes (1 switches on core 0)
Apr 20 18:34:59 user devstack@keystone.service[43026]: DEBUG keystone.common.rbac_enforcer.enforcer [None req-063f34fe-f54b-4695-ad50-82a78a1770ec None admin] RBAC: Authorization granted {{(pid=43026) enforce_call /opt/stack/keystone/keystone/common/rbac_enforcer/enforcer.py:457}}
Apr 20 18:34:59 user devstack@keystone.service[43024]: DEBUG keystone.server.flask.request_processing.middleware.auth_context [None req-b0626e16-bba6-441a-8f6e-7ec77056a881 None admin] Authenticating user token {{(pid=43024) process_request /usr/local/lib/python3.10/dist-packages/keystonemiddleware/auth_token/__init__.py:406}}
Apr 20 18:34:59 user devstack@keystone.service[43025]: DEBUG keystone.server.flask.request_processing.middleware.auth_context [None req-8c24808d-4700-4e94-b816-cf6abe7b8750 None admin] Validating token access rules against request {{(pid=43025) validate_allowed_request /usr/local/lib/python3.10/dist-packages/keystonemiddleware/auth_token/__init__.py:544}}
Apr 20 18:34:59 user devstack@keystone.service[43026]: [pid: 43026|app: 0|req: 64/195] 10.0.0.210 () {56 vars in 1096 bytes} [Thu Apr 20 18:34:58 2023] GET /identity/v3/roles?name=reader => generated 339 bytes in 134 msecs (HTTP/1.1 200) 5 headers in 177 bytes (1 switches on core 0)
Apr 20 18:34:59 user devstack@keystone.service[43026]: DEBUG keystone.server.flask.request_processing.middleware.auth_context [None req-063f34fe-f54b-4695-ad50-82a78a1770ec None admin] Authenticating user token {{(pid=43026) process_request /usr/local/lib/python3.10/dist-packages/keystonemiddleware/auth_token/__init__.py:406}}
Apr 20 18:34:59 user devstack@keystone.service[43026]: DEBUG dbcounter [-] [43026] Writing DB stats keystone:SELECT=100 {{(pid=43026) stat_writer /usr/local/lib/python3.10/dist-packages/dbcounter.py:117}}
Apr 20 18:34:59 user devstack@keystone.service[43025]: DEBUG keystone.server.flask.request_processing.middleware.auth_context [None req-cbeef8a3-c9f1-4199-86ff-22028a615a84 None admin] RBAC: auth_context: {'token': , 'domain_id': None, 'trust_id': None, 'trustor_id': None, 'trustee_id': None, 'domain_name': None, 'group_ids': [], 'user_id': '3cdaff2e3a324e52a75abda51879db2f', 'user_domain_id': 'default', 'system_scope': 'all', 'project_id': None, 'project_domain_id': None, 'roles': ['admin', 'member', 'reader'], 'is_admin_project': True, 'service_user_id': None, 'service_user_domain_id': None, 'service_project_id': None, 'service_project_domain_id': None, 'service_roles': []} {{(pid=43025) fill_context /opt/stack/keystone/keystone/server/flask/request_processing/middleware/auth_context.py:478}}
Apr 20 18:34:59 user devstack@keystone.service[43025]: DEBUG keystone.server.flask.request_processing.req_logging [None req-cbeef8a3-c9f1-4199-86ff-22028a615a84 None admin] REQUEST_METHOD: `GET` {{(pid=43025) log_request_info /opt/stack/keystone/keystone/server/flask/request_processing/req_logging.py:27}}
Apr 20 18:34:59 user devstack@keystone.service[43025]: DEBUG keystone.server.flask.request_processing.req_logging [None req-cbeef8a3-c9f1-4199-86ff-22028a615a84 None admin] SCRIPT_NAME: `/identity` {{(pid=43025) log_request_info /opt/stack/keystone/keystone/server/flask/request_processing/req_logging.py:28}}
Apr 20 18:34:59 user devstack@keystone.service[43025]: DEBUG keystone.server.flask.request_processing.req_logging [None req-cbeef8a3-c9f1-4199-86ff-22028a615a84 None admin] PATH_INFO: `/v3/roles/member` {{(pid=43025) log_request_info /opt/stack/keystone/keystone/server/flask/request_processing/req_logging.py:29}}
Apr 20 18:34:59 user devstack@keystone.service[43025]: DEBUG keystone.common.rbac_enforcer.enforcer [None req-cbeef8a3-c9f1-4199-86ff-22028a615a84 None admin] Extracting inferred target data resulted in "NOT FOUND (404)". {{(pid=43025) enforce_call /opt/stack/keystone/keystone/common/rbac_enforcer/enforcer.py:409}}
Apr 20 18:34:59 user devstack@keystone.service[43025]: ERROR keystone.server.flask.application [None req-cbeef8a3-c9f1-4199-86ff-22028a615a84 None admin] Could not find role: member.: keystone.exception.RoleNotFound: Could not find role: member.
Apr 20 18:34:59 user devstack@keystone.service[43025]: ERROR keystone.server.flask.application
Traceback (most recent call last):
Apr 20 18:34:59 user devstack@keystone.service[43025]: ERROR keystone.server.flask.application
File "/usr/local/lib/python3.10/dist-packages/flask/app.py", line 1823, in full_dispatch_request
Apr 20 18:34:59 user devstack@keystone.service[43025]: ERROR keystone.server.flask.application rv = self.dispatch_request()
Apr 20 18:34:59 user devstack@keystone.service[43025]: ERROR keystone.server.flask.application
File "/usr/local/lib/python3.10/dist-packages/flask/app.py", line 1799, in dispatch_request
Apr 20 18:34:59 user devstack@keystone.service[43025]: ERROR keystone.server.flask.application return self.ensure_sync(self.view_functions[rule.endpoint])(**view_args)
Apr 20 18:34:59 user devstack@keystone.service[43025]: ERROR keystone.server.flask.application
File "/usr/local/lib/python3.10/dist-packages/flask_restful/__init__.py", line 467, in wrapper
Apr 20 18:34:59 user devstack@keystone.service[43025]: ERROR keystone.server.flask.application resp = resource(*args, **kwargs)
Apr 20 18:34:59 user devstack@keystone.service[43025]: ERROR keystone.server.flask.application
File "/usr/local/lib/python3.10/dist-packages/flask/views.py", line 107, in view
Apr 20 18:34:59 user devstack@keystone.service[43025]: ERROR keystone.server.flask.application return current_app.ensure_sync(self.dispatch_request)(**kwargs)
Apr 20 18:34:59 user devstack@keystone.service[43025]: ERROR keystone.server.flask.application
File "/usr/local/lib/python3.10/dist-packages/flask_restful/__init__.py", line 582, in dispatch_request
Apr 20 18:34:59 user devstack@keystone.service[43025]: ERROR keystone.server.flask.application resp = meth(*args, **kwargs)
Apr 20 18:34:59 user devstack@keystone.service[43025]: ERROR keystone.server.flask.application
File "/opt/stack/keystone/keystone/api/roles.py", line 50, in get
Apr 20 18:34:59 user devstack@keystone.service[43025]: ERROR keystone.server.flask.application return self._get_role(role_id)
Apr 20 18:34:59 user devstack@keystone.service[43025]: ERROR keystone.server.flask.application
File "/opt/stack/keystone/keystone/api/roles.py", line 70, in _get_role
Apr 20 18:34:59 user devstack@keystone.service[43025]: ERROR keystone.server.flask.application ENFORCER.enforce_call(action='identity:get_role')
Apr 20 18:34:59 user devstack@keystone.service[43025]: ERROR keystone.server.flask.application
File "/opt/stack/keystone/keystone/common/rbac_enforcer/enforcer.py", line 402, in enforce_call
Apr 20 18:34:59 user devstack@keystone.service[43025]: ERROR keystone.server.flask.application policy_dict.update(cls._extract_member_target_data(
Apr 20 18:34:59 user devstack@keystone.service[43025]: ERROR keystone.server.flask.application
File "/opt/stack/keystone/keystone/common/rbac_enforcer/enforcer.py", line 234, in _extract_member_target_data
Apr 20 18:34:59 user devstack@keystone.service[43025]: ERROR keystone.server.flask.application member_name: func(flask.request.view_args[key])
Apr 20 18:34:59 user devstack@keystone.service[43025]: ERROR keystone.server.flask.application
File "/opt/stack/keystone/keystone/common/manager.py", line 115, in wrapped
Apr 20 18:34:59 user devstack@keystone.service[43025]: ERROR keystone.server.flask.application __ret_val = __f(*args, **kwargs)
Apr 20 18:34:59 user devstack@keystone.service[43025]: ERROR keystone.server.flask.application
File "/usr/local/lib/python3.10/dist-packages/decorator.py", line 232, in fun
Apr 20 18:34:59 user devstack@keystone.service[43025]: ERROR keystone.server.flask.application return caller(func, *(extras + args), **kw)
Apr 20 18:34:59 user devstack@keystone.service[43025]: ERROR keystone.server.flask.application
File "/usr/local/lib/python3.10/dist-packages/dogpile/cache/region.py", line 1577, in get_or_create_for_user_func
Apr 20 18:34:59 user devstack@keystone.service[43025]: ERROR keystone.server.flask.application return self.get_or_create(
Apr 20 18:34:59 user devstack@keystone.service[43025]: ERROR keystone.server.flask.application
File "/usr/local/lib/python3.10/dist-packages/dogpile/cache/region.py", line 1042, in get_or_create
Apr 20 18:34:59 user devstack@keystone.service[43025]: ERROR keystone.server.flask.application with Lock(
Apr 20 18:34:59 user devstack@keystone.service[43025]: ERROR keystone.server.flask.application
File "/usr/local/lib/python3.10/dist-packages/dogpile/lock.py", line 185, in __enter__
Apr 20 18:34:59 user devstack@keystone.service[43025]: ERROR keystone.server.flask.application return self._enter()
Apr 20 18:34:59 user devstack@keystone.service[43025]: ERROR keystone.server.flask.application
File "/usr/local/lib/python3.10/dist-packages/dogpile/lock.py", line 94, in _enter
Apr 20 18:34:59 user devstack@keystone.service[43025]: ERROR keystone.server.flask.application generated = self._enter_create(value, createdtime)
Apr 20 18:34:59 user devstack@keystone.service[43025]: ERROR keystone.server.flask.application
File "/usr/local/lib/python3.10/dist-packages/dogpile/lock.py", line 178, in _enter_create
Apr 20 18:34:59 user devstack@keystone.service[43025]: ERROR keystone.server.flask.application return self.creator()
Apr 20 18:34:59 user devstack@keystone.service[43025]: ERROR keystone.server.flask.application
File "/usr/local/lib/python3.10/dist-packages/dogpile/cache/region.py", line 995, in gen_value
Apr 20 18:34:59 user devstack@keystone.service[43025]: ERROR keystone.server.flask.application created_value = creator(
Apr 20 18:34:59 user devstack@keystone.service[43025]: ERROR keystone.server.flask.application
File "/opt/stack/keystone/keystone/assignment/core.py", line 1276, in get_role
Apr 20 18:34:59 user devstack@keystone.service[43025]: ERROR keystone.server.flask.application return self.driver.get_role(role_id)
Apr 20 18:34:59 user devstack@keystone.service[43025]: ERROR keystone.server.flask.application
File "/opt/stack/keystone/keystone/assignment/role_backends/sql.py", line 70, in get_role
Apr 20 18:34:59 user devstack@keystone.service[43025]: ERROR keystone.server.flask.application return self._get_role(session, role_id).to_dict()
Apr 20 18:34:59 user devstack@keystone.service[43025]: ERROR keystone.server.flask.application
File "/opt/stack/keystone/keystone/assignment/role_backends/sql.py", line 65, in _get_role
Apr 20 18:34:59 user devstack@keystone.service[43025]: ERROR keystone.server.flask.application raise exception.RoleNotFound(role_id=role_id)
Apr 20 18:34:59 user devstack@keystone.service[43025]: ERROR keystone.server.flask.application keystone.exception.RoleNotFound: Could not find role: member.
Apr 20 18:34:59 user devstack@keystone.service[43025]: ERROR keystone.server.flask.application
Apr 20 18:34:59 user devstack@keystone.service[43025]: [pid: 43025|app: 0|req: 70/196] 10.0.0.210 () {56 vars in 1094 bytes} [Thu Apr 20 18:34:58 2023] GET /identity/v3/roles/member => generated 84 bytes in 127 msecs (HTTP/1.1 404) 5 headers in 183 bytes (1 switches on core 0)
Apr 20 18:34:59 user devstack@keystone.service[43025]: DEBUG keystone.server.flask.request_processing.middleware.auth_context [None req-cbeef8a3-c9f1-4199-86ff-22028a615a84 None admin] Authenticating user token {{(pid=43025) process_request /usr/local/lib/python3.10/dist-packages/keystonemiddleware/auth_token/__init__.py:406}}
Apr 20 18:34:59 user devstack@keystone.service[43025]: DEBUG dbcounter [-] [43025] Writing DB stats keystone:SELECT=100 {{(pid=43025) stat_writer /usr/local/lib/python3.10/dist-packages/dbcounter.py:117}}
Apr 20 18:34:59 user devstack@keystone.service[43024]: DEBUG keystone.server.flask.request_processing.middleware.auth_context [None req-b0626e16-bba6-441a-8f6e-7ec77056a881 None admin] Validating token access rules against request {{(pid=43024) validate_allowed_request /usr/local/lib/python3.10/dist-packages/keystonemiddleware/auth_token/__init__.py:544}}
Apr 20 18:34:59 user devstack@keystone.service[43024]: DEBUG keystone.server.flask.request_processing.middleware.auth_context [None req-d4cb5331-7b20-4e0f-9710-ab99b8cbdf1a None admin] RBAC: auth_context: {'token': , 'domain_id': None, 'trust_id': None, 'trustor_id': None, 'trustee_id': None, 'domain_name': None, 'group_ids': [], 'user_id': '3cdaff2e3a324e52a75abda51879db2f', 'user_domain_id': 'default', 'system_scope': 'all', 'project_id': None, 'project_domain_id': None, 'roles': ['admin', 'member', 'reader'], 'is_admin_project': True, 'service_user_id': None, 'service_user_domain_id': None, 'service_project_id': None, 'service_project_domain_id': None, 'service_roles': []} {{(pid=43024) fill_context /opt/stack/keystone/keystone/server/flask/request_processing/middleware/auth_context.py:478}}
Apr 20 18:34:59 user devstack@keystone.service[43024]: DEBUG keystone.server.flask.request_processing.req_logging [None req-d4cb5331-7b20-4e0f-9710-ab99b8cbdf1a None admin] REQUEST_METHOD: `POST` {{(pid=43024) log_request_info /opt/stack/keystone/keystone/server/flask/request_processing/req_logging.py:27}}
Apr 20 18:34:59 user devstack@keystone.service[43024]: DEBUG keystone.server.flask.request_processing.req_logging [None req-d4cb5331-7b20-4e0f-9710-ab99b8cbdf1a None admin] SCRIPT_NAME: `/identity` {{(pid=43024) log_request_info /opt/stack/keystone/keystone/server/flask/request_processing/req_logging.py:28}}
Apr 20 18:34:59 user devstack@keystone.service[43024]: DEBUG keystone.server.flask.request_processing.req_logging [None req-d4cb5331-7b20-4e0f-9710-ab99b8cbdf1a None admin] PATH_INFO: `/v3/users` {{(pid=43024) log_request_info /opt/stack/keystone/keystone/server/flask/request_processing/req_logging.py:29}}
Apr 20 18:34:59 user devstack@keystone.service[43024]: DEBUG keystone.common.rbac_enforcer.enforcer [None req-d4cb5331-7b20-4e0f-9710-ab99b8cbdf1a None admin] RBAC: Authorizing `identity:create_user()` {{(pid=43024) enforce_call /opt/stack/keystone/keystone/common/rbac_enforcer/enforcer.py:449}}
Apr 20 18:34:59 user devstack@keystone.service[43024]: DEBUG keystone.common.rbac_enforcer.enforcer [None req-d4cb5331-7b20-4e0f-9710-ab99b8cbdf1a None admin] RBAC: Authorization granted {{(pid=43024) enforce_call /opt/stack/keystone/keystone/common/rbac_enforcer/enforcer.py:457}}
Apr 20 18:34:59 user devstack@keystone.service[43026]: DEBUG keystone.server.flask.request_processing.middleware.auth_context [None req-063f34fe-f54b-4695-ad50-82a78a1770ec None admin] Validating token access rules against request {{(pid=43026) validate_allowed_request /usr/local/lib/python3.10/dist-packages/keystonemiddleware/auth_token/__init__.py:544}}
Apr 20 18:34:59 user devstack@keystone.service[43024]: WARNING keystone.common.password_hashing [None req-d4cb5331-7b20-4e0f-9710-ab99b8cbdf1a None admin] Truncating password to algorithm specific maximum length 54 characters.
Apr 20 18:34:59 user devstack@keystone.service[43025]: DEBUG keystone.server.flask.request_processing.middleware.auth_context [None req-cbeef8a3-c9f1-4199-86ff-22028a615a84 None admin] Validating token access rules against request {{(pid=43025) validate_allowed_request /usr/local/lib/python3.10/dist-packages/keystonemiddleware/auth_token/__init__.py:544}}
Apr 20 18:34:59 user devstack@keystone.service[43024]: [pid: 43024|app: 0|req: 63/197] 10.0.0.210 () {60 vars in 1127 bytes} [Thu Apr 20 18:34:59 2023] POST /identity/v3/users => generated 292 bytes in 135 msecs (HTTP/1.1 201) 5 headers in 182 bytes (2 switches on core 0)
Apr 20 18:34:59 user devstack@keystone.service[43026]: DEBUG keystone.server.flask.request_processing.middleware.auth_context [None req-6b61245c-7ac2-4b8e-8609-17e6f307d7b6 None admin] RBAC: auth_context: {'token': , 'domain_id': None, 'trust_id': None, 'trustor_id': None, 'trustee_id': None, 'domain_name': None, 'group_ids': [], 'user_id': '3cdaff2e3a324e52a75abda51879db2f', 'user_domain_id': 'default', 'system_scope': 'all', 'project_id': None, 'project_domain_id': None, 'roles': ['admin', 'member', 'reader'], 'is_admin_project': True, 'service_user_id': None, 'service_user_domain_id': None, 'service_project_id': None, 'service_project_domain_id': None, 'service_roles': []} {{(pid=43026) fill_context /opt/stack/keystone/keystone/server/flask/request_processing/middleware/auth_context.py:478}}
Apr 20 18:34:59 user devstack@keystone.service[43026]: DEBUG keystone.server.flask.request_processing.req_logging [None req-6b61245c-7ac2-4b8e-8609-17e6f307d7b6 None admin] REQUEST_METHOD: `GET` {{(pid=43026) log_request_info /opt/stack/keystone/keystone/server/flask/request_processing/req_logging.py:27}}
Apr 20 18:34:59 user devstack@keystone.service[43026]: DEBUG keystone.server.flask.request_processing.req_logging [None req-6b61245c-7ac2-4b8e-8609-17e6f307d7b6 None admin] SCRIPT_NAME: `/identity` {{(pid=43026) log_request_info /opt/stack/keystone/keystone/server/flask/request_processing/req_logging.py:28}}
Apr 20 18:34:59 user devstack@keystone.service[43026]: DEBUG keystone.server.flask.request_processing.req_logging [None req-6b61245c-7ac2-4b8e-8609-17e6f307d7b6 None admin] PATH_INFO: `/v3/users/e0db8b7203df4dd8a61d94de3e68b81e` {{(pid=43026) log_request_info /opt/stack/keystone/keystone/server/flask/request_processing/req_logging.py:29}}
Apr 20 18:34:59 user devstack@keystone.service[43025]: DEBUG keystone.server.flask.request_processing.middleware.auth_context [None req-5f197867-4b01-4447-b652-2a24c4e07bc8 None admin] RBAC: auth_context: {'token': , 'domain_id': None, 'trust_id': None, 'trustor_id': None, 'trustee_id': None, 'domain_name': None, 'group_ids': [], 'user_id': '3cdaff2e3a324e52a75abda51879db2f', 'user_domain_id': 'default', 'system_scope': 'all', 'project_id': None, 'project_domain_id': None, 'roles': ['admin', 'member', 'reader'], 'is_admin_project': True, 'service_user_id': None, 'service_user_domain_id': None, 'service_project_id': None, 'service_project_domain_id': None, 'service_roles': []} {{(pid=43025) fill_context /opt/stack/keystone/keystone/server/flask/request_processing/middleware/auth_context.py:478}}
Apr 20 18:34:59 user devstack@keystone.service[43025]: DEBUG keystone.server.flask.request_processing.req_logging [None req-5f197867-4b01-4447-b652-2a24c4e07bc8 None admin] REQUEST_METHOD: `GET` {{(pid=43025) log_request_info /opt/stack/keystone/keystone/server/flask/request_processing/req_logging.py:27}}
Apr 20 18:34:59 user devstack@keystone.service[43025]: DEBUG keystone.server.flask.request_processing.req_logging [None req-5f197867-4b01-4447-b652-2a24c4e07bc8 None admin] SCRIPT_NAME: `/identity` {{(pid=43025) log_request_info /opt/stack/keystone/keystone/server/flask/request_processing/req_logging.py:28}}
Apr 20 18:34:59 user devstack@keystone.service[43025]: DEBUG keystone.server.flask.request_processing.req_logging [None req-5f197867-4b01-4447-b652-2a24c4e07bc8 None admin] PATH_INFO: `/v3/roles` {{(pid=43025) log_request_info /opt/stack/keystone/keystone/server/flask/request_processing/req_logging.py:29}}
Apr 20 18:34:59 user devstack@keystone.service[43025]: DEBUG keystone.common.rbac_enforcer.enforcer [None req-5f197867-4b01-4447-b652-2a24c4e07bc8 None admin] RBAC: Adding query filter params (name=member) {{(pid=43025) _extract_filter_values /opt/stack/keystone/keystone/common/rbac_enforcer/enforcer.py:167}}
Apr 20 18:34:59 user devstack@keystone.service[43025]: DEBUG keystone.common.rbac_enforcer.enforcer [None req-5f197867-4b01-4447-b652-2a24c4e07bc8 None admin] RBAC: Authorizing `identity:list_roles()` {{(pid=43025) enforce_call /opt/stack/keystone/keystone/common/rbac_enforcer/enforcer.py:449}}
Apr 20 18:34:59 user devstack@keystone.service[43025]: DEBUG keystone.common.rbac_enforcer.enforcer [None req-5f197867-4b01-4447-b652-2a24c4e07bc8 None admin] RBAC: Authorization granted {{(pid=43025) enforce_call /opt/stack/keystone/keystone/common/rbac_enforcer/enforcer.py:457}}
Apr 20 18:34:59 user devstack@keystone.service[43026]: DEBUG keystone.common.rbac_enforcer.enforcer [None req-6b61245c-7ac2-4b8e-8609-17e6f307d7b6 None admin] RBAC: Authorizing `identity:get_user(user_id=e0db8b7203df4dd8a61d94de3e68b81e)` {{(pid=43026) enforce_call /opt/stack/keystone/keystone/common/rbac_enforcer/enforcer.py:449}}
Apr 20 18:34:59 user devstack@keystone.service[43026]: DEBUG keystone.common.rbac_enforcer.enforcer [None req-6b61245c-7ac2-4b8e-8609-17e6f307d7b6 None admin] RBAC: Authorization granted {{(pid=43026) enforce_call /opt/stack/keystone/keystone/common/rbac_enforcer/enforcer.py:457}}
Apr 20 18:34:59 user devstack@keystone.service[43026]: [pid: 43026|app: 0|req: 65/198] 10.0.0.210 () {56 vars in 1172 bytes} [Thu Apr 20 18:34:59 2023] GET /identity/v3/users/e0db8b7203df4dd8a61d94de3e68b81e => generated 296 bytes in 166 msecs (HTTP/1.1 200) 5 headers in 177 bytes (2 switches on core 0)
Apr 20 18:34:59 user devstack@keystone.service[43025]: [pid: 43025|app: 0|req: 71/199] 10.0.0.210 () {56 vars in 1096 bytes} [Thu Apr 20 18:34:59 2023] GET /identity/v3/roles?name=member => generated 339 bytes in 125 msecs (HTTP/1.1 200) 5 headers in 177 bytes (1 switches on core 0)
Apr 20 18:34:59 user devstack@keystone.service[43024]: DEBUG keystone.server.flask.request_processing.middleware.auth_context [None req-d4cb5331-7b20-4e0f-9710-ab99b8cbdf1a None admin] Authenticating user token {{(pid=43024) process_request /usr/local/lib/python3.10/dist-packages/keystonemiddleware/auth_token/__init__.py:406}}
Apr 20 18:34:59 user devstack@keystone.service[43026]: DEBUG keystone.server.flask.request_processing.middleware.auth_context [None req-6b61245c-7ac2-4b8e-8609-17e6f307d7b6 None admin] Authenticating user token {{(pid=43026) process_request /usr/local/lib/python3.10/dist-packages/keystonemiddleware/auth_token/__init__.py:406}}
Apr 20 18:34:59 user devstack@keystone.service[43024]: DEBUG dbcounter [-] [43024] Writing DB stats keystone:SELECT=97,keystone:INSERT=3 {{(pid=43024) stat_writer /usr/local/lib/python3.10/dist-packages/dbcounter.py:117}}
Apr 20 18:34:59 user devstack@keystone.service[43026]: DEBUG dbcounter [-] [43026] Writing DB stats keystone:SELECT=100 {{(pid=43026) stat_writer /usr/local/lib/python3.10/dist-packages/dbcounter.py:117}}
Apr 20 18:34:59 user devstack@keystone.service[43024]: DEBUG keystone.server.flask.request_processing.middleware.auth_context [None req-d4cb5331-7b20-4e0f-9710-ab99b8cbdf1a None admin] Validating token access rules against request {{(pid=43024) validate_allowed_request /usr/local/lib/python3.10/dist-packages/keystonemiddleware/auth_token/__init__.py:544}}
Apr 20 18:34:59 user devstack@keystone.service[43026]: DEBUG keystone.server.flask.request_processing.middleware.auth_context [None req-6b61245c-7ac2-4b8e-8609-17e6f307d7b6 None admin] Validating token access rules against request {{(pid=43026) validate_allowed_request /usr/local/lib/python3.10/dist-packages/keystonemiddleware/auth_token/__init__.py:544}}
Apr 20 18:34:59 user devstack@keystone.service[43024]: DEBUG keystone.server.flask.request_processing.middleware.auth_context [None req-f0a72715-3a49-4863-922c-392d9fba1918 None admin] RBAC: auth_context: {'token': , 'domain_id': None, 'trust_id': None, 'trustor_id': None, 'trustee_id': None, 'domain_name': None, 'group_ids': [], 'user_id': '3cdaff2e3a324e52a75abda51879db2f', 'user_domain_id': 'default', 'system_scope': 'all', 'project_id': None, 'project_domain_id': None, 'roles': ['admin', 'member', 'reader'], 'is_admin_project': True, 'service_user_id': None, 'service_user_domain_id': None, 'service_project_id': None, 'service_project_domain_id': None, 'service_roles': []} {{(pid=43024) fill_context /opt/stack/keystone/keystone/server/flask/request_processing/middleware/auth_context.py:478}}
Apr 20 18:34:59 user devstack@keystone.service[43024]: DEBUG keystone.server.flask.request_processing.req_logging [None req-f0a72715-3a49-4863-922c-392d9fba1918 None admin] REQUEST_METHOD: `GET` {{(pid=43024) log_request_info /opt/stack/keystone/keystone/server/flask/request_processing/req_logging.py:27}}
Apr 20 18:34:59 user devstack@keystone.service[43024]: DEBUG keystone.server.flask.request_processing.req_logging [None req-f0a72715-3a49-4863-922c-392d9fba1918 None admin] SCRIPT_NAME: `/identity` {{(pid=43024) log_request_info /opt/stack/keystone/keystone/server/flask/request_processing/req_logging.py:28}}
Apr 20 18:34:59 user devstack@keystone.service[43024]: DEBUG keystone.server.flask.request_processing.req_logging [None req-f0a72715-3a49-4863-922c-392d9fba1918 None admin] PATH_INFO: `/v3/projects/e0e8d5c5255a4328afac46c459df0ce7` {{(pid=43024) log_request_info /opt/stack/keystone/keystone/server/flask/request_processing/req_logging.py:29}}
Apr 20 18:34:59 user devstack@keystone.service[43024]: DEBUG keystone.common.rbac_enforcer.enforcer [None req-f0a72715-3a49-4863-922c-392d9fba1918 None admin] RBAC: Authorizing `identity:get_project(project_id=e0e8d5c5255a4328afac46c459df0ce7)` {{(pid=43024) enforce_call /opt/stack/keystone/keystone/common/rbac_enforcer/enforcer.py:449}}
Apr 20 18:34:59 user devstack@keystone.service[43024]: DEBUG keystone.common.rbac_enforcer.enforcer [None req-f0a72715-3a49-4863-922c-392d9fba1918 None admin] RBAC: Authorization granted {{(pid=43024) enforce_call /opt/stack/keystone/keystone/common/rbac_enforcer/enforcer.py:457}}
Apr 20 18:34:59 user devstack@keystone.service[43024]: [pid: 43024|app: 0|req: 64/200] 10.0.0.210 () {56 vars in 1181 bytes} [Thu Apr 20 18:34:59 2023] GET /identity/v3/projects/e0e8d5c5255a4328afac46c459df0ce7 => generated 301 bytes in 119 msecs (HTTP/1.1 200) 5 headers in 177 bytes (1 switches on core 0)
Apr 20 18:34:59 user devstack@keystone.service[43026]: DEBUG keystone.server.flask.request_processing.middleware.auth_context [None req-1bc8d401-840b-4ca4-9815-a691700726f7 None admin] RBAC: auth_context: {'token': , 'domain_id': None, 'trust_id': None, 'trustor_id': None, 'trustee_id': None, 'domain_name': None, 'group_ids': [], 'user_id': '3cdaff2e3a324e52a75abda51879db2f', 'user_domain_id': 'default', 'system_scope': 'all', 'project_id': None, 'project_domain_id': None, 'roles': ['admin', 'member', 'reader'], 'is_admin_project': True, 'service_user_id': None, 'service_user_domain_id': None, 'service_project_id': None, 'service_project_domain_id': None, 'service_roles': []} {{(pid=43026) fill_context /opt/stack/keystone/keystone/server/flask/request_processing/middleware/auth_context.py:478}}
Apr 20 18:34:59 user devstack@keystone.service[43025]: DEBUG keystone.server.flask.request_processing.middleware.auth_context [None req-5f197867-4b01-4447-b652-2a24c4e07bc8 None admin] Authenticating user token {{(pid=43025) process_request /usr/local/lib/python3.10/dist-packages/keystonemiddleware/auth_token/__init__.py:406}}
Apr 20 18:34:59 user devstack@keystone.service[43026]: DEBUG keystone.server.flask.request_processing.req_logging [None req-1bc8d401-840b-4ca4-9815-a691700726f7 None admin] REQUEST_METHOD: `GET` {{(pid=43026) log_request_info /opt/stack/keystone/keystone/server/flask/request_processing/req_logging.py:27}}
Apr 20 18:34:59 user devstack@keystone.service[43026]: DEBUG keystone.server.flask.request_processing.req_logging [None req-1bc8d401-840b-4ca4-9815-a691700726f7 None admin] SCRIPT_NAME: `/identity` {{(pid=43026) log_request_info /opt/stack/keystone/keystone/server/flask/request_processing/req_logging.py:28}}
Apr 20 18:34:59 user devstack@keystone.service[43026]: DEBUG keystone.server.flask.request_processing.req_logging [None req-1bc8d401-840b-4ca4-9815-a691700726f7 None admin] PATH_INFO: `/v3/users/2899db811f6741f6b32e9b25dedf8574` {{(pid=43026) log_request_info /opt/stack/keystone/keystone/server/flask/request_processing/req_logging.py:29}}
Apr 20 18:34:59 user devstack@keystone.service[43026]: DEBUG keystone.common.rbac_enforcer.enforcer [None req-1bc8d401-840b-4ca4-9815-a691700726f7 None admin] RBAC: Authorizing `identity:get_user(user_id=2899db811f6741f6b32e9b25dedf8574)` {{(pid=43026) enforce_call /opt/stack/keystone/keystone/common/rbac_enforcer/enforcer.py:449}}
Apr 20 18:34:59 user devstack@keystone.service[43026]: DEBUG keystone.common.rbac_enforcer.enforcer [None req-1bc8d401-840b-4ca4-9815-a691700726f7 None admin] RBAC: Authorization granted {{(pid=43026) enforce_call /opt/stack/keystone/keystone/common/rbac_enforcer/enforcer.py:457}}
Apr 20 18:34:59 user devstack@keystone.service[43026]: [pid: 43026|app: 0|req: 66/201] 10.0.0.210 () {56 vars in 1172 bytes} [Thu Apr 20 18:34:59 2023] GET /identity/v3/users/2899db811f6741f6b32e9b25dedf8574 => generated 296 bytes in 129 msecs (HTTP/1.1 200) 5 headers in 177 bytes (1 switches on core 0)
Apr 20 18:34:59 user devstack@keystone.service[43024]: DEBUG keystone.server.flask.request_processing.middleware.auth_context [None req-f0a72715-3a49-4863-922c-392d9fba1918 None admin] Authenticating user token {{(pid=43024) process_request /usr/local/lib/python3.10/dist-packages/keystonemiddleware/auth_token/__init__.py:406}}
Apr 20 18:34:59 user devstack@keystone.service[43025]: DEBUG dbcounter [-] [43025] Writing DB stats keystone:SELECT=100 {{(pid=43025) stat_writer /usr/local/lib/python3.10/dist-packages/dbcounter.py:117}}
Apr 20 18:34:59 user devstack@keystone.service[43025]: DEBUG keystone.server.flask.request_processing.middleware.auth_context [None req-5f197867-4b01-4447-b652-2a24c4e07bc8 None admin] Validating token access rules against request {{(pid=43025) validate_allowed_request /usr/local/lib/python3.10/dist-packages/keystonemiddleware/auth_token/__init__.py:544}}
Apr 20 18:34:59 user devstack@keystone.service[43024]: DEBUG dbcounter [-] [43024] Writing DB stats keystone:SELECT=100 {{(pid=43024) stat_writer /usr/local/lib/python3.10/dist-packages/dbcounter.py:117}}
Apr 20 18:34:59 user devstack@keystone.service[43024]: DEBUG keystone.server.flask.request_processing.middleware.auth_context [None req-f0a72715-3a49-4863-922c-392d9fba1918 None admin] Validating token access rules against request {{(pid=43024) validate_allowed_request /usr/local/lib/python3.10/dist-packages/keystonemiddleware/auth_token/__init__.py:544}}
