Apr 20 18:34:46 user devstack@keystone.service[43025]: DEBUG keystone.common.rbac_enforcer.enforcer [None req-bb76d5ec-7613-4835-80b2-2abb43b11aa2 None admin] RBAC: Authorizing `identity:get_user(user_id=458d9f0a6f0f446eac26fe92dbdbf576)` {{(pid=43025) enforce_call /opt/stack/keystone/keystone/common/rbac_enforcer/enforcer.py:449}}
Apr 20 18:34:46 user devstack@keystone.service[43026]: DEBUG keystone.common.rbac_enforcer.enforcer [None req-eefd352c-287a-429f-aee7-9ec9b601b0a1 None admin] RBAC: Authorization granted {{(pid=43026) enforce_call /opt/stack/keystone/keystone/common/rbac_enforcer/enforcer.py:457}}
Apr 20 18:34:46 user devstack@keystone.service[43025]: DEBUG keystone.common.rbac_enforcer.enforcer [None req-bb76d5ec-7613-4835-80b2-2abb43b11aa2 None admin] RBAC: Authorization granted {{(pid=43025) enforce_call /opt/stack/keystone/keystone/common/rbac_enforcer/enforcer.py:457}}
Apr 20 18:34:46 user devstack@keystone.service[43025]: [pid: 43025|app: 0|req: 28/82] 10.0.0.210 () {56 vars in 1172 bytes} [Thu Apr 20 18:34:46 2023] GET /identity/v3/users/458d9f0a6f0f446eac26fe92dbdbf576 => generated 274 bytes in 119 msecs (HTTP/1.1 200) 5 headers in 177 bytes (1 switches on core 0)
Apr 20 18:34:46 user devstack@keystone.service[43025]: DEBUG keystone.server.flask.request_processing.middleware.auth_context [None req-bb76d5ec-7613-4835-80b2-2abb43b11aa2 None admin] Authenticating user token {{(pid=43025) process_request /usr/local/lib/python3.10/dist-packages/keystonemiddleware/auth_token/__init__.py:406}}
Apr 20 18:34:46 user devstack@keystone.service[43026]: WARNING keystone.common.password_hashing [None req-eefd352c-287a-429f-aee7-9ec9b601b0a1 None admin] Truncating password to algorithm specific maximum length 54 characters.
Apr 20 18:34:46 user devstack@keystone.service[43026]: [pid: 43026|app: 0|req: 27/83] 10.0.0.210 () {60 vars in 1127 bytes} [Thu Apr 20 18:34:46 2023] POST /identity/v3/users => generated 288 bytes in 152 msecs (HTTP/1.1 201) 5 headers in 182 bytes (1 switches on core 0)
Apr 20 18:34:46 user devstack@keystone.service[43025]: DEBUG dbcounter [-] [43025] Writing DB stats keystone:SELECT=100 {{(pid=43025) stat_writer /usr/local/lib/python3.10/dist-packages/dbcounter.py:117}}
Apr 20 18:34:46 user devstack@keystone.service[43024]: DEBUG keystone.server.flask.request_processing.middleware.auth_context [None req-748cf686-486a-40bc-bec3-a9225a9a1add None admin] Validating token access rules against request {{(pid=43024) validate_allowed_request /usr/local/lib/python3.10/dist-packages/keystonemiddleware/auth_token/__init__.py:544}}
Apr 20 18:34:46 user devstack@keystone.service[43024]: DEBUG keystone.server.flask.request_processing.middleware.auth_context [None req-6556227a-2ba3-488a-b280-d57b43b42be8 None admin] RBAC: auth_context: {'token': , 'domain_id': None, 'trust_id': None, 'trustor_id': None, 'trustee_id': None, 'domain_name': None, 'group_ids': [], 'user_id': '3cdaff2e3a324e52a75abda51879db2f', 'user_domain_id': 'default', 'system_scope': 'all', 'project_id': None, 'project_domain_id': None, 'roles': ['admin', 'member', 'reader'], 'is_admin_project': True, 'service_user_id': None, 'service_user_domain_id': None, 'service_project_id': None, 'service_project_domain_id': None, 'service_roles': []} {{(pid=43024) fill_context /opt/stack/keystone/keystone/server/flask/request_processing/middleware/auth_context.py:478}}
Apr 20 18:34:46 user devstack@keystone.service[43024]: DEBUG keystone.server.flask.request_processing.req_logging [None req-6556227a-2ba3-488a-b280-d57b43b42be8 None admin] REQUEST_METHOD: `PUT` {{(pid=43024) log_request_info /opt/stack/keystone/keystone/server/flask/request_processing/req_logging.py:27}}
Apr 20 18:34:46 user devstack@keystone.service[43024]: DEBUG keystone.server.flask.request_processing.req_logging [None req-6556227a-2ba3-488a-b280-d57b43b42be8 None admin] SCRIPT_NAME: `/identity` {{(pid=43024) log_request_info /opt/stack/keystone/keystone/server/flask/request_processing/req_logging.py:28}}
Apr 20 18:34:46 user devstack@keystone.service[43024]: DEBUG keystone.server.flask.request_processing.req_logging [None req-6556227a-2ba3-488a-b280-d57b43b42be8 None admin] PATH_INFO: `/v3/projects/d8d6728cd9894e1fbbc0302bc5c780e5/users/458d9f0a6f0f446eac26fe92dbdbf576/roles/0bfb24cd80574531883c0d4aa8b18c3c` {{(pid=43024) log_request_info /opt/stack/keystone/keystone/server/flask/request_processing/req_logging.py:29}}
Apr 20 18:34:46 user devstack@keystone.service[43024]: DEBUG keystone.common.rbac_enforcer.enforcer [None req-6556227a-2ba3-488a-b280-d57b43b42be8 None admin] RBAC: Authorizing `identity:create_grant(project_id=d8d6728cd9894e1fbbc0302bc5c780e5, user_id=458d9f0a6f0f446eac26fe92dbdbf576, role_id=0bfb24cd80574531883c0d4aa8b18c3c)` {{(pid=43024) enforce_call /opt/stack/keystone/keystone/common/rbac_enforcer/enforcer.py:449}}
Apr 20 18:34:46 user devstack@keystone.service[43024]: DEBUG keystone.common.rbac_enforcer.enforcer [None req-6556227a-2ba3-488a-b280-d57b43b42be8 None admin] RBAC: Authorization granted {{(pid=43024) enforce_call /opt/stack/keystone/keystone/common/rbac_enforcer/enforcer.py:457}}
Apr 20 18:34:46 user devstack@keystone.service[43024]: [pid: 43024|app: 0|req: 29/84] 10.0.0.210 () {58 vars in 1434 bytes} [Thu Apr 20 18:34:46 2023] PUT /identity/v3/projects/d8d6728cd9894e1fbbc0302bc5c780e5/users/458d9f0a6f0f446eac26fe92dbdbf576/roles/0bfb24cd80574531883c0d4aa8b18c3c => generated 0 bytes in 126 msecs (HTTP/1.1 204) 3 headers in 132 bytes (0 switches on core 0)
Apr 20 18:34:46 user devstack@keystone.service[43025]: DEBUG keystone.server.flask.request_processing.middleware.auth_context [None req-bb76d5ec-7613-4835-80b2-2abb43b11aa2 None admin] Validating token access rules against request {{(pid=43025) validate_allowed_request /usr/local/lib/python3.10/dist-packages/keystonemiddleware/auth_token/__init__.py:544}}
Apr 20 18:34:46 user devstack@keystone.service[43025]: DEBUG keystone.server.flask.request_processing.middleware.auth_context [None req-94ba4746-78a1-451a-81f4-0c0b584452e1 None admin] RBAC: auth_context: {'token': , 'domain_id': None, 'trust_id': None, 'trustor_id': None, 'trustee_id': None, 'domain_name': None, 'group_ids': [], 'user_id': '3cdaff2e3a324e52a75abda51879db2f', 'user_domain_id': 'default', 'system_scope': 'all', 'project_id': None, 'project_domain_id': None, 'roles': ['admin', 'member', 'reader'], 'is_admin_project': True, 'service_user_id': None, 'service_user_domain_id': None, 'service_project_id': None, 'service_project_domain_id': None, 'service_roles': []} {{(pid=43025) fill_context /opt/stack/keystone/keystone/server/flask/request_processing/middleware/auth_context.py:478}}
Apr 20 18:34:46 user devstack@keystone.service[43025]: DEBUG keystone.server.flask.request_processing.req_logging [None req-94ba4746-78a1-451a-81f4-0c0b584452e1 None admin] REQUEST_METHOD: `GET` {{(pid=43025) log_request_info /opt/stack/keystone/keystone/server/flask/request_processing/req_logging.py:27}}
Apr 20 18:34:46 user devstack@keystone.service[43025]: DEBUG keystone.server.flask.request_processing.req_logging [None req-94ba4746-78a1-451a-81f4-0c0b584452e1 None admin] SCRIPT_NAME: `/identity` {{(pid=43025) log_request_info /opt/stack/keystone/keystone/server/flask/request_processing/req_logging.py:28}}
Apr 20 18:34:46 user devstack@keystone.service[43025]: DEBUG keystone.server.flask.request_processing.req_logging [None req-94ba4746-78a1-451a-81f4-0c0b584452e1 None admin] PATH_INFO: `/v3/projects/c8286d57a8834b5791a5d75309fab292` {{(pid=43025) log_request_info /opt/stack/keystone/keystone/server/flask/request_processing/req_logging.py:29}}
Apr 20 18:34:46 user devstack@keystone.service[43025]: DEBUG keystone.common.rbac_enforcer.enforcer [None req-94ba4746-78a1-451a-81f4-0c0b584452e1 None admin] RBAC: Authorizing `identity:get_project(project_id=c8286d57a8834b5791a5d75309fab292)` {{(pid=43025) enforce_call /opt/stack/keystone/keystone/common/rbac_enforcer/enforcer.py:449}}
Apr 20 18:34:46 user devstack@keystone.service[43025]: DEBUG keystone.common.rbac_enforcer.enforcer [None req-94ba4746-78a1-451a-81f4-0c0b584452e1 None admin] RBAC: Authorization granted {{(pid=43025) enforce_call /opt/stack/keystone/keystone/common/rbac_enforcer/enforcer.py:457}}
Apr 20 18:34:46 user devstack@keystone.service[43025]: [pid: 43025|app: 0|req: 29/85] 10.0.0.210 () {56 vars in 1181 bytes} [Thu Apr 20 18:34:46 2023] GET /identity/v3/projects/c8286d57a8834b5791a5d75309fab292 => generated 311 bytes in 131 msecs (HTTP/1.1 200) 5 headers in 177 bytes (2 switches on core 0)
Apr 20 18:34:46 user devstack@keystone.service[43026]: DEBUG keystone.server.flask.request_processing.middleware.auth_context [None req-eefd352c-287a-429f-aee7-9ec9b601b0a1 None admin] Authenticating user token {{(pid=43026) process_request /usr/local/lib/python3.10/dist-packages/keystonemiddleware/auth_token/__init__.py:406}}
Apr 20 18:34:46 user devstack@keystone.service[43026]: DEBUG keystone.server.flask.request_processing.middleware.auth_context [None req-eefd352c-287a-429f-aee7-9ec9b601b0a1 None admin] Validating token access rules against request {{(pid=43026) validate_allowed_request /usr/local/lib/python3.10/dist-packages/keystonemiddleware/auth_token/__init__.py:544}}
Apr 20 18:34:46 user devstack@keystone.service[43026]: DEBUG keystone.server.flask.request_processing.middleware.auth_context [None req-7a133170-1da1-4fbd-9e8a-f90dfd18261a None admin] RBAC: auth_context: {'token': , 'domain_id': None, 'trust_id': None, 'trustor_id': None, 'trustee_id': None, 'domain_name': None, 'group_ids': [], 'user_id': '3cdaff2e3a324e52a75abda51879db2f', 'user_domain_id': 'default', 'system_scope': 'all', 'project_id': None, 'project_domain_id': None, 'roles': ['admin', 'member', 'reader'], 'is_admin_project': True, 'service_user_id': None, 'service_user_domain_id': None, 'service_project_id': None, 'service_project_domain_id': None, 'service_roles': []} {{(pid=43026) fill_context /opt/stack/keystone/keystone/server/flask/request_processing/middleware/auth_context.py:478}}
Apr 20 18:34:46 user devstack@keystone.service[43026]: DEBUG keystone.server.flask.request_processing.req_logging [None req-7a133170-1da1-4fbd-9e8a-f90dfd18261a None admin] REQUEST_METHOD: `PUT` {{(pid=43026) log_request_info /opt/stack/keystone/keystone/server/flask/request_processing/req_logging.py:27}}
Apr 20 18:34:46 user devstack@keystone.service[43026]: DEBUG keystone.server.flask.request_processing.req_logging [None req-7a133170-1da1-4fbd-9e8a-f90dfd18261a None admin] SCRIPT_NAME: `/identity` {{(pid=43026) log_request_info /opt/stack/keystone/keystone/server/flask/request_processing/req_logging.py:28}}
Apr 20 18:34:46 user devstack@keystone.service[43026]: DEBUG keystone.server.flask.request_processing.req_logging [None req-7a133170-1da1-4fbd-9e8a-f90dfd18261a None admin] PATH_INFO: `/v3/projects/c8286d57a8834b5791a5d75309fab292/users/458d9f0a6f0f446eac26fe92dbdbf576/roles/8eae1baf8c934c59b4af54645c7931d6` {{(pid=43026) log_request_info /opt/stack/keystone/keystone/server/flask/request_processing/req_logging.py:29}}
Apr 20 18:34:46 user devstack@keystone.service[43026]: DEBUG keystone.common.rbac_enforcer.enforcer [None req-7a133170-1da1-4fbd-9e8a-f90dfd18261a None admin] RBAC: Authorizing `identity:create_grant(project_id=c8286d57a8834b5791a5d75309fab292, user_id=458d9f0a6f0f446eac26fe92dbdbf576, role_id=8eae1baf8c934c59b4af54645c7931d6)` {{(pid=43026) enforce_call /opt/stack/keystone/keystone/common/rbac_enforcer/enforcer.py:449}}
Apr 20 18:34:46 user devstack@keystone.service[43026]: DEBUG keystone.common.rbac_enforcer.enforcer [None req-7a133170-1da1-4fbd-9e8a-f90dfd18261a None admin] RBAC: Authorization granted {{(pid=43026) enforce_call /opt/stack/keystone/keystone/common/rbac_enforcer/enforcer.py:457}}
Apr 20 18:34:46 user devstack@keystone.service[43026]: [pid: 43026|app: 0|req: 28/86] 10.0.0.210 () {58 vars in 1434 bytes} [Thu Apr 20 18:34:46 2023] PUT /identity/v3/projects/c8286d57a8834b5791a5d75309fab292/users/458d9f0a6f0f446eac26fe92dbdbf576/roles/8eae1baf8c934c59b4af54645c7931d6 => generated 0 bytes in 130 msecs (HTTP/1.1 204) 3 headers in 132 bytes (0 switches on core 0)
Apr 20 18:34:47 user devstack@keystone.service[43024]: DEBUG keystone.server.flask.request_processing.req_logging [None req-87665f9f-2d95-47d3-ba0e-293384a1a063 None None] REQUEST_METHOD: `GET` {{(pid=43024) log_request_info /opt/stack/keystone/keystone/server/flask/request_processing/req_logging.py:27}}
Apr 20 18:34:47 user devstack@keystone.service[43024]: DEBUG keystone.server.flask.request_processing.req_logging [None req-87665f9f-2d95-47d3-ba0e-293384a1a063 None None] SCRIPT_NAME: `/identity` {{(pid=43024) log_request_info /opt/stack/keystone/keystone/server/flask/request_processing/req_logging.py:28}}
Apr 20 18:34:47 user devstack@keystone.service[43024]: DEBUG keystone.server.flask.request_processing.req_logging [None req-87665f9f-2d95-47d3-ba0e-293384a1a063 None None] PATH_INFO: `/` {{(pid=43024) log_request_info /opt/stack/keystone/keystone/server/flask/request_processing/req_logging.py:29}}
Apr 20 18:34:47 user devstack@keystone.service[43024]: [pid: 43024|app: 0|req: 30/87] 10.0.0.210 () {54 vars in 920 bytes} [Thu Apr 20 18:34:47 2023] GET /identity => generated 269 bytes in 4 msecs (HTTP/1.1 300) 6 headers in 233 bytes (1 switches on core 0)
Apr 20 18:34:47 user devstack@keystone.service[43025]: DEBUG keystone.server.flask.request_processing.req_logging [None req-b0844d7f-fd9a-4275-8228-027d080db18a None None] REQUEST_METHOD: `POST` {{(pid=43025) log_request_info /opt/stack/keystone/keystone/server/flask/request_processing/req_logging.py:27}}
Apr 20 18:34:47 user devstack@keystone.service[43025]: DEBUG keystone.server.flask.request_processing.req_logging [None req-b0844d7f-fd9a-4275-8228-027d080db18a None None] SCRIPT_NAME: `/identity` {{(pid=43025) log_request_info /opt/stack/keystone/keystone/server/flask/request_processing/req_logging.py:28}}
Apr 20 18:34:47 user devstack@keystone.service[43025]: DEBUG keystone.server.flask.request_processing.req_logging [None req-b0844d7f-fd9a-4275-8228-027d080db18a None None] PATH_INFO: `/v3/auth/tokens` {{(pid=43025) log_request_info /opt/stack/keystone/keystone/server/flask/request_processing/req_logging.py:29}}
Apr 20 18:34:47 user devstack@keystone.service[43025]: WARNING keystone.common.password_hashing [None req-b0844d7f-fd9a-4275-8228-027d080db18a None None] Truncating password to algorithm specific maximum length 54 characters.
Apr 20 18:34:47 user devstack@keystone.service[43025]: DEBUG keystone.auth.core [None req-b0844d7f-fd9a-4275-8228-027d080db18a None None] MFA Rules not processed for user `3cdaff2e3a324e52a75abda51879db2f`. Rule list: `[]` (Enabled: `True`). {{(pid=43025) check_auth_methods_against_rules /opt/stack/keystone/keystone/auth/core.py:438}}
Apr 20 18:34:47 user devstack@keystone.service[43025]: DEBUG keystone.common.fernet_utils [None req-b0844d7f-fd9a-4275-8228-027d080db18a None None] Loaded 2 Fernet keys from /etc/keystone/fernet-keys/, but `[fernet_tokens] max_active_keys = 3`; perhaps there have not been enough key rotations to reach `max_active_keys` yet? {{(pid=43025) load_keys /opt/stack/keystone/keystone/common/fernet_utils.py:286}}
Apr 20 18:34:47 user devstack@keystone.service[43025]: [pid: 43025|app: 0|req: 30/88] 10.0.0.210 () {58 vars in 1017 bytes} [Thu Apr 20 18:34:47 2023] POST /identity/v3/auth/tokens => generated 798 bytes in 79 msecs (HTTP/1.1 201) 6 headers in 363 bytes (1 switches on core 0)
Apr 20 18:34:48 user devstack@keystone.service[43026]: DEBUG keystone.server.flask.request_processing.middleware.auth_context [None req-7a133170-1da1-4fbd-9e8a-f90dfd18261a None admin] Authenticating user token {{(pid=43026) process_request /usr/local/lib/python3.10/dist-packages/keystonemiddleware/auth_token/__init__.py:406}}
Apr 20 18:34:48 user devstack@keystone.service[43026]: DEBUG dbcounter [-] [43026] Writing DB stats keystone:SELECT=96,keystone:INSERT=4 {{(pid=43026) stat_writer /usr/local/lib/python3.10/dist-packages/dbcounter.py:117}}
Apr 20 18:34:48 user devstack@keystone.service[43026]: DEBUG keystone.server.flask.request_processing.middleware.auth_context [None req-7a133170-1da1-4fbd-9e8a-f90dfd18261a None admin] Validating token access rules against request {{(pid=43026) validate_allowed_request /usr/local/lib/python3.10/dist-packages/keystonemiddleware/auth_token/__init__.py:544}}
Apr 20 18:34:48 user devstack@keystone.service[43026]: DEBUG keystone.server.flask.request_processing.middleware.auth_context [None req-df6fdf10-2594-4873-8c77-b42509c0d66f None admin] RBAC: auth_context: {'token': , 'domain_id': None, 'trust_id': None, 'trustor_id': None, 'trustee_id': None, 'domain_name': None, 'group_ids': [], 'user_id': '3cdaff2e3a324e52a75abda51879db2f', 'user_domain_id': 'default', 'system_scope': 'all', 'project_id': None, 'project_domain_id': None, 'roles': ['admin', 'member', 'reader'], 'is_admin_project': True, 'service_user_id': None, 'service_user_domain_id': None, 'service_project_id': None, 'service_project_domain_id': None, 'service_roles': []} {{(pid=43026) fill_context /opt/stack/keystone/keystone/server/flask/request_processing/middleware/auth_context.py:478}}
Apr 20 18:34:48 user devstack@keystone.service[43026]: DEBUG keystone.server.flask.request_processing.req_logging [None req-df6fdf10-2594-4873-8c77-b42509c0d66f None admin] REQUEST_METHOD: `GET` {{(pid=43026) log_request_info /opt/stack/keystone/keystone/server/flask/request_processing/req_logging.py:27}}
Apr 20 18:34:48 user devstack@keystone.service[43026]: DEBUG keystone.server.flask.request_processing.req_logging [None req-df6fdf10-2594-4873-8c77-b42509c0d66f None admin] SCRIPT_NAME: `/identity` {{(pid=43026) log_request_info /opt/stack/keystone/keystone/server/flask/request_processing/req_logging.py:28}}
Apr 20 18:34:48 user devstack@keystone.service[43026]: DEBUG keystone.server.flask.request_processing.req_logging [None req-df6fdf10-2594-4873-8c77-b42509c0d66f None admin] PATH_INFO: `/v3/roles/member` {{(pid=43026) log_request_info /opt/stack/keystone/keystone/server/flask/request_processing/req_logging.py:29}}
Apr 20 18:34:48 user devstack@keystone.service[43024]: DEBUG keystone.server.flask.request_processing.req_logging [None req-4dcc5ffe-7bed-4af1-a852-369b3a2e6a3c None None] REQUEST_METHOD: `GET` {{(pid=43024) log_request_info /opt/stack/keystone/keystone/server/flask/request_processing/req_logging.py:27}}
Apr 20 18:34:48 user devstack@keystone.service[43024]: DEBUG keystone.server.flask.request_processing.req_logging [None req-4dcc5ffe-7bed-4af1-a852-369b3a2e6a3c None None] SCRIPT_NAME: `/identity` {{(pid=43024) log_request_info /opt/stack/keystone/keystone/server/flask/request_processing/req_logging.py:28}}
Apr 20 18:34:48 user devstack@keystone.service[43024]: DEBUG keystone.server.flask.request_processing.req_logging [None req-4dcc5ffe-7bed-4af1-a852-369b3a2e6a3c None None] PATH_INFO: `/` {{(pid=43024) log_request_info /opt/stack/keystone/keystone/server/flask/request_processing/req_logging.py:29}}
Apr 20 18:34:48 user devstack@keystone.service[43026]: DEBUG keystone.common.rbac_enforcer.enforcer [None req-df6fdf10-2594-4873-8c77-b42509c0d66f None admin] Extracting inferred target data resulted in "NOT FOUND (404)". {{(pid=43026) enforce_call /opt/stack/keystone/keystone/common/rbac_enforcer/enforcer.py:409}}
Apr 20 18:34:48 user devstack@keystone.service[43024]: [pid: 43024|app: 0|req: 31/89] 10.0.0.210 () {54 vars in 920 bytes} [Thu Apr 20 18:34:48 2023] GET /identity => generated 269 bytes in 6 msecs (HTTP/1.1 300) 6 headers in 233 bytes (1 switches on core 0)
Apr 20 18:34:48 user devstack@keystone.service[43026]: ERROR keystone.server.flask.application [None req-df6fdf10-2594-4873-8c77-b42509c0d66f None admin] Could not find role: member.: keystone.exception.RoleNotFound: Could not find role: member.
Apr 20 18:34:48 user devstack@keystone.service[43026]: ERROR keystone.server.flask.application
Traceback (most recent call last):
Apr 20 18:34:48 user devstack@keystone.service[43026]: ERROR keystone.server.flask.application
File "/usr/local/lib/python3.10/dist-packages/flask/app.py", line 1823, in full_dispatch_request
Apr 20 18:34:48 user devstack@keystone.service[43026]: ERROR keystone.server.flask.application rv = self.dispatch_request()
Apr 20 18:34:48 user devstack@keystone.service[43026]: ERROR keystone.server.flask.application
File "/usr/local/lib/python3.10/dist-packages/flask/app.py", line 1799, in dispatch_request
Apr 20 18:34:48 user devstack@keystone.service[43026]: ERROR keystone.server.flask.application return self.ensure_sync(self.view_functions[rule.endpoint])(**view_args)
Apr 20 18:34:48 user devstack@keystone.service[43026]: ERROR keystone.server.flask.application
File "/usr/local/lib/python3.10/dist-packages/flask_restful/__init__.py", line 467, in wrapper
Apr 20 18:34:48 user devstack@keystone.service[43026]: ERROR keystone.server.flask.application resp = resource(*args, **kwargs)
Apr 20 18:34:48 user devstack@keystone.service[43026]: ERROR keystone.server.flask.application
File "/usr/local/lib/python3.10/dist-packages/flask/views.py", line 107, in view
Apr 20 18:34:48 user devstack@keystone.service[43026]: ERROR keystone.server.flask.application return current_app.ensure_sync(self.dispatch_request)(**kwargs)
Apr 20 18:34:48 user devstack@keystone.service[43026]: ERROR keystone.server.flask.application
File "/usr/local/lib/python3.10/dist-packages/flask_restful/__init__.py", line 582, in dispatch_request
Apr 20 18:34:48 user devstack@keystone.service[43026]: ERROR keystone.server.flask.application resp = meth(*args, **kwargs)
Apr 20 18:34:48 user devstack@keystone.service[43026]: ERROR keystone.server.flask.application
File "/opt/stack/keystone/keystone/api/roles.py", line 50, in get
Apr 20 18:34:48 user devstack@keystone.service[43026]: ERROR keystone.server.flask.application return self._get_role(role_id)
Apr 20 18:34:48 user devstack@keystone.service[43026]: ERROR keystone.server.flask.application
File "/opt/stack/keystone/keystone/api/roles.py", line 70, in _get_role
Apr 20 18:34:48 user devstack@keystone.service[43026]: ERROR keystone.server.flask.application ENFORCER.enforce_call(action='identity:get_role')
Apr 20 18:34:48 user devstack@keystone.service[43026]: ERROR keystone.server.flask.application
File "/opt/stack/keystone/keystone/common/rbac_enforcer/enforcer.py", line 402, in enforce_call
Apr 20 18:34:48 user devstack@keystone.service[43026]: ERROR keystone.server.flask.application policy_dict.update(cls._extract_member_target_data(
Apr 20 18:34:48 user devstack@keystone.service[43026]: ERROR keystone.server.flask.application
File "/opt/stack/keystone/keystone/common/rbac_enforcer/enforcer.py", line 234, in _extract_member_target_data
Apr 20 18:34:48 user devstack@keystone.service[43026]: ERROR keystone.server.flask.application member_name: func(flask.request.view_args[key])
Apr 20 18:34:48 user devstack@keystone.service[43026]: ERROR keystone.server.flask.application
File "/opt/stack/keystone/keystone/common/manager.py", line 115, in wrapped
Apr 20 18:34:48 user devstack@keystone.service[43026]: ERROR keystone.server.flask.application __ret_val = __f(*args, **kwargs)
Apr 20 18:34:48 user devstack@keystone.service[43026]: ERROR keystone.server.flask.application
File "/usr/local/lib/python3.10/dist-packages/decorator.py", line 232, in fun
Apr 20 18:34:48 user devstack@keystone.service[43026]: ERROR keystone.server.flask.application return caller(func, *(extras + args), **kw)
Apr 20 18:34:48 user devstack@keystone.service[43026]: ERROR keystone.server.flask.application
File "/usr/local/lib/python3.10/dist-packages/dogpile/cache/region.py", line 1577, in get_or_create_for_user_func
Apr 20 18:34:48 user devstack@keystone.service[43026]: ERROR keystone.server.flask.application return self.get_or_create(
Apr 20 18:34:48 user devstack@keystone.service[43026]: ERROR keystone.server.flask.application
File "/usr/local/lib/python3.10/dist-packages/dogpile/cache/region.py", line 1042, in get_or_create
Apr 20 18:34:48 user devstack@keystone.service[43026]: ERROR keystone.server.flask.application with Lock(
Apr 20 18:34:48 user devstack@keystone.service[43026]: ERROR keystone.server.flask.application
File "/usr/local/lib/python3.10/dist-packages/dogpile/lock.py", line 185, in __enter__
Apr 20 18:34:48 user devstack@keystone.service[43026]: ERROR keystone.server.flask.application return self._enter()
Apr 20 18:34:48 user devstack@keystone.service[43026]: ERROR keystone.server.flask.application
File "/usr/local/lib/python3.10/dist-packages/dogpile/lock.py", line 94, in _enter
Apr 20 18:34:48 user devstack@keystone.service[43026]: ERROR keystone.server.flask.application generated = self._enter_create(value, createdtime)
Apr 20 18:34:48 user devstack@keystone.service[43026]: ERROR keystone.server.flask.application
File "/usr/local/lib/python3.10/dist-packages/dogpile/lock.py", line 178, in _enter_create
Apr 20 18:34:48 user devstack@keystone.service[43026]: ERROR keystone.server.flask.application return self.creator()
Apr 20 18:34:48 user devstack@keystone.service[43026]: ERROR keystone.server.flask.application
File "/usr/local/lib/python3.10/dist-packages/dogpile/cache/region.py", line 995, in gen_value
Apr 20 18:34:48 user devstack@keystone.service[43026]: ERROR keystone.server.flask.application created_value = creator(
Apr 20 18:34:48 user devstack@keystone.service[43026]: ERROR keystone.server.flask.application
File "/opt/stack/keystone/keystone/assignment/core.py", line 1276, in get_role
Apr 20 18:34:48 user devstack@keystone.service[43026]: ERROR keystone.server.flask.application return self.driver.get_role(role_id)
Apr 20 18:34:48 user devstack@keystone.service[43026]: ERROR keystone.server.flask.application
File "/opt/stack/keystone/keystone/assignment/role_backends/sql.py", line 70, in get_role
Apr 20 18:34:48 user devstack@keystone.service[43026]: ERROR keystone.server.flask.application return self._get_role(session, role_id).to_dict()
Apr 20 18:34:48 user devstack@keystone.service[43026]: ERROR keystone.server.flask.application
File "/opt/stack/keystone/keystone/assignment/role_backends/sql.py", line 65, in _get_role
Apr 20 18:34:48 user devstack@keystone.service[43026]: ERROR keystone.server.flask.application raise exception.RoleNotFound(role_id=role_id)
Apr 20 18:34:48 user devstack@keystone.service[43026]: ERROR keystone.server.flask.application keystone.exception.RoleNotFound: Could not find role: member.
Apr 20 18:34:48 user devstack@keystone.service[43026]: ERROR keystone.server.flask.application
Apr 20 18:34:48 user devstack@keystone.service[43026]: [pid: 43026|app: 0|req: 29/90] 10.0.0.210 () {56 vars in 1094 bytes} [Thu Apr 20 18:34:48 2023] GET /identity/v3/roles/member => generated 84 bytes in 149 msecs (HTTP/1.1 404) 5 headers in 183 bytes (1 switches on core 0)
Apr 20 18:34:48 user devstack@keystone.service[43025]: DEBUG keystone.server.flask.request_processing.req_logging [None req-ecdb53ef-d4c1-42f2-aa71-e8004ffc481f None None] REQUEST_METHOD: `POST` {{(pid=43025) log_request_info /opt/stack/keystone/keystone/server/flask/request_processing/req_logging.py:27}}
Apr 20 18:34:48 user devstack@keystone.service[43025]: DEBUG keystone.server.flask.request_processing.req_logging [None req-ecdb53ef-d4c1-42f2-aa71-e8004ffc481f None None] SCRIPT_NAME: `/identity` {{(pid=43025) log_request_info /opt/stack/keystone/keystone/server/flask/request_processing/req_logging.py:28}}
Apr 20 18:34:48 user devstack@keystone.service[43025]: DEBUG keystone.server.flask.request_processing.req_logging [None req-ecdb53ef-d4c1-42f2-aa71-e8004ffc481f None None] PATH_INFO: `/v3/auth/tokens` {{(pid=43025) log_request_info /opt/stack/keystone/keystone/server/flask/request_processing/req_logging.py:29}}
Apr 20 18:34:48 user devstack@keystone.service[43024]: DEBUG keystone.server.flask.request_processing.middleware.auth_context [None req-4dcc5ffe-7bed-4af1-a852-369b3a2e6a3c None None] Authenticating user token {{(pid=43024) process_request /usr/local/lib/python3.10/dist-packages/keystonemiddleware/auth_token/__init__.py:406}}
Apr 20 18:34:48 user devstack@keystone.service[43025]: WARNING keystone.common.password_hashing [None req-ecdb53ef-d4c1-42f2-aa71-e8004ffc481f None None] Truncating password to algorithm specific maximum length 54 characters.
Apr 20 18:34:48 user devstack@keystone.service[43025]: DEBUG keystone.auth.core [None req-ecdb53ef-d4c1-42f2-aa71-e8004ffc481f None None] MFA Rules not processed for user `3cdaff2e3a324e52a75abda51879db2f`. Rule list: `[]` (Enabled: `True`). {{(pid=43025) check_auth_methods_against_rules /opt/stack/keystone/keystone/auth/core.py:438}}
Apr 20 18:34:48 user devstack@keystone.service[43025]: DEBUG keystone.common.fernet_utils [None req-ecdb53ef-d4c1-42f2-aa71-e8004ffc481f None None] Loaded 2 Fernet keys from /etc/keystone/fernet-keys/, but `[fernet_tokens] max_active_keys = 3`; perhaps there have not been enough key rotations to reach `max_active_keys` yet? {{(pid=43025) load_keys /opt/stack/keystone/keystone/common/fernet_utils.py:286}}
Apr 20 18:34:48 user devstack@keystone.service[43024]: DEBUG dbcounter [-] [43024] Writing DB stats keystone:SELECT=98,keystone:INSERT=2 {{(pid=43024) stat_writer /usr/local/lib/python3.10/dist-packages/dbcounter.py:117}}
Apr 20 18:34:48 user devstack@keystone.service[43025]: DEBUG dbcounter [-] [43025] Writing DB stats keystone:SELECT=100 {{(pid=43025) stat_writer /usr/local/lib/python3.10/dist-packages/dbcounter.py:117}}
Apr 20 18:34:48 user devstack@keystone.service[43026]: DEBUG keystone.server.flask.request_processing.req_logging [None req-5bc4518e-2924-4768-9365-4d4e09c29104 None None] REQUEST_METHOD: `GET` {{(pid=43026) log_request_info /opt/stack/keystone/keystone/server/flask/request_processing/req_logging.py:27}}
Apr 20 18:34:48 user devstack@keystone.service[43026]: DEBUG keystone.server.flask.request_processing.req_logging [None req-5bc4518e-2924-4768-9365-4d4e09c29104 None None] SCRIPT_NAME: `/identity` {{(pid=43026) log_request_info /opt/stack/keystone/keystone/server/flask/request_processing/req_logging.py:28}}
Apr 20 18:34:48 user devstack@keystone.service[43026]: DEBUG keystone.server.flask.request_processing.req_logging [None req-5bc4518e-2924-4768-9365-4d4e09c29104 None None] PATH_INFO: `/` {{(pid=43026) log_request_info /opt/stack/keystone/keystone/server/flask/request_processing/req_logging.py:29}}
Apr 20 18:34:48 user devstack@keystone.service[43026]: [pid: 43026|app: 0|req: 30/91] 10.0.0.210 () {54 vars in 920 bytes} [Thu Apr 20 18:34:48 2023] GET /identity => generated 269 bytes in 3 msecs (HTTP/1.1 300) 6 headers in 233 bytes (1 switches on core 0)
Apr 20 18:34:48 user devstack@keystone.service[43026]: DEBUG keystone.server.flask.request_processing.req_logging [None req-3ae5104f-7581-4b59-ba93-e983eee14161 None None] REQUEST_METHOD: `POST` {{(pid=43026) log_request_info /opt/stack/keystone/keystone/server/flask/request_processing/req_logging.py:27}}
Apr 20 18:34:48 user devstack@keystone.service[43026]: DEBUG keystone.server.flask.request_processing.req_logging [None req-3ae5104f-7581-4b59-ba93-e983eee14161 None None] SCRIPT_NAME: `/identity` {{(pid=43026) log_request_info /opt/stack/keystone/keystone/server/flask/request_processing/req_logging.py:28}}
Apr 20 18:34:48 user devstack@keystone.service[43026]: DEBUG keystone.server.flask.request_processing.req_logging [None req-3ae5104f-7581-4b59-ba93-e983eee14161 None None] PATH_INFO: `/v3/auth/tokens` {{(pid=43026) log_request_info /opt/stack/keystone/keystone/server/flask/request_processing/req_logging.py:29}}
Apr 20 18:34:48 user devstack@keystone.service[43025]: [pid: 43025|app: 0|req: 31/92] 10.0.0.210 () {58 vars in 1017 bytes} [Thu Apr 20 18:34:48 2023] POST /identity/v3/auth/tokens => generated 798 bytes in 80 msecs (HTTP/1.1 201) 6 headers in 363 bytes (1 switches on core 0)
Apr 20 18:34:48 user devstack@keystone.service[43026]: WARNING keystone.common.password_hashing [None req-3ae5104f-7581-4b59-ba93-e983eee14161 None None] Truncating password to algorithm specific maximum length 54 characters.
Apr 20 18:34:48 user devstack@keystone.service[43026]: DEBUG keystone.auth.core [None req-3ae5104f-7581-4b59-ba93-e983eee14161 None None] MFA Rules not processed for user `3cdaff2e3a324e52a75abda51879db2f`. Rule list: `[]` (Enabled: `True`). {{(pid=43026) check_auth_methods_against_rules /opt/stack/keystone/keystone/auth/core.py:438}}
Apr 20 18:34:48 user devstack@keystone.service[43026]: DEBUG keystone.common.fernet_utils [None req-3ae5104f-7581-4b59-ba93-e983eee14161 None None] Loaded 2 Fernet keys from /etc/keystone/fernet-keys/, but `[fernet_tokens] max_active_keys = 3`; perhaps there have not been enough key rotations to reach `max_active_keys` yet? {{(pid=43026) load_keys /opt/stack/keystone/keystone/common/fernet_utils.py:286}}
Apr 20 18:34:48 user devstack@keystone.service[43024]: DEBUG keystone.server.flask.request_processing.middleware.auth_context [None req-4dcc5ffe-7bed-4af1-a852-369b3a2e6a3c None None] Validating token access rules against request {{(pid=43024) validate_allowed_request /usr/local/lib/python3.10/dist-packages/keystonemiddleware/auth_token/__init__.py:544}}
Apr 20 18:34:48 user devstack@keystone.service[43024]: DEBUG keystone.server.flask.request_processing.middleware.auth_context [None req-ea78ee50-afa8-4538-8cc4-76484d3185f5 None admin] RBAC: auth_context: {'token': , 'domain_id': None, 'trust_id': None, 'trustor_id': None, 'trustee_id': None, 'domain_name': None, 'group_ids': [], 'user_id': '3cdaff2e3a324e52a75abda51879db2f', 'user_domain_id': 'default', 'system_scope': 'all', 'project_id': None, 'project_domain_id': None, 'roles': ['admin', 'member', 'reader'], 'is_admin_project': True, 'service_user_id': None, 'service_user_domain_id': None, 'service_project_id': None, 'service_project_domain_id': None, 'service_roles': []} {{(pid=43024) fill_context /opt/stack/keystone/keystone/server/flask/request_processing/middleware/auth_context.py:478}}
Apr 20 18:34:48 user devstack@keystone.service[43024]: DEBUG keystone.server.flask.request_processing.req_logging [None req-ea78ee50-afa8-4538-8cc4-76484d3185f5 None admin] REQUEST_METHOD: `GET` {{(pid=43024) log_request_info /opt/stack/keystone/keystone/server/flask/request_processing/req_logging.py:27}}
Apr 20 18:34:48 user devstack@keystone.service[43024]: DEBUG keystone.server.flask.request_processing.req_logging [None req-ea78ee50-afa8-4538-8cc4-76484d3185f5 None admin] SCRIPT_NAME: `/identity` {{(pid=43024) log_request_info /opt/stack/keystone/keystone/server/flask/request_processing/req_logging.py:28}}
Apr 20 18:34:48 user devstack@keystone.service[43024]: DEBUG keystone.server.flask.request_processing.req_logging [None req-ea78ee50-afa8-4538-8cc4-76484d3185f5 None admin] PATH_INFO: `/v3/roles` {{(pid=43024) log_request_info /opt/stack/keystone/keystone/server/flask/request_processing/req_logging.py:29}}
Apr 20 18:34:48 user devstack@keystone.service[43024]: DEBUG keystone.common.rbac_enforcer.enforcer [None req-ea78ee50-afa8-4538-8cc4-76484d3185f5 None admin] RBAC: Adding query filter params (name=member) {{(pid=43024) _extract_filter_values /opt/stack/keystone/keystone/common/rbac_enforcer/enforcer.py:167}}
Apr 20 18:34:48 user devstack@keystone.service[43024]: DEBUG keystone.common.rbac_enforcer.enforcer [None req-ea78ee50-afa8-4538-8cc4-76484d3185f5 None admin] RBAC: Authorizing `identity:list_roles()` {{(pid=43024) enforce_call /opt/stack/keystone/keystone/common/rbac_enforcer/enforcer.py:449}}
Apr 20 18:34:48 user devstack@keystone.service[43026]: [pid: 43026|app: 0|req: 31/93] 10.0.0.210 () {58 vars in 1017 bytes} [Thu Apr 20 18:34:48 2023] POST /identity/v3/auth/tokens => generated 798 bytes in 87 msecs (HTTP/1.1 201) 6 headers in 363 bytes (2 switches on core 0)
Apr 20 18:34:48 user devstack@keystone.service[43024]: DEBUG keystone.common.rbac_enforcer.enforcer [None req-ea78ee50-afa8-4538-8cc4-76484d3185f5 None admin] RBAC: Authorization granted {{(pid=43024) enforce_call /opt/stack/keystone/keystone/common/rbac_enforcer/enforcer.py:457}}
Apr 20 18:34:48 user devstack@keystone.service[43025]: DEBUG keystone.server.flask.request_processing.req_logging [None req-3283638b-cef7-4e50-b9e2-92126c31ce74 None None] REQUEST_METHOD: `GET` {{(pid=43025) log_request_info /opt/stack/keystone/keystone/server/flask/request_processing/req_logging.py:27}}
Apr 20 18:34:48 user devstack@keystone.service[43025]: DEBUG keystone.server.flask.request_processing.req_logging [None req-3283638b-cef7-4e50-b9e2-92126c31ce74 None None] SCRIPT_NAME: `/identity` {{(pid=43025) log_request_info /opt/stack/keystone/keystone/server/flask/request_processing/req_logging.py:28}}
Apr 20 18:34:48 user devstack@keystone.service[43025]: DEBUG keystone.server.flask.request_processing.req_logging [None req-3283638b-cef7-4e50-b9e2-92126c31ce74 None None] PATH_INFO: `/` {{(pid=43025) log_request_info /opt/stack/keystone/keystone/server/flask/request_processing/req_logging.py:29}}
Apr 20 18:34:48 user devstack@keystone.service[43025]: [pid: 43025|app: 0|req: 32/94] 10.0.0.210 () {54 vars in 920 bytes} [Thu Apr 20 18:34:48 2023] GET /identity => generated 269 bytes in 3 msecs (HTTP/1.1 300) 6 headers in 233 bytes (1 switches on core 0)
Apr 20 18:34:48 user devstack@keystone.service[43024]: [pid: 43024|app: 0|req: 32/95] 10.0.0.210 () {56 vars in 1096 bytes} [Thu Apr 20 18:34:48 2023] GET /identity/v3/roles?name=member => generated 339 bytes in 160 msecs (HTTP/1.1 200) 5 headers in 177 bytes (1 switches on core 0)
Apr 20 18:34:48 user devstack@keystone.service[43026]: DEBUG keystone.server.flask.request_processing.req_logging [None req-a3204e42-f4eb-4b29-ad15-0c9c8064b642 None None] REQUEST_METHOD: `POST` {{(pid=43026) log_request_info /opt/stack/keystone/keystone/server/flask/request_processing/req_logging.py:27}}
Apr 20 18:34:48 user devstack@keystone.service[43026]: DEBUG keystone.server.flask.request_processing.req_logging [None req-a3204e42-f4eb-4b29-ad15-0c9c8064b642 None None] SCRIPT_NAME: `/identity` {{(pid=43026) log_request_info /opt/stack/keystone/keystone/server/flask/request_processing/req_logging.py:28}}
Apr 20 18:34:48 user devstack@keystone.service[43026]: DEBUG keystone.server.flask.request_processing.req_logging [None req-a3204e42-f4eb-4b29-ad15-0c9c8064b642 None None] PATH_INFO: `/v3/auth/tokens` {{(pid=43026) log_request_info /opt/stack/keystone/keystone/server/flask/request_processing/req_logging.py:29}}
Apr 20 18:34:48 user devstack@keystone.service[43025]: DEBUG keystone.server.flask.request_processing.middleware.auth_context [None req-3283638b-cef7-4e50-b9e2-92126c31ce74 None None] Authenticating user token {{(pid=43025) process_request /usr/local/lib/python3.10/dist-packages/keystonemiddleware/auth_token/__init__.py:406}}
Apr 20 18:34:48 user devstack@keystone.service[43026]: WARNING keystone.common.password_hashing [None req-a3204e42-f4eb-4b29-ad15-0c9c8064b642 None None] Truncating password to algorithm specific maximum length 54 characters.
Apr 20 18:34:48 user devstack@keystone.service[43026]: DEBUG keystone.auth.core [None req-a3204e42-f4eb-4b29-ad15-0c9c8064b642 None None] MFA Rules not processed for user `3cdaff2e3a324e52a75abda51879db2f`. Rule list: `[]` (Enabled: `True`). {{(pid=43026) check_auth_methods_against_rules /opt/stack/keystone/keystone/auth/core.py:438}}
Apr 20 18:34:48 user devstack@keystone.service[43026]: DEBUG keystone.common.fernet_utils [None req-a3204e42-f4eb-4b29-ad15-0c9c8064b642 None None] Loaded 2 Fernet keys from /etc/keystone/fernet-keys/, but `[fernet_tokens] max_active_keys = 3`; perhaps there have not been enough key rotations to reach `max_active_keys` yet? {{(pid=43026) load_keys /opt/stack/keystone/keystone/common/fernet_utils.py:286}}
Apr 20 18:34:48 user devstack@keystone.service[43026]: DEBUG dbcounter [-] [43026] Writing DB stats keystone:SELECT=100 {{(pid=43026) stat_writer /usr/local/lib/python3.10/dist-packages/dbcounter.py:117}}
Apr 20 18:34:48 user devstack@keystone.service[43026]: [pid: 43026|app: 0|req: 32/96] 10.0.0.210 () {58 vars in 1017 bytes} [Thu Apr 20 18:34:48 2023] POST /identity/v3/auth/tokens => generated 798 bytes in 79 msecs (HTTP/1.1 201) 6 headers in 363 bytes (1 switches on core 0)
Apr 20 18:34:48 user devstack@keystone.service[43025]: DEBUG keystone.server.flask.request_processing.middleware.auth_context [None req-3283638b-cef7-4e50-b9e2-92126c31ce74 None None] Validating token access rules against request {{(pid=43025) validate_allowed_request /usr/local/lib/python3.10/dist-packages/keystonemiddleware/auth_token/__init__.py:544}}
Apr 20 18:34:48 user devstack@keystone.service[43024]: DEBUG keystone.server.flask.request_processing.middleware.auth_context [None req-ea78ee50-afa8-4538-8cc4-76484d3185f5 None admin] Authenticating user token {{(pid=43024) process_request /usr/local/lib/python3.10/dist-packages/keystonemiddleware/auth_token/__init__.py:406}}
Apr 20 18:34:48 user devstack@keystone.service[43025]: DEBUG keystone.server.flask.request_processing.middleware.auth_context [None req-07bb9fdf-8530-4ca8-8472-7d040ef849de None admin] RBAC: auth_context: {'token': , 'domain_id': None, 'trust_id': None, 'trustor_id': None, 'trustee_id': None, 'domain_name': None, 'group_ids': [], 'user_id': '3cdaff2e3a324e52a75abda51879db2f', 'user_domain_id': 'default', 'system_scope': 'all', 'project_id': None, 'project_domain_id': None, 'roles': ['admin', 'member', 'reader'], 'is_admin_project': True, 'service_user_id': None, 'service_user_domain_id': None, 'service_project_id': None, 'service_project_domain_id': None, 'service_roles': []} {{(pid=43025) fill_context /opt/stack/keystone/keystone/server/flask/request_processing/middleware/auth_context.py:478}}
Apr 20 18:34:48 user devstack@keystone.service[43025]: DEBUG keystone.server.flask.request_processing.req_logging [None req-07bb9fdf-8530-4ca8-8472-7d040ef849de None admin] REQUEST_METHOD: `GET` {{(pid=43025) log_request_info /opt/stack/keystone/keystone/server/flask/request_processing/req_logging.py:27}}
Apr 20 18:34:48 user devstack@keystone.service[43025]: DEBUG keystone.server.flask.request_processing.req_logging [None req-07bb9fdf-8530-4ca8-8472-7d040ef849de None admin] SCRIPT_NAME: `/identity` {{(pid=43025) log_request_info /opt/stack/keystone/keystone/server/flask/request_processing/req_logging.py:28}}
Apr 20 18:34:48 user devstack@keystone.service[43025]: DEBUG keystone.server.flask.request_processing.req_logging [None req-07bb9fdf-8530-4ca8-8472-7d040ef849de None admin] PATH_INFO: `/v3/users/458d9f0a6f0f446eac26fe92dbdbf576` {{(pid=43025) log_request_info /opt/stack/keystone/keystone/server/flask/request_processing/req_logging.py:29}}
Apr 20 18:34:48 user devstack@keystone.service[43025]: DEBUG keystone.common.rbac_enforcer.enforcer [None req-07bb9fdf-8530-4ca8-8472-7d040ef849de None admin] RBAC: Authorizing `identity:get_user(user_id=458d9f0a6f0f446eac26fe92dbdbf576)` {{(pid=43025) enforce_call /opt/stack/keystone/keystone/common/rbac_enforcer/enforcer.py:449}}
Apr 20 18:34:48 user devstack@keystone.service[43025]: DEBUG keystone.common.rbac_enforcer.enforcer [None req-07bb9fdf-8530-4ca8-8472-7d040ef849de None admin] RBAC: Authorization granted {{(pid=43025) enforce_call /opt/stack/keystone/keystone/common/rbac_enforcer/enforcer.py:457}}
Apr 20 18:34:48 user devstack@keystone.service[43025]: [pid: 43025|app: 0|req: 33/97] 10.0.0.210 () {56 vars in 1172 bytes} [Thu Apr 20 18:34:48 2023] GET /identity/v3/users/458d9f0a6f0f446eac26fe92dbdbf576 => generated 274 bytes in 125 msecs (HTTP/1.1 200) 5 headers in 177 bytes (1 switches on core 0)
Apr 20 18:34:48 user devstack@keystone.service[43026]: DEBUG keystone.server.flask.request_processing.middleware.auth_context [None req-a3204e42-f4eb-4b29-ad15-0c9c8064b642 None None] Authenticating user token {{(pid=43026) process_request /usr/local/lib/python3.10/dist-packages/keystonemiddleware/auth_token/__init__.py:406}}
Apr 20 18:34:48 user devstack@keystone.service[43025]: DEBUG keystone.server.flask.request_processing.req_logging [None req-e89e60dd-a05c-4975-9949-b9882217bf4a None None] REQUEST_METHOD: `GET` {{(pid=43025) log_request_info /opt/stack/keystone/keystone/server/flask/request_processing/req_logging.py:27}}
Apr 20 18:34:48 user devstack@keystone.service[43025]: DEBUG keystone.server.flask.request_processing.req_logging [None req-e89e60dd-a05c-4975-9949-b9882217bf4a None None] SCRIPT_NAME: `/identity` {{(pid=43025) log_request_info /opt/stack/keystone/keystone/server/flask/request_processing/req_logging.py:28}}
Apr 20 18:34:48 user devstack@keystone.service[43025]: DEBUG keystone.server.flask.request_processing.req_logging [None req-e89e60dd-a05c-4975-9949-b9882217bf4a None None] PATH_INFO: `/` {{(pid=43025) log_request_info /opt/stack/keystone/keystone/server/flask/request_processing/req_logging.py:29}}
Apr 20 18:34:48 user devstack@keystone.service[43025]: [pid: 43025|app: 0|req: 34/98] 10.0.0.210 () {54 vars in 920 bytes} [Thu Apr 20 18:34:48 2023] GET /identity => generated 269 bytes in 3 msecs (HTTP/1.1 300) 6 headers in 233 bytes (1 switches on core 0)
Apr 20 18:34:48 user devstack@keystone.service[43025]: DEBUG keystone.server.flask.request_processing.req_logging [None req-412c3be5-4666-4e00-a842-72ccbf6d33d1 None None] REQUEST_METHOD: `POST` {{(pid=43025) log_request_info /opt/stack/keystone/keystone/server/flask/request_processing/req_logging.py:27}}
Apr 20 18:34:48 user devstack@keystone.service[43025]: DEBUG keystone.server.flask.request_processing.req_logging [None req-412c3be5-4666-4e00-a842-72ccbf6d33d1 None None] SCRIPT_NAME: `/identity` {{(pid=43025) log_request_info /opt/stack/keystone/keystone/server/flask/request_processing/req_logging.py:28}}
Apr 20 18:34:48 user devstack@keystone.service[43025]: DEBUG keystone.server.flask.request_processing.req_logging [None req-412c3be5-4666-4e00-a842-72ccbf6d33d1 None None] PATH_INFO: `/v3/auth/tokens` {{(pid=43025) log_request_info /opt/stack/keystone/keystone/server/flask/request_processing/req_logging.py:29}}
Apr 20 18:34:48 user devstack@keystone.service[43025]: WARNING keystone.common.password_hashing [None req-412c3be5-4666-4e00-a842-72ccbf6d33d1 None None] Truncating password to algorithm specific maximum length 54 characters.
Apr 20 18:34:48 user devstack@keystone.service[43025]: DEBUG keystone.auth.core [None req-412c3be5-4666-4e00-a842-72ccbf6d33d1 None None] MFA Rules not processed for user `3cdaff2e3a324e52a75abda51879db2f`. Rule list: `[]` (Enabled: `True`). {{(pid=43025) check_auth_methods_against_rules /opt/stack/keystone/keystone/auth/core.py:438}}
Apr 20 18:34:48 user devstack@keystone.service[43025]: DEBUG keystone.common.fernet_utils [None req-412c3be5-4666-4e00-a842-72ccbf6d33d1 None None] Loaded 2 Fernet keys from /etc/keystone/fernet-keys/, but `[fernet_tokens] max_active_keys = 3`; perhaps there have not been enough key rotations to reach `max_active_keys` yet? {{(pid=43025) load_keys /opt/stack/keystone/keystone/common/fernet_utils.py:286}}
Apr 20 18:34:48 user devstack@keystone.service[43025]: DEBUG dbcounter [-] [43025] Writing DB stats keystone:SELECT=100 {{(pid=43025) stat_writer /usr/local/lib/python3.10/dist-packages/dbcounter.py:117}}
Apr 20 18:34:48 user devstack@keystone.service[43024]: DEBUG dbcounter [-] [43024] Writing DB stats keystone:SELECT=100 {{(pid=43024) stat_writer /usr/local/lib/python3.10/dist-packages/dbcounter.py:117}}
Apr 20 18:34:48 user devstack@keystone.service[43024]: DEBUG keystone.server.flask.request_processing.middleware.auth_context [None req-ea78ee50-afa8-4538-8cc4-76484d3185f5 None admin] Validating token access rules against request {{(pid=43024) validate_allowed_request /usr/local/lib/python3.10/dist-packages/keystonemiddleware/auth_token/__init__.py:544}}
Apr 20 18:34:48 user devstack@keystone.service[43025]: [pid: 43025|app: 0|req: 35/99] 10.0.0.210 () {58 vars in 1017 bytes} [Thu Apr 20 18:34:48 2023] POST /identity/v3/auth/tokens => generated 798 bytes in 77 msecs (HTTP/1.1 201) 6 headers in 363 bytes (2 switches on core 0)
Apr 20 18:34:48 user devstack@keystone.service[43025]: DEBUG keystone.server.flask.request_processing.req_logging [None req-9efab50b-09ae-4694-9f8d-56dd21040c32 None None] REQUEST_METHOD: `GET` {{(pid=43025) log_request_info /opt/stack/keystone/keystone/server/flask/request_processing/req_logging.py:27}}
Apr 20 18:34:48 user devstack@keystone.service[43025]: DEBUG keystone.server.flask.request_processing.req_logging [None req-9efab50b-09ae-4694-9f8d-56dd21040c32 None None] SCRIPT_NAME: `/identity` {{(pid=43025) log_request_info /opt/stack/keystone/keystone/server/flask/request_processing/req_logging.py:28}}
Apr 20 18:34:48 user devstack@keystone.service[43025]: DEBUG keystone.server.flask.request_processing.req_logging [None req-9efab50b-09ae-4694-9f8d-56dd21040c32 None None] PATH_INFO: `/` {{(pid=43025) log_request_info /opt/stack/keystone/keystone/server/flask/request_processing/req_logging.py:29}}
Apr 20 18:34:48 user devstack@keystone.service[43026]: DEBUG keystone.server.flask.request_processing.middleware.auth_context [None req-a3204e42-f4eb-4b29-ad15-0c9c8064b642 None None] Validating token access rules against request {{(pid=43026) validate_allowed_request /usr/local/lib/python3.10/dist-packages/keystonemiddleware/auth_token/__init__.py:544}}
Apr 20 18:34:48 user devstack@keystone.service[43025]: [pid: 43025|app: 0|req: 36/100] 10.0.0.210 () {54 vars in 920 bytes} [Thu Apr 20 18:34:48 2023] GET /identity => generated 269 bytes in 2 msecs (HTTP/1.1 300) 6 headers in 233 bytes (1 switches on core 0)
