Apr 20 18:35:08 user devstack@keystone.service[43024]: DEBUG keystone.common.rbac_enforcer.enforcer [None req-ba20b750-6ff3-4d7a-a2f9-8674d55a2719 admin admin] RBAC: Authorizing `identity:get_project(project_id=d8d6728cd9894e1fbbc0302bc5c780e5)` {{(pid=43024) enforce_call /opt/stack/keystone/keystone/common/rbac_enforcer/enforcer.py:449}}
Apr 20 18:35:08 user devstack@keystone.service[43024]: DEBUG keystone.common.rbac_enforcer.enforcer [None req-ba20b750-6ff3-4d7a-a2f9-8674d55a2719 admin admin] RBAC: Authorization granted {{(pid=43024) enforce_call /opt/stack/keystone/keystone/common/rbac_enforcer/enforcer.py:457}}
Apr 20 18:35:08 user devstack@keystone.service[43024]: [pid: 43024|app: 0|req: 86/268] 10.0.0.210 () {56 vars in 1202 bytes} [Thu Apr 20 18:35:08 2023] GET /identity/v3/projects/d8d6728cd9894e1fbbc0302bc5c780e5 => generated 297 bytes in 19 msecs (HTTP/1.1 200) 5 headers in 177 bytes (1 switches on core 0)
Apr 20 18:35:08 user devstack@keystone.service[43025]: DEBUG keystone.server.flask.request_processing.middleware.auth_context [None req-cf3186ba-6c7f-40ed-aad4-0f0423bf5c40 admin admin] Validating token access rules against request {{(pid=43025) validate_allowed_request /usr/local/lib/python3.10/dist-packages/keystonemiddleware/auth_token/__init__.py:544}}
Apr 20 18:35:08 user devstack@keystone.service[43026]: DEBUG keystone.server.flask.request_processing.middleware.auth_context [None req-f1ba63e2-9a8e-426e-9620-98cd580f6409 admin admin] Authenticating user token {{(pid=43026) process_request /usr/local/lib/python3.10/dist-packages/keystonemiddleware/auth_token/__init__.py:406}}
Apr 20 18:35:08 user devstack@keystone.service[43025]: DEBUG keystone.server.flask.request_processing.middleware.auth_context [None req-2a05466b-24fb-4b1a-b2c1-957eb4a8f2fd admin admin] RBAC: auth_context: {'token': , 'domain_id': None, 'trust_id': None, 'trustor_id': None, 'trustee_id': None, 'domain_name': None, 'group_ids': [], 'user_id': '3cdaff2e3a324e52a75abda51879db2f', 'user_domain_id': 'default', 'system_scope': None, 'project_id': 'b38f3a6c9585442db290d58a5a50afe2', 'project_domain_id': 'default', 'roles': ['reader', 'admin', 'member'], 'is_admin_project': True, 'service_user_id': None, 'service_user_domain_id': None, 'service_project_id': None, 'service_project_domain_id': None, 'service_roles': []} {{(pid=43025) fill_context /opt/stack/keystone/keystone/server/flask/request_processing/middleware/auth_context.py:478}}
Apr 20 18:35:08 user devstack@keystone.service[43025]: DEBUG keystone.server.flask.request_processing.req_logging [None req-2a05466b-24fb-4b1a-b2c1-957eb4a8f2fd admin admin] REQUEST_METHOD: `GET` {{(pid=43025) log_request_info /opt/stack/keystone/keystone/server/flask/request_processing/req_logging.py:27}}
Apr 20 18:35:08 user devstack@keystone.service[43025]: DEBUG keystone.server.flask.request_processing.req_logging [None req-2a05466b-24fb-4b1a-b2c1-957eb4a8f2fd admin admin] SCRIPT_NAME: `/identity` {{(pid=43025) log_request_info /opt/stack/keystone/keystone/server/flask/request_processing/req_logging.py:28}}
Apr 20 18:35:08 user devstack@keystone.service[43025]: DEBUG keystone.server.flask.request_processing.req_logging [None req-2a05466b-24fb-4b1a-b2c1-957eb4a8f2fd admin admin] PATH_INFO: `/v3/projects/d8d6728cd9894e1fbbc0302bc5c780e5` {{(pid=43025) log_request_info /opt/stack/keystone/keystone/server/flask/request_processing/req_logging.py:29}}
Apr 20 18:35:08 user devstack@keystone.service[43025]: DEBUG keystone.common.rbac_enforcer.enforcer [None req-2a05466b-24fb-4b1a-b2c1-957eb4a8f2fd admin admin] RBAC: Authorizing `identity:get_project(project_id=d8d6728cd9894e1fbbc0302bc5c780e5)` {{(pid=43025) enforce_call /opt/stack/keystone/keystone/common/rbac_enforcer/enforcer.py:449}}
Apr 20 18:35:08 user devstack@keystone.service[43025]: DEBUG keystone.common.rbac_enforcer.enforcer [None req-2a05466b-24fb-4b1a-b2c1-957eb4a8f2fd admin admin] RBAC: Authorization granted {{(pid=43025) enforce_call /opt/stack/keystone/keystone/common/rbac_enforcer/enforcer.py:457}}
Apr 20 18:35:08 user devstack@keystone.service[43025]: [pid: 43025|app: 0|req: 97/269] 10.0.0.210 () {56 vars in 1202 bytes} [Thu Apr 20 18:35:08 2023] GET /identity/v3/projects/d8d6728cd9894e1fbbc0302bc5c780e5 => generated 297 bytes in 19 msecs (HTTP/1.1 200) 5 headers in 177 bytes (1 switches on core 0)
Apr 20 18:35:08 user devstack@keystone.service[43026]: DEBUG keystone.server.flask.request_processing.middleware.auth_context [None req-f1ba63e2-9a8e-426e-9620-98cd580f6409 admin admin] Validating token access rules against request {{(pid=43026) validate_allowed_request /usr/local/lib/python3.10/dist-packages/keystonemiddleware/auth_token/__init__.py:544}}
Apr 20 18:35:08 user devstack@keystone.service[43024]: DEBUG keystone.server.flask.request_processing.middleware.auth_context [None req-ba20b750-6ff3-4d7a-a2f9-8674d55a2719 admin admin] Authenticating user token {{(pid=43024) process_request /usr/local/lib/python3.10/dist-packages/keystonemiddleware/auth_token/__init__.py:406}}
Apr 20 18:35:08 user devstack@keystone.service[43026]: DEBUG keystone.server.flask.request_processing.middleware.auth_context [None req-13a4cc24-35b4-4942-b916-207a236b3c19 admin admin] RBAC: auth_context: {'token': , 'domain_id': None, 'trust_id': None, 'trustor_id': None, 'trustee_id': None, 'domain_name': None, 'group_ids': [], 'user_id': '3cdaff2e3a324e52a75abda51879db2f', 'user_domain_id': 'default', 'system_scope': None, 'project_id': 'b38f3a6c9585442db290d58a5a50afe2', 'project_domain_id': 'default', 'roles': ['reader', 'admin', 'member'], 'is_admin_project': True, 'service_user_id': None, 'service_user_domain_id': None, 'service_project_id': None, 'service_project_domain_id': None, 'service_roles': []} {{(pid=43026) fill_context /opt/stack/keystone/keystone/server/flask/request_processing/middleware/auth_context.py:478}}
Apr 20 18:35:08 user devstack@keystone.service[43026]: DEBUG keystone.server.flask.request_processing.req_logging [None req-13a4cc24-35b4-4942-b916-207a236b3c19 admin admin] REQUEST_METHOD: `PUT` {{(pid=43026) log_request_info /opt/stack/keystone/keystone/server/flask/request_processing/req_logging.py:27}}
Apr 20 18:35:08 user devstack@keystone.service[43026]: DEBUG keystone.server.flask.request_processing.req_logging [None req-13a4cc24-35b4-4942-b916-207a236b3c19 admin admin] SCRIPT_NAME: `/identity` {{(pid=43026) log_request_info /opt/stack/keystone/keystone/server/flask/request_processing/req_logging.py:28}}
Apr 20 18:35:08 user devstack@keystone.service[43026]: DEBUG keystone.server.flask.request_processing.req_logging [None req-13a4cc24-35b4-4942-b916-207a236b3c19 admin admin] PATH_INFO: `/v3/projects/d8d6728cd9894e1fbbc0302bc5c780e5/groups/fb169b55af0b41bba6c90ac89c66be88/roles/8eae1baf8c934c59b4af54645c7931d6` {{(pid=43026) log_request_info /opt/stack/keystone/keystone/server/flask/request_processing/req_logging.py:29}}
Apr 20 18:35:08 user devstack@keystone.service[43026]: DEBUG keystone.common.rbac_enforcer.enforcer [None req-13a4cc24-35b4-4942-b916-207a236b3c19 admin admin] RBAC: Authorizing `identity:create_grant(project_id=d8d6728cd9894e1fbbc0302bc5c780e5, group_id=fb169b55af0b41bba6c90ac89c66be88, role_id=8eae1baf8c934c59b4af54645c7931d6)` {{(pid=43026) enforce_call /opt/stack/keystone/keystone/common/rbac_enforcer/enforcer.py:449}}
Apr 20 18:35:08 user devstack@keystone.service[43026]: WARNING py.warnings [None req-13a4cc24-35b4-4942-b916-207a236b3c19 admin admin] /usr/local/lib/python3.10/dist-packages/oslo_policy/policy.py:1129: UserWarning: Policy "identity:create_grant": "(role:admin and system_scope:all) or ((role:admin and domain_id:%(target.user.domain_id)s and domain_id:%(target.project.domain_id)s) or (role:admin and domain_id:%(target.user.domain_id)s and domain_id:%(target.domain.id)s) or (role:admin and domain_id:%(target.group.domain_id)s and domain_id:%(target.project.domain_id)s) or (role:admin and domain_id:%(target.group.domain_id)s and domain_id:%(target.domain.id)s)) and (domain_id:%(target.role.domain_id)s or None:%(target.role.domain_id)s)" failed scope check. The token used to make the request was project scoped but the policy requires ['system', 'domain'] scope. This behavior may change in the future where using the intended scope is required
Apr 20 18:35:08 user devstack@keystone.service[43026]: warnings.warn(msg)
Apr 20 18:35:08 user devstack@keystone.service[43026]:
Apr 20 18:35:08 user devstack@keystone.service[43026]: DEBUG keystone.common.rbac_enforcer.enforcer [None req-13a4cc24-35b4-4942-b916-207a236b3c19 admin admin] RBAC: Authorization granted {{(pid=43026) enforce_call /opt/stack/keystone/keystone/common/rbac_enforcer/enforcer.py:457}}
Apr 20 18:35:08 user devstack@keystone.service[43024]: DEBUG keystone.server.flask.request_processing.middleware.auth_context [None req-ba20b750-6ff3-4d7a-a2f9-8674d55a2719 admin admin] Validating token access rules against request {{(pid=43024) validate_allowed_request /usr/local/lib/python3.10/dist-packages/keystonemiddleware/auth_token/__init__.py:544}}
Apr 20 18:35:08 user devstack@keystone.service[43024]: DEBUG keystone.server.flask.request_processing.middleware.auth_context [None req-fa63e64c-74cc-4fdc-8623-f53ceccc4ee5 admin admin] RBAC: auth_context: {'token': , 'domain_id': None, 'trust_id': None, 'trustor_id': None, 'trustee_id': None, 'domain_name': None, 'group_ids': [], 'user_id': '3cdaff2e3a324e52a75abda51879db2f', 'user_domain_id': 'default', 'system_scope': None, 'project_id': 'b38f3a6c9585442db290d58a5a50afe2', 'project_domain_id': 'default', 'roles': ['reader', 'admin', 'member'], 'is_admin_project': True, 'service_user_id': None, 'service_user_domain_id': None, 'service_project_id': None, 'service_project_domain_id': None, 'service_roles': []} {{(pid=43024) fill_context /opt/stack/keystone/keystone/server/flask/request_processing/middleware/auth_context.py:478}}
Apr 20 18:35:08 user devstack@keystone.service[43024]: DEBUG keystone.server.flask.request_processing.req_logging [None req-fa63e64c-74cc-4fdc-8623-f53ceccc4ee5 admin admin] REQUEST_METHOD: `PUT` {{(pid=43024) log_request_info /opt/stack/keystone/keystone/server/flask/request_processing/req_logging.py:27}}
Apr 20 18:35:08 user devstack@keystone.service[43024]: DEBUG keystone.server.flask.request_processing.req_logging [None req-fa63e64c-74cc-4fdc-8623-f53ceccc4ee5 admin admin] SCRIPT_NAME: `/identity` {{(pid=43024) log_request_info /opt/stack/keystone/keystone/server/flask/request_processing/req_logging.py:28}}
Apr 20 18:35:08 user devstack@keystone.service[43024]: DEBUG keystone.server.flask.request_processing.req_logging [None req-fa63e64c-74cc-4fdc-8623-f53ceccc4ee5 admin admin] PATH_INFO: `/v3/projects/d8d6728cd9894e1fbbc0302bc5c780e5/groups/fb169b55af0b41bba6c90ac89c66be88/roles/0bfb24cd80574531883c0d4aa8b18c3c` {{(pid=43024) log_request_info /opt/stack/keystone/keystone/server/flask/request_processing/req_logging.py:29}}
Apr 20 18:35:08 user devstack@keystone.service[43024]: DEBUG keystone.common.rbac_enforcer.enforcer [None req-fa63e64c-74cc-4fdc-8623-f53ceccc4ee5 admin admin] RBAC: Authorizing `identity:create_grant(project_id=d8d6728cd9894e1fbbc0302bc5c780e5, group_id=fb169b55af0b41bba6c90ac89c66be88, role_id=0bfb24cd80574531883c0d4aa8b18c3c)` {{(pid=43024) enforce_call /opt/stack/keystone/keystone/common/rbac_enforcer/enforcer.py:449}}
Apr 20 18:35:08 user devstack@keystone.service[43024]: WARNING py.warnings [None req-fa63e64c-74cc-4fdc-8623-f53ceccc4ee5 admin admin] /usr/local/lib/python3.10/dist-packages/oslo_policy/policy.py:1129: UserWarning: Policy "identity:create_grant": "(role:admin and system_scope:all) or ((role:admin and domain_id:%(target.user.domain_id)s and domain_id:%(target.project.domain_id)s) or (role:admin and domain_id:%(target.user.domain_id)s and domain_id:%(target.domain.id)s) or (role:admin and domain_id:%(target.group.domain_id)s and domain_id:%(target.project.domain_id)s) or (role:admin and domain_id:%(target.group.domain_id)s and domain_id:%(target.domain.id)s)) and (domain_id:%(target.role.domain_id)s or None:%(target.role.domain_id)s)" failed scope check. The token used to make the request was project scoped but the policy requires ['system', 'domain'] scope. This behavior may change in the future where using the intended scope is required
Apr 20 18:35:08 user devstack@keystone.service[43024]: warnings.warn(msg)
Apr 20 18:35:08 user devstack@keystone.service[43024]:
Apr 20 18:35:08 user devstack@keystone.service[43024]: DEBUG keystone.common.rbac_enforcer.enforcer [None req-fa63e64c-74cc-4fdc-8623-f53ceccc4ee5 admin admin] RBAC: Authorization granted {{(pid=43024) enforce_call /opt/stack/keystone/keystone/common/rbac_enforcer/enforcer.py:457}}
Apr 20 18:35:08 user devstack@keystone.service[43026]: [pid: 43026|app: 0|req: 87/270] 10.0.0.210 () {58 vars in 1458 bytes} [Thu Apr 20 18:35:08 2023] PUT /identity/v3/projects/d8d6728cd9894e1fbbc0302bc5c780e5/groups/fb169b55af0b41bba6c90ac89c66be88/roles/8eae1baf8c934c59b4af54645c7931d6 => generated 0 bytes in 39 msecs (HTTP/1.1 204) 3 headers in 132 bytes (0 switches on core 0)
Apr 20 18:35:08 user devstack@keystone.service[43024]: [pid: 43024|app: 0|req: 87/271] 10.0.0.210 () {58 vars in 1458 bytes} [Thu Apr 20 18:35:08 2023] PUT /identity/v3/projects/d8d6728cd9894e1fbbc0302bc5c780e5/groups/fb169b55af0b41bba6c90ac89c66be88/roles/0bfb24cd80574531883c0d4aa8b18c3c => generated 0 bytes in 31 msecs (HTTP/1.1 204) 3 headers in 132 bytes (0 switches on core 0)
Apr 20 18:35:08 user devstack@keystone.service[43025]: DEBUG keystone.server.flask.request_processing.req_logging [None req-35fb5b59-6354-471a-9c34-ca7ad5359249 None None] REQUEST_METHOD: `GET` {{(pid=43025) log_request_info /opt/stack/keystone/keystone/server/flask/request_processing/req_logging.py:27}}
Apr 20 18:35:08 user devstack@keystone.service[43025]: DEBUG keystone.server.flask.request_processing.req_logging [None req-35fb5b59-6354-471a-9c34-ca7ad5359249 None None] SCRIPT_NAME: `/identity` {{(pid=43025) log_request_info /opt/stack/keystone/keystone/server/flask/request_processing/req_logging.py:28}}
Apr 20 18:35:08 user devstack@keystone.service[43025]: DEBUG keystone.server.flask.request_processing.req_logging [None req-35fb5b59-6354-471a-9c34-ca7ad5359249 None None] PATH_INFO: `/` {{(pid=43025) log_request_info /opt/stack/keystone/keystone/server/flask/request_processing/req_logging.py:29}}
Apr 20 18:35:08 user devstack@keystone.service[43025]: [pid: 43025|app: 0|req: 98/272] 10.0.0.210 () {54 vars in 920 bytes} [Thu Apr 20 18:35:08 2023] GET /identity => generated 269 bytes in 3 msecs (HTTP/1.1 300) 6 headers in 233 bytes (1 switches on core 0)
Apr 20 18:35:08 user devstack@keystone.service[43026]: DEBUG keystone.server.flask.request_processing.req_logging [None req-cfd48415-800e-4b49-93d4-0cb8e30f0dcc None None] REQUEST_METHOD: `POST` {{(pid=43026) log_request_info /opt/stack/keystone/keystone/server/flask/request_processing/req_logging.py:27}}
Apr 20 18:35:08 user devstack@keystone.service[43026]: DEBUG keystone.server.flask.request_processing.req_logging [None req-cfd48415-800e-4b49-93d4-0cb8e30f0dcc None None] SCRIPT_NAME: `/identity` {{(pid=43026) log_request_info /opt/stack/keystone/keystone/server/flask/request_processing/req_logging.py:28}}
Apr 20 18:35:08 user devstack@keystone.service[43026]: DEBUG keystone.server.flask.request_processing.req_logging [None req-cfd48415-800e-4b49-93d4-0cb8e30f0dcc None None] PATH_INFO: `/v3/auth/tokens` {{(pid=43026) log_request_info /opt/stack/keystone/keystone/server/flask/request_processing/req_logging.py:29}}
Apr 20 18:35:08 user devstack@keystone.service[43026]: DEBUG dbcounter [-] [43026] Writing DB stats keystone:SELECT=98,keystone:INSERT=2 {{(pid=43026) stat_writer /usr/local/lib/python3.10/dist-packages/dbcounter.py:117}}
Apr 20 18:35:08 user devstack@keystone.service[43026]: WARNING keystone.common.password_hashing [None req-cfd48415-800e-4b49-93d4-0cb8e30f0dcc None None] Truncating password to algorithm specific maximum length 54 characters.
Apr 20 18:35:08 user devstack@keystone.service[43026]: DEBUG keystone.auth.core [None req-cfd48415-800e-4b49-93d4-0cb8e30f0dcc None None] MFA Rules not processed for user `3cdaff2e3a324e52a75abda51879db2f`. Rule list: `[]` (Enabled: `True`). {{(pid=43026) check_auth_methods_against_rules /opt/stack/keystone/keystone/auth/core.py:438}}
Apr 20 18:35:08 user devstack@keystone.service[43026]: DEBUG keystone.common.fernet_utils [None req-cfd48415-800e-4b49-93d4-0cb8e30f0dcc None None] Loaded 2 Fernet keys from /etc/keystone/fernet-keys/, but `[fernet_tokens] max_active_keys = 3`; perhaps there have not been enough key rotations to reach `max_active_keys` yet? {{(pid=43026) load_keys /opt/stack/keystone/keystone/common/fernet_utils.py:286}}
Apr 20 18:35:08 user devstack@keystone.service[43024]: DEBUG keystone.server.flask.request_processing.middleware.auth_context [None req-fa63e64c-74cc-4fdc-8623-f53ceccc4ee5 admin admin] Authenticating user token {{(pid=43024) process_request /usr/local/lib/python3.10/dist-packages/keystonemiddleware/auth_token/__init__.py:406}}
Apr 20 18:35:08 user devstack@keystone.service[43025]: DEBUG keystone.server.flask.request_processing.req_logging [None req-f604a15b-ed0b-4db9-8cb5-342e2e56afa3 None None] REQUEST_METHOD: `GET` {{(pid=43025) log_request_info /opt/stack/keystone/keystone/server/flask/request_processing/req_logging.py:27}}
Apr 20 18:35:08 user devstack@keystone.service[43025]: DEBUG keystone.server.flask.request_processing.req_logging [None req-f604a15b-ed0b-4db9-8cb5-342e2e56afa3 None None] SCRIPT_NAME: `/identity` {{(pid=43025) log_request_info /opt/stack/keystone/keystone/server/flask/request_processing/req_logging.py:28}}
Apr 20 18:35:08 user devstack@keystone.service[43025]: DEBUG keystone.server.flask.request_processing.req_logging [None req-f604a15b-ed0b-4db9-8cb5-342e2e56afa3 None None] PATH_INFO: `/` {{(pid=43025) log_request_info /opt/stack/keystone/keystone/server/flask/request_processing/req_logging.py:29}}
Apr 20 18:35:08 user devstack@keystone.service[43025]: [pid: 43025|app: 0|req: 99/273] 10.0.0.210 () {54 vars in 920 bytes} [Thu Apr 20 18:35:08 2023] GET /identity => generated 269 bytes in 3 msecs (HTTP/1.1 300) 6 headers in 233 bytes (1 switches on core 0)
Apr 20 18:35:08 user devstack@keystone.service[43025]: DEBUG keystone.server.flask.request_processing.req_logging [None req-983d479c-c738-4e22-98a6-cc806cb65078 None None] REQUEST_METHOD: `POST` {{(pid=43025) log_request_info /opt/stack/keystone/keystone/server/flask/request_processing/req_logging.py:27}}
Apr 20 18:35:08 user devstack@keystone.service[43025]: DEBUG keystone.server.flask.request_processing.req_logging [None req-983d479c-c738-4e22-98a6-cc806cb65078 None None] SCRIPT_NAME: `/identity` {{(pid=43025) log_request_info /opt/stack/keystone/keystone/server/flask/request_processing/req_logging.py:28}}
Apr 20 18:35:08 user devstack@keystone.service[43025]: DEBUG keystone.server.flask.request_processing.req_logging [None req-983d479c-c738-4e22-98a6-cc806cb65078 None None] PATH_INFO: `/v3/auth/tokens` {{(pid=43025) log_request_info /opt/stack/keystone/keystone/server/flask/request_processing/req_logging.py:29}}
Apr 20 18:35:08 user devstack@keystone.service[43025]: WARNING keystone.common.password_hashing [None req-983d479c-c738-4e22-98a6-cc806cb65078 None None] Truncating password to algorithm specific maximum length 54 characters.
Apr 20 18:35:08 user devstack@keystone.service[43025]: DEBUG keystone.auth.core [None req-983d479c-c738-4e22-98a6-cc806cb65078 None None] MFA Rules not processed for user `3cdaff2e3a324e52a75abda51879db2f`. Rule list: `[]` (Enabled: `True`). {{(pid=43025) check_auth_methods_against_rules /opt/stack/keystone/keystone/auth/core.py:438}}
Apr 20 18:35:08 user devstack@keystone.service[43025]: DEBUG keystone.common.fernet_utils [None req-983d479c-c738-4e22-98a6-cc806cb65078 None None] Loaded 2 Fernet keys from /etc/keystone/fernet-keys/, but `[fernet_tokens] max_active_keys = 3`; perhaps there have not been enough key rotations to reach `max_active_keys` yet? {{(pid=43025) load_keys /opt/stack/keystone/keystone/common/fernet_utils.py:286}}
Apr 20 18:35:08 user devstack@keystone.service[43026]: [pid: 43026|app: 0|req: 88/274] 10.0.0.210 () {58 vars in 1017 bytes} [Thu Apr 20 18:35:08 2023] POST /identity/v3/auth/tokens => generated 798 bytes in 97 msecs (HTTP/1.1 201) 6 headers in 363 bytes (1 switches on core 0)
Apr 20 18:35:08 user devstack@keystone.service[43024]: DEBUG keystone.server.flask.request_processing.middleware.auth_context [None req-fa63e64c-74cc-4fdc-8623-f53ceccc4ee5 admin admin] Validating token access rules against request {{(pid=43024) validate_allowed_request /usr/local/lib/python3.10/dist-packages/keystonemiddleware/auth_token/__init__.py:544}}
Apr 20 18:35:08 user devstack@keystone.service[43024]: DEBUG keystone.server.flask.request_processing.middleware.auth_context [None req-d7b1b661-1853-4487-af88-614d8deeed8f admin admin] RBAC: auth_context: {'token': , 'domain_id': None, 'trust_id': None, 'trustor_id': None, 'trustee_id': None, 'domain_name': None, 'group_ids': [], 'user_id': '3cdaff2e3a324e52a75abda51879db2f', 'user_domain_id': 'default', 'system_scope': None, 'project_id': 'b38f3a6c9585442db290d58a5a50afe2', 'project_domain_id': 'default', 'roles': ['reader', 'admin', 'member'], 'is_admin_project': True, 'service_user_id': None, 'service_user_domain_id': None, 'service_project_id': None, 'service_project_domain_id': None, 'service_roles': []} {{(pid=43024) fill_context /opt/stack/keystone/keystone/server/flask/request_processing/middleware/auth_context.py:478}}
Apr 20 18:35:08 user devstack@keystone.service[43024]: DEBUG keystone.server.flask.request_processing.req_logging [None req-d7b1b661-1853-4487-af88-614d8deeed8f admin admin] REQUEST_METHOD: `GET` {{(pid=43024) log_request_info /opt/stack/keystone/keystone/server/flask/request_processing/req_logging.py:27}}
Apr 20 18:35:08 user devstack@keystone.service[43024]: DEBUG keystone.server.flask.request_processing.req_logging [None req-d7b1b661-1853-4487-af88-614d8deeed8f admin admin] SCRIPT_NAME: `/identity` {{(pid=43024) log_request_info /opt/stack/keystone/keystone/server/flask/request_processing/req_logging.py:28}}
Apr 20 18:35:08 user devstack@keystone.service[43024]: DEBUG keystone.server.flask.request_processing.req_logging [None req-d7b1b661-1853-4487-af88-614d8deeed8f admin admin] PATH_INFO: `/v3/roles/member` {{(pid=43024) log_request_info /opt/stack/keystone/keystone/server/flask/request_processing/req_logging.py:29}}
Apr 20 18:35:08 user devstack@keystone.service[43025]: [pid: 43025|app: 0|req: 100/275] 10.0.0.210 () {58 vars in 1017 bytes} [Thu Apr 20 18:35:08 2023] POST /identity/v3/auth/tokens => generated 913 bytes in 80 msecs (HTTP/1.1 201) 6 headers in 384 bytes (2 switches on core 0)
Apr 20 18:35:08 user devstack@keystone.service[43024]: DEBUG keystone.common.rbac_enforcer.enforcer [None req-d7b1b661-1853-4487-af88-614d8deeed8f admin admin] Extracting inferred target data resulted in "NOT FOUND (404)". {{(pid=43024) enforce_call /opt/stack/keystone/keystone/common/rbac_enforcer/enforcer.py:409}}
Apr 20 18:35:08 user devstack@keystone.service[43024]: ERROR keystone.server.flask.application [None req-d7b1b661-1853-4487-af88-614d8deeed8f admin admin] Could not find role: member.: keystone.exception.RoleNotFound: Could not find role: member.
Apr 20 18:35:08 user devstack@keystone.service[43024]: ERROR keystone.server.flask.application
Traceback (most recent call last):
Apr 20 18:35:08 user devstack@keystone.service[43024]: ERROR keystone.server.flask.application
File "/usr/local/lib/python3.10/dist-packages/flask/app.py", line 1823, in full_dispatch_request
Apr 20 18:35:08 user devstack@keystone.service[43024]: ERROR keystone.server.flask.application rv = self.dispatch_request()
Apr 20 18:35:08 user devstack@keystone.service[43024]: ERROR keystone.server.flask.application
File "/usr/local/lib/python3.10/dist-packages/flask/app.py", line 1799, in dispatch_request
Apr 20 18:35:08 user devstack@keystone.service[43024]: ERROR keystone.server.flask.application return self.ensure_sync(self.view_functions[rule.endpoint])(**view_args)
Apr 20 18:35:08 user devstack@keystone.service[43024]: ERROR keystone.server.flask.application
File "/usr/local/lib/python3.10/dist-packages/flask_restful/__init__.py", line 467, in wrapper
Apr 20 18:35:08 user devstack@keystone.service[43024]: ERROR keystone.server.flask.application resp = resource(*args, **kwargs)
Apr 20 18:35:08 user devstack@keystone.service[43024]: ERROR keystone.server.flask.application
File "/usr/local/lib/python3.10/dist-packages/flask/views.py", line 107, in view
Apr 20 18:35:08 user devstack@keystone.service[43024]: ERROR keystone.server.flask.application return current_app.ensure_sync(self.dispatch_request)(**kwargs)
Apr 20 18:35:08 user devstack@keystone.service[43024]: ERROR keystone.server.flask.application
File "/usr/local/lib/python3.10/dist-packages/flask_restful/__init__.py", line 582, in dispatch_request
Apr 20 18:35:08 user devstack@keystone.service[43024]: ERROR keystone.server.flask.application resp = meth(*args, **kwargs)
Apr 20 18:35:08 user devstack@keystone.service[43024]: ERROR keystone.server.flask.application
File "/opt/stack/keystone/keystone/api/roles.py", line 50, in get
Apr 20 18:35:08 user devstack@keystone.service[43024]: ERROR keystone.server.flask.application return self._get_role(role_id)
Apr 20 18:35:08 user devstack@keystone.service[43024]: ERROR keystone.server.flask.application
File "/opt/stack/keystone/keystone/api/roles.py", line 70, in _get_role
Apr 20 18:35:08 user devstack@keystone.service[43024]: ERROR keystone.server.flask.application ENFORCER.enforce_call(action='identity:get_role')
Apr 20 18:35:08 user devstack@keystone.service[43024]: ERROR keystone.server.flask.application
File "/opt/stack/keystone/keystone/common/rbac_enforcer/enforcer.py", line 402, in enforce_call
Apr 20 18:35:08 user devstack@keystone.service[43024]: ERROR keystone.server.flask.application policy_dict.update(cls._extract_member_target_data(
Apr 20 18:35:08 user devstack@keystone.service[43024]: ERROR keystone.server.flask.application
File "/opt/stack/keystone/keystone/common/rbac_enforcer/enforcer.py", line 234, in _extract_member_target_data
Apr 20 18:35:08 user devstack@keystone.service[43024]: ERROR keystone.server.flask.application member_name: func(flask.request.view_args[key])
Apr 20 18:35:08 user devstack@keystone.service[43024]: ERROR keystone.server.flask.application
File "/opt/stack/keystone/keystone/common/manager.py", line 115, in wrapped
Apr 20 18:35:08 user devstack@keystone.service[43024]: ERROR keystone.server.flask.application __ret_val = __f(*args, **kwargs)
Apr 20 18:35:08 user devstack@keystone.service[43024]: ERROR keystone.server.flask.application
File "/usr/local/lib/python3.10/dist-packages/decorator.py", line 232, in fun
Apr 20 18:35:08 user devstack@keystone.service[43024]: ERROR keystone.server.flask.application return caller(func, *(extras + args), **kw)
Apr 20 18:35:08 user devstack@keystone.service[43024]: ERROR keystone.server.flask.application
File "/usr/local/lib/python3.10/dist-packages/dogpile/cache/region.py", line 1577, in get_or_create_for_user_func
Apr 20 18:35:08 user devstack@keystone.service[43024]: ERROR keystone.server.flask.application return self.get_or_create(
Apr 20 18:35:08 user devstack@keystone.service[43024]: ERROR keystone.server.flask.application
File "/usr/local/lib/python3.10/dist-packages/dogpile/cache/region.py", line 1042, in get_or_create
Apr 20 18:35:08 user devstack@keystone.service[43024]: ERROR keystone.server.flask.application with Lock(
Apr 20 18:35:08 user devstack@keystone.service[43024]: ERROR keystone.server.flask.application
File "/usr/local/lib/python3.10/dist-packages/dogpile/lock.py", line 185, in __enter__
Apr 20 18:35:08 user devstack@keystone.service[43024]: ERROR keystone.server.flask.application return self._enter()
Apr 20 18:35:08 user devstack@keystone.service[43024]: ERROR keystone.server.flask.application
File "/usr/local/lib/python3.10/dist-packages/dogpile/lock.py", line 94, in _enter
Apr 20 18:35:08 user devstack@keystone.service[43024]: ERROR keystone.server.flask.application generated = self._enter_create(value, createdtime)
Apr 20 18:35:08 user devstack@keystone.service[43024]: ERROR keystone.server.flask.application
File "/usr/local/lib/python3.10/dist-packages/dogpile/lock.py", line 178, in _enter_create
Apr 20 18:35:08 user devstack@keystone.service[43024]: ERROR keystone.server.flask.application return self.creator()
Apr 20 18:35:08 user devstack@keystone.service[43024]: ERROR keystone.server.flask.application
File "/usr/local/lib/python3.10/dist-packages/dogpile/cache/region.py", line 995, in gen_value
Apr 20 18:35:08 user devstack@keystone.service[43024]: ERROR keystone.server.flask.application created_value = creator(
Apr 20 18:35:08 user devstack@keystone.service[43024]: ERROR keystone.server.flask.application
File "/opt/stack/keystone/keystone/assignment/core.py", line 1276, in get_role
Apr 20 18:35:08 user devstack@keystone.service[43024]: ERROR keystone.server.flask.application return self.driver.get_role(role_id)
Apr 20 18:35:08 user devstack@keystone.service[43024]: ERROR keystone.server.flask.application
File "/opt/stack/keystone/keystone/assignment/role_backends/sql.py", line 70, in get_role
Apr 20 18:35:08 user devstack@keystone.service[43024]: ERROR keystone.server.flask.application return self._get_role(session, role_id).to_dict()
Apr 20 18:35:08 user devstack@keystone.service[43024]: ERROR keystone.server.flask.application
File "/opt/stack/keystone/keystone/assignment/role_backends/sql.py", line 65, in _get_role
Apr 20 18:35:08 user devstack@keystone.service[43024]: ERROR keystone.server.flask.application raise exception.RoleNotFound(role_id=role_id)
Apr 20 18:35:08 user devstack@keystone.service[43024]: ERROR keystone.server.flask.application keystone.exception.RoleNotFound: Could not find role: member.
Apr 20 18:35:08 user devstack@keystone.service[43024]: ERROR keystone.server.flask.application
Apr 20 18:35:08 user devstack@keystone.service[43024]: [pid: 43024|app: 0|req: 88/276] 10.0.0.210 () {56 vars in 1115 bytes} [Thu Apr 20 18:35:08 2023] GET /identity/v3/roles/member => generated 84 bytes in 108 msecs (HTTP/1.1 404) 5 headers in 183 bytes (1 switches on core 0)
Apr 20 18:35:08 user devstack@keystone.service[43026]: DEBUG keystone.server.flask.request_processing.middleware.auth_context [None req-cfd48415-800e-4b49-93d4-0cb8e30f0dcc None None] Authenticating user token {{(pid=43026) process_request /usr/local/lib/python3.10/dist-packages/keystonemiddleware/auth_token/__init__.py:406}}
Apr 20 18:35:08 user devstack@keystone.service[43025]: DEBUG keystone.server.flask.request_processing.req_logging [None req-c1d2920c-f637-492a-967e-4457e6b5ac34 None None] REQUEST_METHOD: `GET` {{(pid=43025) log_request_info /opt/stack/keystone/keystone/server/flask/request_processing/req_logging.py:27}}
Apr 20 18:35:08 user devstack@keystone.service[43025]: DEBUG keystone.server.flask.request_processing.req_logging [None req-c1d2920c-f637-492a-967e-4457e6b5ac34 None None] SCRIPT_NAME: `/identity` {{(pid=43025) log_request_info /opt/stack/keystone/keystone/server/flask/request_processing/req_logging.py:28}}
Apr 20 18:35:08 user devstack@keystone.service[43025]: DEBUG keystone.server.flask.request_processing.req_logging [None req-c1d2920c-f637-492a-967e-4457e6b5ac34 None None] PATH_INFO: `/` {{(pid=43025) log_request_info /opt/stack/keystone/keystone/server/flask/request_processing/req_logging.py:29}}
Apr 20 18:35:08 user devstack@keystone.service[43025]: [pid: 43025|app: 0|req: 101/277] 10.0.0.210 () {54 vars in 920 bytes} [Thu Apr 20 18:35:08 2023] GET /identity => generated 269 bytes in 3 msecs (HTTP/1.1 300) 6 headers in 233 bytes (1 switches on core 0)
Apr 20 18:35:08 user devstack@keystone.service[43024]: DEBUG keystone.server.flask.request_processing.req_logging [None req-e6c5a18d-bb37-4eb0-b3f3-2dda27b4f549 None None] REQUEST_METHOD: `POST` {{(pid=43024) log_request_info /opt/stack/keystone/keystone/server/flask/request_processing/req_logging.py:27}}
Apr 20 18:35:08 user devstack@keystone.service[43024]: DEBUG keystone.server.flask.request_processing.req_logging [None req-e6c5a18d-bb37-4eb0-b3f3-2dda27b4f549 None None] SCRIPT_NAME: `/identity` {{(pid=43024) log_request_info /opt/stack/keystone/keystone/server/flask/request_processing/req_logging.py:28}}
Apr 20 18:35:08 user devstack@keystone.service[43024]: DEBUG keystone.server.flask.request_processing.req_logging [None req-e6c5a18d-bb37-4eb0-b3f3-2dda27b4f549 None None] PATH_INFO: `/v3/auth/tokens` {{(pid=43024) log_request_info /opt/stack/keystone/keystone/server/flask/request_processing/req_logging.py:29}}
Apr 20 18:35:08 user devstack@keystone.service[43026]: DEBUG keystone.server.flask.request_processing.middleware.auth_context [None req-cfd48415-800e-4b49-93d4-0cb8e30f0dcc None None] Validating token access rules against request {{(pid=43026) validate_allowed_request /usr/local/lib/python3.10/dist-packages/keystonemiddleware/auth_token/__init__.py:544}}
Apr 20 18:35:08 user devstack@keystone.service[43026]: DEBUG keystone.server.flask.request_processing.middleware.auth_context [None req-27d0d0c5-db7d-4e63-9790-364b5cb43a40 admin admin] RBAC: auth_context: {'token': , 'domain_id': None, 'trust_id': None, 'trustor_id': None, 'trustee_id': None, 'domain_name': None, 'group_ids': [], 'user_id': '3cdaff2e3a324e52a75abda51879db2f', 'user_domain_id': 'default', 'system_scope': None, 'project_id': 'b38f3a6c9585442db290d58a5a50afe2', 'project_domain_id': 'default', 'roles': ['reader', 'admin', 'member'], 'is_admin_project': True, 'service_user_id': None, 'service_user_domain_id': None, 'service_project_id': None, 'service_project_domain_id': None, 'service_roles': []} {{(pid=43026) fill_context /opt/stack/keystone/keystone/server/flask/request_processing/middleware/auth_context.py:478}}
Apr 20 18:35:08 user devstack@keystone.service[43026]: DEBUG keystone.server.flask.request_processing.req_logging [None req-27d0d0c5-db7d-4e63-9790-364b5cb43a40 admin admin] REQUEST_METHOD: `GET` {{(pid=43026) log_request_info /opt/stack/keystone/keystone/server/flask/request_processing/req_logging.py:27}}
Apr 20 18:35:08 user devstack@keystone.service[43026]: DEBUG keystone.server.flask.request_processing.req_logging [None req-27d0d0c5-db7d-4e63-9790-364b5cb43a40 admin admin] SCRIPT_NAME: `/identity` {{(pid=43026) log_request_info /opt/stack/keystone/keystone/server/flask/request_processing/req_logging.py:28}}
Apr 20 18:35:08 user devstack@keystone.service[43026]: DEBUG keystone.server.flask.request_processing.req_logging [None req-27d0d0c5-db7d-4e63-9790-364b5cb43a40 admin admin] PATH_INFO: `/v3/roles` {{(pid=43026) log_request_info /opt/stack/keystone/keystone/server/flask/request_processing/req_logging.py:29}}
Apr 20 18:35:08 user devstack@keystone.service[43026]: DEBUG keystone.common.rbac_enforcer.enforcer [None req-27d0d0c5-db7d-4e63-9790-364b5cb43a40 admin admin] RBAC: Adding query filter params (name=member) {{(pid=43026) _extract_filter_values /opt/stack/keystone/keystone/common/rbac_enforcer/enforcer.py:167}}
Apr 20 18:35:08 user devstack@keystone.service[43026]: DEBUG keystone.common.rbac_enforcer.enforcer [None req-27d0d0c5-db7d-4e63-9790-364b5cb43a40 admin admin] RBAC: Authorizing `identity:list_roles()` {{(pid=43026) enforce_call /opt/stack/keystone/keystone/common/rbac_enforcer/enforcer.py:449}}
Apr 20 18:35:08 user devstack@keystone.service[43026]: DEBUG keystone.common.rbac_enforcer.enforcer [None req-27d0d0c5-db7d-4e63-9790-364b5cb43a40 admin admin] RBAC: Authorization granted {{(pid=43026) enforce_call /opt/stack/keystone/keystone/common/rbac_enforcer/enforcer.py:457}}
Apr 20 18:35:08 user devstack@keystone.service[43026]: [pid: 43026|app: 0|req: 89/278] 10.0.0.210 () {56 vars in 1117 bytes} [Thu Apr 20 18:35:08 2023] GET /identity/v3/roles?name=member => generated 339 bytes in 27 msecs (HTTP/1.1 200) 5 headers in 177 bytes (1 switches on core 0)
Apr 20 18:35:08 user devstack@keystone.service[43024]: WARNING keystone.common.password_hashing [None req-e6c5a18d-bb37-4eb0-b3f3-2dda27b4f549 None None] Truncating password to algorithm specific maximum length 54 characters.
Apr 20 18:35:08 user devstack@keystone.service[43025]: DEBUG keystone.server.flask.request_processing.middleware.auth_context [None req-c1d2920c-f637-492a-967e-4457e6b5ac34 None None] Authenticating user token {{(pid=43025) process_request /usr/local/lib/python3.10/dist-packages/keystonemiddleware/auth_token/__init__.py:406}}
Apr 20 18:35:08 user devstack@keystone.service[43024]: DEBUG keystone.auth.core [None req-e6c5a18d-bb37-4eb0-b3f3-2dda27b4f549 None None] MFA Rules not processed for user `3cdaff2e3a324e52a75abda51879db2f`. Rule list: `[]` (Enabled: `True`). {{(pid=43024) check_auth_methods_against_rules /opt/stack/keystone/keystone/auth/core.py:438}}
Apr 20 18:35:08 user devstack@keystone.service[43024]: DEBUG keystone.common.fernet_utils [None req-e6c5a18d-bb37-4eb0-b3f3-2dda27b4f549 None None] Loaded 2 Fernet keys from /etc/keystone/fernet-keys/, but `[fernet_tokens] max_active_keys = 3`; perhaps there have not been enough key rotations to reach `max_active_keys` yet? {{(pid=43024) load_keys /opt/stack/keystone/keystone/common/fernet_utils.py:286}}
Apr 20 18:35:08 user devstack@keystone.service[43025]: DEBUG keystone.server.flask.request_processing.middleware.auth_context [None req-c1d2920c-f637-492a-967e-4457e6b5ac34 None None] Validating token access rules against request {{(pid=43025) validate_allowed_request /usr/local/lib/python3.10/dist-packages/keystonemiddleware/auth_token/__init__.py:544}}
Apr 20 18:35:08 user devstack@keystone.service[43024]: [pid: 43024|app: 0|req: 89/279] 10.0.0.210 () {58 vars in 1017 bytes} [Thu Apr 20 18:35:08 2023] POST /identity/v3/auth/tokens => generated 913 bytes in 41 msecs (HTTP/1.1 201) 6 headers in 384 bytes (1 switches on core 0)
Apr 20 18:35:08 user devstack@keystone.service[43025]: DEBUG keystone.server.flask.request_processing.middleware.auth_context [None req-3c838bb5-5711-43c3-85d3-a381e904e533 admin admin] RBAC: auth_context: {'token': , 'domain_id': None, 'trust_id': None, 'trustor_id': None, 'trustee_id': None, 'domain_name': None, 'group_ids': [], 'user_id': '3cdaff2e3a324e52a75abda51879db2f', 'user_domain_id': 'default', 'system_scope': None, 'project_id': 'b38f3a6c9585442db290d58a5a50afe2', 'project_domain_id': 'default', 'roles': ['reader', 'admin', 'member'], 'is_admin_project': True, 'service_user_id': None, 'service_user_domain_id': None, 'service_project_id': None, 'service_project_domain_id': None, 'service_roles': []} {{(pid=43025) fill_context /opt/stack/keystone/keystone/server/flask/request_processing/middleware/auth_context.py:478}}
Apr 20 18:35:08 user devstack@keystone.service[43025]: DEBUG keystone.server.flask.request_processing.req_logging [None req-3c838bb5-5711-43c3-85d3-a381e904e533 admin admin] REQUEST_METHOD: `GET` {{(pid=43025) log_request_info /opt/stack/keystone/keystone/server/flask/request_processing/req_logging.py:27}}
Apr 20 18:35:08 user devstack@keystone.service[43025]: DEBUG keystone.server.flask.request_processing.req_logging [None req-3c838bb5-5711-43c3-85d3-a381e904e533 admin admin] SCRIPT_NAME: `/identity` {{(pid=43025) log_request_info /opt/stack/keystone/keystone/server/flask/request_processing/req_logging.py:28}}
Apr 20 18:35:08 user devstack@keystone.service[43025]: DEBUG keystone.server.flask.request_processing.req_logging [None req-3c838bb5-5711-43c3-85d3-a381e904e533 admin admin] PATH_INFO: `/v3/groups/fb169b55af0b41bba6c90ac89c66be88` {{(pid=43025) log_request_info /opt/stack/keystone/keystone/server/flask/request_processing/req_logging.py:29}}
Apr 20 18:35:08 user devstack@keystone.service[43025]: DEBUG keystone.common.rbac_enforcer.enforcer [None req-3c838bb5-5711-43c3-85d3-a381e904e533 admin admin] RBAC: Authorizing `identity:get_group(group_id=fb169b55af0b41bba6c90ac89c66be88)` {{(pid=43025) enforce_call /opt/stack/keystone/keystone/common/rbac_enforcer/enforcer.py:449}}
Apr 20 18:35:08 user devstack@keystone.service[43025]: DEBUG keystone.common.rbac_enforcer.enforcer [None req-3c838bb5-5711-43c3-85d3-a381e904e533 admin admin] RBAC: Authorization granted {{(pid=43025) enforce_call /opt/stack/keystone/keystone/common/rbac_enforcer/enforcer.py:457}}
Apr 20 18:35:08 user devstack@keystone.service[43025]: [pid: 43025|app: 0|req: 102/280] 10.0.0.210 () {56 vars in 1196 bytes} [Thu Apr 20 18:35:08 2023] GET /identity/v3/groups/fb169b55af0b41bba6c90ac89c66be88 => generated 225 bytes in 21 msecs (HTTP/1.1 200) 5 headers in 177 bytes (1 switches on core 0)
Apr 20 18:35:08 user devstack@keystone.service[43026]: DEBUG keystone.server.flask.request_processing.middleware.auth_context [None req-27d0d0c5-db7d-4e63-9790-364b5cb43a40 admin admin] Authenticating user token {{(pid=43026) process_request /usr/local/lib/python3.10/dist-packages/keystonemiddleware/auth_token/__init__.py:406}}
Apr 20 18:35:08 user devstack@keystone.service[43026]: DEBUG keystone.server.flask.request_processing.middleware.auth_context [None req-27d0d0c5-db7d-4e63-9790-364b5cb43a40 admin admin] Validating token access rules against request {{(pid=43026) validate_allowed_request /usr/local/lib/python3.10/dist-packages/keystonemiddleware/auth_token/__init__.py:544}}
Apr 20 18:35:08 user devstack@keystone.service[43026]: DEBUG keystone.server.flask.request_processing.middleware.auth_context [None req-22bc6045-20b4-4ddc-b9a1-56d234306764 admin admin] RBAC: auth_context: {'token': , 'domain_id': None, 'trust_id': None, 'trustor_id': None, 'trustee_id': None, 'domain_name': None, 'group_ids': [], 'user_id': '3cdaff2e3a324e52a75abda51879db2f', 'user_domain_id': 'default', 'system_scope': None, 'project_id': 'b38f3a6c9585442db290d58a5a50afe2', 'project_domain_id': 'default', 'roles': ['reader', 'admin', 'member'], 'is_admin_project': True, 'service_user_id': None, 'service_user_domain_id': None, 'service_project_id': None, 'service_project_domain_id': None, 'service_roles': []} {{(pid=43026) fill_context /opt/stack/keystone/keystone/server/flask/request_processing/middleware/auth_context.py:478}}
Apr 20 18:35:08 user devstack@keystone.service[43026]: DEBUG keystone.server.flask.request_processing.req_logging [None req-22bc6045-20b4-4ddc-b9a1-56d234306764 admin admin] REQUEST_METHOD: `GET` {{(pid=43026) log_request_info /opt/stack/keystone/keystone/server/flask/request_processing/req_logging.py:27}}
Apr 20 18:35:08 user devstack@keystone.service[43026]: DEBUG keystone.server.flask.request_processing.req_logging [None req-22bc6045-20b4-4ddc-b9a1-56d234306764 admin admin] SCRIPT_NAME: `/identity` {{(pid=43026) log_request_info /opt/stack/keystone/keystone/server/flask/request_processing/req_logging.py:28}}
Apr 20 18:35:08 user devstack@keystone.service[43026]: DEBUG keystone.server.flask.request_processing.req_logging [None req-22bc6045-20b4-4ddc-b9a1-56d234306764 admin admin] PATH_INFO: `/v3/projects/e0e8d5c5255a4328afac46c459df0ce7` {{(pid=43026) log_request_info /opt/stack/keystone/keystone/server/flask/request_processing/req_logging.py:29}}
Apr 20 18:35:08 user devstack@keystone.service[43026]: DEBUG keystone.common.rbac_enforcer.enforcer [None req-22bc6045-20b4-4ddc-b9a1-56d234306764 admin admin] RBAC: Authorizing `identity:get_project(project_id=e0e8d5c5255a4328afac46c459df0ce7)` {{(pid=43026) enforce_call /opt/stack/keystone/keystone/common/rbac_enforcer/enforcer.py:449}}
Apr 20 18:35:08 user devstack@keystone.service[43026]: DEBUG keystone.common.rbac_enforcer.enforcer [None req-22bc6045-20b4-4ddc-b9a1-56d234306764 admin admin] RBAC: Authorization granted {{(pid=43026) enforce_call /opt/stack/keystone/keystone/common/rbac_enforcer/enforcer.py:457}}
Apr 20 18:35:08 user devstack@keystone.service[43026]: [pid: 43026|app: 0|req: 90/281] 10.0.0.210 () {56 vars in 1202 bytes} [Thu Apr 20 18:35:08 2023] GET /identity/v3/projects/e0e8d5c5255a4328afac46c459df0ce7 => generated 301 bytes in 24 msecs (HTTP/1.1 200) 5 headers in 177 bytes (1 switches on core 0)
Apr 20 18:35:08 user devstack@keystone.service[43024]: DEBUG keystone.server.flask.request_processing.middleware.auth_context [None req-e6c5a18d-bb37-4eb0-b3f3-2dda27b4f549 None None] Authenticating user token {{(pid=43024) process_request /usr/local/lib/python3.10/dist-packages/keystonemiddleware/auth_token/__init__.py:406}}
Apr 20 18:35:08 user devstack@keystone.service[43024]: DEBUG keystone.server.flask.request_processing.middleware.auth_context [None req-e6c5a18d-bb37-4eb0-b3f3-2dda27b4f549 None None] Validating token access rules against request {{(pid=43024) validate_allowed_request /usr/local/lib/python3.10/dist-packages/keystonemiddleware/auth_token/__init__.py:544}}
Apr 20 18:35:08 user devstack@keystone.service[43024]: DEBUG keystone.server.flask.request_processing.middleware.auth_context [None req-cf73425d-56fb-4490-86ef-6ef3ac3664b4 admin admin] RBAC: auth_context: {'token': , 'domain_id': None, 'trust_id': None, 'trustor_id': None, 'trustee_id': None, 'domain_name': None, 'group_ids': [], 'user_id': '3cdaff2e3a324e52a75abda51879db2f', 'user_domain_id': 'default', 'system_scope': None, 'project_id': 'b38f3a6c9585442db290d58a5a50afe2', 'project_domain_id': 'default', 'roles': ['reader', 'admin', 'member'], 'is_admin_project': True, 'service_user_id': None, 'service_user_domain_id': None, 'service_project_id': None, 'service_project_domain_id': None, 'service_roles': []} {{(pid=43024) fill_context /opt/stack/keystone/keystone/server/flask/request_processing/middleware/auth_context.py:478}}
Apr 20 18:35:08 user devstack@keystone.service[43024]: DEBUG keystone.server.flask.request_processing.req_logging [None req-cf73425d-56fb-4490-86ef-6ef3ac3664b4 admin admin] REQUEST_METHOD: `PUT` {{(pid=43024) log_request_info /opt/stack/keystone/keystone/server/flask/request_processing/req_logging.py:27}}
Apr 20 18:35:08 user devstack@keystone.service[43024]: DEBUG keystone.server.flask.request_processing.req_logging [None req-cf73425d-56fb-4490-86ef-6ef3ac3664b4 admin admin] SCRIPT_NAME: `/identity` {{(pid=43024) log_request_info /opt/stack/keystone/keystone/server/flask/request_processing/req_logging.py:28}}
Apr 20 18:35:08 user devstack@keystone.service[43024]: DEBUG keystone.server.flask.request_processing.req_logging [None req-cf73425d-56fb-4490-86ef-6ef3ac3664b4 admin admin] PATH_INFO: `/v3/projects/e0e8d5c5255a4328afac46c459df0ce7/groups/fb169b55af0b41bba6c90ac89c66be88/roles/8eae1baf8c934c59b4af54645c7931d6` {{(pid=43024) log_request_info /opt/stack/keystone/keystone/server/flask/request_processing/req_logging.py:29}}
Apr 20 18:35:08 user devstack@keystone.service[43024]: DEBUG keystone.common.rbac_enforcer.enforcer [None req-cf73425d-56fb-4490-86ef-6ef3ac3664b4 admin admin] RBAC: Authorizing `identity:create_grant(project_id=e0e8d5c5255a4328afac46c459df0ce7, group_id=fb169b55af0b41bba6c90ac89c66be88, role_id=8eae1baf8c934c59b4af54645c7931d6)` {{(pid=43024) enforce_call /opt/stack/keystone/keystone/common/rbac_enforcer/enforcer.py:449}}
Apr 20 18:35:08 user devstack@keystone.service[43024]: DEBUG keystone.common.rbac_enforcer.enforcer [None req-cf73425d-56fb-4490-86ef-6ef3ac3664b4 admin admin] RBAC: Authorization granted {{(pid=43024) enforce_call /opt/stack/keystone/keystone/common/rbac_enforcer/enforcer.py:457}}
Apr 20 18:35:08 user devstack@keystone.service[43024]: [pid: 43024|app: 0|req: 90/282] 10.0.0.210 () {58 vars in 1458 bytes} [Thu Apr 20 18:35:08 2023] PUT /identity/v3/projects/e0e8d5c5255a4328afac46c459df0ce7/groups/fb169b55af0b41bba6c90ac89c66be88/roles/8eae1baf8c934c59b4af54645c7931d6 => generated 0 bytes in 41 msecs (HTTP/1.1 204) 3 headers in 132 bytes (0 switches on core 0)
Apr 20 18:35:08 user devstack@keystone.service[43025]: DEBUG keystone.server.flask.request_processing.middleware.auth_context [None req-3c838bb5-5711-43c3-85d3-a381e904e533 admin admin] Authenticating user token {{(pid=43025) process_request /usr/local/lib/python3.10/dist-packages/keystonemiddleware/auth_token/__init__.py:406}}
Apr 20 18:35:08 user devstack@keystone.service[43026]: DEBUG keystone.server.flask.request_processing.middleware.auth_context [None req-22bc6045-20b4-4ddc-b9a1-56d234306764 admin admin] Authenticating user token {{(pid=43026) process_request /usr/local/lib/python3.10/dist-packages/keystonemiddleware/auth_token/__init__.py:406}}
Apr 20 18:35:08 user devstack@keystone.service[43026]: DEBUG keystone.server.flask.request_processing.middleware.auth_context [None req-22bc6045-20b4-4ddc-b9a1-56d234306764 admin admin] Validating token access rules against request {{(pid=43026) validate_allowed_request /usr/local/lib/python3.10/dist-packages/keystonemiddleware/auth_token/__init__.py:544}}
Apr 20 18:35:08 user devstack@keystone.service[43025]: DEBUG dbcounter [-] [43025] Writing DB stats keystone:SELECT=100 {{(pid=43025) stat_writer /usr/local/lib/python3.10/dist-packages/dbcounter.py:117}}
Apr 20 18:35:08 user devstack@keystone.service[43025]: DEBUG keystone.server.flask.request_processing.middleware.auth_context [None req-3c838bb5-5711-43c3-85d3-a381e904e533 admin admin] Validating token access rules against request {{(pid=43025) validate_allowed_request /usr/local/lib/python3.10/dist-packages/keystonemiddleware/auth_token/__init__.py:544}}
Apr 20 18:35:08 user devstack@keystone.service[43024]: DEBUG keystone.server.flask.request_processing.middleware.auth_context [None req-cf73425d-56fb-4490-86ef-6ef3ac3664b4 admin admin] Authenticating user token {{(pid=43024) process_request /usr/local/lib/python3.10/dist-packages/keystonemiddleware/auth_token/__init__.py:406}}
