Nov 10 14:32:18 user devstack@keystone.service[46587]: DEBUG keystone.server.flask.request_processing.middleware.auth_context [None req-6e1dadf4-27b7-4666-b5fa-5f0ee801196f None admin] RBAC: auth_context: {'token': , 'domain_id': None, 'trust_id': None, 'trustor_id': None, 'trustee_id': None, 'domain_name': None, 'group_ids': [], 'user_id': 'c463d423da5949f78e21e379560161ab', 'user_domain_id': 'default', 'system_scope': 'all', 'project_id': None, 'project_domain_id': None, 'roles': ['admin', 'manager', 'member', 'reader'], 'is_admin_project': True, 'service_user_id': None, 'service_user_domain_id': None, 'service_project_id': None, 'service_project_domain_id': None, 'service_roles': []} {{(pid=46587) fill_context /opt/stack/keystone/keystone/server/flask/request_processing/middleware/auth_context.py:480}}
Nov 10 14:32:18 user devstack@keystone.service[46587]: DEBUG keystone.server.flask.request_processing.req_logging [None req-6e1dadf4-27b7-4666-b5fa-5f0ee801196f None admin] REQUEST_METHOD: `GET` {{(pid=46587) log_request_info /opt/stack/keystone/keystone/server/flask/request_processing/req_logging.py:27}}
Nov 10 14:32:18 user devstack@keystone.service[46587]: DEBUG keystone.server.flask.request_processing.req_logging [None req-6e1dadf4-27b7-4666-b5fa-5f0ee801196f None admin] SCRIPT_NAME: `/identity` {{(pid=46587) log_request_info /opt/stack/keystone/keystone/server/flask/request_processing/req_logging.py:28}}
Nov 10 14:32:18 user devstack@keystone.service[46587]: DEBUG keystone.server.flask.request_processing.req_logging [None req-6e1dadf4-27b7-4666-b5fa-5f0ee801196f None admin] PATH_INFO: `/v3/users/d98db157430741e0b19ed95bcaed163f` {{(pid=46587) log_request_info /opt/stack/keystone/keystone/server/flask/request_processing/req_logging.py:29}}
Nov 10 14:32:18 user devstack@keystone.service[46588]: DEBUG keystone.server.flask.request_processing.middleware.auth_context [None req-12099698-8865-487f-85bc-444e8a744070 None admin] Validating token access rules against request {{(pid=46588) validate_allowed_request /opt/stack/data/venv/lib/python3.10/site-packages/keystonemiddleware/auth_token/__init__.py:544}}
Nov 10 14:32:18 user devstack@keystone.service[46587]: DEBUG keystone.common.rbac_enforcer.enforcer [None req-6e1dadf4-27b7-4666-b5fa-5f0ee801196f None admin] RBAC: Authorizing `identity:get_user(user_id=d98db157430741e0b19ed95bcaed163f)` {{(pid=46587) enforce_call /opt/stack/keystone/keystone/common/rbac_enforcer/enforcer.py:449}}
Nov 10 14:32:18 user devstack@keystone.service[46587]: DEBUG keystone.common.rbac_enforcer.enforcer [None req-6e1dadf4-27b7-4666-b5fa-5f0ee801196f None admin] RBAC: Authorization granted {{(pid=46587) enforce_call /opt/stack/keystone/keystone/common/rbac_enforcer/enforcer.py:457}}
Nov 10 14:32:18 user devstack@keystone.service[46587]: [pid: 46587|app: 0|req: 58/168] 10.0.0.210 () {56 vars in 1172 bytes} [Fri Nov 10 14:32:18 2023] GET /identity/v3/users/d98db157430741e0b19ed95bcaed163f => generated 296 bytes in 145 msecs (HTTP/1.1 200) 5 headers in 177 bytes (2 switches on core 0)
Nov 10 14:32:18 user devstack@keystone.service[46586]: DEBUG keystone.server.flask.request_processing.middleware.auth_context [None req-0772f56b-ae73-4e25-a8d2-343bf5f93802 None admin] Authenticating user token {{(pid=46586) process_request /opt/stack/data/venv/lib/python3.10/site-packages/keystonemiddleware/auth_token/__init__.py:406}}
Nov 10 14:32:18 user devstack@keystone.service[46588]: DEBUG keystone.server.flask.request_processing.middleware.auth_context [None req-bb757ed5-47b4-4844-935b-1c969a80a9ed None admin] RBAC: auth_context: {'token': , 'domain_id': None, 'trust_id': None, 'trustor_id': None, 'trustee_id': None, 'domain_name': None, 'group_ids': [], 'user_id': 'c463d423da5949f78e21e379560161ab', 'user_domain_id': 'default', 'system_scope': 'all', 'project_id': None, 'project_domain_id': None, 'roles': ['admin', 'manager', 'member', 'reader'], 'is_admin_project': True, 'service_user_id': None, 'service_user_domain_id': None, 'service_project_id': None, 'service_project_domain_id': None, 'service_roles': []} {{(pid=46588) fill_context /opt/stack/keystone/keystone/server/flask/request_processing/middleware/auth_context.py:480}}
Nov 10 14:32:18 user devstack@keystone.service[46588]: DEBUG keystone.server.flask.request_processing.req_logging [None req-bb757ed5-47b4-4844-935b-1c969a80a9ed None admin] REQUEST_METHOD: `GET` {{(pid=46588) log_request_info /opt/stack/keystone/keystone/server/flask/request_processing/req_logging.py:27}}
Nov 10 14:32:18 user devstack@keystone.service[46588]: DEBUG keystone.server.flask.request_processing.req_logging [None req-bb757ed5-47b4-4844-935b-1c969a80a9ed None admin] SCRIPT_NAME: `/identity` {{(pid=46588) log_request_info /opt/stack/keystone/keystone/server/flask/request_processing/req_logging.py:28}}
Nov 10 14:32:18 user devstack@keystone.service[46588]: DEBUG keystone.server.flask.request_processing.req_logging [None req-bb757ed5-47b4-4844-935b-1c969a80a9ed None admin] PATH_INFO: `/v3/roles` {{(pid=46588) log_request_info /opt/stack/keystone/keystone/server/flask/request_processing/req_logging.py:29}}
Nov 10 14:32:18 user devstack@keystone.service[46588]: DEBUG keystone.common.rbac_enforcer.enforcer [None req-bb757ed5-47b4-4844-935b-1c969a80a9ed None admin] RBAC: Adding query filter params (name=member) {{(pid=46588) _extract_filter_values /opt/stack/keystone/keystone/common/rbac_enforcer/enforcer.py:167}}
Nov 10 14:32:18 user devstack@keystone.service[46588]: DEBUG keystone.common.rbac_enforcer.enforcer [None req-bb757ed5-47b4-4844-935b-1c969a80a9ed None admin] RBAC: Authorizing `identity:list_roles()` {{(pid=46588) enforce_call /opt/stack/keystone/keystone/common/rbac_enforcer/enforcer.py:449}}
Nov 10 14:32:18 user devstack@keystone.service[46588]: DEBUG keystone.common.rbac_enforcer.enforcer [None req-bb757ed5-47b4-4844-935b-1c969a80a9ed None admin] RBAC: Authorization granted {{(pid=46588) enforce_call /opt/stack/keystone/keystone/common/rbac_enforcer/enforcer.py:457}}
Nov 10 14:32:18 user devstack@keystone.service[46588]: [pid: 46588|app: 0|req: 55/169] 10.0.0.210 () {56 vars in 1096 bytes} [Fri Nov 10 14:32:18 2023] GET /identity/v3/roles?name=member => generated 339 bytes in 151 msecs (HTTP/1.1 200) 5 headers in 177 bytes (1 switches on core 0)
Nov 10 14:32:18 user devstack@keystone.service[46587]: DEBUG keystone.server.flask.request_processing.middleware.auth_context [None req-6e1dadf4-27b7-4666-b5fa-5f0ee801196f None admin] Authenticating user token {{(pid=46587) process_request /opt/stack/data/venv/lib/python3.10/site-packages/keystonemiddleware/auth_token/__init__.py:406}}
Nov 10 14:32:18 user devstack@keystone.service[46586]: DEBUG keystone.server.flask.request_processing.middleware.auth_context [None req-0772f56b-ae73-4e25-a8d2-343bf5f93802 None admin] Validating token access rules against request {{(pid=46586) validate_allowed_request /opt/stack/data/venv/lib/python3.10/site-packages/keystonemiddleware/auth_token/__init__.py:544}}
Nov 10 14:32:18 user devstack@keystone.service[46587]: DEBUG keystone.server.flask.request_processing.middleware.auth_context [None req-6e1dadf4-27b7-4666-b5fa-5f0ee801196f None admin] Validating token access rules against request {{(pid=46587) validate_allowed_request /opt/stack/data/venv/lib/python3.10/site-packages/keystonemiddleware/auth_token/__init__.py:544}}
Nov 10 14:32:18 user devstack@keystone.service[46586]: DEBUG keystone.server.flask.request_processing.middleware.auth_context [None req-0b2a0cec-c319-4029-9b52-11ff4d0911f5 None admin] RBAC: auth_context: {'token': , 'domain_id': None, 'trust_id': None, 'trustor_id': None, 'trustee_id': None, 'domain_name': None, 'group_ids': [], 'user_id': 'c463d423da5949f78e21e379560161ab', 'user_domain_id': 'default', 'system_scope': 'all', 'project_id': None, 'project_domain_id': None, 'roles': ['admin', 'manager', 'member', 'reader'], 'is_admin_project': True, 'service_user_id': None, 'service_user_domain_id': None, 'service_project_id': None, 'service_project_domain_id': None, 'service_roles': []} {{(pid=46586) fill_context /opt/stack/keystone/keystone/server/flask/request_processing/middleware/auth_context.py:480}}
Nov 10 14:32:18 user devstack@keystone.service[46586]: DEBUG keystone.server.flask.request_processing.req_logging [None req-0b2a0cec-c319-4029-9b52-11ff4d0911f5 None admin] REQUEST_METHOD: `GET` {{(pid=46586) log_request_info /opt/stack/keystone/keystone/server/flask/request_processing/req_logging.py:27}}
Nov 10 14:32:18 user devstack@keystone.service[46586]: DEBUG keystone.server.flask.request_processing.req_logging [None req-0b2a0cec-c319-4029-9b52-11ff4d0911f5 None admin] SCRIPT_NAME: `/identity` {{(pid=46586) log_request_info /opt/stack/keystone/keystone/server/flask/request_processing/req_logging.py:28}}
Nov 10 14:32:18 user devstack@keystone.service[46586]: DEBUG keystone.server.flask.request_processing.req_logging [None req-0b2a0cec-c319-4029-9b52-11ff4d0911f5 None admin] PATH_INFO: `/v3/projects/c04e2ca8285741b085eb86d85d6b757c` {{(pid=46586) log_request_info /opt/stack/keystone/keystone/server/flask/request_processing/req_logging.py:29}}
Nov 10 14:32:18 user devstack@keystone.service[46586]: DEBUG keystone.common.rbac_enforcer.enforcer [None req-0b2a0cec-c319-4029-9b52-11ff4d0911f5 None admin] RBAC: Authorizing `identity:get_project(project_id=c04e2ca8285741b085eb86d85d6b757c)` {{(pid=46586) enforce_call /opt/stack/keystone/keystone/common/rbac_enforcer/enforcer.py:449}}
Nov 10 14:32:18 user devstack@keystone.service[46586]: DEBUG keystone.common.rbac_enforcer.enforcer [None req-0b2a0cec-c319-4029-9b52-11ff4d0911f5 None admin] RBAC: Authorization granted {{(pid=46586) enforce_call /opt/stack/keystone/keystone/common/rbac_enforcer/enforcer.py:457}}
Nov 10 14:32:18 user devstack@keystone.service[46586]: [pid: 46586|app: 0|req: 57/170] 10.0.0.210 () {56 vars in 1181 bytes} [Fri Nov 10 14:32:18 2023] GET /identity/v3/projects/c04e2ca8285741b085eb86d85d6b757c => generated 301 bytes in 160 msecs (HTTP/1.1 200) 5 headers in 177 bytes (1 switches on core 0)
Nov 10 14:32:18 user devstack@keystone.service[46588]: DEBUG keystone.server.flask.request_processing.middleware.auth_context [None req-bb757ed5-47b4-4844-935b-1c969a80a9ed None admin] Authenticating user token {{(pid=46588) process_request /opt/stack/data/venv/lib/python3.10/site-packages/keystonemiddleware/auth_token/__init__.py:406}}
Nov 10 14:32:18 user devstack@keystone.service[46587]: DEBUG keystone.server.flask.request_processing.middleware.auth_context [None req-c9c1e3de-ad6e-4d33-98fd-011e4430ef5c None admin] RBAC: auth_context: {'token': , 'domain_id': None, 'trust_id': None, 'trustor_id': None, 'trustee_id': None, 'domain_name': None, 'group_ids': [], 'user_id': 'c463d423da5949f78e21e379560161ab', 'user_domain_id': 'default', 'system_scope': 'all', 'project_id': None, 'project_domain_id': None, 'roles': ['admin', 'manager', 'member', 'reader'], 'is_admin_project': True, 'service_user_id': None, 'service_user_domain_id': None, 'service_project_id': None, 'service_project_domain_id': None, 'service_roles': []} {{(pid=46587) fill_context /opt/stack/keystone/keystone/server/flask/request_processing/middleware/auth_context.py:480}}
Nov 10 14:32:18 user devstack@keystone.service[46587]: DEBUG keystone.server.flask.request_processing.req_logging [None req-c9c1e3de-ad6e-4d33-98fd-011e4430ef5c None admin] REQUEST_METHOD: `GET` {{(pid=46587) log_request_info /opt/stack/keystone/keystone/server/flask/request_processing/req_logging.py:27}}
Nov 10 14:32:18 user devstack@keystone.service[46587]: DEBUG keystone.server.flask.request_processing.req_logging [None req-c9c1e3de-ad6e-4d33-98fd-011e4430ef5c None admin] SCRIPT_NAME: `/identity` {{(pid=46587) log_request_info /opt/stack/keystone/keystone/server/flask/request_processing/req_logging.py:28}}
Nov 10 14:32:18 user devstack@keystone.service[46587]: DEBUG keystone.server.flask.request_processing.req_logging [None req-c9c1e3de-ad6e-4d33-98fd-011e4430ef5c None admin] PATH_INFO: `/v3/users/a1e26563aeb94b7ab488be9b3f250075` {{(pid=46587) log_request_info /opt/stack/keystone/keystone/server/flask/request_processing/req_logging.py:29}}
Nov 10 14:32:18 user devstack@keystone.service[46587]: DEBUG keystone.common.rbac_enforcer.enforcer [None req-c9c1e3de-ad6e-4d33-98fd-011e4430ef5c None admin] RBAC: Authorizing `identity:get_user(user_id=a1e26563aeb94b7ab488be9b3f250075)` {{(pid=46587) enforce_call /opt/stack/keystone/keystone/common/rbac_enforcer/enforcer.py:449}}
Nov 10 14:32:18 user devstack@keystone.service[46587]: DEBUG keystone.common.rbac_enforcer.enforcer [None req-c9c1e3de-ad6e-4d33-98fd-011e4430ef5c None admin] RBAC: Authorization granted {{(pid=46587) enforce_call /opt/stack/keystone/keystone/common/rbac_enforcer/enforcer.py:457}}
Nov 10 14:32:18 user devstack@keystone.service[46587]: [pid: 46587|app: 0|req: 59/171] 10.0.0.210 () {56 vars in 1172 bytes} [Fri Nov 10 14:32:18 2023] GET /identity/v3/users/a1e26563aeb94b7ab488be9b3f250075 => generated 296 bytes in 138 msecs (HTTP/1.1 200) 5 headers in 177 bytes (1 switches on core 0)
Nov 10 14:32:18 user devstack@keystone.service[46586]: DEBUG keystone.server.flask.request_processing.middleware.auth_context [None req-0b2a0cec-c319-4029-9b52-11ff4d0911f5 None admin] Authenticating user token {{(pid=46586) process_request /opt/stack/data/venv/lib/python3.10/site-packages/keystonemiddleware/auth_token/__init__.py:406}}
Nov 10 14:32:18 user devstack@keystone.service[46588]: DEBUG keystone.server.flask.request_processing.middleware.auth_context [None req-bb757ed5-47b4-4844-935b-1c969a80a9ed None admin] Validating token access rules against request {{(pid=46588) validate_allowed_request /opt/stack/data/venv/lib/python3.10/site-packages/keystonemiddleware/auth_token/__init__.py:544}}
Nov 10 14:32:18 user devstack@keystone.service[46586]: DEBUG keystone.server.flask.request_processing.middleware.auth_context [None req-0b2a0cec-c319-4029-9b52-11ff4d0911f5 None admin] Validating token access rules against request {{(pid=46586) validate_allowed_request /opt/stack/data/venv/lib/python3.10/site-packages/keystonemiddleware/auth_token/__init__.py:544}}
Nov 10 14:32:18 user devstack@keystone.service[46588]: DEBUG keystone.server.flask.request_processing.middleware.auth_context [None req-0fe8df02-ee90-4fa5-9366-5c3c72d37fb7 None admin] RBAC: auth_context: {'token': , 'domain_id': None, 'trust_id': None, 'trustor_id': None, 'trustee_id': None, 'domain_name': None, 'group_ids': [], 'user_id': 'c463d423da5949f78e21e379560161ab', 'user_domain_id': 'default', 'system_scope': 'all', 'project_id': None, 'project_domain_id': None, 'roles': ['admin', 'manager', 'member', 'reader'], 'is_admin_project': True, 'service_user_id': None, 'service_user_domain_id': None, 'service_project_id': None, 'service_project_domain_id': None, 'service_roles': []} {{(pid=46588) fill_context /opt/stack/keystone/keystone/server/flask/request_processing/middleware/auth_context.py:480}}
Nov 10 14:32:18 user devstack@keystone.service[46588]: DEBUG keystone.server.flask.request_processing.req_logging [None req-0fe8df02-ee90-4fa5-9366-5c3c72d37fb7 None admin] REQUEST_METHOD: `PUT` {{(pid=46588) log_request_info /opt/stack/keystone/keystone/server/flask/request_processing/req_logging.py:27}}
Nov 10 14:32:18 user devstack@keystone.service[46588]: DEBUG keystone.server.flask.request_processing.req_logging [None req-0fe8df02-ee90-4fa5-9366-5c3c72d37fb7 None admin] SCRIPT_NAME: `/identity` {{(pid=46588) log_request_info /opt/stack/keystone/keystone/server/flask/request_processing/req_logging.py:28}}
Nov 10 14:32:18 user devstack@keystone.service[46588]: DEBUG keystone.server.flask.request_processing.req_logging [None req-0fe8df02-ee90-4fa5-9366-5c3c72d37fb7 None admin] PATH_INFO: `/v3/projects/c04e2ca8285741b085eb86d85d6b757c/users/d98db157430741e0b19ed95bcaed163f/roles/a916003383b249d7958d69d2e3fb4645` {{(pid=46588) log_request_info /opt/stack/keystone/keystone/server/flask/request_processing/req_logging.py:29}}
Nov 10 14:32:18 user devstack@keystone.service[46588]: DEBUG keystone.common.rbac_enforcer.enforcer [None req-0fe8df02-ee90-4fa5-9366-5c3c72d37fb7 None admin] RBAC: Authorizing `identity:create_grant(project_id=c04e2ca8285741b085eb86d85d6b757c, user_id=d98db157430741e0b19ed95bcaed163f, role_id=a916003383b249d7958d69d2e3fb4645)` {{(pid=46588) enforce_call /opt/stack/keystone/keystone/common/rbac_enforcer/enforcer.py:449}}
Nov 10 14:32:18 user devstack@keystone.service[46588]: DEBUG keystone.common.rbac_enforcer.enforcer [None req-0fe8df02-ee90-4fa5-9366-5c3c72d37fb7 None admin] RBAC: Authorization granted {{(pid=46588) enforce_call /opt/stack/keystone/keystone/common/rbac_enforcer/enforcer.py:457}}
Nov 10 14:32:18 user devstack@keystone.service[46586]: DEBUG keystone.server.flask.request_processing.middleware.auth_context [None req-574901f2-53db-4336-bbca-7884c1e89703 None admin] RBAC: auth_context: {'token': , 'domain_id': None, 'trust_id': None, 'trustor_id': None, 'trustee_id': None, 'domain_name': None, 'group_ids': [], 'user_id': 'c463d423da5949f78e21e379560161ab', 'user_domain_id': 'default', 'system_scope': 'all', 'project_id': None, 'project_domain_id': None, 'roles': ['admin', 'manager', 'member', 'reader'], 'is_admin_project': True, 'service_user_id': None, 'service_user_domain_id': None, 'service_project_id': None, 'service_project_domain_id': None, 'service_roles': []} {{(pid=46586) fill_context /opt/stack/keystone/keystone/server/flask/request_processing/middleware/auth_context.py:480}}
Nov 10 14:32:18 user devstack@keystone.service[46586]: DEBUG keystone.server.flask.request_processing.req_logging [None req-574901f2-53db-4336-bbca-7884c1e89703 None admin] REQUEST_METHOD: `GET` {{(pid=46586) log_request_info /opt/stack/keystone/keystone/server/flask/request_processing/req_logging.py:27}}
Nov 10 14:32:18 user devstack@keystone.service[46586]: DEBUG keystone.server.flask.request_processing.req_logging [None req-574901f2-53db-4336-bbca-7884c1e89703 None admin] SCRIPT_NAME: `/identity` {{(pid=46586) log_request_info /opt/stack/keystone/keystone/server/flask/request_processing/req_logging.py:28}}
Nov 10 14:32:18 user devstack@keystone.service[46586]: DEBUG keystone.server.flask.request_processing.req_logging [None req-574901f2-53db-4336-bbca-7884c1e89703 None admin] PATH_INFO: `/v3/auth/tokens` {{(pid=46586) log_request_info /opt/stack/keystone/keystone/server/flask/request_processing/req_logging.py:29}}
Nov 10 14:32:18 user devstack@keystone.service[46588]: [pid: 46588|app: 0|req: 56/172] 10.0.0.210 () {58 vars in 1434 bytes} [Fri Nov 10 14:32:18 2023] PUT /identity/v3/projects/c04e2ca8285741b085eb86d85d6b757c/users/d98db157430741e0b19ed95bcaed163f/roles/a916003383b249d7958d69d2e3fb4645 => generated 0 bytes in 150 msecs (HTTP/1.1 204) 3 headers in 132 bytes (0 switches on core 0)
Nov 10 14:32:18 user devstack@keystone.service[46586]: DEBUG keystone.common.rbac_enforcer.enforcer [None req-574901f2-53db-4336-bbca-7884c1e89703 None admin] RBAC: Authorizing `identity:validate_token()` {{(pid=46586) enforce_call /opt/stack/keystone/keystone/common/rbac_enforcer/enforcer.py:449}}
Nov 10 14:32:18 user devstack@keystone.service[46586]: DEBUG keystone.common.rbac_enforcer.enforcer [None req-574901f2-53db-4336-bbca-7884c1e89703 None admin] RBAC: Authorization granted {{(pid=46586) enforce_call /opt/stack/keystone/keystone/common/rbac_enforcer/enforcer.py:457}}
Nov 10 14:32:18 user devstack@keystone.service[46586]: [pid: 46586|app: 0|req: 58/173] 10.0.0.210 () {58 vars in 1277 bytes} [Fri Nov 10 14:32:18 2023] GET /identity/v3/auth/tokens => generated 861 bytes in 284 msecs (HTTP/1.1 200) 6 headers in 358 bytes (1 switches on core 0)
Nov 10 14:32:18 user devstack@keystone.service[46587]: DEBUG keystone.server.flask.request_processing.middleware.auth_context [None req-c9c1e3de-ad6e-4d33-98fd-011e4430ef5c None admin] Authenticating user token {{(pid=46587) process_request /opt/stack/data/venv/lib/python3.10/site-packages/keystonemiddleware/auth_token/__init__.py:406}}
Nov 10 14:32:18 user devstack@keystone.service[46587]: DEBUG keystone.server.flask.request_processing.middleware.auth_context [None req-c9c1e3de-ad6e-4d33-98fd-011e4430ef5c None admin] Validating token access rules against request {{(pid=46587) validate_allowed_request /opt/stack/data/venv/lib/python3.10/site-packages/keystonemiddleware/auth_token/__init__.py:544}}
Nov 10 14:32:18 user devstack@keystone.service[46587]: DEBUG keystone.server.flask.request_processing.middleware.auth_context [None req-14ca931e-c1aa-4f9a-b170-c3f993dc5bf0 None admin] RBAC: auth_context: {'token': , 'domain_id': None, 'trust_id': None, 'trustor_id': None, 'trustee_id': None, 'domain_name': None, 'group_ids': [], 'user_id': 'c463d423da5949f78e21e379560161ab', 'user_domain_id': 'default', 'system_scope': 'all', 'project_id': None, 'project_domain_id': None, 'roles': ['admin', 'manager', 'member', 'reader'], 'is_admin_project': True, 'service_user_id': None, 'service_user_domain_id': None, 'service_project_id': None, 'service_project_domain_id': None, 'service_roles': []} {{(pid=46587) fill_context /opt/stack/keystone/keystone/server/flask/request_processing/middleware/auth_context.py:480}}
Nov 10 14:32:18 user devstack@keystone.service[46587]: DEBUG keystone.server.flask.request_processing.req_logging [None req-14ca931e-c1aa-4f9a-b170-c3f993dc5bf0 None admin] REQUEST_METHOD: `GET` {{(pid=46587) log_request_info /opt/stack/keystone/keystone/server/flask/request_processing/req_logging.py:27}}
Nov 10 14:32:18 user devstack@keystone.service[46587]: DEBUG keystone.server.flask.request_processing.req_logging [None req-14ca931e-c1aa-4f9a-b170-c3f993dc5bf0 None admin] SCRIPT_NAME: `/identity` {{(pid=46587) log_request_info /opt/stack/keystone/keystone/server/flask/request_processing/req_logging.py:28}}
Nov 10 14:32:18 user devstack@keystone.service[46587]: DEBUG keystone.server.flask.request_processing.req_logging [None req-14ca931e-c1aa-4f9a-b170-c3f993dc5bf0 None admin] PATH_INFO: `/v3/projects/c04e2ca8285741b085eb86d85d6b757c` {{(pid=46587) log_request_info /opt/stack/keystone/keystone/server/flask/request_processing/req_logging.py:29}}
Nov 10 14:32:18 user devstack@keystone.service[46587]: DEBUG keystone.common.rbac_enforcer.enforcer [None req-14ca931e-c1aa-4f9a-b170-c3f993dc5bf0 None admin] RBAC: Authorizing `identity:get_project(project_id=c04e2ca8285741b085eb86d85d6b757c)` {{(pid=46587) enforce_call /opt/stack/keystone/keystone/common/rbac_enforcer/enforcer.py:449}}
Nov 10 14:32:18 user devstack@keystone.service[46587]: DEBUG keystone.common.rbac_enforcer.enforcer [None req-14ca931e-c1aa-4f9a-b170-c3f993dc5bf0 None admin] RBAC: Authorization granted {{(pid=46587) enforce_call /opt/stack/keystone/keystone/common/rbac_enforcer/enforcer.py:457}}
Nov 10 14:32:18 user devstack@keystone.service[46587]: [pid: 46587|app: 0|req: 60/174] 10.0.0.210 () {56 vars in 1181 bytes} [Fri Nov 10 14:32:18 2023] GET /identity/v3/projects/c04e2ca8285741b085eb86d85d6b757c => generated 301 bytes in 134 msecs (HTTP/1.1 200) 5 headers in 177 bytes (1 switches on core 0)
Nov 10 14:32:18 user devstack@keystone.service[46588]: DEBUG keystone.server.flask.request_processing.middleware.auth_context [None req-0fe8df02-ee90-4fa5-9366-5c3c72d37fb7 None admin] Authenticating user token {{(pid=46588) process_request /opt/stack/data/venv/lib/python3.10/site-packages/keystonemiddleware/auth_token/__init__.py:406}}
Nov 10 14:32:18 user devstack@keystone.service[46588]: DEBUG keystone.server.flask.request_processing.middleware.auth_context [None req-0fe8df02-ee90-4fa5-9366-5c3c72d37fb7 None admin] Validating token access rules against request {{(pid=46588) validate_allowed_request /opt/stack/data/venv/lib/python3.10/site-packages/keystonemiddleware/auth_token/__init__.py:544}}
Nov 10 14:32:18 user devstack@keystone.service[46588]: DEBUG keystone.server.flask.request_processing.middleware.auth_context [None req-66850ca3-095d-4cf5-a371-a2fc7fe8388c None admin] RBAC: auth_context: {'token': , 'domain_id': None, 'trust_id': None, 'trustor_id': None, 'trustee_id': None, 'domain_name': None, 'group_ids': [], 'user_id': 'c463d423da5949f78e21e379560161ab', 'user_domain_id': 'default', 'system_scope': 'all', 'project_id': None, 'project_domain_id': None, 'roles': ['admin', 'manager', 'member', 'reader'], 'is_admin_project': True, 'service_user_id': None, 'service_user_domain_id': None, 'service_project_id': None, 'service_project_domain_id': None, 'service_roles': []} {{(pid=46588) fill_context /opt/stack/keystone/keystone/server/flask/request_processing/middleware/auth_context.py:480}}
Nov 10 14:32:18 user devstack@keystone.service[46588]: DEBUG keystone.server.flask.request_processing.req_logging [None req-66850ca3-095d-4cf5-a371-a2fc7fe8388c None admin] REQUEST_METHOD: `GET` {{(pid=46588) log_request_info /opt/stack/keystone/keystone/server/flask/request_processing/req_logging.py:27}}
Nov 10 14:32:18 user devstack@keystone.service[46588]: DEBUG keystone.server.flask.request_processing.req_logging [None req-66850ca3-095d-4cf5-a371-a2fc7fe8388c None admin] SCRIPT_NAME: `/identity` {{(pid=46588) log_request_info /opt/stack/keystone/keystone/server/flask/request_processing/req_logging.py:28}}
Nov 10 14:32:18 user devstack@keystone.service[46588]: DEBUG keystone.server.flask.request_processing.req_logging [None req-66850ca3-095d-4cf5-a371-a2fc7fe8388c None admin] PATH_INFO: `/v3/role_assignments` {{(pid=46588) log_request_info /opt/stack/keystone/keystone/server/flask/request_processing/req_logging.py:29}}
Nov 10 14:32:18 user devstack@keystone.service[46588]: DEBUG keystone.common.rbac_enforcer.enforcer [None req-66850ca3-095d-4cf5-a371-a2fc7fe8388c None admin] RBAC: Adding query filter params (role.id=e4caf365098e4fbaab48e71ed0b9cf60, scope.project.id=c04e2ca8285741b085eb86d85d6b757c, user.id=a1e26563aeb94b7ab488be9b3f250075) {{(pid=46588) _extract_filter_values /opt/stack/keystone/keystone/common/rbac_enforcer/enforcer.py:167}}
Nov 10 14:32:18 user devstack@keystone.service[46588]: DEBUG keystone.common.rbac_enforcer.enforcer [None req-66850ca3-095d-4cf5-a371-a2fc7fe8388c None admin] RBAC: Authorizing `identity:list_role_assignments()` {{(pid=46588) enforce_call /opt/stack/keystone/keystone/common/rbac_enforcer/enforcer.py:449}}
Nov 10 14:32:18 user devstack@keystone.service[46588]: DEBUG keystone.common.rbac_enforcer.enforcer [None req-66850ca3-095d-4cf5-a371-a2fc7fe8388c None admin] RBAC: Authorization granted {{(pid=46588) enforce_call /opt/stack/keystone/keystone/common/rbac_enforcer/enforcer.py:457}}
Nov 10 14:32:18 user devstack@keystone.service[46588]: [pid: 46588|app: 0|req: 57/175] 10.0.0.210 () {56 vars in 1369 bytes} [Fri Nov 10 14:32:18 2023] GET /identity/v3/role_assignments?user.id=a1e26563aeb94b7ab488be9b3f250075&scope.project.id=c04e2ca8285741b085eb86d85d6b757c&role.id=e4caf365098e4fbaab48e71ed0b9cf60 => generated 606 bytes in 136 msecs (HTTP/1.1 200) 5 headers in 177 bytes (1 switches on core 0)
Nov 10 14:32:20 user devstack@keystone.service[46586]: DEBUG keystone.server.flask.request_processing.req_logging [None req-ac6360f0-c4af-44f1-8ad1-695952885696 None None] REQUEST_METHOD: `GET` {{(pid=46586) log_request_info /opt/stack/keystone/keystone/server/flask/request_processing/req_logging.py:27}}
Nov 10 14:32:20 user devstack@keystone.service[46586]: DEBUG keystone.server.flask.request_processing.req_logging [None req-ac6360f0-c4af-44f1-8ad1-695952885696 None None] SCRIPT_NAME: `/identity` {{(pid=46586) log_request_info /opt/stack/keystone/keystone/server/flask/request_processing/req_logging.py:28}}
Nov 10 14:32:20 user devstack@keystone.service[46586]: DEBUG keystone.server.flask.request_processing.req_logging [None req-ac6360f0-c4af-44f1-8ad1-695952885696 None None] PATH_INFO: `/` {{(pid=46586) log_request_info /opt/stack/keystone/keystone/server/flask/request_processing/req_logging.py:29}}
Nov 10 14:32:20 user devstack@keystone.service[46586]: [pid: 46586|app: 0|req: 59/176] 10.0.0.210 () {54 vars in 921 bytes} [Fri Nov 10 14:32:20 2023] GET /identity => generated 269 bytes in 3 msecs (HTTP/1.1 300) 6 headers in 233 bytes (1 switches on core 0)
Nov 10 14:32:20 user devstack@keystone.service[46587]: DEBUG keystone.server.flask.request_processing.middleware.auth_context [None req-14ca931e-c1aa-4f9a-b170-c3f993dc5bf0 None admin] Authenticating user token {{(pid=46587) process_request /opt/stack/data/venv/lib/python3.10/site-packages/keystonemiddleware/auth_token/__init__.py:406}}
Nov 10 14:32:20 user devstack@keystone.service[46588]: DEBUG keystone.server.flask.request_processing.req_logging [None req-4f5e371e-f6b2-460a-beb2-342df3e71cc5 None None] REQUEST_METHOD: `GET` {{(pid=46588) log_request_info /opt/stack/keystone/keystone/server/flask/request_processing/req_logging.py:27}}
Nov 10 14:32:20 user devstack@keystone.service[46588]: DEBUG keystone.server.flask.request_processing.req_logging [None req-4f5e371e-f6b2-460a-beb2-342df3e71cc5 None None] SCRIPT_NAME: `/identity` {{(pid=46588) log_request_info /opt/stack/keystone/keystone/server/flask/request_processing/req_logging.py:28}}
Nov 10 14:32:20 user devstack@keystone.service[46588]: DEBUG keystone.server.flask.request_processing.req_logging [None req-4f5e371e-f6b2-460a-beb2-342df3e71cc5 None None] PATH_INFO: `/` {{(pid=46588) log_request_info /opt/stack/keystone/keystone/server/flask/request_processing/req_logging.py:29}}
Nov 10 14:32:20 user devstack@keystone.service[46588]: [pid: 46588|app: 0|req: 58/177] 10.0.0.210 () {54 vars in 921 bytes} [Fri Nov 10 14:32:20 2023] GET /identity => generated 269 bytes in 3 msecs (HTTP/1.1 300) 6 headers in 233 bytes (1 switches on core 0)
Nov 10 14:32:20 user devstack@keystone.service[46586]: DEBUG keystone.server.flask.request_processing.middleware.auth_context [None req-ac6360f0-c4af-44f1-8ad1-695952885696 None None] Authenticating user token {{(pid=46586) process_request /opt/stack/data/venv/lib/python3.10/site-packages/keystonemiddleware/auth_token/__init__.py:406}}
Nov 10 14:32:20 user devstack@keystone.service[46587]: DEBUG keystone.server.flask.request_processing.middleware.auth_context [None req-14ca931e-c1aa-4f9a-b170-c3f993dc5bf0 None admin] Validating token access rules against request {{(pid=46587) validate_allowed_request /opt/stack/data/venv/lib/python3.10/site-packages/keystonemiddleware/auth_token/__init__.py:544}}
Nov 10 14:32:20 user devstack@keystone.service[46587]: DEBUG keystone.server.flask.request_processing.middleware.auth_context [None req-113a47eb-6fb2-40ef-a4a4-716027e8639d None admin] RBAC: auth_context: {'token': , 'domain_id': None, 'trust_id': None, 'trustor_id': None, 'trustee_id': None, 'domain_name': None, 'group_ids': [], 'user_id': 'c463d423da5949f78e21e379560161ab', 'user_domain_id': 'default', 'system_scope': 'all', 'project_id': None, 'project_domain_id': None, 'roles': ['admin', 'manager', 'member', 'reader'], 'is_admin_project': True, 'service_user_id': None, 'service_user_domain_id': None, 'service_project_id': None, 'service_project_domain_id': None, 'service_roles': []} {{(pid=46587) fill_context /opt/stack/keystone/keystone/server/flask/request_processing/middleware/auth_context.py:480}}
Nov 10 14:32:20 user devstack@keystone.service[46587]: DEBUG keystone.server.flask.request_processing.req_logging [None req-113a47eb-6fb2-40ef-a4a4-716027e8639d None admin] REQUEST_METHOD: `GET` {{(pid=46587) log_request_info /opt/stack/keystone/keystone/server/flask/request_processing/req_logging.py:27}}
Nov 10 14:32:20 user devstack@keystone.service[46587]: DEBUG keystone.server.flask.request_processing.req_logging [None req-113a47eb-6fb2-40ef-a4a4-716027e8639d None admin] SCRIPT_NAME: `/identity` {{(pid=46587) log_request_info /opt/stack/keystone/keystone/server/flask/request_processing/req_logging.py:28}}
Nov 10 14:32:20 user devstack@keystone.service[46587]: DEBUG keystone.server.flask.request_processing.req_logging [None req-113a47eb-6fb2-40ef-a4a4-716027e8639d None admin] PATH_INFO: `/v3/roles/member` {{(pid=46587) log_request_info /opt/stack/keystone/keystone/server/flask/request_processing/req_logging.py:29}}
Nov 10 14:32:20 user devstack@keystone.service[46587]: DEBUG keystone.common.rbac_enforcer.enforcer [None req-113a47eb-6fb2-40ef-a4a4-716027e8639d None admin] Extracting inferred target data resulted in "NOT FOUND (404)". {{(pid=46587) enforce_call /opt/stack/keystone/keystone/common/rbac_enforcer/enforcer.py:409}}
Nov 10 14:32:20 user devstack@keystone.service[46587]: ERROR keystone.server.flask.application [None req-113a47eb-6fb2-40ef-a4a4-716027e8639d None admin] Could not find role: member.: keystone.exception.RoleNotFound: Could not find role: member.
Nov 10 14:32:20 user devstack@keystone.service[46587]: ERROR keystone.server.flask.application
Traceback (most recent call last):
Nov 10 14:32:20 user devstack@keystone.service[46587]: ERROR keystone.server.flask.application
File "/opt/stack/data/venv/lib/python3.10/site-packages/flask/app.py", line 1823, in full_dispatch_request
Nov 10 14:32:20 user devstack@keystone.service[46587]: ERROR keystone.server.flask.application rv = self.dispatch_request()
Nov 10 14:32:20 user devstack@keystone.service[46587]: ERROR keystone.server.flask.application
File "/opt/stack/data/venv/lib/python3.10/site-packages/flask/app.py", line 1799, in dispatch_request
Nov 10 14:32:20 user devstack@keystone.service[46587]: ERROR keystone.server.flask.application return self.ensure_sync(self.view_functions[rule.endpoint])(**view_args)
Nov 10 14:32:20 user devstack@keystone.service[46587]: ERROR keystone.server.flask.application
File "/opt/stack/data/venv/lib/python3.10/site-packages/flask_restful/__init__.py", line 489, in wrapper
Nov 10 14:32:20 user devstack@keystone.service[46587]: ERROR keystone.server.flask.application resp = resource(*args, **kwargs)
Nov 10 14:32:20 user devstack@keystone.service[46587]: ERROR keystone.server.flask.application
File "/opt/stack/data/venv/lib/python3.10/site-packages/flask/views.py", line 107, in view
Nov 10 14:32:20 user devstack@keystone.service[46587]: ERROR keystone.server.flask.application return current_app.ensure_sync(self.dispatch_request)(**kwargs)
Nov 10 14:32:20 user devstack@keystone.service[46587]: ERROR keystone.server.flask.application
File "/opt/stack/data/venv/lib/python3.10/site-packages/flask_restful/__init__.py", line 604, in dispatch_request
Nov 10 14:32:20 user devstack@keystone.service[46587]: ERROR keystone.server.flask.application resp = meth(*args, **kwargs)
Nov 10 14:32:20 user devstack@keystone.service[46587]: ERROR keystone.server.flask.application
File "/opt/stack/keystone/keystone/api/roles.py", line 50, in get
Nov 10 14:32:20 user devstack@keystone.service[46587]: ERROR keystone.server.flask.application return self._get_role(role_id)
Nov 10 14:32:20 user devstack@keystone.service[46587]: ERROR keystone.server.flask.application
File "/opt/stack/keystone/keystone/api/roles.py", line 70, in _get_role
Nov 10 14:32:20 user devstack@keystone.service[46587]: ERROR keystone.server.flask.application ENFORCER.enforce_call(action='identity:get_role')
Nov 10 14:32:20 user devstack@keystone.service[46587]: ERROR keystone.server.flask.application
File "/opt/stack/keystone/keystone/common/rbac_enforcer/enforcer.py", line 402, in enforce_call
Nov 10 14:32:20 user devstack@keystone.service[46587]: ERROR keystone.server.flask.application policy_dict.update(cls._extract_member_target_data(
Nov 10 14:32:20 user devstack@keystone.service[46587]: ERROR keystone.server.flask.application
File "/opt/stack/keystone/keystone/common/rbac_enforcer/enforcer.py", line 234, in _extract_member_target_data
Nov 10 14:32:20 user devstack@keystone.service[46587]: ERROR keystone.server.flask.application member_name: func(flask.request.view_args[key])
Nov 10 14:32:20 user devstack@keystone.service[46587]: ERROR keystone.server.flask.application
File "/opt/stack/keystone/keystone/common/manager.py", line 115, in wrapped
Nov 10 14:32:20 user devstack@keystone.service[46587]: ERROR keystone.server.flask.application __ret_val = __f(*args, **kwargs)
Nov 10 14:32:20 user devstack@keystone.service[46587]: ERROR keystone.server.flask.application
File "/opt/stack/data/venv/lib/python3.10/site-packages/decorator.py", line 232, in fun
Nov 10 14:32:20 user devstack@keystone.service[46587]: ERROR keystone.server.flask.application return caller(func, *(extras + args), **kw)
Nov 10 14:32:20 user devstack@keystone.service[46587]: ERROR keystone.server.flask.application
File "/opt/stack/data/venv/lib/python3.10/site-packages/dogpile/cache/region.py", line 1594, in get_or_create_for_user_func
Nov 10 14:32:20 user devstack@keystone.service[46587]: ERROR keystone.server.flask.application return self.get_or_create(
Nov 10 14:32:20 user devstack@keystone.service[46587]: ERROR keystone.server.flask.application
File "/opt/stack/data/venv/lib/python3.10/site-packages/dogpile/cache/region.py", line 1054, in get_or_create
Nov 10 14:32:20 user devstack@keystone.service[46587]: ERROR keystone.server.flask.application with Lock(
Nov 10 14:32:20 user devstack@keystone.service[46587]: ERROR keystone.server.flask.application
File "/opt/stack/data/venv/lib/python3.10/site-packages/dogpile/lock.py", line 185, in __enter__
Nov 10 14:32:20 user devstack@keystone.service[46587]: ERROR keystone.server.flask.application return self._enter()
Nov 10 14:32:20 user devstack@keystone.service[46587]: ERROR keystone.server.flask.application
File "/opt/stack/data/venv/lib/python3.10/site-packages/dogpile/lock.py", line 94, in _enter
Nov 10 14:32:20 user devstack@keystone.service[46587]: ERROR keystone.server.flask.application generated = self._enter_create(value, createdtime)
Nov 10 14:32:20 user devstack@keystone.service[46587]: ERROR keystone.server.flask.application
File "/opt/stack/data/venv/lib/python3.10/site-packages/dogpile/lock.py", line 178, in _enter_create
Nov 10 14:32:20 user devstack@keystone.service[46587]: ERROR keystone.server.flask.application return self.creator()
Nov 10 14:32:20 user devstack@keystone.service[46587]: ERROR keystone.server.flask.application
File "/opt/stack/data/venv/lib/python3.10/site-packages/dogpile/cache/region.py", line 1007, in gen_value
Nov 10 14:32:20 user devstack@keystone.service[46587]: ERROR keystone.server.flask.application created_value = creator(
Nov 10 14:32:20 user devstack@keystone.service[46587]: ERROR keystone.server.flask.application
File "/opt/stack/keystone/keystone/assignment/core.py", line 1276, in get_role
Nov 10 14:32:20 user devstack@keystone.service[46587]: ERROR keystone.server.flask.application return self.driver.get_role(role_id)
Nov 10 14:32:20 user devstack@keystone.service[46587]: ERROR keystone.server.flask.application
File "/opt/stack/keystone/keystone/assignment/role_backends/sql.py", line 70, in get_role
Nov 10 14:32:20 user devstack@keystone.service[46587]: ERROR keystone.server.flask.application return self._get_role(session, role_id).to_dict()
Nov 10 14:32:20 user devstack@keystone.service[46587]: ERROR keystone.server.flask.application
File "/opt/stack/keystone/keystone/assignment/role_backends/sql.py", line 65, in _get_role
Nov 10 14:32:20 user devstack@keystone.service[46587]: ERROR keystone.server.flask.application raise exception.RoleNotFound(role_id=role_id)
Nov 10 14:32:20 user devstack@keystone.service[46587]: ERROR keystone.server.flask.application keystone.exception.RoleNotFound: Could not find role: member.
Nov 10 14:32:20 user devstack@keystone.service[46587]: ERROR keystone.server.flask.application
Nov 10 14:32:20 user devstack@keystone.service[46587]: [pid: 46587|app: 0|req: 61/178] 10.0.0.210 () {56 vars in 1094 bytes} [Fri Nov 10 14:32:20 2023] GET /identity/v3/roles/member => generated 84 bytes in 148 msecs (HTTP/1.1 404) 5 headers in 183 bytes (1 switches on core 0)
Nov 10 14:32:20 user devstack@keystone.service[46586]: DEBUG keystone.server.flask.request_processing.middleware.auth_context [None req-ac6360f0-c4af-44f1-8ad1-695952885696 None None] Validating token access rules against request {{(pid=46586) validate_allowed_request /opt/stack/data/venv/lib/python3.10/site-packages/keystonemiddleware/auth_token/__init__.py:544}}
Nov 10 14:32:20 user devstack@keystone.service[46588]: DEBUG keystone.server.flask.request_processing.middleware.auth_context [None req-4f5e371e-f6b2-460a-beb2-342df3e71cc5 None None] Authenticating user token {{(pid=46588) process_request /opt/stack/data/venv/lib/python3.10/site-packages/keystonemiddleware/auth_token/__init__.py:406}}
Nov 10 14:32:20 user devstack@keystone.service[46586]: DEBUG keystone.server.flask.request_processing.middleware.auth_context [None req-420ba864-767e-441f-b3e1-c8853e213361 None admin] RBAC: auth_context: {'token': , 'domain_id': None, 'trust_id': None, 'trustor_id': None, 'trustee_id': None, 'domain_name': None, 'group_ids': [], 'user_id': 'c463d423da5949f78e21e379560161ab', 'user_domain_id': 'default', 'system_scope': 'all', 'project_id': None, 'project_domain_id': None, 'roles': ['admin', 'manager', 'member', 'reader'], 'is_admin_project': True, 'service_user_id': None, 'service_user_domain_id': None, 'service_project_id': None, 'service_project_domain_id': None, 'service_roles': []} {{(pid=46586) fill_context /opt/stack/keystone/keystone/server/flask/request_processing/middleware/auth_context.py:480}}
Nov 10 14:32:20 user devstack@keystone.service[46586]: DEBUG keystone.server.flask.request_processing.req_logging [None req-420ba864-767e-441f-b3e1-c8853e213361 None admin] REQUEST_METHOD: `GET` {{(pid=46586) log_request_info /opt/stack/keystone/keystone/server/flask/request_processing/req_logging.py:27}}
Nov 10 14:32:20 user devstack@keystone.service[46586]: DEBUG keystone.server.flask.request_processing.req_logging [None req-420ba864-767e-441f-b3e1-c8853e213361 None admin] SCRIPT_NAME: `/identity` {{(pid=46586) log_request_info /opt/stack/keystone/keystone/server/flask/request_processing/req_logging.py:28}}
Nov 10 14:32:20 user devstack@keystone.service[46586]: DEBUG keystone.server.flask.request_processing.req_logging [None req-420ba864-767e-441f-b3e1-c8853e213361 None admin] PATH_INFO: `/v3/domains/default` {{(pid=46586) log_request_info /opt/stack/keystone/keystone/server/flask/request_processing/req_logging.py:29}}
Nov 10 14:32:20 user devstack@keystone.service[46586]: DEBUG keystone.common.rbac_enforcer.enforcer [None req-420ba864-767e-441f-b3e1-c8853e213361 None admin] RBAC: Authorizing `identity:get_domain(domain_id=default)` {{(pid=46586) enforce_call /opt/stack/keystone/keystone/common/rbac_enforcer/enforcer.py:449}}
Nov 10 14:32:20 user devstack@keystone.service[46586]: DEBUG keystone.common.rbac_enforcer.enforcer [None req-420ba864-767e-441f-b3e1-c8853e213361 None admin] RBAC: Authorization granted {{(pid=46586) enforce_call /opt/stack/keystone/keystone/common/rbac_enforcer/enforcer.py:457}}
Nov 10 14:32:20 user devstack@keystone.service[46586]: [pid: 46586|app: 0|req: 60/179] 10.0.0.210 () {56 vars in 1103 bytes} [Fri Nov 10 14:32:20 2023] GET /identity/v3/domains/default => generated 198 bytes in 142 msecs (HTTP/1.1 200) 5 headers in 177 bytes (1 switches on core 0)
Nov 10 14:32:20 user devstack@keystone.service[46587]: DEBUG keystone.server.flask.request_processing.middleware.auth_context [None req-113a47eb-6fb2-40ef-a4a4-716027e8639d None admin] Authenticating user token {{(pid=46587) process_request /opt/stack/data/venv/lib/python3.10/site-packages/keystonemiddleware/auth_token/__init__.py:406}}
Nov 10 14:32:20 user devstack@keystone.service[46588]: DEBUG keystone.server.flask.request_processing.middleware.auth_context [None req-4f5e371e-f6b2-460a-beb2-342df3e71cc5 None None] Validating token access rules against request {{(pid=46588) validate_allowed_request /opt/stack/data/venv/lib/python3.10/site-packages/keystonemiddleware/auth_token/__init__.py:544}}
Nov 10 14:32:20 user devstack@keystone.service[46588]: DEBUG keystone.server.flask.request_processing.middleware.auth_context [None req-5d9ae505-3807-4334-9d80-9596ca91eb1e None admin] RBAC: auth_context: {'token': , 'domain_id': None, 'trust_id': None, 'trustor_id': None, 'trustee_id': None, 'domain_name': None, 'group_ids': [], 'user_id': 'c463d423da5949f78e21e379560161ab', 'user_domain_id': 'default', 'system_scope': 'all', 'project_id': None, 'project_domain_id': None, 'roles': ['admin', 'manager', 'member', 'reader'], 'is_admin_project': True, 'service_user_id': None, 'service_user_domain_id': None, 'service_project_id': None, 'service_project_domain_id': None, 'service_roles': []} {{(pid=46588) fill_context /opt/stack/keystone/keystone/server/flask/request_processing/middleware/auth_context.py:480}}
Nov 10 14:32:20 user devstack@keystone.service[46588]: DEBUG keystone.server.flask.request_processing.req_logging [None req-5d9ae505-3807-4334-9d80-9596ca91eb1e None admin] REQUEST_METHOD: `GET` {{(pid=46588) log_request_info /opt/stack/keystone/keystone/server/flask/request_processing/req_logging.py:27}}
Nov 10 14:32:20 user devstack@keystone.service[46588]: DEBUG keystone.server.flask.request_processing.req_logging [None req-5d9ae505-3807-4334-9d80-9596ca91eb1e None admin] SCRIPT_NAME: `/identity` {{(pid=46588) log_request_info /opt/stack/keystone/keystone/server/flask/request_processing/req_logging.py:28}}
Nov 10 14:32:20 user devstack@keystone.service[46588]: DEBUG keystone.server.flask.request_processing.req_logging [None req-5d9ae505-3807-4334-9d80-9596ca91eb1e None admin] PATH_INFO: `/v3/roles` {{(pid=46588) log_request_info /opt/stack/keystone/keystone/server/flask/request_processing/req_logging.py:29}}
Nov 10 14:32:20 user devstack@keystone.service[46588]: DEBUG keystone.common.rbac_enforcer.enforcer [None req-5d9ae505-3807-4334-9d80-9596ca91eb1e None admin] RBAC: Adding query filter params (name=member) {{(pid=46588) _extract_filter_values /opt/stack/keystone/keystone/common/rbac_enforcer/enforcer.py:167}}
Nov 10 14:32:20 user devstack@keystone.service[46588]: DEBUG keystone.common.rbac_enforcer.enforcer [None req-5d9ae505-3807-4334-9d80-9596ca91eb1e None admin] RBAC: Authorizing `identity:list_roles()` {{(pid=46588) enforce_call /opt/stack/keystone/keystone/common/rbac_enforcer/enforcer.py:449}}
Nov 10 14:32:20 user devstack@keystone.service[46588]: DEBUG keystone.common.rbac_enforcer.enforcer [None req-5d9ae505-3807-4334-9d80-9596ca91eb1e None admin] RBAC: Authorization granted {{(pid=46588) enforce_call /opt/stack/keystone/keystone/common/rbac_enforcer/enforcer.py:457}}
Nov 10 14:32:20 user devstack@keystone.service[46588]: [pid: 46588|app: 0|req: 59/180] 10.0.0.210 () {56 vars in 1096 bytes} [Fri Nov 10 14:32:20 2023] GET /identity/v3/roles?name=member => generated 339 bytes in 147 msecs (HTTP/1.1 200) 5 headers in 177 bytes (1 switches on core 0)
Nov 10 14:32:20 user devstack@keystone.service[46586]: DEBUG keystone.server.flask.request_processing.middleware.auth_context [None req-420ba864-767e-441f-b3e1-c8853e213361 None admin] Authenticating user token {{(pid=46586) process_request /opt/stack/data/venv/lib/python3.10/site-packages/keystonemiddleware/auth_token/__init__.py:406}}
Nov 10 14:32:20 user devstack@keystone.service[46587]: DEBUG keystone.server.flask.request_processing.middleware.auth_context [None req-113a47eb-6fb2-40ef-a4a4-716027e8639d None admin] Validating token access rules against request {{(pid=46587) validate_allowed_request /opt/stack/data/venv/lib/python3.10/site-packages/keystonemiddleware/auth_token/__init__.py:544}}
Nov 10 14:32:20 user devstack@keystone.service[46587]: DEBUG keystone.server.flask.request_processing.middleware.auth_context [None req-9a9f96b6-c5a9-4739-9390-01a0c6393b99 None admin] RBAC: auth_context: {'token': , 'domain_id': None, 'trust_id': None, 'trustor_id': None, 'trustee_id': None, 'domain_name': None, 'group_ids': [], 'user_id': 'c463d423da5949f78e21e379560161ab', 'user_domain_id': 'default', 'system_scope': 'all', 'project_id': None, 'project_domain_id': None, 'roles': ['admin', 'manager', 'member', 'reader'], 'is_admin_project': True, 'service_user_id': None, 'service_user_domain_id': None, 'service_project_id': None, 'service_project_domain_id': None, 'service_roles': []} {{(pid=46587) fill_context /opt/stack/keystone/keystone/server/flask/request_processing/middleware/auth_context.py:480}}
Nov 10 14:32:20 user devstack@keystone.service[46587]: DEBUG keystone.server.flask.request_processing.req_logging [None req-9a9f96b6-c5a9-4739-9390-01a0c6393b99 None admin] REQUEST_METHOD: `POST` {{(pid=46587) log_request_info /opt/stack/keystone/keystone/server/flask/request_processing/req_logging.py:27}}
Nov 10 14:32:20 user devstack@keystone.service[46587]: DEBUG keystone.server.flask.request_processing.req_logging [None req-9a9f96b6-c5a9-4739-9390-01a0c6393b99 None admin] SCRIPT_NAME: `/identity` {{(pid=46587) log_request_info /opt/stack/keystone/keystone/server/flask/request_processing/req_logging.py:28}}
Nov 10 14:32:20 user devstack@keystone.service[46587]: DEBUG keystone.server.flask.request_processing.req_logging [None req-9a9f96b6-c5a9-4739-9390-01a0c6393b99 None admin] PATH_INFO: `/v3/users` {{(pid=46587) log_request_info /opt/stack/keystone/keystone/server/flask/request_processing/req_logging.py:29}}
Nov 10 14:32:20 user devstack@keystone.service[46587]: DEBUG keystone.common.rbac_enforcer.enforcer [None req-9a9f96b6-c5a9-4739-9390-01a0c6393b99 None admin] RBAC: Authorizing `identity:create_user()` {{(pid=46587) enforce_call /opt/stack/keystone/keystone/common/rbac_enforcer/enforcer.py:449}}
Nov 10 14:32:20 user devstack@keystone.service[46587]: DEBUG keystone.common.rbac_enforcer.enforcer [None req-9a9f96b6-c5a9-4739-9390-01a0c6393b99 None admin] RBAC: Authorization granted {{(pid=46587) enforce_call /opt/stack/keystone/keystone/common/rbac_enforcer/enforcer.py:457}}
