Nov 10 14:35:39 user devstack@n-api.service[65287]: DEBUG nova.context [None req-cffef666-6dfa-4677-ae0f-ad278fa0a6bc None None] Found 2 cells: 00000000-0000-0000-0000-000000000000(cell0),3d1fc4dd-533c-4304-b8a6-0798647a4d34(cell1) {{(pid=65287) load_cells /opt/stack/nova/nova/context.py:464}}
Nov 10 14:35:39 user devstack@n-api.service[65287]: DEBUG oslo_concurrency.lockutils [None req-cffef666-6dfa-4677-ae0f-ad278fa0a6bc None None] Acquiring lock "00000000-0000-0000-0000-000000000000" by "nova.context.set_target_cell..get_or_set_cached_cell_and_set_connections" {{(pid=65287) inner /opt/stack/data/venv/lib/python3.10/site-packages/oslo_concurrency/lockutils.py:404}}
Nov 10 14:35:39 user devstack@n-api.service[65287]: DEBUG oslo_concurrency.lockutils [None req-cffef666-6dfa-4677-ae0f-ad278fa0a6bc None None] Lock "00000000-0000-0000-0000-000000000000" acquired by "nova.context.set_target_cell..get_or_set_cached_cell_and_set_connections" :: waited 0.000s {{(pid=65287) inner /opt/stack/data/venv/lib/python3.10/site-packages/oslo_concurrency/lockutils.py:409}}
Nov 10 14:35:39 user devstack@n-api.service[65287]: DEBUG oslo_concurrency.lockutils [None req-cffef666-6dfa-4677-ae0f-ad278fa0a6bc None None] Lock "00000000-0000-0000-0000-000000000000" "released" by "nova.context.set_target_cell..get_or_set_cached_cell_and_set_connections" :: held 0.001s {{(pid=65287) inner /opt/stack/data/venv/lib/python3.10/site-packages/oslo_concurrency/lockutils.py:423}}
Nov 10 14:35:39 user devstack@n-api.service[65287]: DEBUG oslo_concurrency.lockutils [None req-cffef666-6dfa-4677-ae0f-ad278fa0a6bc None None] Acquiring lock "3d1fc4dd-533c-4304-b8a6-0798647a4d34" by "nova.context.set_target_cell..get_or_set_cached_cell_and_set_connections" {{(pid=65287) inner /opt/stack/data/venv/lib/python3.10/site-packages/oslo_concurrency/lockutils.py:404}}
Nov 10 14:35:39 user devstack@n-api.service[65287]: DEBUG oslo_concurrency.lockutils [None req-cffef666-6dfa-4677-ae0f-ad278fa0a6bc None None] Lock "3d1fc4dd-533c-4304-b8a6-0798647a4d34" acquired by "nova.context.set_target_cell..get_or_set_cached_cell_and_set_connections" :: waited 0.000s {{(pid=65287) inner /opt/stack/data/venv/lib/python3.10/site-packages/oslo_concurrency/lockutils.py:409}}
Nov 10 14:35:39 user devstack@n-api.service[65287]: DEBUG oslo_concurrency.lockutils [None req-cffef666-6dfa-4677-ae0f-ad278fa0a6bc None None] Lock "3d1fc4dd-533c-4304-b8a6-0798647a4d34" "released" by "nova.context.set_target_cell..get_or_set_cached_cell_and_set_connections" :: held 0.001s {{(pid=65287) inner /opt/stack/data/venv/lib/python3.10/site-packages/oslo_concurrency/lockutils.py:423}}
Nov 10 14:35:39 user devstack@n-api.service[65287]: INFO dbcounter [None req-cffef666-6dfa-4677-ae0f-ad278fa0a6bc None None] Registered counter for database nova_cell0
Nov 10 14:35:39 user devstack@n-api.service[65287]: INFO dbcounter [None req-cffef666-6dfa-4677-ae0f-ad278fa0a6bc None None] Registered counter for database nova_cell1
Nov 10 14:35:39 user devstack@n-api.service[65289]: DEBUG nova.context [None req-335d5e25-e196-49dc-8bd3-eb6bffe11edb None None] Found 2 cells: 00000000-0000-0000-0000-000000000000(cell0),3d1fc4dd-533c-4304-b8a6-0798647a4d34(cell1) {{(pid=65289) load_cells /opt/stack/nova/nova/context.py:464}}
Nov 10 14:35:39 user devstack@n-api.service[65287]: DEBUG oslo_db.sqlalchemy.engines [None req-cffef666-6dfa-4677-ae0f-ad278fa0a6bc None None] MySQL server mode set to STRICT_TRANS_TABLES,STRICT_ALL_TABLES,NO_ZERO_IN_DATE,NO_ZERO_DATE,ERROR_FOR_DIVISION_BY_ZERO,TRADITIONAL,NO_ENGINE_SUBSTITUTION {{(pid=65287) _check_effective_sql_mode /opt/stack/data/venv/lib/python3.10/site-packages/oslo_db/sqlalchemy/engines.py:342}}
Nov 10 14:35:39 user devstack@n-api.service[65289]: DEBUG oslo_concurrency.lockutils [None req-335d5e25-e196-49dc-8bd3-eb6bffe11edb None None] Acquiring lock "00000000-0000-0000-0000-000000000000" by "nova.context.set_target_cell..get_or_set_cached_cell_and_set_connections" {{(pid=65289) inner /opt/stack/data/venv/lib/python3.10/site-packages/oslo_concurrency/lockutils.py:404}}
Nov 10 14:35:39 user devstack@n-api.service[65289]: DEBUG oslo_concurrency.lockutils [None req-335d5e25-e196-49dc-8bd3-eb6bffe11edb None None] Lock "00000000-0000-0000-0000-000000000000" acquired by "nova.context.set_target_cell..get_or_set_cached_cell_and_set_connections" :: waited 0.000s {{(pid=65289) inner /opt/stack/data/venv/lib/python3.10/site-packages/oslo_concurrency/lockutils.py:409}}
Nov 10 14:35:39 user devstack@n-api.service[65288]: INFO dbcounter [None req-c0e8f985-84b0-44a3-aa13-ecc69f966f20 None None] Registered counter for database nova_api
Nov 10 14:35:39 user devstack@n-api.service[65289]: DEBUG oslo_concurrency.lockutils [None req-335d5e25-e196-49dc-8bd3-eb6bffe11edb None None] Lock "00000000-0000-0000-0000-000000000000" "released" by "nova.context.set_target_cell..get_or_set_cached_cell_and_set_connections" :: held 0.001s {{(pid=65289) inner /opt/stack/data/venv/lib/python3.10/site-packages/oslo_concurrency/lockutils.py:423}}
Nov 10 14:35:39 user devstack@n-api.service[65289]: DEBUG oslo_concurrency.lockutils [None req-335d5e25-e196-49dc-8bd3-eb6bffe11edb None None] Acquiring lock "3d1fc4dd-533c-4304-b8a6-0798647a4d34" by "nova.context.set_target_cell..get_or_set_cached_cell_and_set_connections" {{(pid=65289) inner /opt/stack/data/venv/lib/python3.10/site-packages/oslo_concurrency/lockutils.py:404}}
Nov 10 14:35:39 user devstack@n-api.service[65289]: DEBUG oslo_concurrency.lockutils [None req-335d5e25-e196-49dc-8bd3-eb6bffe11edb None None] Lock "3d1fc4dd-533c-4304-b8a6-0798647a4d34" acquired by "nova.context.set_target_cell..get_or_set_cached_cell_and_set_connections" :: waited 0.000s {{(pid=65289) inner /opt/stack/data/venv/lib/python3.10/site-packages/oslo_concurrency/lockutils.py:409}}
Nov 10 14:35:39 user devstack@n-api.service[65287]: DEBUG oslo_db.sqlalchemy.engines [None req-cffef666-6dfa-4677-ae0f-ad278fa0a6bc None None] MySQL server mode set to STRICT_TRANS_TABLES,STRICT_ALL_TABLES,NO_ZERO_IN_DATE,NO_ZERO_DATE,ERROR_FOR_DIVISION_BY_ZERO,TRADITIONAL,NO_ENGINE_SUBSTITUTION {{(pid=65287) _check_effective_sql_mode /opt/stack/data/venv/lib/python3.10/site-packages/oslo_db/sqlalchemy/engines.py:342}}
Nov 10 14:35:39 user devstack@n-api.service[65289]: DEBUG oslo_concurrency.lockutils [None req-335d5e25-e196-49dc-8bd3-eb6bffe11edb None None] Lock "3d1fc4dd-533c-4304-b8a6-0798647a4d34" "released" by "nova.context.set_target_cell..get_or_set_cached_cell_and_set_connections" :: held 0.001s {{(pid=65289) inner /opt/stack/data/venv/lib/python3.10/site-packages/oslo_concurrency/lockutils.py:423}}
Nov 10 14:35:39 user devstack@n-api.service[65287]: DEBUG dbcounter [-] [65287] Writer thread running {{(pid=65287) stat_writer /opt/stack/data/venv/lib/python3.10/site-packages/dbcounter.py:102}}
Nov 10 14:35:39 user devstack@n-api.service[65289]: INFO dbcounter [None req-335d5e25-e196-49dc-8bd3-eb6bffe11edb None None] Registered counter for database nova_cell0
Nov 10 14:35:39 user devstack@n-api.service[65289]: INFO dbcounter [None req-335d5e25-e196-49dc-8bd3-eb6bffe11edb None None] Registered counter for database nova_cell1
Nov 10 14:35:39 user devstack@n-api.service[65289]: DEBUG oslo_db.sqlalchemy.engines [None req-335d5e25-e196-49dc-8bd3-eb6bffe11edb None None] MySQL server mode set to STRICT_TRANS_TABLES,STRICT_ALL_TABLES,NO_ZERO_IN_DATE,NO_ZERO_DATE,ERROR_FOR_DIVISION_BY_ZERO,TRADITIONAL,NO_ENGINE_SUBSTITUTION {{(pid=65289) _check_effective_sql_mode /opt/stack/data/venv/lib/python3.10/site-packages/oslo_db/sqlalchemy/engines.py:342}}
Nov 10 14:35:39 user devstack@n-api.service[65289]: DEBUG dbcounter [-] [65289] Writer thread running {{(pid=65289) stat_writer /opt/stack/data/venv/lib/python3.10/site-packages/dbcounter.py:102}}
Nov 10 14:35:39 user devstack@n-api.service[65288]: DEBUG oslo_db.sqlalchemy.engines [None req-c0e8f985-84b0-44a3-aa13-ecc69f966f20 None None] MySQL server mode set to STRICT_TRANS_TABLES,STRICT_ALL_TABLES,NO_ZERO_IN_DATE,NO_ZERO_DATE,ERROR_FOR_DIVISION_BY_ZERO,TRADITIONAL,NO_ENGINE_SUBSTITUTION {{(pid=65288) _check_effective_sql_mode /opt/stack/data/venv/lib/python3.10/site-packages/oslo_db/sqlalchemy/engines.py:342}}
Nov 10 14:35:39 user devstack@n-api.service[65288]: DEBUG dbcounter [-] [65288] Writer thread running {{(pid=65288) stat_writer /opt/stack/data/venv/lib/python3.10/site-packages/dbcounter.py:102}}
Nov 10 14:35:39 user devstack@n-api.service[65288]: DEBUG nova.context [None req-c0e8f985-84b0-44a3-aa13-ecc69f966f20 None None] Found 2 cells: 00000000-0000-0000-0000-000000000000(cell0),3d1fc4dd-533c-4304-b8a6-0798647a4d34(cell1) {{(pid=65288) load_cells /opt/stack/nova/nova/context.py:464}}
Nov 10 14:35:39 user devstack@n-api.service[65288]: DEBUG oslo_concurrency.lockutils [None req-c0e8f985-84b0-44a3-aa13-ecc69f966f20 None None] Acquiring lock "00000000-0000-0000-0000-000000000000" by "nova.context.set_target_cell..get_or_set_cached_cell_and_set_connections" {{(pid=65288) inner /opt/stack/data/venv/lib/python3.10/site-packages/oslo_concurrency/lockutils.py:404}}
Nov 10 14:35:39 user devstack@n-api.service[65288]: DEBUG oslo_concurrency.lockutils [None req-c0e8f985-84b0-44a3-aa13-ecc69f966f20 None None] Lock "00000000-0000-0000-0000-000000000000" acquired by "nova.context.set_target_cell..get_or_set_cached_cell_and_set_connections" :: waited 0.001s {{(pid=65288) inner /opt/stack/data/venv/lib/python3.10/site-packages/oslo_concurrency/lockutils.py:409}}
Nov 10 14:35:39 user devstack@n-api.service[65288]: DEBUG oslo_concurrency.lockutils [None req-c0e8f985-84b0-44a3-aa13-ecc69f966f20 None None] Lock "00000000-0000-0000-0000-000000000000" "released" by "nova.context.set_target_cell..get_or_set_cached_cell_and_set_connections" :: held 0.001s {{(pid=65288) inner /opt/stack/data/venv/lib/python3.10/site-packages/oslo_concurrency/lockutils.py:423}}
Nov 10 14:35:39 user devstack@n-api.service[65288]: DEBUG oslo_concurrency.lockutils [None req-c0e8f985-84b0-44a3-aa13-ecc69f966f20 None None] Acquiring lock "3d1fc4dd-533c-4304-b8a6-0798647a4d34" by "nova.context.set_target_cell..get_or_set_cached_cell_and_set_connections" {{(pid=65288) inner /opt/stack/data/venv/lib/python3.10/site-packages/oslo_concurrency/lockutils.py:404}}
Nov 10 14:35:39 user devstack@n-api.service[65288]: DEBUG oslo_concurrency.lockutils [None req-c0e8f985-84b0-44a3-aa13-ecc69f966f20 None None] Lock "3d1fc4dd-533c-4304-b8a6-0798647a4d34" acquired by "nova.context.set_target_cell..get_or_set_cached_cell_and_set_connections" :: waited 0.000s {{(pid=65288) inner /opt/stack/data/venv/lib/python3.10/site-packages/oslo_concurrency/lockutils.py:409}}
Nov 10 14:35:39 user devstack@n-api.service[65288]: DEBUG oslo_concurrency.lockutils [None req-c0e8f985-84b0-44a3-aa13-ecc69f966f20 None None] Lock "3d1fc4dd-533c-4304-b8a6-0798647a4d34" "released" by "nova.context.set_target_cell..get_or_set_cached_cell_and_set_connections" :: held 0.002s {{(pid=65288) inner /opt/stack/data/venv/lib/python3.10/site-packages/oslo_concurrency/lockutils.py:423}}
Nov 10 14:35:39 user devstack@n-api.service[65288]: INFO dbcounter [None req-c0e8f985-84b0-44a3-aa13-ecc69f966f20 None None] Registered counter for database nova_cell0
Nov 10 14:35:39 user devstack@n-api.service[65287]: DEBUG dbcounter [-] [65287] Writer thread running {{(pid=65287) stat_writer /opt/stack/data/venv/lib/python3.10/site-packages/dbcounter.py:102}}
Nov 10 14:35:39 user devstack@n-api.service[65288]: INFO dbcounter [None req-c0e8f985-84b0-44a3-aa13-ecc69f966f20 None None] Registered counter for database nova_cell1
Nov 10 14:35:39 user devstack@n-api.service[65287]: INFO dbcounter [None req-cffef666-6dfa-4677-ae0f-ad278fa0a6bc None None] Registered counter for database nova_cell0
Nov 10 14:35:39 user devstack@n-api.service[65288]: DEBUG oslo_db.sqlalchemy.engines [None req-c0e8f985-84b0-44a3-aa13-ecc69f966f20 None None] MySQL server mode set to STRICT_TRANS_TABLES,STRICT_ALL_TABLES,NO_ZERO_IN_DATE,NO_ZERO_DATE,ERROR_FOR_DIVISION_BY_ZERO,TRADITIONAL,NO_ENGINE_SUBSTITUTION {{(pid=65288) _check_effective_sql_mode /opt/stack/data/venv/lib/python3.10/site-packages/oslo_db/sqlalchemy/engines.py:342}}
Nov 10 14:35:39 user devstack@n-api.service[65288]: DEBUG dbcounter [-] [65288] Writer thread running {{(pid=65288) stat_writer /opt/stack/data/venv/lib/python3.10/site-packages/dbcounter.py:102}}
Nov 10 14:35:39 user devstack@n-api.service[65288]: DEBUG oslo_db.sqlalchemy.engines [None req-c0e8f985-84b0-44a3-aa13-ecc69f966f20 None None] MySQL server mode set to STRICT_TRANS_TABLES,STRICT_ALL_TABLES,NO_ZERO_IN_DATE,NO_ZERO_DATE,ERROR_FOR_DIVISION_BY_ZERO,TRADITIONAL,NO_ENGINE_SUBSTITUTION {{(pid=65288) _check_effective_sql_mode /opt/stack/data/venv/lib/python3.10/site-packages/oslo_db/sqlalchemy/engines.py:342}}
Nov 10 14:35:39 user devstack@n-api.service[65289]: DEBUG oslo_db.sqlalchemy.engines [None req-335d5e25-e196-49dc-8bd3-eb6bffe11edb None None] MySQL server mode set to STRICT_TRANS_TABLES,STRICT_ALL_TABLES,NO_ZERO_IN_DATE,NO_ZERO_DATE,ERROR_FOR_DIVISION_BY_ZERO,TRADITIONAL,NO_ENGINE_SUBSTITUTION {{(pid=65289) _check_effective_sql_mode /opt/stack/data/venv/lib/python3.10/site-packages/oslo_db/sqlalchemy/engines.py:342}}
Nov 10 14:35:39 user devstack@n-api.service[65289]: DEBUG dbcounter [-] [65289] Writer thread running {{(pid=65289) stat_writer /opt/stack/data/venv/lib/python3.10/site-packages/dbcounter.py:102}}
Nov 10 14:35:39 user devstack@n-api.service[65287]: DEBUG oslo_db.sqlalchemy.engines [None req-cffef666-6dfa-4677-ae0f-ad278fa0a6bc None None] MySQL server mode set to STRICT_TRANS_TABLES,STRICT_ALL_TABLES,NO_ZERO_IN_DATE,NO_ZERO_DATE,ERROR_FOR_DIVISION_BY_ZERO,TRADITIONAL,NO_ENGINE_SUBSTITUTION {{(pid=65287) _check_effective_sql_mode /opt/stack/data/venv/lib/python3.10/site-packages/oslo_db/sqlalchemy/engines.py:342}}
Nov 10 14:35:39 user devstack@n-api.service[65289]: INFO dbcounter [None req-335d5e25-e196-49dc-8bd3-eb6bffe11edb None None] Registered counter for database nova_cell0
Nov 10 14:35:39 user devstack@n-api.service[65287]: DEBUG dbcounter [-] [65287] Writer thread running {{(pid=65287) stat_writer /opt/stack/data/venv/lib/python3.10/site-packages/dbcounter.py:102}}
Nov 10 14:35:39 user devstack@n-api.service[65289]: DEBUG oslo_db.sqlalchemy.engines [None req-335d5e25-e196-49dc-8bd3-eb6bffe11edb None None] MySQL server mode set to STRICT_TRANS_TABLES,STRICT_ALL_TABLES,NO_ZERO_IN_DATE,NO_ZERO_DATE,ERROR_FOR_DIVISION_BY_ZERO,TRADITIONAL,NO_ENGINE_SUBSTITUTION {{(pid=65289) _check_effective_sql_mode /opt/stack/data/venv/lib/python3.10/site-packages/oslo_db/sqlalchemy/engines.py:342}}
Nov 10 14:35:39 user devstack@n-api.service[65289]: DEBUG dbcounter [-] [65289] Writer thread running {{(pid=65289) stat_writer /opt/stack/data/venv/lib/python3.10/site-packages/dbcounter.py:102}}
Nov 10 14:35:39 user devstack@n-api.service[65288]: DEBUG dbcounter [-] [65288] Writer thread running {{(pid=65288) stat_writer /opt/stack/data/venv/lib/python3.10/site-packages/dbcounter.py:102}}
Nov 10 14:35:39 user devstack@n-api.service[65288]: INFO dbcounter [None req-c0e8f985-84b0-44a3-aa13-ecc69f966f20 None None] Registered counter for database nova_cell0
Nov 10 14:35:39 user devstack@n-api.service[65288]: DEBUG oslo_db.sqlalchemy.engines [None req-c0e8f985-84b0-44a3-aa13-ecc69f966f20 None None] MySQL server mode set to STRICT_TRANS_TABLES,STRICT_ALL_TABLES,NO_ZERO_IN_DATE,NO_ZERO_DATE,ERROR_FOR_DIVISION_BY_ZERO,TRADITIONAL,NO_ENGINE_SUBSTITUTION {{(pid=65288) _check_effective_sql_mode /opt/stack/data/venv/lib/python3.10/site-packages/oslo_db/sqlalchemy/engines.py:342}}
Nov 10 14:35:39 user devstack@n-api.service[65288]: DEBUG dbcounter [-] [65288] Writer thread running {{(pid=65288) stat_writer /opt/stack/data/venv/lib/python3.10/site-packages/dbcounter.py:102}}
Nov 10 14:35:40 user devstack@n-api.service[65287]: WARNING keystonemiddleware.auth_token [None req-cffef666-6dfa-4677-ae0f-ad278fa0a6bc None None] AuthToken middleware is set with keystone_authtoken.service_token_roles_required set to False. This is backwards compatible but deprecated behaviour. Please set this to True.
Nov 10 14:35:40 user devstack@n-api.service[65287]: WARNING keystonemiddleware.auth_token [None req-cffef666-6dfa-4677-ae0f-ad278fa0a6bc None None] Configuring www_authenticate_uri to point to the public identity endpoint is required; clients may not be able to authenticate against an admin endpoint
Nov 10 14:35:40 user devstack@n-api.service[65289]: WARNING keystonemiddleware.auth_token [None req-335d5e25-e196-49dc-8bd3-eb6bffe11edb None None] AuthToken middleware is set with keystone_authtoken.service_token_roles_required set to False. This is backwards compatible but deprecated behaviour. Please set this to True.
Nov 10 14:35:40 user devstack@n-api.service[65289]: WARNING keystonemiddleware.auth_token [None req-335d5e25-e196-49dc-8bd3-eb6bffe11edb None None] Configuring www_authenticate_uri to point to the public identity endpoint is required; clients may not be able to authenticate against an admin endpoint
Nov 10 14:35:40 user devstack@n-api.service[65287]: WARNING keystonemiddleware.auth_token [None req-cffef666-6dfa-4677-ae0f-ad278fa0a6bc None None] AuthToken middleware is set with keystone_authtoken.service_token_roles_required set to False. This is backwards compatible but deprecated behaviour. Please set this to True.
Nov 10 14:35:40 user devstack@n-api.service[65287]: WARNING keystonemiddleware.auth_token [None req-cffef666-6dfa-4677-ae0f-ad278fa0a6bc None None] Configuring www_authenticate_uri to point to the public identity endpoint is required; clients may not be able to authenticate against an admin endpoint
Nov 10 14:35:40 user devstack@n-api.service[65287]: WSGI app 0 (mountpoint='') ready in 5 seconds on interpreter 0x55c41d541b90 pid: 65287 (default app)
Nov 10 14:35:40 user devstack@n-api.service[65287]: DEBUG nova.api.openstack.wsgi [None req-cffef666-6dfa-4677-ae0f-ad278fa0a6bc None None] Calling method '>' {{(pid=65287) _process_stack /opt/stack/nova/nova/api/openstack/wsgi.py:513}}
Nov 10 14:35:40 user devstack@n-api.service[65287]: INFO nova.api.openstack.requestlog [None req-cffef666-6dfa-4677-ae0f-ad278fa0a6bc None None] 10.0.0.210 "GET /compute/v2.1/" status: 200 len: 387 microversion: 2.1 time: 0.001648
Nov 10 14:35:40 user devstack@n-api.service[65287]: [pid: 65287|app: 0|req: 1/1] 10.0.0.210 () {50 vars in 783 bytes} [Fri Nov 10 14:35:40 2023] GET /compute/v2.1/ => generated 387 bytes in 3 msecs (HTTP/1.1 200) 9 headers in 357 bytes (1 switches on core 0)
Nov 10 14:35:40 user devstack@n-api.service[65288]: WARNING keystonemiddleware.auth_token [None req-c0e8f985-84b0-44a3-aa13-ecc69f966f20 None None] AuthToken middleware is set with keystone_authtoken.service_token_roles_required set to False. This is backwards compatible but deprecated behaviour. Please set this to True.
Nov 10 14:35:40 user devstack@n-api.service[65288]: WARNING keystonemiddleware.auth_token [None req-c0e8f985-84b0-44a3-aa13-ecc69f966f20 None None] Configuring www_authenticate_uri to point to the public identity endpoint is required; clients may not be able to authenticate against an admin endpoint
Nov 10 14:35:40 user devstack@n-api.service[65289]: WARNING keystonemiddleware.auth_token [None req-335d5e25-e196-49dc-8bd3-eb6bffe11edb None None] AuthToken middleware is set with keystone_authtoken.service_token_roles_required set to False. This is backwards compatible but deprecated behaviour. Please set this to True.
Nov 10 14:35:40 user devstack@n-api.service[65289]: WARNING keystonemiddleware.auth_token [None req-335d5e25-e196-49dc-8bd3-eb6bffe11edb None None] Configuring www_authenticate_uri to point to the public identity endpoint is required; clients may not be able to authenticate against an admin endpoint
Nov 10 14:35:40 user devstack@n-api.service[65289]: WSGI app 0 (mountpoint='') ready in 5 seconds on interpreter 0x55c41d541b90 pid: 65289 (default app)
Nov 10 14:35:40 user devstack@n-api.service[65288]: WARNING keystonemiddleware.auth_token [None req-c0e8f985-84b0-44a3-aa13-ecc69f966f20 None None] AuthToken middleware is set with keystone_authtoken.service_token_roles_required set to False. This is backwards compatible but deprecated behaviour. Please set this to True.
Nov 10 14:35:40 user devstack@n-api.service[65288]: WARNING keystonemiddleware.auth_token [None req-c0e8f985-84b0-44a3-aa13-ecc69f966f20 None None] Configuring www_authenticate_uri to point to the public identity endpoint is required; clients may not be able to authenticate against an admin endpoint
Nov 10 14:35:40 user devstack@n-api.service[65288]: WSGI app 0 (mountpoint='') ready in 5 seconds on interpreter 0x55c41d541b90 pid: 65288 (default app)
Nov 10 14:37:48 user devstack@n-api.service[65287]: DEBUG nova.api.openstack.wsgi [None req-cffef666-6dfa-4677-ae0f-ad278fa0a6bc None None] Calling method '>' {{(pid=65287) _process_stack /opt/stack/nova/nova/api/openstack/wsgi.py:513}}
Nov 10 14:37:48 user devstack@n-api.service[65287]: INFO nova.api.openstack.requestlog [None req-cffef666-6dfa-4677-ae0f-ad278fa0a6bc None None] 10.0.0.210 "GET /compute/v2.1" status: 200 len: 387 microversion: 2.1 time: 0.001586
Nov 10 14:37:48 user devstack@n-api.service[65287]: [pid: 65287|app: 0|req: 2/2] 10.0.0.210 () {54 vars in 925 bytes} [Fri Nov 10 14:37:48 2023] GET /compute/v2.1 => generated 387 bytes in 3 msecs (HTTP/1.1 200) 9 headers in 357 bytes (1 switches on core 0)
Nov 10 14:37:48 user devstack@n-api.service[65289]: DEBUG dbcounter [-] [65289] Writing DB stats nova_api:SELECT=3 {{(pid=65289) stat_writer /opt/stack/data/venv/lib/python3.10/site-packages/dbcounter.py:115}}
Nov 10 14:37:48 user devstack@n-api.service[65289]: DEBUG dbcounter [-] [65289] Writing DB stats nova_cell0:SELECT=3 {{(pid=65289) stat_writer /opt/stack/data/venv/lib/python3.10/site-packages/dbcounter.py:115}}
Nov 10 14:37:48 user devstack@n-api.service[65289]: DEBUG dbcounter [-] [65289] Writing DB stats nova_cell1:SELECT=3 {{(pid=65289) stat_writer /opt/stack/data/venv/lib/python3.10/site-packages/dbcounter.py:115}}
Nov 10 14:37:48 user devstack@n-api.service[65289]: DEBUG dbcounter [-] [65289] Writing DB stats nova_cell0:SELECT=6,nova_cell0:INSERT=1 {{(pid=65289) stat_writer /opt/stack/data/venv/lib/python3.10/site-packages/dbcounter.py:115}}
Nov 10 14:37:48 user devstack@n-api.service[65289]: DEBUG nova.api.openstack.wsgi [None req-04e4fd0a-3a5a-4cd6-b117-5a41deeff0e8 admin admin] Calling method '>' {{(pid=65289) _process_stack /opt/stack/nova/nova/api/openstack/wsgi.py:513}}
Nov 10 14:37:48 user devstack@n-api.service[65289]: INFO nova.api.openstack.requestlog [None req-04e4fd0a-3a5a-4cd6-b117-5a41deeff0e8 admin admin] 10.0.0.210 "GET /compute/v2.1/flavors/detail?is_public=True" status: 200 len: 15 microversion: 2.61 time: 0.207387
Nov 10 14:37:48 user devstack@n-api.service[65289]: [pid: 65289|app: 0|req: 1/3] 10.0.0.210 () {60 vars in 1286 bytes} [Fri Nov 10 14:37:48 2023] GET /compute/v2.1/flavors/detail?is_public=True => generated 15 bytes in 210 msecs (HTTP/1.1 200) 9 headers in 358 bytes (1 switches on core 0)
Nov 10 14:37:50 user devstack@n-api.service[65288]: DEBUG nova.api.openstack.wsgi [None req-c0e8f985-84b0-44a3-aa13-ecc69f966f20 None None] Calling method '>' {{(pid=65288) _process_stack /opt/stack/nova/nova/api/openstack/wsgi.py:513}}
Nov 10 14:37:50 user devstack@n-api.service[65288]: INFO nova.api.openstack.requestlog [None req-c0e8f985-84b0-44a3-aa13-ecc69f966f20 None None] 10.0.0.210 "GET /compute/v2.1" status: 200 len: 387 microversion: 2.1 time: 0.002944
Nov 10 14:37:50 user devstack@n-api.service[65288]: [pid: 65288|app: 0|req: 1/4] 10.0.0.210 () {54 vars in 925 bytes} [Fri Nov 10 14:37:50 2023] GET /compute/v2.1 => generated 387 bytes in 4 msecs (HTTP/1.1 200) 9 headers in 357 bytes (1 switches on core 0)
Nov 10 14:37:50 user devstack@n-api.service[65287]: DEBUG dbcounter [-] [65287] Writing DB stats nova_api:SELECT=3 {{(pid=65287) stat_writer /opt/stack/data/venv/lib/python3.10/site-packages/dbcounter.py:115}}
Nov 10 14:37:50 user devstack@n-api.service[65287]: DEBUG dbcounter [-] [65287] Writing DB stats nova_cell0:SELECT=3 {{(pid=65287) stat_writer /opt/stack/data/venv/lib/python3.10/site-packages/dbcounter.py:115}}
Nov 10 14:37:50 user devstack@n-api.service[65287]: DEBUG dbcounter [-] [65287] Writing DB stats nova_cell1:SELECT=3 {{(pid=65287) stat_writer /opt/stack/data/venv/lib/python3.10/site-packages/dbcounter.py:115}}
Nov 10 14:37:50 user devstack@n-api.service[65287]: DEBUG dbcounter [-] [65287] Writing DB stats nova_cell0:SELECT=6,nova_cell0:INSERT=1 {{(pid=65287) stat_writer /opt/stack/data/venv/lib/python3.10/site-packages/dbcounter.py:115}}
Nov 10 14:37:50 user devstack@n-api.service[65287]: DEBUG nova.api.openstack.wsgi [None req-ea084fbb-7522-48e4-bb7f-6b40b0247101 admin admin] Action: 'create', calling method: >, body: {"flavor": {"name": "cirros256", "OS-FLV-EXT-DATA:ephemeral": 0, "ram": 256, "disk": 1, "id": "c1", "vcpus": 1, "rxtx_factor": 1.0, "os-flavor-access:is_public": true, "swap": 0}} {{(pid=65287) _process_stack /opt/stack/nova/nova/api/openstack/wsgi.py:511}}
Nov 10 14:37:50 user devstack@n-api.service[65287]: INFO nova.api.openstack.requestlog [None req-ea084fbb-7522-48e4-bb7f-6b40b0247101 admin admin] 10.0.0.210 "POST /compute/v2.1/flavors" status: 200 len: 405 microversion: 2.61 time: 0.221333
Nov 10 14:37:50 user devstack@n-api.service[65287]: [pid: 65287|app: 0|req: 3/5] 10.0.0.210 () {64 vars in 1277 bytes} [Fri Nov 10 14:37:50 2023] POST /compute/v2.1/flavors => generated 405 bytes in 223 msecs (HTTP/1.1 200) 9 headers in 359 bytes (1 switches on core 0)
Nov 10 14:37:51 user devstack@n-api.service[65289]: DEBUG nova.api.openstack.wsgi [None req-aa7991f1-787a-4a52-8f91-1647e0e2053e admin admin] Action: 'create', calling method: >, body: {"extra_specs": {"hw_rng:allowed": "True"}} {{(pid=65289) _process_stack /opt/stack/nova/nova/api/openstack/wsgi.py:511}}
Nov 10 14:37:51 user devstack@n-api.service[65289]: INFO nova.api.openstack.requestlog [None req-aa7991f1-787a-4a52-8f91-1647e0e2053e admin admin] 10.0.0.210 "POST /compute/v2.1/flavors/c1/os-extra_specs" status: 200 len: 43 microversion: 2.61 time: 0.276314
Nov 10 14:37:51 user devstack@n-api.service[65289]: [pid: 65289|app: 0|req: 2/6] 10.0.0.210 () {64 vars in 1330 bytes} [Fri Nov 10 14:37:51 2023] POST /compute/v2.1/flavors/c1/os-extra_specs => generated 43 bytes in 278 msecs (HTTP/1.1 200) 9 headers in 358 bytes (1 switches on core 0)
Nov 10 14:37:53 user devstack@n-api.service[65288]: DEBUG nova.api.openstack.wsgi [None req-c0e8f985-84b0-44a3-aa13-ecc69f966f20 None None] Calling method '>' {{(pid=65288) _process_stack /opt/stack/nova/nova/api/openstack/wsgi.py:513}}
Nov 10 14:37:53 user devstack@n-api.service[65288]: INFO nova.api.openstack.requestlog [None req-c0e8f985-84b0-44a3-aa13-ecc69f966f20 None None] 10.0.0.210 "GET /compute/v2.1" status: 200 len: 387 microversion: 2.1 time: 0.001302
Nov 10 14:37:53 user devstack@n-api.service[65288]: [pid: 65288|app: 0|req: 2/7] 10.0.0.210 () {54 vars in 925 bytes} [Fri Nov 10 14:37:53 2023] GET /compute/v2.1 => generated 387 bytes in 2 msecs (HTTP/1.1 200) 9 headers in 357 bytes (1 switches on core 0)
Nov 10 14:37:53 user devstack@n-api.service[65287]: DEBUG nova.api.openstack.wsgi [None req-99f3a58d-2304-4a1b-8c8c-3d06cc25bfbc admin admin] Action: 'create', calling method: >, body: {"flavor": {"disk": 5, "name": "ds512M", "rxtx_factor": 1.0, "id": "d1", "os-flavor-access:is_public": true, "ram": 512, "vcpus": 1, "OS-FLV-EXT-DATA:ephemeral": 0, "swap": 0}} {{(pid=65287) _process_stack /opt/stack/nova/nova/api/openstack/wsgi.py:511}}
Nov 10 14:37:53 user devstack@n-api.service[65287]: INFO nova.api.openstack.requestlog [None req-99f3a58d-2304-4a1b-8c8c-3d06cc25bfbc admin admin] 10.0.0.210 "POST /compute/v2.1/flavors" status: 200 len: 402 microversion: 2.61 time: 0.025008
Nov 10 14:37:53 user devstack@n-api.service[65287]: [pid: 65287|app: 0|req: 4/8] 10.0.0.210 () {64 vars in 1277 bytes} [Fri Nov 10 14:37:53 2023] POST /compute/v2.1/flavors => generated 402 bytes in 26 msecs (HTTP/1.1 200) 9 headers in 359 bytes (1 switches on core 0)
Nov 10 14:37:53 user devstack@n-api.service[65289]: DEBUG nova.api.openstack.wsgi [None req-f3d12cf8-69be-4705-832b-bb2795394ee3 admin admin] Action: 'create', calling method: >, body: {"extra_specs": {"hw_rng:allowed": "True"}} {{(pid=65289) _process_stack /opt/stack/nova/nova/api/openstack/wsgi.py:511}}
Nov 10 14:37:53 user devstack@n-api.service[65289]: INFO nova.api.openstack.requestlog [None req-f3d12cf8-69be-4705-832b-bb2795394ee3 admin admin] 10.0.0.210 "POST /compute/v2.1/flavors/d1/os-extra_specs" status: 200 len: 43 microversion: 2.61 time: 0.023698
Nov 10 14:37:53 user devstack@n-api.service[65289]: [pid: 65289|app: 0|req: 3/9] 10.0.0.210 () {64 vars in 1330 bytes} [Fri Nov 10 14:37:53 2023] POST /compute/v2.1/flavors/d1/os-extra_specs => generated 43 bytes in 25 msecs (HTTP/1.1 200) 9 headers in 358 bytes (1 switches on core 0)
Nov 10 14:37:55 user devstack@n-api.service[65288]: DEBUG nova.api.openstack.wsgi [None req-c0e8f985-84b0-44a3-aa13-ecc69f966f20 None None] Calling method '>' {{(pid=65288) _process_stack /opt/stack/nova/nova/api/openstack/wsgi.py:513}}
Nov 10 14:37:55 user devstack@n-api.service[65288]: INFO nova.api.openstack.requestlog [None req-c0e8f985-84b0-44a3-aa13-ecc69f966f20 None None] 10.0.0.210 "GET /compute/v2.1" status: 200 len: 387 microversion: 2.1 time: 0.001340
Nov 10 14:37:55 user devstack@n-api.service[65288]: [pid: 65288|app: 0|req: 3/10] 10.0.0.210 () {54 vars in 925 bytes} [Fri Nov 10 14:37:55 2023] GET /compute/v2.1 => generated 387 bytes in 2 msecs (HTTP/1.1 200) 9 headers in 357 bytes (1 switches on core 0)
Nov 10 14:37:55 user devstack@n-api.service[65287]: DEBUG nova.api.openstack.wsgi [None req-03cc93dc-1242-4a5a-b06d-7080b513b48d admin admin] Action: 'create', calling method: >, body: {"flavor": {"rxtx_factor": 1.0, "OS-FLV-EXT-DATA:ephemeral": 0, "name": "ds1G", "id": "d2", "os-flavor-access:is_public": true, "disk": 10, "ram": 1024, "swap": 0, "vcpus": 1}} {{(pid=65287) _process_stack /opt/stack/nova/nova/api/openstack/wsgi.py:511}}
Nov 10 14:37:55 user devstack@n-api.service[65287]: INFO nova.api.openstack.requestlog [None req-03cc93dc-1242-4a5a-b06d-7080b513b48d admin admin] 10.0.0.210 "POST /compute/v2.1/flavors" status: 200 len: 402 microversion: 2.61 time: 0.021392
Nov 10 14:37:55 user devstack@n-api.service[65287]: [pid: 65287|app: 0|req: 5/11] 10.0.0.210 () {64 vars in 1277 bytes} [Fri Nov 10 14:37:55 2023] POST /compute/v2.1/flavors => generated 402 bytes in 23 msecs (HTTP/1.1 200) 9 headers in 359 bytes (1 switches on core 0)
Nov 10 14:37:55 user devstack@n-api.service[65289]: DEBUG nova.api.openstack.wsgi [None req-c1d6fe34-73ac-4fa7-8bf4-a12c25e02f2e admin admin] Action: 'create', calling method: >, body: {"extra_specs": {"hw_rng:allowed": "True"}} {{(pid=65289) _process_stack /opt/stack/nova/nova/api/openstack/wsgi.py:511}}
Nov 10 14:37:55 user devstack@n-api.service[65289]: INFO nova.api.openstack.requestlog [None req-c1d6fe34-73ac-4fa7-8bf4-a12c25e02f2e admin admin] 10.0.0.210 "POST /compute/v2.1/flavors/d2/os-extra_specs" status: 200 len: 43 microversion: 2.61 time: 0.025340
Nov 10 14:37:55 user devstack@n-api.service[65289]: [pid: 65289|app: 0|req: 4/12] 10.0.0.210 () {64 vars in 1330 bytes} [Fri Nov 10 14:37:55 2023] POST /compute/v2.1/flavors/d2/os-extra_specs => generated 43 bytes in 27 msecs (HTTP/1.1 200) 9 headers in 358 bytes (1 switches on core 0)
Nov 10 14:37:57 user devstack@n-api.service[65288]: DEBUG nova.api.openstack.wsgi [None req-c0e8f985-84b0-44a3-aa13-ecc69f966f20 None None] Calling method '>' {{(pid=65288) _process_stack /opt/stack/nova/nova/api/openstack/wsgi.py:513}}
Nov 10 14:37:57 user devstack@n-api.service[65288]: INFO nova.api.openstack.requestlog [None req-c0e8f985-84b0-44a3-aa13-ecc69f966f20 None None] 10.0.0.210 "GET /compute/v2.1" status: 200 len: 387 microversion: 2.1 time: 0.001298
Nov 10 14:37:57 user devstack@n-api.service[65288]: [pid: 65288|app: 0|req: 4/13] 10.0.0.210 () {54 vars in 925 bytes} [Fri Nov 10 14:37:57 2023] GET /compute/v2.1 => generated 387 bytes in 2 msecs (HTTP/1.1 200) 9 headers in 357 bytes (1 switches on core 0)
Nov 10 14:37:57 user devstack@n-api.service[65287]: DEBUG nova.api.openstack.wsgi [None req-6b2786bf-5983-41e0-8991-45a6be4bf647 admin admin] Action: 'create', calling method: >, body: {"flavor": {"os-flavor-access:is_public": true, "disk": 10, "vcpus": 2, "swap": 0, "OS-FLV-EXT-DATA:ephemeral": 0, "rxtx_factor": 1.0, "id": "d3", "ram": 2048, "name": "ds2G"}} {{(pid=65287) _process_stack /opt/stack/nova/nova/api/openstack/wsgi.py:511}}
Nov 10 14:37:57 user devstack@n-api.service[65287]: INFO nova.api.openstack.requestlog [None req-6b2786bf-5983-41e0-8991-45a6be4bf647 admin admin] 10.0.0.210 "POST /compute/v2.1/flavors" status: 200 len: 402 microversion: 2.61 time: 0.021306
Nov 10 14:37:57 user devstack@n-api.service[65287]: [pid: 65287|app: 0|req: 6/14] 10.0.0.210 () {64 vars in 1277 bytes} [Fri Nov 10 14:37:57 2023] POST /compute/v2.1/flavors => generated 402 bytes in 23 msecs (HTTP/1.1 200) 9 headers in 359 bytes (1 switches on core 0)
Nov 10 14:37:57 user devstack@n-api.service[65289]: DEBUG nova.api.openstack.wsgi [None req-8c265a69-cb5d-4469-ae35-5672b645c668 admin admin] Action: 'create', calling method: >, body: {"extra_specs": {"hw_rng:allowed": "True"}} {{(pid=65289) _process_stack /opt/stack/nova/nova/api/openstack/wsgi.py:511}}
Nov 10 14:37:57 user devstack@n-api.service[65289]: INFO nova.api.openstack.requestlog [None req-8c265a69-cb5d-4469-ae35-5672b645c668 admin admin] 10.0.0.210 "POST /compute/v2.1/flavors/d3/os-extra_specs" status: 200 len: 43 microversion: 2.61 time: 0.024383
Nov 10 14:37:57 user devstack@n-api.service[65289]: [pid: 65289|app: 0|req: 5/15] 10.0.0.210 () {64 vars in 1330 bytes} [Fri Nov 10 14:37:57 2023] POST /compute/v2.1/flavors/d3/os-extra_specs => generated 43 bytes in 25 msecs (HTTP/1.1 200) 9 headers in 358 bytes (1 switches on core 0)
Nov 10 14:37:59 user devstack@n-api.service[65288]: DEBUG nova.api.openstack.wsgi [None req-c0e8f985-84b0-44a3-aa13-ecc69f966f20 None None] Calling method '>' {{(pid=65288) _process_stack /opt/stack/nova/nova/api/openstack/wsgi.py:513}}
Nov 10 14:37:59 user devstack@n-api.service[65288]: INFO nova.api.openstack.requestlog [None req-c0e8f985-84b0-44a3-aa13-ecc69f966f20 None None] 10.0.0.210 "GET /compute/v2.1" status: 200 len: 387 microversion: 2.1 time: 0.001293
Nov 10 14:37:59 user devstack@n-api.service[65288]: [pid: 65288|app: 0|req: 5/16] 10.0.0.210 () {54 vars in 925 bytes} [Fri Nov 10 14:37:59 2023] GET /compute/v2.1 => generated 387 bytes in 2 msecs (HTTP/1.1 200) 9 headers in 357 bytes (1 switches on core 0)
Nov 10 14:37:59 user devstack@n-api.service[65287]: DEBUG nova.api.openstack.wsgi [None req-391e0ce9-7830-4b09-9940-75e37f3e7e8a admin admin] Action: 'create', calling method: >, body: {"flavor": {"rxtx_factor": 1.0, "swap": 0, "id": "d4", "ram": 4096, "vcpus": 4, "name": "ds4G", "disk": 20, "OS-FLV-EXT-DATA:ephemeral": 0, "os-flavor-access:is_public": true}} {{(pid=65287) _process_stack /opt/stack/nova/nova/api/openstack/wsgi.py:511}}
Nov 10 14:37:59 user devstack@n-api.service[65287]: INFO nova.api.openstack.requestlog [None req-391e0ce9-7830-4b09-9940-75e37f3e7e8a admin admin] 10.0.0.210 "POST /compute/v2.1/flavors" status: 200 len: 402 microversion: 2.61 time: 0.020878
Nov 10 14:37:59 user devstack@n-api.service[65287]: [pid: 65287|app: 0|req: 7/17] 10.0.0.210 () {64 vars in 1277 bytes} [Fri Nov 10 14:37:59 2023] POST /compute/v2.1/flavors => generated 402 bytes in 22 msecs (HTTP/1.1 200) 9 headers in 359 bytes (1 switches on core 0)
Nov 10 14:37:59 user devstack@n-api.service[65289]: DEBUG nova.api.openstack.wsgi [None req-a84da64e-7e80-4d77-902c-b22092ddaa01 admin admin] Action: 'create', calling method: >, body: {"extra_specs": {"hw_rng:allowed": "True"}} {{(pid=65289) _process_stack /opt/stack/nova/nova/api/openstack/wsgi.py:511}}
Nov 10 14:37:59 user devstack@n-api.service[65289]: INFO nova.api.openstack.requestlog [None req-a84da64e-7e80-4d77-902c-b22092ddaa01 admin admin] 10.0.0.210 "POST /compute/v2.1/flavors/d4/os-extra_specs" status: 200 len: 43 microversion: 2.61 time: 0.023501
Nov 10 14:37:59 user devstack@n-api.service[65289]: [pid: 65289|app: 0|req: 6/18] 10.0.0.210 () {64 vars in 1330 bytes} [Fri Nov 10 14:37:59 2023] POST /compute/v2.1/flavors/d4/os-extra_specs => generated 43 bytes in 25 msecs (HTTP/1.1 200) 9 headers in 358 bytes (2 switches on core 0)
Nov 10 14:38:01 user devstack@n-api.service[65288]: DEBUG nova.api.openstack.wsgi [None req-c0e8f985-84b0-44a3-aa13-ecc69f966f20 None None] Calling method '>' {{(pid=65288) _process_stack /opt/stack/nova/nova/api/openstack/wsgi.py:513}}
Nov 10 14:38:01 user devstack@n-api.service[65288]: INFO nova.api.openstack.requestlog [None req-c0e8f985-84b0-44a3-aa13-ecc69f966f20 None None] 10.0.0.210 "GET /compute/v2.1" status: 200 len: 387 microversion: 2.1 time: 0.001370
Nov 10 14:38:01 user devstack@n-api.service[65288]: [pid: 65288|app: 0|req: 6/19] 10.0.0.210 () {54 vars in 925 bytes} [Fri Nov 10 14:38:01 2023] GET /compute/v2.1 => generated 387 bytes in 2 msecs (HTTP/1.1 200) 9 headers in 357 bytes (1 switches on core 0)
Nov 10 14:38:01 user devstack@n-api.service[65287]: DEBUG nova.api.openstack.wsgi [None req-5370e3b0-69a0-44e0-8ff1-b320974aae3c admin admin] Calling method '>' {{(pid=65287) _process_stack /opt/stack/nova/nova/api/openstack/wsgi.py:513}}
Nov 10 14:38:01 user devstack@n-api.service[65287]: INFO nova.api.openstack.requestlog [None req-5370e3b0-69a0-44e0-8ff1-b320974aae3c admin admin] 10.0.0.210 "GET /compute/v2.1/flavors/detail?is_public=True" status: 200 len: 2096 microversion: 2.61 time: 0.028921
Nov 10 14:38:01 user devstack@n-api.service[65287]: [pid: 65287|app: 0|req: 8/20] 10.0.0.210 () {60 vars in 1286 bytes} [Fri Nov 10 14:38:01 2023] GET /compute/v2.1/flavors/detail?is_public=True => generated 2096 bytes in 30 msecs (HTTP/1.1 200) 9 headers in 360 bytes (1 switches on core 0)
Nov 10 14:38:03 user devstack@n-api.service[65289]: DEBUG nova.api.openstack.wsgi [None req-a84da64e-7e80-4d77-902c-b22092ddaa01 admin admin] Calling method '>' {{(pid=65289) _process_stack /opt/stack/nova/nova/api/openstack/wsgi.py:513}}
Nov 10 14:38:03 user devstack@n-api.service[65289]: INFO nova.api.openstack.requestlog [None req-a84da64e-7e80-4d77-902c-b22092ddaa01 admin admin] 10.0.0.210 "GET /compute/v2.1" status: 200 len: 387 microversion: 2.1 time: 0.002285
Nov 10 14:38:03 user devstack@n-api.service[65289]: [pid: 65289|app: 0|req: 7/21] 10.0.0.210 () {54 vars in 925 bytes} [Fri Nov 10 14:38:03 2023] GET /compute/v2.1 => generated 387 bytes in 4 msecs (HTTP/1.1 200) 9 headers in 357 bytes (1 switches on core 0)
Nov 10 14:38:03 user devstack@n-api.service[65288]: DEBUG dbcounter [-] [65288] Writing DB stats nova_api:SELECT=3 {{(pid=65288) stat_writer /opt/stack/data/venv/lib/python3.10/site-packages/dbcounter.py:115}}
Nov 10 14:38:03 user devstack@n-api.service[65288]: DEBUG dbcounter [-] [65288] Writing DB stats nova_cell0:SELECT=3 {{(pid=65288) stat_writer /opt/stack/data/venv/lib/python3.10/site-packages/dbcounter.py:115}}
Nov 10 14:38:03 user devstack@n-api.service[65288]: DEBUG dbcounter [-] [65288] Writing DB stats nova_cell1:SELECT=3 {{(pid=65288) stat_writer /opt/stack/data/venv/lib/python3.10/site-packages/dbcounter.py:115}}
Nov 10 14:38:03 user devstack@n-api.service[65288]: DEBUG dbcounter [-] [65288] Writing DB stats nova_cell0:SELECT=3 {{(pid=65288) stat_writer /opt/stack/data/venv/lib/python3.10/site-packages/dbcounter.py:115}}
Nov 10 14:38:03 user devstack@n-api.service[65288]: DEBUG nova.api.openstack.wsgi [None req-213532a4-756c-4288-abca-20499595581c admin admin] Action: 'create', calling method: >, body: {"flavor": {"swap": 0, "disk": 1, "vcpus": 1, "os-flavor-access:is_public": true, "id": "1", "ram": 512, "OS-FLV-EXT-DATA:ephemeral": 0, "rxtx_factor": 1.0, "name": "m1.tiny"}} {{(pid=65288) _process_stack /opt/stack/nova/nova/api/openstack/wsgi.py:511}}
Nov 10 14:38:03 user devstack@n-api.service[65288]: INFO nova.api.openstack.requestlog [None req-213532a4-756c-4288-abca-20499595581c admin admin] 10.0.0.210 "POST /compute/v2.1/flavors" status: 200 len: 400 microversion: 2.61 time: 0.332367
Nov 10 14:38:03 user devstack@n-api.service[65288]: [pid: 65288|app: 0|req: 7/22] 10.0.0.210 () {64 vars in 1277 bytes} [Fri Nov 10 14:38:03 2023] POST /compute/v2.1/flavors => generated 400 bytes in 335 msecs (HTTP/1.1 200) 9 headers in 359 bytes (1 switches on core 0)
Nov 10 14:38:03 user devstack@n-api.service[65287]: DEBUG nova.api.openstack.wsgi [None req-527dff25-5c5d-4615-b56d-b3887f9bea9f admin admin] Action: 'create', calling method: >, body: {"extra_specs": {"hw_rng:allowed": "True"}} {{(pid=65287) _process_stack /opt/stack/nova/nova/api/openstack/wsgi.py:511}}
Nov 10 14:38:03 user devstack@n-api.service[65287]: INFO nova.api.openstack.requestlog [None req-527dff25-5c5d-4615-b56d-b3887f9bea9f admin admin] 10.0.0.210 "POST /compute/v2.1/flavors/1/os-extra_specs" status: 200 len: 43 microversion: 2.61 time: 0.035971
Nov 10 14:38:03 user devstack@n-api.service[65287]: [pid: 65287|app: 0|req: 9/23] 10.0.0.210 () {64 vars in 1327 bytes} [Fri Nov 10 14:38:03 2023] POST /compute/v2.1/flavors/1/os-extra_specs => generated 43 bytes in 37 msecs (HTTP/1.1 200) 9 headers in 358 bytes (1 switches on core 0)
Nov 10 14:38:05 user devstack@n-api.service[65289]: DEBUG nova.api.openstack.wsgi [None req-a84da64e-7e80-4d77-902c-b22092ddaa01 admin admin] Calling method '>' {{(pid=65289) _process_stack /opt/stack/nova/nova/api/openstack/wsgi.py:513}}
Nov 10 14:38:05 user devstack@n-api.service[65289]: INFO nova.api.openstack.requestlog [None req-a84da64e-7e80-4d77-902c-b22092ddaa01 admin admin] 10.0.0.210 "GET /compute/v2.1" status: 200 len: 387 microversion: 2.1 time: 0.001329
Nov 10 14:38:05 user devstack@n-api.service[65289]: [pid: 65289|app: 0|req: 8/24] 10.0.0.210 () {54 vars in 925 bytes} [Fri Nov 10 14:38:05 2023] GET /compute/v2.1 => generated 387 bytes in 2 msecs (HTTP/1.1 200) 9 headers in 357 bytes (1 switches on core 0)
Nov 10 14:38:05 user devstack@n-api.service[65288]: DEBUG nova.api.openstack.wsgi [None req-15d0ca03-43aa-41a1-9c3c-b8d4d020c81c admin admin] Action: 'create', calling method: >, body: {"flavor": {"name": "m1.small", "id": "2", "swap": 0, "OS-FLV-EXT-DATA:ephemeral": 0, "vcpus": 1, "os-flavor-access:is_public": true, "ram": 2048, "rxtx_factor": 1.0, "disk": 20}} {{(pid=65288) _process_stack /opt/stack/nova/nova/api/openstack/wsgi.py:511}}
Nov 10 14:38:05 user devstack@n-api.service[65288]: INFO nova.api.openstack.requestlog [None req-15d0ca03-43aa-41a1-9c3c-b8d4d020c81c admin admin] 10.0.0.210 "POST /compute/v2.1/flavors" status: 200 len: 403 microversion: 2.61 time: 0.022995
Nov 10 14:38:05 user devstack@n-api.service[65288]: [pid: 65288|app: 0|req: 8/25] 10.0.0.210 () {64 vars in 1277 bytes} [Fri Nov 10 14:38:05 2023] POST /compute/v2.1/flavors => generated 403 bytes in 24 msecs (HTTP/1.1 200) 9 headers in 359 bytes (1 switches on core 0)
Nov 10 14:38:05 user devstack@n-api.service[65287]: DEBUG nova.api.openstack.wsgi [None req-a0251a16-628c-49ce-8a74-a8a2c7843627 admin admin] Action: 'create', calling method: >, body: {"extra_specs": {"hw_rng:allowed": "True"}} {{(pid=65287) _process_stack /opt/stack/nova/nova/api/openstack/wsgi.py:511}}
Nov 10 14:38:05 user devstack@n-api.service[65287]: INFO nova.api.openstack.requestlog [None req-a0251a16-628c-49ce-8a74-a8a2c7843627 admin admin] 10.0.0.210 "POST /compute/v2.1/flavors/2/os-extra_specs" status: 200 len: 43 microversion: 2.61 time: 0.040893
Nov 10 14:38:05 user devstack@n-api.service[65287]: [pid: 65287|app: 0|req: 10/26] 10.0.0.210 () {64 vars in 1327 bytes} [Fri Nov 10 14:38:05 2023] POST /compute/v2.1/flavors/2/os-extra_specs => generated 43 bytes in 43 msecs (HTTP/1.1 200) 9 headers in 358 bytes (1 switches on core 0)
Nov 10 14:38:07 user devstack@n-api.service[65289]: DEBUG nova.api.openstack.wsgi [None req-a84da64e-7e80-4d77-902c-b22092ddaa01 admin admin] Calling method '>' {{(pid=65289) _process_stack /opt/stack/nova/nova/api/openstack/wsgi.py:513}}
Nov 10 14:38:07 user devstack@n-api.service[65289]: INFO nova.api.openstack.requestlog [None req-a84da64e-7e80-4d77-902c-b22092ddaa01 admin admin] 10.0.0.210 "GET /compute/v2.1" status: 200 len: 387 microversion: 2.1 time: 0.001367
Nov 10 14:38:07 user devstack@n-api.service[65289]: [pid: 65289|app: 0|req: 9/27] 10.0.0.210 () {54 vars in 925 bytes} [Fri Nov 10 14:38:07 2023] GET /compute/v2.1 => generated 387 bytes in 2 msecs (HTTP/1.1 200) 9 headers in 357 bytes (1 switches on core 0)
Nov 10 14:38:07 user devstack@n-api.service[65288]: DEBUG nova.api.openstack.wsgi [None req-21dd47d8-09c7-4136-b2d0-efd0af648af0 admin admin] Action: 'create', calling method: >, body: {"flavor": {"os-flavor-access:is_public": true, "id": "3", "name": "m1.medium", "disk": 40, "rxtx_factor": 1.0, "OS-FLV-EXT-DATA:ephemeral": 0, "swap": 0, "ram": 4096, "vcpus": 2}} {{(pid=65288) _process_stack /opt/stack/nova/nova/api/openstack/wsgi.py:511}}
Nov 10 14:38:07 user devstack@n-api.service[65288]: INFO nova.api.openstack.requestlog [None req-21dd47d8-09c7-4136-b2d0-efd0af648af0 admin admin] 10.0.0.210 "POST /compute/v2.1/flavors" status: 200 len: 404 microversion: 2.61 time: 0.022968
Nov 10 14:38:07 user devstack@n-api.service[65288]: [pid: 65288|app: 0|req: 9/28] 10.0.0.210 () {64 vars in 1277 bytes} [Fri Nov 10 14:38:07 2023] POST /compute/v2.1/flavors => generated 404 bytes in 24 msecs (HTTP/1.1 200) 9 headers in 359 bytes (1 switches on core 0)
Nov 10 14:38:07 user devstack@n-api.service[65287]: DEBUG nova.api.openstack.wsgi [None req-f7a8cfe8-2fad-4ed5-af95-72b8e7da1b86 admin admin] Action: 'create', calling method: >, body: {"extra_specs": {"hw_rng:allowed": "True"}} {{(pid=65287) _process_stack /opt/stack/nova/nova/api/openstack/wsgi.py:511}}
Nov 10 14:38:07 user devstack@n-api.service[65287]: INFO nova.api.openstack.requestlog [None req-f7a8cfe8-2fad-4ed5-af95-72b8e7da1b86 admin admin] 10.0.0.210 "POST /compute/v2.1/flavors/3/os-extra_specs" status: 200 len: 43 microversion: 2.61 time: 0.027442
Nov 10 14:38:07 user devstack@n-api.service[65287]: [pid: 65287|app: 0|req: 11/29] 10.0.0.210 () {64 vars in 1327 bytes} [Fri Nov 10 14:38:07 2023] POST /compute/v2.1/flavors/3/os-extra_specs => generated 43 bytes in 29 msecs (HTTP/1.1 200) 9 headers in 358 bytes (1 switches on core 0)
Nov 10 14:38:09 user devstack@n-api.service[65289]: DEBUG nova.api.openstack.wsgi [None req-a84da64e-7e80-4d77-902c-b22092ddaa01 admin admin] Calling method '>' {{(pid=65289) _process_stack /opt/stack/nova/nova/api/openstack/wsgi.py:513}}
Nov 10 14:38:09 user devstack@n-api.service[65289]: INFO nova.api.openstack.requestlog [None req-a84da64e-7e80-4d77-902c-b22092ddaa01 admin admin] 10.0.0.210 "GET /compute/v2.1" status: 200 len: 387 microversion: 2.1 time: 0.001585
Nov 10 14:38:09 user devstack@n-api.service[65289]: [pid: 65289|app: 0|req: 10/30] 10.0.0.210 () {54 vars in 925 bytes} [Fri Nov 10 14:38:09 2023] GET /compute/v2.1 => generated 387 bytes in 2 msecs (HTTP/1.1 200) 9 headers in 357 bytes (1 switches on core 0)
Nov 10 14:38:09 user devstack@n-api.service[65288]: DEBUG nova.api.openstack.wsgi [None req-ba74fa41-de81-46a7-bcfe-31c123efd301 admin admin] Action: 'create', calling method: >, body: {"flavor": {"rxtx_factor": 1.0, "vcpus": 4, "os-flavor-access:is_public": true, "OS-FLV-EXT-DATA:ephemeral": 0, "ram": 8192, "id": "4", "name": "m1.large", "disk": 80, "swap": 0}} {{(pid=65288) _process_stack /opt/stack/nova/nova/api/openstack/wsgi.py:511}}
Nov 10 14:38:09 user devstack@n-api.service[65288]: INFO nova.api.openstack.requestlog [None req-ba74fa41-de81-46a7-bcfe-31c123efd301 admin admin] 10.0.0.210 "POST /compute/v2.1/flavors" status: 200 len: 403 microversion: 2.61 time: 0.021957
Nov 10 14:38:09 user devstack@n-api.service[65288]: [pid: 65288|app: 0|req: 10/31] 10.0.0.210 () {64 vars in 1277 bytes} [Fri Nov 10 14:38:09 2023] POST /compute/v2.1/flavors => generated 403 bytes in 23 msecs (HTTP/1.1 200) 9 headers in 359 bytes (1 switches on core 0)
Nov 10 14:38:09 user devstack@n-api.service[65287]: DEBUG nova.api.openstack.wsgi [None req-ba0f4547-17ed-4a1c-b8c0-08cf98f400ec admin admin] Action: 'create', calling method: >, body: {"extra_specs": {"hw_rng:allowed": "True"}} {{(pid=65287) _process_stack /opt/stack/nova/nova/api/openstack/wsgi.py:511}}
Nov 10 14:38:09 user devstack@n-api.service[65287]: INFO nova.api.openstack.requestlog [None req-ba0f4547-17ed-4a1c-b8c0-08cf98f400ec admin admin] 10.0.0.210 "POST /compute/v2.1/flavors/4/os-extra_specs" status: 200 len: 43 microversion: 2.61 time: 0.030592
Nov 10 14:38:09 user devstack@n-api.service[65287]: [pid: 65287|app: 0|req: 12/32] 10.0.0.210 () {64 vars in 1327 bytes} [Fri Nov 10 14:38:09 2023] POST /compute/v2.1/flavors/4/os-extra_specs => generated 43 bytes in 32 msecs (HTTP/1.1 200) 9 headers in 358 bytes (1 switches on core 0)
Nov 10 14:38:11 user devstack@n-api.service[65289]: DEBUG nova.api.openstack.wsgi [None req-a84da64e-7e80-4d77-902c-b22092ddaa01 admin admin] Calling method '>' {{(pid=65289) _process_stack /opt/stack/nova/nova/api/openstack/wsgi.py:513}}
Nov 10 14:38:11 user devstack@n-api.service[65289]: INFO nova.api.openstack.requestlog [None req-a84da64e-7e80-4d77-902c-b22092ddaa01 admin admin] 10.0.0.210 "GET /compute/v2.1" status: 200 len: 387 microversion: 2.1 time: 0.001330
Nov 10 14:38:11 user devstack@n-api.service[65289]: [pid: 65289|app: 0|req: 11/33] 10.0.0.210 () {54 vars in 925 bytes} [Fri Nov 10 14:38:11 2023] GET /compute/v2.1 => generated 387 bytes in 3 msecs (HTTP/1.1 200) 9 headers in 357 bytes (1 switches on core 0)
