Oct 26 06:16:40 user devstack@keystone.service[45679]: DEBUG keystone.server.flask.request_processing.middleware.auth_context [None req-41e74a78-6261-42f1-b17d-ef9108de196d None admin] RBAC: auth_context: {'token': , 'domain_id': None, 'trust_id': None, 'trustor_id': None, 'trustee_id': None, 'domain_name': None, 'group_ids': [], 'user_id': '89efed337c9e4a68a44e2b1b0a85a7b7', 'user_domain_id': 'default', 'system_scope': 'all', 'project_id': None, 'project_domain_id': None, 'roles': ['admin', 'manager', 'member', 'reader'], 'is_admin_project': True, 'service_user_id': None, 'service_user_domain_id': None, 'service_project_id': None, 'service_project_domain_id': None, 'service_roles': []} {{(pid=45679) fill_context /opt/stack/keystone/keystone/server/flask/request_processing/middleware/auth_context.py:480}}
Oct 26 06:16:40 user devstack@keystone.service[45679]: DEBUG keystone.server.flask.request_processing.req_logging [None req-41e74a78-6261-42f1-b17d-ef9108de196d None admin] REQUEST_METHOD: `GET` {{(pid=45679) log_request_info /opt/stack/keystone/keystone/server/flask/request_processing/req_logging.py:27}}
Oct 26 06:16:40 user devstack@keystone.service[45679]: DEBUG keystone.server.flask.request_processing.req_logging [None req-41e74a78-6261-42f1-b17d-ef9108de196d None admin] SCRIPT_NAME: `/identity` {{(pid=45679) log_request_info /opt/stack/keystone/keystone/server/flask/request_processing/req_logging.py:28}}
Oct 26 06:16:40 user devstack@keystone.service[45679]: DEBUG keystone.server.flask.request_processing.req_logging [None req-41e74a78-6261-42f1-b17d-ef9108de196d None admin] PATH_INFO: `/v3/role_assignments` {{(pid=45679) log_request_info /opt/stack/keystone/keystone/server/flask/request_processing/req_logging.py:29}}
Oct 26 06:16:40 user devstack@keystone.service[45679]: DEBUG keystone.common.rbac_enforcer.enforcer [None req-41e74a78-6261-42f1-b17d-ef9108de196d None admin] RBAC: Adding query filter params (group.id=0a7bc8a3234044c893b68dea439fa549, role.id=66cf223d955240569dae01efb55d3ae1, scope.project.id=dfc42736a56d43389cefaf639b589d63) {{(pid=45679) _extract_filter_values /opt/stack/keystone/keystone/common/rbac_enforcer/enforcer.py:167}}
Oct 26 06:16:40 user devstack@keystone.service[45679]: DEBUG keystone.common.rbac_enforcer.enforcer [None req-41e74a78-6261-42f1-b17d-ef9108de196d None admin] RBAC: Authorizing `identity:list_role_assignments()` {{(pid=45679) enforce_call /opt/stack/keystone/keystone/common/rbac_enforcer/enforcer.py:449}}
Oct 26 06:16:40 user devstack@keystone.service[45679]: DEBUG keystone.common.rbac_enforcer.enforcer [None req-41e74a78-6261-42f1-b17d-ef9108de196d None admin] RBAC: Authorization granted {{(pid=45679) enforce_call /opt/stack/keystone/keystone/common/rbac_enforcer/enforcer.py:457}}
Oct 26 06:16:40 user devstack@keystone.service[45679]: [pid: 45679|app: 0|req: 112/336] 10.0.0.210 () {56 vars in 1371 bytes} [Thu Oct 26 06:16:40 2023] GET /identity/v3/role_assignments?group.id=0a7bc8a3234044c893b68dea439fa549&scope.project.id=dfc42736a56d43389cefaf639b589d63&role.id=66cf223d955240569dae01efb55d3ae1 => generated 609 bytes in 153 msecs (HTTP/1.1 200) 5 headers in 177 bytes (1 switches on core 0)
Oct 26 06:16:40 user devstack@keystone.service[45678]: DEBUG keystone.server.flask.request_processing.middleware.auth_context [None req-1f93f497-4f17-4a38-aa01-14a8615c4f7b None admin] Validating token access rules against request {{(pid=45678) validate_allowed_request /opt/stack/data/venv/lib/python3.10/site-packages/keystonemiddleware/auth_token/__init__.py:544}}
Oct 26 06:16:40 user devstack@keystone.service[45678]: DEBUG keystone.server.flask.request_processing.middleware.auth_context [None req-68131af9-702c-400b-9cdf-480487949004 None admin] RBAC: auth_context: {'token': , 'domain_id': None, 'trust_id': None, 'trustor_id': None, 'trustee_id': None, 'domain_name': None, 'group_ids': [], 'user_id': '89efed337c9e4a68a44e2b1b0a85a7b7', 'user_domain_id': 'default', 'system_scope': 'all', 'project_id': None, 'project_domain_id': None, 'roles': ['admin', 'manager', 'member', 'reader'], 'is_admin_project': True, 'service_user_id': None, 'service_user_domain_id': None, 'service_project_id': None, 'service_project_domain_id': None, 'service_roles': []} {{(pid=45678) fill_context /opt/stack/keystone/keystone/server/flask/request_processing/middleware/auth_context.py:480}}
Oct 26 06:16:40 user devstack@keystone.service[45678]: DEBUG keystone.server.flask.request_processing.req_logging [None req-68131af9-702c-400b-9cdf-480487949004 None admin] REQUEST_METHOD: `GET` {{(pid=45678) log_request_info /opt/stack/keystone/keystone/server/flask/request_processing/req_logging.py:27}}
Oct 26 06:16:40 user devstack@keystone.service[45678]: DEBUG keystone.server.flask.request_processing.req_logging [None req-68131af9-702c-400b-9cdf-480487949004 None admin] SCRIPT_NAME: `/identity` {{(pid=45678) log_request_info /opt/stack/keystone/keystone/server/flask/request_processing/req_logging.py:28}}
Oct 26 06:16:40 user devstack@keystone.service[45678]: DEBUG keystone.server.flask.request_processing.req_logging [None req-68131af9-702c-400b-9cdf-480487949004 None admin] PATH_INFO: `/v3/role_assignments` {{(pid=45678) log_request_info /opt/stack/keystone/keystone/server/flask/request_processing/req_logging.py:29}}
Oct 26 06:16:40 user devstack@keystone.service[45678]: DEBUG keystone.common.rbac_enforcer.enforcer [None req-68131af9-702c-400b-9cdf-480487949004 None admin] RBAC: Adding query filter params (group.id=5c7439bb7cd248d2bb904c3e0ccca3ef, role.id=7c0512c9a2d844dba8833b9a0b26c7ee, scope.project.id=3f29a24ad5e242c28bfe355ce6dec8ae) {{(pid=45678) _extract_filter_values /opt/stack/keystone/keystone/common/rbac_enforcer/enforcer.py:167}}
Oct 26 06:16:40 user devstack@keystone.service[45678]: DEBUG keystone.common.rbac_enforcer.enforcer [None req-68131af9-702c-400b-9cdf-480487949004 None admin] RBAC: Authorizing `identity:list_role_assignments()` {{(pid=45678) enforce_call /opt/stack/keystone/keystone/common/rbac_enforcer/enforcer.py:449}}
Oct 26 06:16:40 user devstack@keystone.service[45678]: DEBUG keystone.common.rbac_enforcer.enforcer [None req-68131af9-702c-400b-9cdf-480487949004 None admin] RBAC: Authorization granted {{(pid=45678) enforce_call /opt/stack/keystone/keystone/common/rbac_enforcer/enforcer.py:457}}
Oct 26 06:16:40 user devstack@keystone.service[45678]: [pid: 45678|app: 0|req: 117/337] 10.0.0.210 () {56 vars in 1371 bytes} [Thu Oct 26 06:16:40 2023] GET /identity/v3/role_assignments?group.id=5c7439bb7cd248d2bb904c3e0ccca3ef&scope.project.id=3f29a24ad5e242c28bfe355ce6dec8ae&role.id=7c0512c9a2d844dba8833b9a0b26c7ee => generated 609 bytes in 147 msecs (HTTP/1.1 200) 5 headers in 177 bytes (2 switches on core 0)
Oct 26 06:16:40 user devstack@keystone.service[45677]: DEBUG keystone.server.flask.request_processing.middleware.auth_context [None req-48b90ed2-b3be-45e2-ab24-bc7d11b1de07 None admin] Validating token access rules against request {{(pid=45677) validate_allowed_request /opt/stack/data/venv/lib/python3.10/site-packages/keystonemiddleware/auth_token/__init__.py:544}}
Oct 26 06:16:40 user devstack@keystone.service[45677]: DEBUG keystone.server.flask.request_processing.middleware.auth_context [None req-5f26d32a-7921-443a-aa4b-405587d4927a None admin] RBAC: auth_context: {'token': , 'domain_id': None, 'trust_id': None, 'trustor_id': None, 'trustee_id': None, 'domain_name': None, 'group_ids': [], 'user_id': '89efed337c9e4a68a44e2b1b0a85a7b7', 'user_domain_id': 'default', 'system_scope': 'all', 'project_id': None, 'project_domain_id': None, 'roles': ['admin', 'manager', 'member', 'reader'], 'is_admin_project': True, 'service_user_id': None, 'service_user_domain_id': None, 'service_project_id': None, 'service_project_domain_id': None, 'service_roles': []} {{(pid=45677) fill_context /opt/stack/keystone/keystone/server/flask/request_processing/middleware/auth_context.py:480}}
Oct 26 06:16:40 user devstack@keystone.service[45677]: DEBUG keystone.server.flask.request_processing.req_logging [None req-5f26d32a-7921-443a-aa4b-405587d4927a None admin] REQUEST_METHOD: `GET` {{(pid=45677) log_request_info /opt/stack/keystone/keystone/server/flask/request_processing/req_logging.py:27}}
Oct 26 06:16:40 user devstack@keystone.service[45677]: DEBUG keystone.server.flask.request_processing.req_logging [None req-5f26d32a-7921-443a-aa4b-405587d4927a None admin] SCRIPT_NAME: `/identity` {{(pid=45677) log_request_info /opt/stack/keystone/keystone/server/flask/request_processing/req_logging.py:28}}
Oct 26 06:16:40 user devstack@keystone.service[45677]: DEBUG keystone.server.flask.request_processing.req_logging [None req-5f26d32a-7921-443a-aa4b-405587d4927a None admin] PATH_INFO: `/v3/role_assignments` {{(pid=45677) log_request_info /opt/stack/keystone/keystone/server/flask/request_processing/req_logging.py:29}}
Oct 26 06:16:40 user devstack@keystone.service[45677]: DEBUG keystone.common.rbac_enforcer.enforcer [None req-5f26d32a-7921-443a-aa4b-405587d4927a None admin] RBAC: Adding query filter params (group.id=0a7bc8a3234044c893b68dea439fa549, role.id=21739b8a22844f6cbcc0ff0fff29859a, scope.project.id=dfc42736a56d43389cefaf639b589d63) {{(pid=45677) _extract_filter_values /opt/stack/keystone/keystone/common/rbac_enforcer/enforcer.py:167}}
Oct 26 06:16:40 user devstack@keystone.service[45677]: DEBUG keystone.common.rbac_enforcer.enforcer [None req-5f26d32a-7921-443a-aa4b-405587d4927a None admin] RBAC: Authorizing `identity:list_role_assignments()` {{(pid=45677) enforce_call /opt/stack/keystone/keystone/common/rbac_enforcer/enforcer.py:449}}
Oct 26 06:16:40 user devstack@keystone.service[45677]: DEBUG keystone.common.rbac_enforcer.enforcer [None req-5f26d32a-7921-443a-aa4b-405587d4927a None admin] RBAC: Authorization granted {{(pid=45677) enforce_call /opt/stack/keystone/keystone/common/rbac_enforcer/enforcer.py:457}}
Oct 26 06:16:40 user devstack@keystone.service[45677]: [pid: 45677|app: 0|req: 109/338] 10.0.0.210 () {56 vars in 1371 bytes} [Thu Oct 26 06:16:40 2023] GET /identity/v3/role_assignments?group.id=0a7bc8a3234044c893b68dea439fa549&scope.project.id=dfc42736a56d43389cefaf639b589d63&role.id=21739b8a22844f6cbcc0ff0fff29859a => generated 609 bytes in 174 msecs (HTTP/1.1 200) 5 headers in 177 bytes (2 switches on core 0)
Oct 26 06:16:42 user devstack@keystone.service[45679]: DEBUG keystone.server.flask.request_processing.req_logging [None req-f9de8acb-4f96-4472-85ab-fe1a986469f7 None None] REQUEST_METHOD: `GET` {{(pid=45679) log_request_info /opt/stack/keystone/keystone/server/flask/request_processing/req_logging.py:27}}
Oct 26 06:16:42 user devstack@keystone.service[45679]: DEBUG keystone.server.flask.request_processing.req_logging [None req-f9de8acb-4f96-4472-85ab-fe1a986469f7 None None] SCRIPT_NAME: `/identity` {{(pid=45679) log_request_info /opt/stack/keystone/keystone/server/flask/request_processing/req_logging.py:28}}
Oct 26 06:16:42 user devstack@keystone.service[45679]: DEBUG keystone.server.flask.request_processing.req_logging [None req-f9de8acb-4f96-4472-85ab-fe1a986469f7 None None] PATH_INFO: `/` {{(pid=45679) log_request_info /opt/stack/keystone/keystone/server/flask/request_processing/req_logging.py:29}}
Oct 26 06:16:42 user devstack@keystone.service[45679]: [pid: 45679|app: 0|req: 113/339] 10.0.0.210 () {54 vars in 921 bytes} [Thu Oct 26 06:16:42 2023] GET /identity => generated 269 bytes in 3 msecs (HTTP/1.1 300) 6 headers in 233 bytes (1 switches on core 0)
Oct 26 06:16:42 user devstack@keystone.service[45678]: DEBUG keystone.server.flask.request_processing.req_logging [None req-e0111569-0fac-412c-989f-c30b74f31f35 None None] REQUEST_METHOD: `POST` {{(pid=45678) log_request_info /opt/stack/keystone/keystone/server/flask/request_processing/req_logging.py:27}}
Oct 26 06:16:42 user devstack@keystone.service[45678]: DEBUG keystone.server.flask.request_processing.req_logging [None req-e0111569-0fac-412c-989f-c30b74f31f35 None None] SCRIPT_NAME: `/identity` {{(pid=45678) log_request_info /opt/stack/keystone/keystone/server/flask/request_processing/req_logging.py:28}}
Oct 26 06:16:42 user devstack@keystone.service[45678]: DEBUG keystone.server.flask.request_processing.req_logging [None req-e0111569-0fac-412c-989f-c30b74f31f35 None None] PATH_INFO: `/v3/auth/tokens` {{(pid=45678) log_request_info /opt/stack/keystone/keystone/server/flask/request_processing/req_logging.py:29}}
Oct 26 06:16:42 user devstack@keystone.service[45678]: WARNING keystone.common.password_hashing [None req-e0111569-0fac-412c-989f-c30b74f31f35 None None] Truncating password to algorithm specific maximum length 72 characters.
Oct 26 06:16:43 user devstack@keystone.service[45678]: DEBUG keystone.auth.core [None req-e0111569-0fac-412c-989f-c30b74f31f35 None None] MFA Rules not processed for user `89efed337c9e4a68a44e2b1b0a85a7b7`. Rule list: `[]` (Enabled: `True`). {{(pid=45678) check_auth_methods_against_rules /opt/stack/keystone/keystone/auth/core.py:438}}
Oct 26 06:16:43 user devstack@keystone.service[45678]: DEBUG keystone.common.fernet_utils [None req-e0111569-0fac-412c-989f-c30b74f31f35 None None] Loaded 2 Fernet keys from /etc/keystone/fernet-keys/, but `[fernet_tokens] max_active_keys = 3`; perhaps there have not been enough key rotations to reach `max_active_keys` yet? {{(pid=45678) load_keys /opt/stack/keystone/keystone/common/fernet_utils.py:286}}
Oct 26 06:16:43 user devstack@keystone.service[45678]: [pid: 45678|app: 0|req: 118/340] 10.0.0.210 () {58 vars in 1018 bytes} [Thu Oct 26 06:16:42 2023] POST /identity/v3/auth/tokens => generated 861 bytes in 88 msecs (HTTP/1.1 201) 6 headers in 363 bytes (1 switches on core 0)
Oct 26 06:16:43 user devstack@keystone.service[45677]: DEBUG keystone.server.flask.request_processing.req_logging [None req-b8f573cd-f9f2-4bb3-a377-a5332150b45f None None] REQUEST_METHOD: `GET` {{(pid=45677) log_request_info /opt/stack/keystone/keystone/server/flask/request_processing/req_logging.py:27}}
Oct 26 06:16:43 user devstack@keystone.service[45677]: DEBUG keystone.server.flask.request_processing.req_logging [None req-b8f573cd-f9f2-4bb3-a377-a5332150b45f None None] SCRIPT_NAME: `/identity` {{(pid=45677) log_request_info /opt/stack/keystone/keystone/server/flask/request_processing/req_logging.py:28}}
Oct 26 06:16:43 user devstack@keystone.service[45677]: DEBUG keystone.server.flask.request_processing.req_logging [None req-b8f573cd-f9f2-4bb3-a377-a5332150b45f None None] PATH_INFO: `/` {{(pid=45677) log_request_info /opt/stack/keystone/keystone/server/flask/request_processing/req_logging.py:29}}
Oct 26 06:16:43 user devstack@keystone.service[45677]: [pid: 45677|app: 0|req: 110/341] 10.0.0.210 () {54 vars in 921 bytes} [Thu Oct 26 06:16:43 2023] GET /identity => generated 269 bytes in 6 msecs (HTTP/1.1 300) 6 headers in 233 bytes (1 switches on core 0)
Oct 26 06:16:43 user devstack@keystone.service[45679]: DEBUG keystone.server.flask.request_processing.req_logging [None req-d7071612-26de-4917-9311-fc08cdfd499c None None] REQUEST_METHOD: `POST` {{(pid=45679) log_request_info /opt/stack/keystone/keystone/server/flask/request_processing/req_logging.py:27}}
Oct 26 06:16:43 user devstack@keystone.service[45679]: DEBUG keystone.server.flask.request_processing.req_logging [None req-d7071612-26de-4917-9311-fc08cdfd499c None None] SCRIPT_NAME: `/identity` {{(pid=45679) log_request_info /opt/stack/keystone/keystone/server/flask/request_processing/req_logging.py:28}}
Oct 26 06:16:43 user devstack@keystone.service[45679]: DEBUG keystone.server.flask.request_processing.req_logging [None req-d7071612-26de-4917-9311-fc08cdfd499c None None] PATH_INFO: `/v3/auth/tokens` {{(pid=45679) log_request_info /opt/stack/keystone/keystone/server/flask/request_processing/req_logging.py:29}}
Oct 26 06:16:43 user devstack@keystone.service[45679]: WARNING keystone.common.password_hashing [None req-d7071612-26de-4917-9311-fc08cdfd499c None None] Truncating password to algorithm specific maximum length 72 characters.
Oct 26 06:16:43 user devstack@keystone.service[45679]: DEBUG keystone.auth.core [None req-d7071612-26de-4917-9311-fc08cdfd499c None None] MFA Rules not processed for user `89efed337c9e4a68a44e2b1b0a85a7b7`. Rule list: `[]` (Enabled: `True`). {{(pid=45679) check_auth_methods_against_rules /opt/stack/keystone/keystone/auth/core.py:438}}
Oct 26 06:16:43 user devstack@keystone.service[45679]: DEBUG keystone.common.fernet_utils [None req-d7071612-26de-4917-9311-fc08cdfd499c None None] Loaded 2 Fernet keys from /etc/keystone/fernet-keys/, but `[fernet_tokens] max_active_keys = 3`; perhaps there have not been enough key rotations to reach `max_active_keys` yet? {{(pid=45679) load_keys /opt/stack/keystone/keystone/common/fernet_utils.py:286}}
Oct 26 06:16:43 user devstack@keystone.service[45678]: DEBUG keystone.server.flask.request_processing.middleware.auth_context [None req-e0111569-0fac-412c-989f-c30b74f31f35 None None] Authenticating user token {{(pid=45678) process_request /opt/stack/data/venv/lib/python3.10/site-packages/keystonemiddleware/auth_token/__init__.py:406}}
Oct 26 06:16:43 user devstack@keystone.service[45679]: [pid: 45679|app: 0|req: 114/342] 10.0.0.210 () {58 vars in 1018 bytes} [Thu Oct 26 06:16:43 2023] POST /identity/v3/auth/tokens => generated 861 bytes in 85 msecs (HTTP/1.1 201) 6 headers in 363 bytes (1 switches on core 0)
Oct 26 06:16:43 user devstack@keystone.service[45678]: DEBUG keystone.server.flask.request_processing.middleware.auth_context [None req-e0111569-0fac-412c-989f-c30b74f31f35 None None] Validating token access rules against request {{(pid=45678) validate_allowed_request /opt/stack/data/venv/lib/python3.10/site-packages/keystonemiddleware/auth_token/__init__.py:544}}
Oct 26 06:16:43 user devstack@keystone.service[45678]: DEBUG keystone.server.flask.request_processing.middleware.auth_context [None req-45cb4f60-aaaa-43fc-8fd9-6fff6727a828 None admin] RBAC: auth_context: {'token': , 'domain_id': None, 'trust_id': None, 'trustor_id': None, 'trustee_id': None, 'domain_name': None, 'group_ids': [], 'user_id': '89efed337c9e4a68a44e2b1b0a85a7b7', 'user_domain_id': 'default', 'system_scope': 'all', 'project_id': None, 'project_domain_id': None, 'roles': ['admin', 'manager', 'member', 'reader'], 'is_admin_project': True, 'service_user_id': None, 'service_user_domain_id': None, 'service_project_id': None, 'service_project_domain_id': None, 'service_roles': []} {{(pid=45678) fill_context /opt/stack/keystone/keystone/server/flask/request_processing/middleware/auth_context.py:480}}
Oct 26 06:16:43 user devstack@keystone.service[45678]: DEBUG keystone.server.flask.request_processing.req_logging [None req-45cb4f60-aaaa-43fc-8fd9-6fff6727a828 None admin] REQUEST_METHOD: `GET` {{(pid=45678) log_request_info /opt/stack/keystone/keystone/server/flask/request_processing/req_logging.py:27}}
Oct 26 06:16:43 user devstack@keystone.service[45678]: DEBUG keystone.server.flask.request_processing.req_logging [None req-45cb4f60-aaaa-43fc-8fd9-6fff6727a828 None admin] SCRIPT_NAME: `/identity` {{(pid=45678) log_request_info /opt/stack/keystone/keystone/server/flask/request_processing/req_logging.py:28}}
Oct 26 06:16:43 user devstack@keystone.service[45678]: DEBUG keystone.server.flask.request_processing.req_logging [None req-45cb4f60-aaaa-43fc-8fd9-6fff6727a828 None admin] PATH_INFO: `/v3/domains/Default` {{(pid=45678) log_request_info /opt/stack/keystone/keystone/server/flask/request_processing/req_logging.py:29}}
Oct 26 06:16:43 user devstack@keystone.service[45677]: DEBUG keystone.server.flask.request_processing.req_logging [None req-374131c8-8e59-4040-9281-40f38e6afa18 None None] REQUEST_METHOD: `GET` {{(pid=45677) log_request_info /opt/stack/keystone/keystone/server/flask/request_processing/req_logging.py:27}}
Oct 26 06:16:43 user devstack@keystone.service[45677]: DEBUG keystone.server.flask.request_processing.req_logging [None req-374131c8-8e59-4040-9281-40f38e6afa18 None None] SCRIPT_NAME: `/identity` {{(pid=45677) log_request_info /opt/stack/keystone/keystone/server/flask/request_processing/req_logging.py:28}}
Oct 26 06:16:43 user devstack@keystone.service[45677]: DEBUG keystone.server.flask.request_processing.req_logging [None req-374131c8-8e59-4040-9281-40f38e6afa18 None None] PATH_INFO: `/` {{(pid=45677) log_request_info /opt/stack/keystone/keystone/server/flask/request_processing/req_logging.py:29}}
Oct 26 06:16:43 user devstack@keystone.service[45678]: DEBUG keystone.common.rbac_enforcer.enforcer [None req-45cb4f60-aaaa-43fc-8fd9-6fff6727a828 None admin] RBAC: Authorizing `identity:get_domain(domain_id=Default)` {{(pid=45678) enforce_call /opt/stack/keystone/keystone/common/rbac_enforcer/enforcer.py:449}}
Oct 26 06:16:43 user devstack@keystone.service[45677]: [pid: 45677|app: 0|req: 111/343] 10.0.0.210 () {54 vars in 921 bytes} [Thu Oct 26 06:16:43 2023] GET /identity => generated 269 bytes in 3 msecs (HTTP/1.1 300) 6 headers in 233 bytes (1 switches on core 0)
Oct 26 06:16:43 user devstack@keystone.service[45678]: DEBUG keystone.common.rbac_enforcer.enforcer [None req-45cb4f60-aaaa-43fc-8fd9-6fff6727a828 None admin] RBAC: Authorization granted {{(pid=45678) enforce_call /opt/stack/keystone/keystone/common/rbac_enforcer/enforcer.py:457}}
Oct 26 06:16:43 user devstack@keystone.service[45679]: DEBUG keystone.server.flask.request_processing.req_logging [None req-d4cae992-ada7-4240-8749-26dde7ea4349 None None] REQUEST_METHOD: `POST` {{(pid=45679) log_request_info /opt/stack/keystone/keystone/server/flask/request_processing/req_logging.py:27}}
Oct 26 06:16:43 user devstack@keystone.service[45679]: DEBUG keystone.server.flask.request_processing.req_logging [None req-d4cae992-ada7-4240-8749-26dde7ea4349 None None] SCRIPT_NAME: `/identity` {{(pid=45679) log_request_info /opt/stack/keystone/keystone/server/flask/request_processing/req_logging.py:28}}
Oct 26 06:16:43 user devstack@keystone.service[45679]: DEBUG keystone.server.flask.request_processing.req_logging [None req-d4cae992-ada7-4240-8749-26dde7ea4349 None None] PATH_INFO: `/v3/auth/tokens` {{(pid=45679) log_request_info /opt/stack/keystone/keystone/server/flask/request_processing/req_logging.py:29}}
Oct 26 06:16:43 user devstack@keystone.service[45678]: ERROR keystone.server.flask.application [None req-45cb4f60-aaaa-43fc-8fd9-6fff6727a828 None admin] Could not find domain: Default.: keystone.exception.DomainNotFound: Could not find domain: Default.
Oct 26 06:16:43 user devstack@keystone.service[45678]: ERROR keystone.server.flask.application
Traceback (most recent call last):
Oct 26 06:16:43 user devstack@keystone.service[45678]: ERROR keystone.server.flask.application
File "/opt/stack/data/venv/lib/python3.10/site-packages/flask/app.py", line 1823, in full_dispatch_request
Oct 26 06:16:43 user devstack@keystone.service[45678]: ERROR keystone.server.flask.application rv = self.dispatch_request()
Oct 26 06:16:43 user devstack@keystone.service[45678]: ERROR keystone.server.flask.application
File "/opt/stack/data/venv/lib/python3.10/site-packages/flask/app.py", line 1799, in dispatch_request
Oct 26 06:16:43 user devstack@keystone.service[45678]: ERROR keystone.server.flask.application return self.ensure_sync(self.view_functions[rule.endpoint])(**view_args)
Oct 26 06:16:43 user devstack@keystone.service[45678]: ERROR keystone.server.flask.application
File "/opt/stack/data/venv/lib/python3.10/site-packages/flask_restful/__init__.py", line 489, in wrapper
Oct 26 06:16:43 user devstack@keystone.service[45678]: ERROR keystone.server.flask.application resp = resource(*args, **kwargs)
Oct 26 06:16:43 user devstack@keystone.service[45678]: ERROR keystone.server.flask.application
File "/opt/stack/data/venv/lib/python3.10/site-packages/flask/views.py", line 107, in view
Oct 26 06:16:43 user devstack@keystone.service[45678]: ERROR keystone.server.flask.application return current_app.ensure_sync(self.dispatch_request)(**kwargs)
Oct 26 06:16:43 user devstack@keystone.service[45678]: ERROR keystone.server.flask.application
File "/opt/stack/data/venv/lib/python3.10/site-packages/flask_restful/__init__.py", line 604, in dispatch_request
Oct 26 06:16:43 user devstack@keystone.service[45678]: ERROR keystone.server.flask.application resp = meth(*args, **kwargs)
Oct 26 06:16:43 user devstack@keystone.service[45678]: ERROR keystone.server.flask.application
File "/opt/stack/keystone/keystone/api/domains.py", line 89, in get
Oct 26 06:16:43 user devstack@keystone.service[45678]: ERROR keystone.server.flask.application return self._get_domain(domain_id)
Oct 26 06:16:43 user devstack@keystone.service[45678]: ERROR keystone.server.flask.application
File "/opt/stack/keystone/keystone/api/domains.py", line 97, in _get_domain
Oct 26 06:16:43 user devstack@keystone.service[45678]: ERROR keystone.server.flask.application domain = PROVIDERS.resource_api.get_domain(domain_id)
Oct 26 06:16:43 user devstack@keystone.service[45678]: ERROR keystone.server.flask.application
File "/opt/stack/keystone/keystone/common/manager.py", line 115, in wrapped
Oct 26 06:16:43 user devstack@keystone.service[45678]: ERROR keystone.server.flask.application __ret_val = __f(*args, **kwargs)
Oct 26 06:16:43 user devstack@keystone.service[45678]: ERROR keystone.server.flask.application
File "/opt/stack/data/venv/lib/python3.10/site-packages/decorator.py", line 232, in fun
Oct 26 06:16:43 user devstack@keystone.service[45678]: ERROR keystone.server.flask.application return caller(func, *(extras + args), **kw)
Oct 26 06:16:43 user devstack@keystone.service[45678]: ERROR keystone.server.flask.application
File "/opt/stack/data/venv/lib/python3.10/site-packages/dogpile/cache/region.py", line 1594, in get_or_create_for_user_func
Oct 26 06:16:43 user devstack@keystone.service[45678]: ERROR keystone.server.flask.application return self.get_or_create(
Oct 26 06:16:43 user devstack@keystone.service[45678]: ERROR keystone.server.flask.application
File "/opt/stack/data/venv/lib/python3.10/site-packages/dogpile/cache/region.py", line 1054, in get_or_create
Oct 26 06:16:43 user devstack@keystone.service[45678]: ERROR keystone.server.flask.application with Lock(
Oct 26 06:16:43 user devstack@keystone.service[45678]: ERROR keystone.server.flask.application
File "/opt/stack/data/venv/lib/python3.10/site-packages/dogpile/lock.py", line 185, in __enter__
Oct 26 06:16:43 user devstack@keystone.service[45678]: ERROR keystone.server.flask.application return self._enter()
Oct 26 06:16:43 user devstack@keystone.service[45678]: ERROR keystone.server.flask.application
File "/opt/stack/data/venv/lib/python3.10/site-packages/dogpile/lock.py", line 94, in _enter
Oct 26 06:16:43 user devstack@keystone.service[45678]: ERROR keystone.server.flask.application generated = self._enter_create(value, createdtime)
Oct 26 06:16:43 user devstack@keystone.service[45678]: ERROR keystone.server.flask.application
File "/opt/stack/data/venv/lib/python3.10/site-packages/dogpile/lock.py", line 178, in _enter_create
Oct 26 06:16:43 user devstack@keystone.service[45678]: ERROR keystone.server.flask.application return self.creator()
Oct 26 06:16:43 user devstack@keystone.service[45678]: ERROR keystone.server.flask.application
File "/opt/stack/data/venv/lib/python3.10/site-packages/dogpile/cache/region.py", line 1007, in gen_value
Oct 26 06:16:43 user devstack@keystone.service[45678]: ERROR keystone.server.flask.application created_value = creator(
Oct 26 06:16:43 user devstack@keystone.service[45678]: ERROR keystone.server.flask.application
File "/opt/stack/keystone/keystone/resource/core.py", line 716, in get_domain
Oct 26 06:16:43 user devstack@keystone.service[45678]: ERROR keystone.server.flask.application raise exception.DomainNotFound(domain_id=domain_id)
Oct 26 06:16:43 user devstack@keystone.service[45678]: ERROR keystone.server.flask.application keystone.exception.DomainNotFound: Could not find domain: Default.
Oct 26 06:16:43 user devstack@keystone.service[45678]: ERROR keystone.server.flask.application
Oct 26 06:16:43 user devstack@keystone.service[45678]: [pid: 45678|app: 0|req: 119/344] 10.0.0.210 () {56 vars in 1103 bytes} [Thu Oct 26 06:16:43 2023] GET /identity/v3/domains/Default => generated 87 bytes in 190 msecs (HTTP/1.1 404) 5 headers in 183 bytes (1 switches on core 0)
Oct 26 06:16:43 user devstack@keystone.service[45679]: WARNING keystone.common.password_hashing [None req-d4cae992-ada7-4240-8749-26dde7ea4349 None None] Truncating password to algorithm specific maximum length 72 characters.
Oct 26 06:16:43 user devstack@keystone.service[45677]: DEBUG keystone.server.flask.request_processing.middleware.auth_context [None req-374131c8-8e59-4040-9281-40f38e6afa18 None None] Authenticating user token {{(pid=45677) process_request /opt/stack/data/venv/lib/python3.10/site-packages/keystonemiddleware/auth_token/__init__.py:406}}
Oct 26 06:16:43 user devstack@keystone.service[45679]: DEBUG keystone.auth.core [None req-d4cae992-ada7-4240-8749-26dde7ea4349 None None] MFA Rules not processed for user `89efed337c9e4a68a44e2b1b0a85a7b7`. Rule list: `[]` (Enabled: `True`). {{(pid=45679) check_auth_methods_against_rules /opt/stack/keystone/keystone/auth/core.py:438}}
Oct 26 06:16:43 user devstack@keystone.service[45679]: DEBUG keystone.common.fernet_utils [None req-d4cae992-ada7-4240-8749-26dde7ea4349 None None] Loaded 2 Fernet keys from /etc/keystone/fernet-keys/, but `[fernet_tokens] max_active_keys = 3`; perhaps there have not been enough key rotations to reach `max_active_keys` yet? {{(pid=45679) load_keys /opt/stack/keystone/keystone/common/fernet_utils.py:286}}
Oct 26 06:16:43 user devstack@keystone.service[45678]: DEBUG keystone.server.flask.request_processing.middleware.auth_context [None req-45cb4f60-aaaa-43fc-8fd9-6fff6727a828 None admin] Authenticating user token {{(pid=45678) process_request /opt/stack/data/venv/lib/python3.10/site-packages/keystonemiddleware/auth_token/__init__.py:406}}
Oct 26 06:16:43 user devstack@keystone.service[45679]: [pid: 45679|app: 0|req: 115/345] 10.0.0.210 () {58 vars in 1018 bytes} [Thu Oct 26 06:16:43 2023] POST /identity/v3/auth/tokens => generated 861 bytes in 87 msecs (HTTP/1.1 201) 6 headers in 363 bytes (1 switches on core 0)
Oct 26 06:16:43 user devstack@keystone.service[45677]: DEBUG keystone.server.flask.request_processing.middleware.auth_context [None req-374131c8-8e59-4040-9281-40f38e6afa18 None None] Validating token access rules against request {{(pid=45677) validate_allowed_request /opt/stack/data/venv/lib/python3.10/site-packages/keystonemiddleware/auth_token/__init__.py:544}}
Oct 26 06:16:43 user devstack@keystone.service[45677]: DEBUG keystone.server.flask.request_processing.middleware.auth_context [None req-a4e307eb-cef9-4267-823d-bacde90b3652 None admin] RBAC: auth_context: {'token': , 'domain_id': None, 'trust_id': None, 'trustor_id': None, 'trustee_id': None, 'domain_name': None, 'group_ids': [], 'user_id': '89efed337c9e4a68a44e2b1b0a85a7b7', 'user_domain_id': 'default', 'system_scope': 'all', 'project_id': None, 'project_domain_id': None, 'roles': ['admin', 'manager', 'member', 'reader'], 'is_admin_project': True, 'service_user_id': None, 'service_user_domain_id': None, 'service_project_id': None, 'service_project_domain_id': None, 'service_roles': []} {{(pid=45677) fill_context /opt/stack/keystone/keystone/server/flask/request_processing/middleware/auth_context.py:480}}
Oct 26 06:16:43 user devstack@keystone.service[45677]: DEBUG keystone.server.flask.request_processing.req_logging [None req-a4e307eb-cef9-4267-823d-bacde90b3652 None admin] REQUEST_METHOD: `GET` {{(pid=45677) log_request_info /opt/stack/keystone/keystone/server/flask/request_processing/req_logging.py:27}}
Oct 26 06:16:43 user devstack@keystone.service[45677]: DEBUG keystone.server.flask.request_processing.req_logging [None req-a4e307eb-cef9-4267-823d-bacde90b3652 None admin] SCRIPT_NAME: `/identity` {{(pid=45677) log_request_info /opt/stack/keystone/keystone/server/flask/request_processing/req_logging.py:28}}
Oct 26 06:16:43 user devstack@keystone.service[45677]: DEBUG keystone.server.flask.request_processing.req_logging [None req-a4e307eb-cef9-4267-823d-bacde90b3652 None admin] PATH_INFO: `/v3/domains` {{(pid=45677) log_request_info /opt/stack/keystone/keystone/server/flask/request_processing/req_logging.py:29}}
Oct 26 06:16:43 user devstack@keystone.service[45677]: DEBUG keystone.common.rbac_enforcer.enforcer [None req-a4e307eb-cef9-4267-823d-bacde90b3652 None admin] RBAC: Adding query filter params (name=Default) {{(pid=45677) _extract_filter_values /opt/stack/keystone/keystone/common/rbac_enforcer/enforcer.py:167}}
Oct 26 06:16:43 user devstack@keystone.service[45677]: DEBUG keystone.common.rbac_enforcer.enforcer [None req-a4e307eb-cef9-4267-823d-bacde90b3652 None admin] RBAC: Authorizing `identity:list_domains()` {{(pid=45677) enforce_call /opt/stack/keystone/keystone/common/rbac_enforcer/enforcer.py:449}}
Oct 26 06:16:43 user devstack@keystone.service[45677]: DEBUG keystone.common.rbac_enforcer.enforcer [None req-a4e307eb-cef9-4267-823d-bacde90b3652 None admin] RBAC: Authorization granted {{(pid=45677) enforce_call /opt/stack/keystone/keystone/common/rbac_enforcer/enforcer.py:457}}
Oct 26 06:16:43 user devstack@keystone.service[45678]: DEBUG keystone.server.flask.request_processing.middleware.auth_context [None req-45cb4f60-aaaa-43fc-8fd9-6fff6727a828 None admin] Validating token access rules against request {{(pid=45678) validate_allowed_request /opt/stack/data/venv/lib/python3.10/site-packages/keystonemiddleware/auth_token/__init__.py:544}}
Oct 26 06:16:43 user devstack@keystone.service[45677]: [pid: 45677|app: 0|req: 112/346] 10.0.0.210 () {56 vars in 1104 bytes} [Thu Oct 26 06:16:43 2023] GET /identity/v3/domains?name=Default => generated 306 bytes in 145 msecs (HTTP/1.1 200) 5 headers in 177 bytes (1 switches on core 0)
Oct 26 06:16:43 user devstack@keystone.service[45679]: DEBUG keystone.server.flask.request_processing.middleware.auth_context [None req-d4cae992-ada7-4240-8749-26dde7ea4349 None None] Authenticating user token {{(pid=45679) process_request /opt/stack/data/venv/lib/python3.10/site-packages/keystonemiddleware/auth_token/__init__.py:406}}
Oct 26 06:16:43 user devstack@keystone.service[45678]: DEBUG keystone.server.flask.request_processing.middleware.auth_context [None req-75de2346-cdd9-443a-be88-8af5f8893846 None admin] RBAC: auth_context: {'token': , 'domain_id': None, 'trust_id': None, 'trustor_id': None, 'trustee_id': None, 'domain_name': None, 'group_ids': [], 'user_id': '89efed337c9e4a68a44e2b1b0a85a7b7', 'user_domain_id': 'default', 'system_scope': 'all', 'project_id': None, 'project_domain_id': None, 'roles': ['admin', 'manager', 'member', 'reader'], 'is_admin_project': True, 'service_user_id': None, 'service_user_domain_id': None, 'service_project_id': None, 'service_project_domain_id': None, 'service_roles': []} {{(pid=45678) fill_context /opt/stack/keystone/keystone/server/flask/request_processing/middleware/auth_context.py:480}}
Oct 26 06:16:43 user devstack@keystone.service[45678]: DEBUG keystone.server.flask.request_processing.req_logging [None req-75de2346-cdd9-443a-be88-8af5f8893846 None admin] REQUEST_METHOD: `GET` {{(pid=45678) log_request_info /opt/stack/keystone/keystone/server/flask/request_processing/req_logging.py:27}}
Oct 26 06:16:43 user devstack@keystone.service[45678]: DEBUG keystone.server.flask.request_processing.req_logging [None req-75de2346-cdd9-443a-be88-8af5f8893846 None admin] SCRIPT_NAME: `/identity` {{(pid=45678) log_request_info /opt/stack/keystone/keystone/server/flask/request_processing/req_logging.py:28}}
Oct 26 06:16:43 user devstack@keystone.service[45678]: DEBUG keystone.server.flask.request_processing.req_logging [None req-75de2346-cdd9-443a-be88-8af5f8893846 None admin] PATH_INFO: `/v3/domains/Default` {{(pid=45678) log_request_info /opt/stack/keystone/keystone/server/flask/request_processing/req_logging.py:29}}
Oct 26 06:16:43 user devstack@keystone.service[45678]: DEBUG keystone.common.rbac_enforcer.enforcer [None req-75de2346-cdd9-443a-be88-8af5f8893846 None admin] RBAC: Authorizing `identity:get_domain(domain_id=Default)` {{(pid=45678) enforce_call /opt/stack/keystone/keystone/common/rbac_enforcer/enforcer.py:449}}
Oct 26 06:16:43 user devstack@keystone.service[45678]: DEBUG keystone.common.rbac_enforcer.enforcer [None req-75de2346-cdd9-443a-be88-8af5f8893846 None admin] RBAC: Authorization granted {{(pid=45678) enforce_call /opt/stack/keystone/keystone/common/rbac_enforcer/enforcer.py:457}}
Oct 26 06:16:43 user devstack@keystone.service[45678]: ERROR keystone.server.flask.application [None req-75de2346-cdd9-443a-be88-8af5f8893846 None admin] Could not find domain: Default.: keystone.exception.DomainNotFound: Could not find domain: Default.
Oct 26 06:16:43 user devstack@keystone.service[45678]: ERROR keystone.server.flask.application
Traceback (most recent call last):
Oct 26 06:16:43 user devstack@keystone.service[45678]: ERROR keystone.server.flask.application
File "/opt/stack/data/venv/lib/python3.10/site-packages/flask/app.py", line 1823, in full_dispatch_request
Oct 26 06:16:43 user devstack@keystone.service[45678]: ERROR keystone.server.flask.application rv = self.dispatch_request()
Oct 26 06:16:43 user devstack@keystone.service[45678]: ERROR keystone.server.flask.application
File "/opt/stack/data/venv/lib/python3.10/site-packages/flask/app.py", line 1799, in dispatch_request
Oct 26 06:16:43 user devstack@keystone.service[45678]: ERROR keystone.server.flask.application return self.ensure_sync(self.view_functions[rule.endpoint])(**view_args)
Oct 26 06:16:43 user devstack@keystone.service[45678]: ERROR keystone.server.flask.application
File "/opt/stack/data/venv/lib/python3.10/site-packages/flask_restful/__init__.py", line 489, in wrapper
Oct 26 06:16:43 user devstack@keystone.service[45678]: ERROR keystone.server.flask.application resp = resource(*args, **kwargs)
Oct 26 06:16:43 user devstack@keystone.service[45678]: ERROR keystone.server.flask.application
File "/opt/stack/data/venv/lib/python3.10/site-packages/flask/views.py", line 107, in view
Oct 26 06:16:43 user devstack@keystone.service[45678]: ERROR keystone.server.flask.application return current_app.ensure_sync(self.dispatch_request)(**kwargs)
Oct 26 06:16:43 user devstack@keystone.service[45678]: ERROR keystone.server.flask.application
File "/opt/stack/data/venv/lib/python3.10/site-packages/flask_restful/__init__.py", line 604, in dispatch_request
Oct 26 06:16:43 user devstack@keystone.service[45678]: ERROR keystone.server.flask.application resp = meth(*args, **kwargs)
Oct 26 06:16:43 user devstack@keystone.service[45678]: ERROR keystone.server.flask.application
File "/opt/stack/keystone/keystone/api/domains.py", line 89, in get
Oct 26 06:16:43 user devstack@keystone.service[45678]: ERROR keystone.server.flask.application return self._get_domain(domain_id)
Oct 26 06:16:43 user devstack@keystone.service[45678]: ERROR keystone.server.flask.application
File "/opt/stack/keystone/keystone/api/domains.py", line 97, in _get_domain
Oct 26 06:16:43 user devstack@keystone.service[45678]: ERROR keystone.server.flask.application domain = PROVIDERS.resource_api.get_domain(domain_id)
Oct 26 06:16:43 user devstack@keystone.service[45678]: ERROR keystone.server.flask.application
File "/opt/stack/keystone/keystone/common/manager.py", line 115, in wrapped
Oct 26 06:16:43 user devstack@keystone.service[45678]: ERROR keystone.server.flask.application __ret_val = __f(*args, **kwargs)
Oct 26 06:16:43 user devstack@keystone.service[45678]: ERROR keystone.server.flask.application
File "/opt/stack/data/venv/lib/python3.10/site-packages/decorator.py", line 232, in fun
Oct 26 06:16:43 user devstack@keystone.service[45678]: ERROR keystone.server.flask.application return caller(func, *(extras + args), **kw)
Oct 26 06:16:43 user devstack@keystone.service[45678]: ERROR keystone.server.flask.application
File "/opt/stack/data/venv/lib/python3.10/site-packages/dogpile/cache/region.py", line 1594, in get_or_create_for_user_func
Oct 26 06:16:43 user devstack@keystone.service[45678]: ERROR keystone.server.flask.application return self.get_or_create(
Oct 26 06:16:43 user devstack@keystone.service[45678]: ERROR keystone.server.flask.application
File "/opt/stack/data/venv/lib/python3.10/site-packages/dogpile/cache/region.py", line 1054, in get_or_create
Oct 26 06:16:43 user devstack@keystone.service[45678]: ERROR keystone.server.flask.application with Lock(
Oct 26 06:16:43 user devstack@keystone.service[45678]: ERROR keystone.server.flask.application
File "/opt/stack/data/venv/lib/python3.10/site-packages/dogpile/lock.py", line 185, in __enter__
Oct 26 06:16:43 user devstack@keystone.service[45678]: ERROR keystone.server.flask.application return self._enter()
Oct 26 06:16:43 user devstack@keystone.service[45678]: ERROR keystone.server.flask.application
File "/opt/stack/data/venv/lib/python3.10/site-packages/dogpile/lock.py", line 94, in _enter
Oct 26 06:16:43 user devstack@keystone.service[45678]: ERROR keystone.server.flask.application generated = self._enter_create(value, createdtime)
Oct 26 06:16:43 user devstack@keystone.service[45678]: ERROR keystone.server.flask.application
File "/opt/stack/data/venv/lib/python3.10/site-packages/dogpile/lock.py", line 178, in _enter_create
Oct 26 06:16:43 user devstack@keystone.service[45678]: ERROR keystone.server.flask.application return self.creator()
Oct 26 06:16:43 user devstack@keystone.service[45678]: ERROR keystone.server.flask.application
File "/opt/stack/data/venv/lib/python3.10/site-packages/dogpile/cache/region.py", line 1007, in gen_value
Oct 26 06:16:43 user devstack@keystone.service[45678]: ERROR keystone.server.flask.application created_value = creator(
Oct 26 06:16:43 user devstack@keystone.service[45678]: ERROR keystone.server.flask.application
File "/opt/stack/keystone/keystone/resource/core.py", line 716, in get_domain
Oct 26 06:16:43 user devstack@keystone.service[45678]: ERROR keystone.server.flask.application raise exception.DomainNotFound(domain_id=domain_id)
Oct 26 06:16:43 user devstack@keystone.service[45678]: ERROR keystone.server.flask.application keystone.exception.DomainNotFound: Could not find domain: Default.
Oct 26 06:16:43 user devstack@keystone.service[45678]: ERROR keystone.server.flask.application
Oct 26 06:16:43 user devstack@keystone.service[45678]: [pid: 45678|app: 0|req: 120/347] 10.0.0.210 () {56 vars in 1103 bytes} [Thu Oct 26 06:16:43 2023] GET /identity/v3/domains/Default => generated 87 bytes in 153 msecs (HTTP/1.1 404) 5 headers in 183 bytes (1 switches on core 0)
Oct 26 06:16:43 user devstack@keystone.service[45677]: DEBUG keystone.server.flask.request_processing.middleware.auth_context [None req-a4e307eb-cef9-4267-823d-bacde90b3652 None admin] Authenticating user token {{(pid=45677) process_request /opt/stack/data/venv/lib/python3.10/site-packages/keystonemiddleware/auth_token/__init__.py:406}}
Oct 26 06:16:43 user devstack@keystone.service[45678]: DEBUG keystone.server.flask.request_processing.req_logging [None req-96faaa1d-f4ae-4f9e-abf9-309c0eeceaeb None None] REQUEST_METHOD: `GET` {{(pid=45678) log_request_info /opt/stack/keystone/keystone/server/flask/request_processing/req_logging.py:27}}
Oct 26 06:16:43 user devstack@keystone.service[45678]: DEBUG keystone.server.flask.request_processing.req_logging [None req-96faaa1d-f4ae-4f9e-abf9-309c0eeceaeb None None] SCRIPT_NAME: `/identity` {{(pid=45678) log_request_info /opt/stack/keystone/keystone/server/flask/request_processing/req_logging.py:28}}
Oct 26 06:16:43 user devstack@keystone.service[45678]: DEBUG keystone.server.flask.request_processing.req_logging [None req-96faaa1d-f4ae-4f9e-abf9-309c0eeceaeb None None] PATH_INFO: `/` {{(pid=45678) log_request_info /opt/stack/keystone/keystone/server/flask/request_processing/req_logging.py:29}}
Oct 26 06:16:43 user devstack@keystone.service[45679]: DEBUG keystone.server.flask.request_processing.middleware.auth_context [None req-d4cae992-ada7-4240-8749-26dde7ea4349 None None] Validating token access rules against request {{(pid=45679) validate_allowed_request /opt/stack/data/venv/lib/python3.10/site-packages/keystonemiddleware/auth_token/__init__.py:544}}
Oct 26 06:16:43 user devstack@keystone.service[45678]: [pid: 45678|app: 0|req: 121/348] 10.0.0.210 () {54 vars in 921 bytes} [Thu Oct 26 06:16:43 2023] GET /identity => generated 269 bytes in 4 msecs (HTTP/1.1 300) 6 headers in 233 bytes (1 switches on core 0)
Oct 26 06:16:43 user devstack@keystone.service[45678]: DEBUG keystone.server.flask.request_processing.req_logging [None req-dcb81615-c0d9-4baa-9cbc-ca2be27fa5c0 None None] REQUEST_METHOD: `POST` {{(pid=45678) log_request_info /opt/stack/keystone/keystone/server/flask/request_processing/req_logging.py:27}}
Oct 26 06:16:43 user devstack@keystone.service[45678]: DEBUG keystone.server.flask.request_processing.req_logging [None req-dcb81615-c0d9-4baa-9cbc-ca2be27fa5c0 None None] SCRIPT_NAME: `/identity` {{(pid=45678) log_request_info /opt/stack/keystone/keystone/server/flask/request_processing/req_logging.py:28}}
Oct 26 06:16:43 user devstack@keystone.service[45678]: DEBUG keystone.server.flask.request_processing.req_logging [None req-dcb81615-c0d9-4baa-9cbc-ca2be27fa5c0 None None] PATH_INFO: `/v3/auth/tokens` {{(pid=45678) log_request_info /opt/stack/keystone/keystone/server/flask/request_processing/req_logging.py:29}}
Oct 26 06:16:43 user devstack@keystone.service[45678]: WARNING keystone.common.password_hashing [None req-dcb81615-c0d9-4baa-9cbc-ca2be27fa5c0 None None] Truncating password to algorithm specific maximum length 72 characters.
Oct 26 06:16:43 user devstack@keystone.service[45678]: DEBUG keystone.auth.core [None req-dcb81615-c0d9-4baa-9cbc-ca2be27fa5c0 None None] MFA Rules not processed for user `89efed337c9e4a68a44e2b1b0a85a7b7`. Rule list: `[]` (Enabled: `True`). {{(pid=45678) check_auth_methods_against_rules /opt/stack/keystone/keystone/auth/core.py:438}}
Oct 26 06:16:43 user devstack@keystone.service[45678]: DEBUG keystone.common.fernet_utils [None req-dcb81615-c0d9-4baa-9cbc-ca2be27fa5c0 None None] Loaded 2 Fernet keys from /etc/keystone/fernet-keys/, but `[fernet_tokens] max_active_keys = 3`; perhaps there have not been enough key rotations to reach `max_active_keys` yet? {{(pid=45678) load_keys /opt/stack/keystone/keystone/common/fernet_utils.py:286}}
Oct 26 06:16:43 user devstack@keystone.service[45679]: DEBUG keystone.server.flask.request_processing.middleware.auth_context [None req-88679a03-88ee-4df0-97e0-c719e8e432a7 None admin] RBAC: auth_context: {'token': , 'domain_id': None, 'trust_id': None, 'trustor_id': None, 'trustee_id': None, 'domain_name': None, 'group_ids': [], 'user_id': '89efed337c9e4a68a44e2b1b0a85a7b7', 'user_domain_id': 'default', 'system_scope': 'all', 'project_id': None, 'project_domain_id': None, 'roles': ['admin', 'manager', 'member', 'reader'], 'is_admin_project': True, 'service_user_id': None, 'service_user_domain_id': None, 'service_project_id': None, 'service_project_domain_id': None, 'service_roles': []} {{(pid=45679) fill_context /opt/stack/keystone/keystone/server/flask/request_processing/middleware/auth_context.py:480}}
Oct 26 06:16:43 user devstack@keystone.service[45679]: DEBUG keystone.server.flask.request_processing.req_logging [None req-88679a03-88ee-4df0-97e0-c719e8e432a7 None admin] REQUEST_METHOD: `POST` {{(pid=45679) log_request_info /opt/stack/keystone/keystone/server/flask/request_processing/req_logging.py:27}}
Oct 26 06:16:43 user devstack@keystone.service[45679]: DEBUG keystone.server.flask.request_processing.req_logging [None req-88679a03-88ee-4df0-97e0-c719e8e432a7 None admin] SCRIPT_NAME: `/identity` {{(pid=45679) log_request_info /opt/stack/keystone/keystone/server/flask/request_processing/req_logging.py:28}}
Oct 26 06:16:43 user devstack@keystone.service[45679]: DEBUG keystone.server.flask.request_processing.req_logging [None req-88679a03-88ee-4df0-97e0-c719e8e432a7 None admin] PATH_INFO: `/v3/users` {{(pid=45679) log_request_info /opt/stack/keystone/keystone/server/flask/request_processing/req_logging.py:29}}
Oct 26 06:16:43 user devstack@keystone.service[45679]: DEBUG keystone.common.rbac_enforcer.enforcer [None req-88679a03-88ee-4df0-97e0-c719e8e432a7 None admin] RBAC: Authorizing `identity:create_user()` {{(pid=45679) enforce_call /opt/stack/keystone/keystone/common/rbac_enforcer/enforcer.py:449}}
Oct 26 06:16:43 user devstack@keystone.service[45679]: DEBUG keystone.common.rbac_enforcer.enforcer [None req-88679a03-88ee-4df0-97e0-c719e8e432a7 None admin] RBAC: Authorization granted {{(pid=45679) enforce_call /opt/stack/keystone/keystone/common/rbac_enforcer/enforcer.py:457}}
Oct 26 06:16:43 user devstack@keystone.service[45679]: WARNING keystone.common.password_hashing [None req-88679a03-88ee-4df0-97e0-c719e8e432a7 None admin] Truncating password to algorithm specific maximum length 72 characters.
Oct 26 06:16:43 user devstack@keystone.service[45677]: DEBUG keystone.server.flask.request_processing.middleware.auth_context [None req-a4e307eb-cef9-4267-823d-bacde90b3652 None admin] Validating token access rules against request {{(pid=45677) validate_allowed_request /opt/stack/data/venv/lib/python3.10/site-packages/keystonemiddleware/auth_token/__init__.py:544}}
Oct 26 06:16:43 user devstack@keystone.service[45679]: [pid: 45679|app: 0|req: 116/349] 10.0.0.210 () {60 vars in 1127 bytes} [Thu Oct 26 06:16:43 2023] POST /identity/v3/users => generated 245 bytes in 163 msecs (HTTP/1.1 201) 5 headers in 182 bytes (1 switches on core 0)
Oct 26 06:16:43 user devstack@keystone.service[45679]: DEBUG keystone.server.flask.request_processing.middleware.auth_context [None req-88679a03-88ee-4df0-97e0-c719e8e432a7 None admin] Authenticating user token {{(pid=45679) process_request /opt/stack/data/venv/lib/python3.10/site-packages/keystonemiddleware/auth_token/__init__.py:406}}
