Nov 14 20:25:32 user devstack@keystone.service[47086]: DEBUG keystone.server.flask.request_processing.middleware.auth_context [None req-21ccd851-177a-466f-997a-3a96c6b77744 admin admin] RBAC: auth_context: {'token': , 'domain_id': None, 'trust_id': None, 'trustor_id': None, 'trustee_id': None, 'domain_name': None, 'group_ids': [], 'user_id': 'bac7c67861604236a9509c037edeced5', 'user_domain_id': 'default', 'system_scope': None, 'project_id': 'e57cfad766224722a83729fdae4800c3', 'project_domain_id': 'default', 'roles': ['member', 'manager', 'reader', 'admin'], 'is_admin_project': True, 'service_user_id': None, 'service_user_domain_id': None, 'service_project_id': None, 'service_project_domain_id': None, 'service_roles': []} {{(pid=47086) fill_context /opt/stack/keystone/keystone/server/flask/request_processing/middleware/auth_context.py:480}}
Nov 14 20:25:32 user devstack@keystone.service[47086]: DEBUG keystone.server.flask.request_processing.req_logging [None req-21ccd851-177a-466f-997a-3a96c6b77744 admin admin] REQUEST_METHOD: `PUT` {{(pid=47086) log_request_info /opt/stack/keystone/keystone/server/flask/request_processing/req_logging.py:27}}
Nov 14 20:25:32 user devstack@keystone.service[47086]: DEBUG keystone.server.flask.request_processing.req_logging [None req-21ccd851-177a-466f-997a-3a96c6b77744 admin admin] SCRIPT_NAME: `/identity` {{(pid=47086) log_request_info /opt/stack/keystone/keystone/server/flask/request_processing/req_logging.py:28}}
Nov 14 20:25:32 user devstack@keystone.service[47086]: DEBUG keystone.server.flask.request_processing.req_logging [None req-21ccd851-177a-466f-997a-3a96c6b77744 admin admin] PATH_INFO: `/v3/projects/c1e7f23b1d48453cb6d9d06e8989277a/groups/503b6741acee423b93472ac9308d71ac/roles/959f010cb14a40d9b0a9687d93b63187` {{(pid=47086) log_request_info /opt/stack/keystone/keystone/server/flask/request_processing/req_logging.py:29}}
Nov 14 20:25:32 user devstack@keystone.service[47086]: DEBUG keystone.common.rbac_enforcer.enforcer [None req-21ccd851-177a-466f-997a-3a96c6b77744 admin admin] RBAC: Authorizing `identity:create_grant(project_id=c1e7f23b1d48453cb6d9d06e8989277a, group_id=503b6741acee423b93472ac9308d71ac, role_id=959f010cb14a40d9b0a9687d93b63187)` {{(pid=47086) enforce_call /opt/stack/keystone/keystone/common/rbac_enforcer/enforcer.py:449}}
Nov 14 20:25:32 user devstack@keystone.service[47085]: DEBUG keystone.server.flask.request_processing.middleware.auth_context [None req-af7cea63-4745-4ebc-874f-580f71b88a3c None admin] Authenticating user token {{(pid=47085) process_request /opt/stack/data/venv/lib/python3.10/site-packages/keystonemiddleware/auth_token/__init__.py:406}}
Nov 14 20:25:32 user devstack@keystone.service[47086]: WARNING py.warnings [None req-21ccd851-177a-466f-997a-3a96c6b77744 admin admin] /opt/stack/data/venv/lib/python3.10/site-packages/oslo_policy/policy.py:1130: UserWarning: Policy "identity:create_grant": "(role:admin and system_scope:all) or ((role:admin and domain_id:%(target.user.domain_id)s and domain_id:%(target.project.domain_id)s) or (role:admin and domain_id:%(target.user.domain_id)s and domain_id:%(target.domain.id)s) or (role:admin and domain_id:%(target.group.domain_id)s and domain_id:%(target.project.domain_id)s) or (role:admin and domain_id:%(target.group.domain_id)s and domain_id:%(target.domain.id)s)) and (domain_id:%(target.role.domain_id)s or None:%(target.role.domain_id)s)" failed scope check. The token used to make the request was project scoped but the policy requires ['system', 'domain'] scope. This behavior may change in the future where using the intended scope is required
Nov 14 20:25:32 user devstack@keystone.service[47086]: warnings.warn(msg)
Nov 14 20:25:32 user devstack@keystone.service[47086]:
Nov 14 20:25:32 user devstack@keystone.service[47086]: DEBUG keystone.common.rbac_enforcer.enforcer [None req-21ccd851-177a-466f-997a-3a96c6b77744 admin admin] RBAC: Authorization granted {{(pid=47086) enforce_call /opt/stack/keystone/keystone/common/rbac_enforcer/enforcer.py:457}}
Nov 14 20:25:32 user devstack@keystone.service[47084]: DEBUG keystone.server.flask.request_processing.middleware.auth_context [None req-2d72533e-dafe-4fcd-b814-a56a8837c7fc admin admin] Validating token access rules against request {{(pid=47084) validate_allowed_request /opt/stack/data/venv/lib/python3.10/site-packages/keystonemiddleware/auth_token/__init__.py:544}}
Nov 14 20:25:32 user devstack@keystone.service[47084]: DEBUG keystone.server.flask.request_processing.middleware.auth_context [None req-5351f1cc-268d-410f-8343-a4497367002a admin admin] RBAC: auth_context: {'token': , 'domain_id': None, 'trust_id': None, 'trustor_id': None, 'trustee_id': None, 'domain_name': None, 'group_ids': [], 'user_id': 'bac7c67861604236a9509c037edeced5', 'user_domain_id': 'default', 'system_scope': None, 'project_id': 'e57cfad766224722a83729fdae4800c3', 'project_domain_id': 'default', 'roles': ['member', 'manager', 'reader', 'admin'], 'is_admin_project': True, 'service_user_id': None, 'service_user_domain_id': None, 'service_project_id': None, 'service_project_domain_id': None, 'service_roles': []} {{(pid=47084) fill_context /opt/stack/keystone/keystone/server/flask/request_processing/middleware/auth_context.py:480}}
Nov 14 20:25:32 user devstack@keystone.service[47084]: DEBUG keystone.server.flask.request_processing.req_logging [None req-5351f1cc-268d-410f-8343-a4497367002a admin admin] REQUEST_METHOD: `GET` {{(pid=47084) log_request_info /opt/stack/keystone/keystone/server/flask/request_processing/req_logging.py:27}}
Nov 14 20:25:32 user devstack@keystone.service[47084]: DEBUG keystone.server.flask.request_processing.req_logging [None req-5351f1cc-268d-410f-8343-a4497367002a admin admin] SCRIPT_NAME: `/identity` {{(pid=47084) log_request_info /opt/stack/keystone/keystone/server/flask/request_processing/req_logging.py:28}}
Nov 14 20:25:32 user devstack@keystone.service[47084]: DEBUG keystone.server.flask.request_processing.req_logging [None req-5351f1cc-268d-410f-8343-a4497367002a admin admin] PATH_INFO: `/v3/groups/503b6741acee423b93472ac9308d71ac` {{(pid=47084) log_request_info /opt/stack/keystone/keystone/server/flask/request_processing/req_logging.py:29}}
Nov 14 20:25:32 user devstack@keystone.service[47084]: DEBUG keystone.common.rbac_enforcer.enforcer [None req-5351f1cc-268d-410f-8343-a4497367002a admin admin] RBAC: Authorizing `identity:get_group(group_id=503b6741acee423b93472ac9308d71ac)` {{(pid=47084) enforce_call /opt/stack/keystone/keystone/common/rbac_enforcer/enforcer.py:449}}
Nov 14 20:25:32 user devstack@keystone.service[47084]: DEBUG keystone.common.rbac_enforcer.enforcer [None req-5351f1cc-268d-410f-8343-a4497367002a admin admin] RBAC: Authorization granted {{(pid=47084) enforce_call /opt/stack/keystone/keystone/common/rbac_enforcer/enforcer.py:457}}
Nov 14 20:25:32 user devstack@keystone.service[47084]: [pid: 47084|app: 0|req: 79/240] 10.0.0.210 () {56 vars in 1196 bytes} [Tue Nov 14 20:25:32 2023] GET /identity/v3/groups/503b6741acee423b93472ac9308d71ac => generated 225 bytes in 20 msecs (HTTP/1.1 200) 5 headers in 177 bytes (1 switches on core 0)
Nov 14 20:25:32 user devstack@keystone.service[47086]: [pid: 47086|app: 0|req: 80/241] 10.0.0.210 () {58 vars in 1458 bytes} [Tue Nov 14 20:25:32 2023] PUT /identity/v3/projects/c1e7f23b1d48453cb6d9d06e8989277a/groups/503b6741acee423b93472ac9308d71ac/roles/959f010cb14a40d9b0a9687d93b63187 => generated 0 bytes in 36 msecs (HTTP/1.1 204) 3 headers in 132 bytes (0 switches on core 0)
Nov 14 20:25:32 user devstack@keystone.service[47084]: DEBUG keystone.server.flask.request_processing.middleware.auth_context [None req-5351f1cc-268d-410f-8343-a4497367002a admin admin] Authenticating user token {{(pid=47084) process_request /opt/stack/data/venv/lib/python3.10/site-packages/keystonemiddleware/auth_token/__init__.py:406}}
Nov 14 20:25:32 user devstack@keystone.service[47084]: DEBUG keystone.server.flask.request_processing.middleware.auth_context [None req-5351f1cc-268d-410f-8343-a4497367002a admin admin] Validating token access rules against request {{(pid=47084) validate_allowed_request /opt/stack/data/venv/lib/python3.10/site-packages/keystonemiddleware/auth_token/__init__.py:544}}
Nov 14 20:25:32 user devstack@keystone.service[47084]: DEBUG keystone.server.flask.request_processing.middleware.auth_context [None req-e6b15a9d-a0a1-4a33-b962-d45126697e5e admin admin] RBAC: auth_context: {'token': , 'domain_id': None, 'trust_id': None, 'trustor_id': None, 'trustee_id': None, 'domain_name': None, 'group_ids': [], 'user_id': 'bac7c67861604236a9509c037edeced5', 'user_domain_id': 'default', 'system_scope': None, 'project_id': 'e57cfad766224722a83729fdae4800c3', 'project_domain_id': 'default', 'roles': ['member', 'manager', 'reader', 'admin'], 'is_admin_project': True, 'service_user_id': None, 'service_user_domain_id': None, 'service_project_id': None, 'service_project_domain_id': None, 'service_roles': []} {{(pid=47084) fill_context /opt/stack/keystone/keystone/server/flask/request_processing/middleware/auth_context.py:480}}
Nov 14 20:25:32 user devstack@keystone.service[47084]: DEBUG keystone.server.flask.request_processing.req_logging [None req-e6b15a9d-a0a1-4a33-b962-d45126697e5e admin admin] REQUEST_METHOD: `GET` {{(pid=47084) log_request_info /opt/stack/keystone/keystone/server/flask/request_processing/req_logging.py:27}}
Nov 14 20:25:32 user devstack@keystone.service[47084]: DEBUG keystone.server.flask.request_processing.req_logging [None req-e6b15a9d-a0a1-4a33-b962-d45126697e5e admin admin] SCRIPT_NAME: `/identity` {{(pid=47084) log_request_info /opt/stack/keystone/keystone/server/flask/request_processing/req_logging.py:28}}
Nov 14 20:25:32 user devstack@keystone.service[47084]: DEBUG keystone.server.flask.request_processing.req_logging [None req-e6b15a9d-a0a1-4a33-b962-d45126697e5e admin admin] PATH_INFO: `/v3/projects/c1e7f23b1d48453cb6d9d06e8989277a` {{(pid=47084) log_request_info /opt/stack/keystone/keystone/server/flask/request_processing/req_logging.py:29}}
Nov 14 20:25:32 user devstack@keystone.service[47084]: DEBUG keystone.common.rbac_enforcer.enforcer [None req-e6b15a9d-a0a1-4a33-b962-d45126697e5e admin admin] RBAC: Authorizing `identity:get_project(project_id=c1e7f23b1d48453cb6d9d06e8989277a)` {{(pid=47084) enforce_call /opt/stack/keystone/keystone/common/rbac_enforcer/enforcer.py:449}}
Nov 14 20:25:32 user devstack@keystone.service[47084]: DEBUG keystone.common.rbac_enforcer.enforcer [None req-e6b15a9d-a0a1-4a33-b962-d45126697e5e admin admin] RBAC: Authorization granted {{(pid=47084) enforce_call /opt/stack/keystone/keystone/common/rbac_enforcer/enforcer.py:457}}
Nov 14 20:25:32 user devstack@keystone.service[47084]: [pid: 47084|app: 0|req: 80/242] 10.0.0.210 () {56 vars in 1202 bytes} [Tue Nov 14 20:25:32 2023] GET /identity/v3/projects/c1e7f23b1d48453cb6d9d06e8989277a => generated 301 bytes in 73 msecs (HTTP/1.1 200) 5 headers in 177 bytes (1 switches on core 0)
Nov 14 20:25:32 user devstack@keystone.service[47086]: DEBUG keystone.server.flask.request_processing.middleware.auth_context [None req-21ccd851-177a-466f-997a-3a96c6b77744 admin admin] Authenticating user token {{(pid=47086) process_request /opt/stack/data/venv/lib/python3.10/site-packages/keystonemiddleware/auth_token/__init__.py:406}}
Nov 14 20:25:32 user devstack@keystone.service[47086]: DEBUG keystone.server.flask.request_processing.middleware.auth_context [None req-21ccd851-177a-466f-997a-3a96c6b77744 admin admin] Validating token access rules against request {{(pid=47086) validate_allowed_request /opt/stack/data/venv/lib/python3.10/site-packages/keystonemiddleware/auth_token/__init__.py:544}}
Nov 14 20:25:32 user devstack@keystone.service[47086]: DEBUG keystone.server.flask.request_processing.middleware.auth_context [None req-42adc219-eb35-49fb-b9b7-e1cbc245e4dd admin admin] RBAC: auth_context: {'token': , 'domain_id': None, 'trust_id': None, 'trustor_id': None, 'trustee_id': None, 'domain_name': None, 'group_ids': [], 'user_id': 'bac7c67861604236a9509c037edeced5', 'user_domain_id': 'default', 'system_scope': None, 'project_id': 'e57cfad766224722a83729fdae4800c3', 'project_domain_id': 'default', 'roles': ['member', 'manager', 'reader', 'admin'], 'is_admin_project': True, 'service_user_id': None, 'service_user_domain_id': None, 'service_project_id': None, 'service_project_domain_id': None, 'service_roles': []} {{(pid=47086) fill_context /opt/stack/keystone/keystone/server/flask/request_processing/middleware/auth_context.py:480}}
Nov 14 20:25:32 user devstack@keystone.service[47086]: DEBUG keystone.server.flask.request_processing.req_logging [None req-42adc219-eb35-49fb-b9b7-e1cbc245e4dd admin admin] REQUEST_METHOD: `PUT` {{(pid=47086) log_request_info /opt/stack/keystone/keystone/server/flask/request_processing/req_logging.py:27}}
Nov 14 20:25:32 user devstack@keystone.service[47086]: DEBUG keystone.server.flask.request_processing.req_logging [None req-42adc219-eb35-49fb-b9b7-e1cbc245e4dd admin admin] SCRIPT_NAME: `/identity` {{(pid=47086) log_request_info /opt/stack/keystone/keystone/server/flask/request_processing/req_logging.py:28}}
Nov 14 20:25:32 user devstack@keystone.service[47086]: DEBUG keystone.server.flask.request_processing.req_logging [None req-42adc219-eb35-49fb-b9b7-e1cbc245e4dd admin admin] PATH_INFO: `/v3/projects/c1e7f23b1d48453cb6d9d06e8989277a/groups/503b6741acee423b93472ac9308d71ac/roles/b442c308a00349b5be930fd290641c62` {{(pid=47086) log_request_info /opt/stack/keystone/keystone/server/flask/request_processing/req_logging.py:29}}
Nov 14 20:25:32 user devstack@keystone.service[47084]: DEBUG keystone.server.flask.request_processing.req_logging [None req-08e05ca3-11b4-4da5-a034-be2078a08dc8 None None] REQUEST_METHOD: `GET` {{(pid=47084) log_request_info /opt/stack/keystone/keystone/server/flask/request_processing/req_logging.py:27}}
Nov 14 20:25:32 user devstack@keystone.service[47084]: DEBUG keystone.server.flask.request_processing.req_logging [None req-08e05ca3-11b4-4da5-a034-be2078a08dc8 None None] SCRIPT_NAME: `/identity` {{(pid=47084) log_request_info /opt/stack/keystone/keystone/server/flask/request_processing/req_logging.py:28}}
Nov 14 20:25:32 user devstack@keystone.service[47084]: DEBUG keystone.server.flask.request_processing.req_logging [None req-08e05ca3-11b4-4da5-a034-be2078a08dc8 None None] PATH_INFO: `/` {{(pid=47084) log_request_info /opt/stack/keystone/keystone/server/flask/request_processing/req_logging.py:29}}
Nov 14 20:25:32 user devstack@keystone.service[47086]: DEBUG keystone.common.rbac_enforcer.enforcer [None req-42adc219-eb35-49fb-b9b7-e1cbc245e4dd admin admin] RBAC: Authorizing `identity:create_grant(project_id=c1e7f23b1d48453cb6d9d06e8989277a, group_id=503b6741acee423b93472ac9308d71ac, role_id=b442c308a00349b5be930fd290641c62)` {{(pid=47086) enforce_call /opt/stack/keystone/keystone/common/rbac_enforcer/enforcer.py:449}}
Nov 14 20:25:32 user devstack@keystone.service[47084]: [pid: 47084|app: 0|req: 81/243] 10.0.0.210 () {54 vars in 921 bytes} [Tue Nov 14 20:25:32 2023] GET /identity => generated 269 bytes in 3 msecs (HTTP/1.1 300) 6 headers in 233 bytes (1 switches on core 0)
Nov 14 20:25:32 user devstack@keystone.service[47085]: DEBUG keystone.server.flask.request_processing.middleware.auth_context [None req-af7cea63-4745-4ebc-874f-580f71b88a3c None admin] Validating token access rules against request {{(pid=47085) validate_allowed_request /opt/stack/data/venv/lib/python3.10/site-packages/keystonemiddleware/auth_token/__init__.py:544}}
Nov 14 20:25:32 user devstack@keystone.service[47086]: DEBUG keystone.common.rbac_enforcer.enforcer [None req-42adc219-eb35-49fb-b9b7-e1cbc245e4dd admin admin] RBAC: Authorization granted {{(pid=47086) enforce_call /opt/stack/keystone/keystone/common/rbac_enforcer/enforcer.py:457}}
Nov 14 20:25:32 user devstack@keystone.service[47084]: DEBUG keystone.server.flask.request_processing.middleware.auth_context [None req-08e05ca3-11b4-4da5-a034-be2078a08dc8 None None] Authenticating user token {{(pid=47084) process_request /opt/stack/data/venv/lib/python3.10/site-packages/keystonemiddleware/auth_token/__init__.py:406}}
Nov 14 20:25:32 user devstack@keystone.service[47086]: [pid: 47086|app: 0|req: 81/244] 10.0.0.210 () {58 vars in 1458 bytes} [Tue Nov 14 20:25:32 2023] PUT /identity/v3/projects/c1e7f23b1d48453cb6d9d06e8989277a/groups/503b6741acee423b93472ac9308d71ac/roles/b442c308a00349b5be930fd290641c62 => generated 0 bytes in 33 msecs (HTTP/1.1 204) 3 headers in 132 bytes (0 switches on core 0)
Nov 14 20:25:32 user devstack@keystone.service[47084]: DEBUG keystone.server.flask.request_processing.middleware.auth_context [None req-08e05ca3-11b4-4da5-a034-be2078a08dc8 None None] Validating token access rules against request {{(pid=47084) validate_allowed_request /opt/stack/data/venv/lib/python3.10/site-packages/keystonemiddleware/auth_token/__init__.py:544}}
Nov 14 20:25:33 user devstack@keystone.service[47085]: DEBUG keystone.server.flask.request_processing.middleware.auth_context [None req-4513beca-3cc1-4e32-b039-71561ccd4e8b None admin] RBAC: auth_context: {'token': , 'domain_id': None, 'trust_id': None, 'trustor_id': None, 'trustee_id': None, 'domain_name': None, 'group_ids': [], 'user_id': 'bac7c67861604236a9509c037edeced5', 'user_domain_id': 'default', 'system_scope': 'all', 'project_id': None, 'project_domain_id': None, 'roles': ['admin', 'manager', 'member', 'reader'], 'is_admin_project': True, 'service_user_id': None, 'service_user_domain_id': None, 'service_project_id': None, 'service_project_domain_id': None, 'service_roles': []} {{(pid=47085) fill_context /opt/stack/keystone/keystone/server/flask/request_processing/middleware/auth_context.py:480}}
Nov 14 20:25:33 user devstack@keystone.service[47085]: DEBUG keystone.server.flask.request_processing.req_logging [None req-4513beca-3cc1-4e32-b039-71561ccd4e8b None admin] REQUEST_METHOD: `GET` {{(pid=47085) log_request_info /opt/stack/keystone/keystone/server/flask/request_processing/req_logging.py:27}}
Nov 14 20:25:33 user devstack@keystone.service[47085]: DEBUG keystone.server.flask.request_processing.req_logging [None req-4513beca-3cc1-4e32-b039-71561ccd4e8b None admin] SCRIPT_NAME: `/identity` {{(pid=47085) log_request_info /opt/stack/keystone/keystone/server/flask/request_processing/req_logging.py:28}}
Nov 14 20:25:33 user devstack@keystone.service[47085]: DEBUG keystone.server.flask.request_processing.req_logging [None req-4513beca-3cc1-4e32-b039-71561ccd4e8b None admin] PATH_INFO: `/v3/users/e804b146afcc4c8f95d80a792e1422f1` {{(pid=47085) log_request_info /opt/stack/keystone/keystone/server/flask/request_processing/req_logging.py:29}}
Nov 14 20:25:33 user devstack@keystone.service[47085]: DEBUG keystone.common.rbac_enforcer.enforcer [None req-4513beca-3cc1-4e32-b039-71561ccd4e8b None admin] RBAC: Authorizing `identity:get_user(user_id=e804b146afcc4c8f95d80a792e1422f1)` {{(pid=47085) enforce_call /opt/stack/keystone/keystone/common/rbac_enforcer/enforcer.py:449}}
Nov 14 20:25:33 user devstack@keystone.service[47085]: DEBUG keystone.common.rbac_enforcer.enforcer [None req-4513beca-3cc1-4e32-b039-71561ccd4e8b None admin] RBAC: Authorization granted {{(pid=47085) enforce_call /opt/stack/keystone/keystone/common/rbac_enforcer/enforcer.py:457}}
Nov 14 20:25:33 user devstack@keystone.service[47085]: [pid: 47085|app: 0|req: 83/245] 10.0.0.210 () {56 vars in 1172 bytes} [Tue Nov 14 20:25:32 2023] GET /identity/v3/users/e804b146afcc4c8f95d80a792e1422f1 => generated 292 bytes in 165 msecs (HTTP/1.1 200) 5 headers in 177 bytes (2 switches on core 0)
Nov 14 20:25:33 user devstack@keystone.service[47086]: DEBUG keystone.server.flask.request_processing.middleware.auth_context [None req-42adc219-eb35-49fb-b9b7-e1cbc245e4dd admin admin] Authenticating user token {{(pid=47086) process_request /opt/stack/data/venv/lib/python3.10/site-packages/keystonemiddleware/auth_token/__init__.py:406}}
Nov 14 20:25:33 user devstack@keystone.service[47084]: DEBUG keystone.server.flask.request_processing.middleware.auth_context [None req-94bfab05-59a0-4b31-a7ec-3a07b8bf9b4c admin admin] RBAC: auth_context: {'token': , 'domain_id': None, 'trust_id': None, 'trustor_id': None, 'trustee_id': None, 'domain_name': None, 'group_ids': [], 'user_id': 'bac7c67861604236a9509c037edeced5', 'user_domain_id': 'default', 'system_scope': None, 'project_id': 'e57cfad766224722a83729fdae4800c3', 'project_domain_id': 'default', 'roles': ['member', 'manager', 'reader', 'admin'], 'is_admin_project': True, 'service_user_id': None, 'service_user_domain_id': None, 'service_project_id': None, 'service_project_domain_id': None, 'service_roles': []} {{(pid=47084) fill_context /opt/stack/keystone/keystone/server/flask/request_processing/middleware/auth_context.py:480}}
Nov 14 20:25:33 user devstack@keystone.service[47084]: DEBUG keystone.server.flask.request_processing.req_logging [None req-94bfab05-59a0-4b31-a7ec-3a07b8bf9b4c admin admin] REQUEST_METHOD: `GET` {{(pid=47084) log_request_info /opt/stack/keystone/keystone/server/flask/request_processing/req_logging.py:27}}
Nov 14 20:25:33 user devstack@keystone.service[47084]: DEBUG keystone.server.flask.request_processing.req_logging [None req-94bfab05-59a0-4b31-a7ec-3a07b8bf9b4c admin admin] SCRIPT_NAME: `/identity` {{(pid=47084) log_request_info /opt/stack/keystone/keystone/server/flask/request_processing/req_logging.py:28}}
Nov 14 20:25:33 user devstack@keystone.service[47084]: DEBUG keystone.server.flask.request_processing.req_logging [None req-94bfab05-59a0-4b31-a7ec-3a07b8bf9b4c admin admin] PATH_INFO: `/v3/roles/admin` {{(pid=47084) log_request_info /opt/stack/keystone/keystone/server/flask/request_processing/req_logging.py:29}}
Nov 14 20:25:33 user devstack@keystone.service[47084]: DEBUG keystone.common.rbac_enforcer.enforcer [None req-94bfab05-59a0-4b31-a7ec-3a07b8bf9b4c admin admin] Extracting inferred target data resulted in "NOT FOUND (404)". {{(pid=47084) enforce_call /opt/stack/keystone/keystone/common/rbac_enforcer/enforcer.py:409}}
Nov 14 20:25:33 user devstack@keystone.service[47084]: ERROR keystone.server.flask.application [None req-94bfab05-59a0-4b31-a7ec-3a07b8bf9b4c admin admin] Could not find role: admin.: keystone.exception.RoleNotFound: Could not find role: admin.
Nov 14 20:25:33 user devstack@keystone.service[47084]: ERROR keystone.server.flask.application
Traceback (most recent call last):
Nov 14 20:25:33 user devstack@keystone.service[47084]: ERROR keystone.server.flask.application
File "/opt/stack/data/venv/lib/python3.10/site-packages/flask/app.py", line 1823, in full_dispatch_request
Nov 14 20:25:33 user devstack@keystone.service[47084]: ERROR keystone.server.flask.application rv = self.dispatch_request()
Nov 14 20:25:33 user devstack@keystone.service[47084]: ERROR keystone.server.flask.application
File "/opt/stack/data/venv/lib/python3.10/site-packages/flask/app.py", line 1799, in dispatch_request
Nov 14 20:25:33 user devstack@keystone.service[47084]: ERROR keystone.server.flask.application return self.ensure_sync(self.view_functions[rule.endpoint])(**view_args)
Nov 14 20:25:33 user devstack@keystone.service[47084]: ERROR keystone.server.flask.application
File "/opt/stack/data/venv/lib/python3.10/site-packages/flask_restful/__init__.py", line 489, in wrapper
Nov 14 20:25:33 user devstack@keystone.service[47084]: ERROR keystone.server.flask.application resp = resource(*args, **kwargs)
Nov 14 20:25:33 user devstack@keystone.service[47084]: ERROR keystone.server.flask.application
File "/opt/stack/data/venv/lib/python3.10/site-packages/flask/views.py", line 107, in view
Nov 14 20:25:33 user devstack@keystone.service[47084]: ERROR keystone.server.flask.application return current_app.ensure_sync(self.dispatch_request)(**kwargs)
Nov 14 20:25:33 user devstack@keystone.service[47084]: ERROR keystone.server.flask.application
File "/opt/stack/data/venv/lib/python3.10/site-packages/flask_restful/__init__.py", line 604, in dispatch_request
Nov 14 20:25:33 user devstack@keystone.service[47084]: ERROR keystone.server.flask.application resp = meth(*args, **kwargs)
Nov 14 20:25:33 user devstack@keystone.service[47084]: ERROR keystone.server.flask.application
File "/opt/stack/keystone/keystone/api/roles.py", line 50, in get
Nov 14 20:25:33 user devstack@keystone.service[47084]: ERROR keystone.server.flask.application return self._get_role(role_id)
Nov 14 20:25:33 user devstack@keystone.service[47084]: ERROR keystone.server.flask.application
File "/opt/stack/keystone/keystone/api/roles.py", line 70, in _get_role
Nov 14 20:25:33 user devstack@keystone.service[47084]: ERROR keystone.server.flask.application ENFORCER.enforce_call(action='identity:get_role')
Nov 14 20:25:33 user devstack@keystone.service[47084]: ERROR keystone.server.flask.application
File "/opt/stack/keystone/keystone/common/rbac_enforcer/enforcer.py", line 402, in enforce_call
Nov 14 20:25:33 user devstack@keystone.service[47084]: ERROR keystone.server.flask.application policy_dict.update(cls._extract_member_target_data(
Nov 14 20:25:33 user devstack@keystone.service[47084]: ERROR keystone.server.flask.application
File "/opt/stack/keystone/keystone/common/rbac_enforcer/enforcer.py", line 234, in _extract_member_target_data
Nov 14 20:25:33 user devstack@keystone.service[47084]: ERROR keystone.server.flask.application member_name: func(flask.request.view_args[key])
Nov 14 20:25:33 user devstack@keystone.service[47084]: ERROR keystone.server.flask.application
File "/opt/stack/keystone/keystone/common/manager.py", line 115, in wrapped
Nov 14 20:25:33 user devstack@keystone.service[47084]: ERROR keystone.server.flask.application __ret_val = __f(*args, **kwargs)
Nov 14 20:25:33 user devstack@keystone.service[47084]: ERROR keystone.server.flask.application
File "/opt/stack/data/venv/lib/python3.10/site-packages/decorator.py", line 232, in fun
Nov 14 20:25:33 user devstack@keystone.service[47084]: ERROR keystone.server.flask.application return caller(func, *(extras + args), **kw)
Nov 14 20:25:33 user devstack@keystone.service[47084]: ERROR keystone.server.flask.application
File "/opt/stack/data/venv/lib/python3.10/site-packages/dogpile/cache/region.py", line 1594, in get_or_create_for_user_func
Nov 14 20:25:33 user devstack@keystone.service[47084]: ERROR keystone.server.flask.application return self.get_or_create(
Nov 14 20:25:33 user devstack@keystone.service[47084]: ERROR keystone.server.flask.application
File "/opt/stack/data/venv/lib/python3.10/site-packages/dogpile/cache/region.py", line 1054, in get_or_create
Nov 14 20:25:33 user devstack@keystone.service[47084]: ERROR keystone.server.flask.application with Lock(
Nov 14 20:25:33 user devstack@keystone.service[47084]: ERROR keystone.server.flask.application
File "/opt/stack/data/venv/lib/python3.10/site-packages/dogpile/lock.py", line 185, in __enter__
Nov 14 20:25:33 user devstack@keystone.service[47084]: ERROR keystone.server.flask.application return self._enter()
Nov 14 20:25:33 user devstack@keystone.service[47084]: ERROR keystone.server.flask.application
File "/opt/stack/data/venv/lib/python3.10/site-packages/dogpile/lock.py", line 94, in _enter
Nov 14 20:25:33 user devstack@keystone.service[47084]: ERROR keystone.server.flask.application generated = self._enter_create(value, createdtime)
Nov 14 20:25:33 user devstack@keystone.service[47084]: ERROR keystone.server.flask.application
File "/opt/stack/data/venv/lib/python3.10/site-packages/dogpile/lock.py", line 178, in _enter_create
Nov 14 20:25:33 user devstack@keystone.service[47084]: ERROR keystone.server.flask.application return self.creator()
Nov 14 20:25:33 user devstack@keystone.service[47084]: ERROR keystone.server.flask.application
File "/opt/stack/data/venv/lib/python3.10/site-packages/dogpile/cache/region.py", line 1007, in gen_value
Nov 14 20:25:33 user devstack@keystone.service[47084]: ERROR keystone.server.flask.application created_value = creator(
Nov 14 20:25:33 user devstack@keystone.service[47084]: ERROR keystone.server.flask.application
File "/opt/stack/keystone/keystone/assignment/core.py", line 1276, in get_role
Nov 14 20:25:33 user devstack@keystone.service[47084]: ERROR keystone.server.flask.application return self.driver.get_role(role_id)
Nov 14 20:25:33 user devstack@keystone.service[47084]: ERROR keystone.server.flask.application
File "/opt/stack/keystone/keystone/assignment/role_backends/sql.py", line 70, in get_role
Nov 14 20:25:33 user devstack@keystone.service[47084]: ERROR keystone.server.flask.application return self._get_role(session, role_id).to_dict()
Nov 14 20:25:33 user devstack@keystone.service[47084]: ERROR keystone.server.flask.application
File "/opt/stack/keystone/keystone/assignment/role_backends/sql.py", line 65, in _get_role
Nov 14 20:25:33 user devstack@keystone.service[47084]: ERROR keystone.server.flask.application raise exception.RoleNotFound(role_id=role_id)
Nov 14 20:25:33 user devstack@keystone.service[47084]: ERROR keystone.server.flask.application keystone.exception.RoleNotFound: Could not find role: admin.
Nov 14 20:25:33 user devstack@keystone.service[47084]: ERROR keystone.server.flask.application
Nov 14 20:25:33 user devstack@keystone.service[47084]: [pid: 47084|app: 0|req: 82/246] 10.0.0.210 () {56 vars in 1112 bytes} [Tue Nov 14 20:25:32 2023] GET /identity/v3/roles/admin => generated 83 bytes in 93 msecs (HTTP/1.1 404) 5 headers in 183 bytes (1 switches on core 0)
Nov 14 20:25:33 user devstack@keystone.service[47085]: DEBUG keystone.server.flask.request_processing.middleware.auth_context [None req-4513beca-3cc1-4e32-b039-71561ccd4e8b None admin] Authenticating user token {{(pid=47085) process_request /opt/stack/data/venv/lib/python3.10/site-packages/keystonemiddleware/auth_token/__init__.py:406}}
Nov 14 20:25:33 user devstack@keystone.service[47085]: DEBUG keystone.server.flask.request_processing.middleware.auth_context [None req-4513beca-3cc1-4e32-b039-71561ccd4e8b None admin] Validating token access rules against request {{(pid=47085) validate_allowed_request /opt/stack/data/venv/lib/python3.10/site-packages/keystonemiddleware/auth_token/__init__.py:544}}
Nov 14 20:25:33 user devstack@keystone.service[47085]: DEBUG keystone.server.flask.request_processing.middleware.auth_context [None req-2293c681-b2e6-4a5b-a840-02d39b076ba4 admin admin] RBAC: auth_context: {'token': , 'domain_id': None, 'trust_id': None, 'trustor_id': None, 'trustee_id': None, 'domain_name': None, 'group_ids': [], 'user_id': 'bac7c67861604236a9509c037edeced5', 'user_domain_id': 'default', 'system_scope': None, 'project_id': 'e57cfad766224722a83729fdae4800c3', 'project_domain_id': 'default', 'roles': ['member', 'manager', 'reader', 'admin'], 'is_admin_project': True, 'service_user_id': None, 'service_user_domain_id': None, 'service_project_id': None, 'service_project_domain_id': None, 'service_roles': []} {{(pid=47085) fill_context /opt/stack/keystone/keystone/server/flask/request_processing/middleware/auth_context.py:480}}
Nov 14 20:25:33 user devstack@keystone.service[47085]: DEBUG keystone.server.flask.request_processing.req_logging [None req-2293c681-b2e6-4a5b-a840-02d39b076ba4 admin admin] REQUEST_METHOD: `GET` {{(pid=47085) log_request_info /opt/stack/keystone/keystone/server/flask/request_processing/req_logging.py:27}}
Nov 14 20:25:33 user devstack@keystone.service[47085]: DEBUG keystone.server.flask.request_processing.req_logging [None req-2293c681-b2e6-4a5b-a840-02d39b076ba4 admin admin] SCRIPT_NAME: `/identity` {{(pid=47085) log_request_info /opt/stack/keystone/keystone/server/flask/request_processing/req_logging.py:28}}
Nov 14 20:25:33 user devstack@keystone.service[47085]: DEBUG keystone.server.flask.request_processing.req_logging [None req-2293c681-b2e6-4a5b-a840-02d39b076ba4 admin admin] PATH_INFO: `/v3/roles` {{(pid=47085) log_request_info /opt/stack/keystone/keystone/server/flask/request_processing/req_logging.py:29}}
Nov 14 20:25:33 user devstack@keystone.service[47085]: DEBUG keystone.common.rbac_enforcer.enforcer [None req-2293c681-b2e6-4a5b-a840-02d39b076ba4 admin admin] RBAC: Adding query filter params (name=admin) {{(pid=47085) _extract_filter_values /opt/stack/keystone/keystone/common/rbac_enforcer/enforcer.py:167}}
Nov 14 20:25:33 user devstack@keystone.service[47085]: DEBUG keystone.common.rbac_enforcer.enforcer [None req-2293c681-b2e6-4a5b-a840-02d39b076ba4 admin admin] RBAC: Authorizing `identity:list_roles()` {{(pid=47085) enforce_call /opt/stack/keystone/keystone/common/rbac_enforcer/enforcer.py:449}}
Nov 14 20:25:33 user devstack@keystone.service[47085]: DEBUG keystone.common.rbac_enforcer.enforcer [None req-2293c681-b2e6-4a5b-a840-02d39b076ba4 admin admin] RBAC: Authorization granted {{(pid=47085) enforce_call /opt/stack/keystone/keystone/common/rbac_enforcer/enforcer.py:457}}
Nov 14 20:25:33 user devstack@keystone.service[47085]: [pid: 47085|app: 0|req: 84/247] 10.0.0.210 () {56 vars in 1115 bytes} [Tue Nov 14 20:25:33 2023] GET /identity/v3/roles?name=admin => generated 337 bytes in 33 msecs (HTTP/1.1 200) 5 headers in 177 bytes (1 switches on core 0)
Nov 14 20:25:33 user devstack@keystone.service[47084]: DEBUG keystone.server.flask.request_processing.middleware.auth_context [None req-94bfab05-59a0-4b31-a7ec-3a07b8bf9b4c admin admin] Authenticating user token {{(pid=47084) process_request /opt/stack/data/venv/lib/python3.10/site-packages/keystonemiddleware/auth_token/__init__.py:406}}
Nov 14 20:25:33 user devstack@keystone.service[47084]: DEBUG keystone.server.flask.request_processing.middleware.auth_context [None req-94bfab05-59a0-4b31-a7ec-3a07b8bf9b4c admin admin] Validating token access rules against request {{(pid=47084) validate_allowed_request /opt/stack/data/venv/lib/python3.10/site-packages/keystonemiddleware/auth_token/__init__.py:544}}
Nov 14 20:25:33 user devstack@keystone.service[47084]: DEBUG keystone.server.flask.request_processing.middleware.auth_context [None req-c948a10a-8bc6-481c-aab9-fc3e7a285c10 admin admin] RBAC: auth_context: {'token': , 'domain_id': None, 'trust_id': None, 'trustor_id': None, 'trustee_id': None, 'domain_name': None, 'group_ids': [], 'user_id': 'bac7c67861604236a9509c037edeced5', 'user_domain_id': 'default', 'system_scope': None, 'project_id': 'e57cfad766224722a83729fdae4800c3', 'project_domain_id': 'default', 'roles': ['member', 'manager', 'reader', 'admin'], 'is_admin_project': True, 'service_user_id': None, 'service_user_domain_id': None, 'service_project_id': None, 'service_project_domain_id': None, 'service_roles': []} {{(pid=47084) fill_context /opt/stack/keystone/keystone/server/flask/request_processing/middleware/auth_context.py:480}}
Nov 14 20:25:33 user devstack@keystone.service[47084]: DEBUG keystone.server.flask.request_processing.req_logging [None req-c948a10a-8bc6-481c-aab9-fc3e7a285c10 admin admin] REQUEST_METHOD: `GET` {{(pid=47084) log_request_info /opt/stack/keystone/keystone/server/flask/request_processing/req_logging.py:27}}
Nov 14 20:25:33 user devstack@keystone.service[47084]: DEBUG keystone.server.flask.request_processing.req_logging [None req-c948a10a-8bc6-481c-aab9-fc3e7a285c10 admin admin] SCRIPT_NAME: `/identity` {{(pid=47084) log_request_info /opt/stack/keystone/keystone/server/flask/request_processing/req_logging.py:28}}
Nov 14 20:25:33 user devstack@keystone.service[47084]: DEBUG keystone.server.flask.request_processing.req_logging [None req-c948a10a-8bc6-481c-aab9-fc3e7a285c10 admin admin] PATH_INFO: `/v3/groups/6e5c54798d2f42c08e193480d94474a5` {{(pid=47084) log_request_info /opt/stack/keystone/keystone/server/flask/request_processing/req_logging.py:29}}
Nov 14 20:25:33 user devstack@keystone.service[47084]: DEBUG keystone.common.rbac_enforcer.enforcer [None req-c948a10a-8bc6-481c-aab9-fc3e7a285c10 admin admin] RBAC: Authorizing `identity:get_group(group_id=6e5c54798d2f42c08e193480d94474a5)` {{(pid=47084) enforce_call /opt/stack/keystone/keystone/common/rbac_enforcer/enforcer.py:449}}
Nov 14 20:25:33 user devstack@keystone.service[47084]: DEBUG keystone.common.rbac_enforcer.enforcer [None req-c948a10a-8bc6-481c-aab9-fc3e7a285c10 admin admin] RBAC: Authorization granted {{(pid=47084) enforce_call /opt/stack/keystone/keystone/common/rbac_enforcer/enforcer.py:457}}
Nov 14 20:25:33 user devstack@keystone.service[47084]: [pid: 47084|app: 0|req: 83/248] 10.0.0.210 () {56 vars in 1196 bytes} [Tue Nov 14 20:25:33 2023] GET /identity/v3/groups/6e5c54798d2f42c08e193480d94474a5 => generated 228 bytes in 25 msecs (HTTP/1.1 200) 5 headers in 177 bytes (1 switches on core 0)
Nov 14 20:25:33 user devstack@keystone.service[47085]: DEBUG keystone.server.flask.request_processing.middleware.auth_context [None req-2293c681-b2e6-4a5b-a840-02d39b076ba4 admin admin] Authenticating user token {{(pid=47085) process_request /opt/stack/data/venv/lib/python3.10/site-packages/keystonemiddleware/auth_token/__init__.py:406}}
Nov 14 20:25:33 user devstack@keystone.service[47085]: DEBUG keystone.server.flask.request_processing.middleware.auth_context [None req-2293c681-b2e6-4a5b-a840-02d39b076ba4 admin admin] Validating token access rules against request {{(pid=47085) validate_allowed_request /opt/stack/data/venv/lib/python3.10/site-packages/keystonemiddleware/auth_token/__init__.py:544}}
Nov 14 20:25:33 user devstack@keystone.service[47086]: DEBUG keystone.server.flask.request_processing.middleware.auth_context [None req-42adc219-eb35-49fb-b9b7-e1cbc245e4dd admin admin] Validating token access rules against request {{(pid=47086) validate_allowed_request /opt/stack/data/venv/lib/python3.10/site-packages/keystonemiddleware/auth_token/__init__.py:544}}
Nov 14 20:25:33 user devstack@keystone.service[47085]: DEBUG keystone.server.flask.request_processing.middleware.auth_context [None req-79fcb2ee-9db9-4b16-bc1a-d6c854b592c6 admin admin] RBAC: auth_context: {'token': , 'domain_id': None, 'trust_id': None, 'trustor_id': None, 'trustee_id': None, 'domain_name': None, 'group_ids': [], 'user_id': 'bac7c67861604236a9509c037edeced5', 'user_domain_id': 'default', 'system_scope': None, 'project_id': 'e57cfad766224722a83729fdae4800c3', 'project_domain_id': 'default', 'roles': ['member', 'manager', 'reader', 'admin'], 'is_admin_project': True, 'service_user_id': None, 'service_user_domain_id': None, 'service_project_id': None, 'service_project_domain_id': None, 'service_roles': []} {{(pid=47085) fill_context /opt/stack/keystone/keystone/server/flask/request_processing/middleware/auth_context.py:480}}
Nov 14 20:25:33 user devstack@keystone.service[47085]: DEBUG keystone.server.flask.request_processing.req_logging [None req-79fcb2ee-9db9-4b16-bc1a-d6c854b592c6 admin admin] REQUEST_METHOD: `GET` {{(pid=47085) log_request_info /opt/stack/keystone/keystone/server/flask/request_processing/req_logging.py:27}}
Nov 14 20:25:33 user devstack@keystone.service[47085]: DEBUG keystone.server.flask.request_processing.req_logging [None req-79fcb2ee-9db9-4b16-bc1a-d6c854b592c6 admin admin] SCRIPT_NAME: `/identity` {{(pid=47085) log_request_info /opt/stack/keystone/keystone/server/flask/request_processing/req_logging.py:28}}
Nov 14 20:25:33 user devstack@keystone.service[47085]: DEBUG keystone.server.flask.request_processing.req_logging [None req-79fcb2ee-9db9-4b16-bc1a-d6c854b592c6 admin admin] PATH_INFO: `/v3/projects/e57cfad766224722a83729fdae4800c3` {{(pid=47085) log_request_info /opt/stack/keystone/keystone/server/flask/request_processing/req_logging.py:29}}
Nov 14 20:25:33 user devstack@keystone.service[47085]: DEBUG keystone.common.rbac_enforcer.enforcer [None req-79fcb2ee-9db9-4b16-bc1a-d6c854b592c6 admin admin] RBAC: Authorizing `identity:get_project(project_id=e57cfad766224722a83729fdae4800c3)` {{(pid=47085) enforce_call /opt/stack/keystone/keystone/common/rbac_enforcer/enforcer.py:449}}
Nov 14 20:25:33 user devstack@keystone.service[47085]: DEBUG keystone.common.rbac_enforcer.enforcer [None req-79fcb2ee-9db9-4b16-bc1a-d6c854b592c6 admin admin] RBAC: Authorization granted {{(pid=47085) enforce_call /opt/stack/keystone/keystone/common/rbac_enforcer/enforcer.py:457}}
Nov 14 20:25:33 user devstack@keystone.service[47085]: [pid: 47085|app: 0|req: 85/249] 10.0.0.210 () {56 vars in 1202 bytes} [Tue Nov 14 20:25:33 2023] GET /identity/v3/projects/e57cfad766224722a83729fdae4800c3 => generated 343 bytes in 26 msecs (HTTP/1.1 200) 5 headers in 177 bytes (1 switches on core 0)
Nov 14 20:25:33 user devstack@keystone.service[47084]: DEBUG keystone.server.flask.request_processing.middleware.auth_context [None req-c948a10a-8bc6-481c-aab9-fc3e7a285c10 admin admin] Authenticating user token {{(pid=47084) process_request /opt/stack/data/venv/lib/python3.10/site-packages/keystonemiddleware/auth_token/__init__.py:406}}
Nov 14 20:25:33 user devstack@keystone.service[47084]: DEBUG keystone.server.flask.request_processing.middleware.auth_context [None req-c948a10a-8bc6-481c-aab9-fc3e7a285c10 admin admin] Validating token access rules against request {{(pid=47084) validate_allowed_request /opt/stack/data/venv/lib/python3.10/site-packages/keystonemiddleware/auth_token/__init__.py:544}}
Nov 14 20:25:33 user devstack@keystone.service[47086]: DEBUG keystone.server.flask.request_processing.middleware.auth_context [None req-7ef92686-2661-4d7a-a90c-2c4079cd7bf7 None admin] RBAC: auth_context: {'token': , 'domain_id': None, 'trust_id': None, 'trustor_id': None, 'trustee_id': None, 'domain_name': None, 'group_ids': [], 'user_id': 'bac7c67861604236a9509c037edeced5', 'user_domain_id': 'default', 'system_scope': 'all', 'project_id': None, 'project_domain_id': None, 'roles': ['admin', 'manager', 'member', 'reader'], 'is_admin_project': True, 'service_user_id': None, 'service_user_domain_id': None, 'service_project_id': None, 'service_project_domain_id': None, 'service_roles': []} {{(pid=47086) fill_context /opt/stack/keystone/keystone/server/flask/request_processing/middleware/auth_context.py:480}}
Nov 14 20:25:33 user devstack@keystone.service[47086]: DEBUG keystone.server.flask.request_processing.req_logging [None req-7ef92686-2661-4d7a-a90c-2c4079cd7bf7 None admin] REQUEST_METHOD: `GET` {{(pid=47086) log_request_info /opt/stack/keystone/keystone/server/flask/request_processing/req_logging.py:27}}
Nov 14 20:25:33 user devstack@keystone.service[47084]: DEBUG keystone.server.flask.request_processing.middleware.auth_context [None req-a33c88e5-4088-4b84-8e21-b507480df9fa admin admin] RBAC: auth_context: {'token': , 'domain_id': None, 'trust_id': None, 'trustor_id': None, 'trustee_id': None, 'domain_name': None, 'group_ids': [], 'user_id': 'bac7c67861604236a9509c037edeced5', 'user_domain_id': 'default', 'system_scope': None, 'project_id': 'e57cfad766224722a83729fdae4800c3', 'project_domain_id': 'default', 'roles': ['member', 'manager', 'reader', 'admin'], 'is_admin_project': True, 'service_user_id': None, 'service_user_domain_id': None, 'service_project_id': None, 'service_project_domain_id': None, 'service_roles': []} {{(pid=47084) fill_context /opt/stack/keystone/keystone/server/flask/request_processing/middleware/auth_context.py:480}}
Nov 14 20:25:33 user devstack@keystone.service[47086]: DEBUG keystone.server.flask.request_processing.req_logging [None req-7ef92686-2661-4d7a-a90c-2c4079cd7bf7 None admin] SCRIPT_NAME: `/identity` {{(pid=47086) log_request_info /opt/stack/keystone/keystone/server/flask/request_processing/req_logging.py:28}}
Nov 14 20:25:33 user devstack@keystone.service[47086]: DEBUG keystone.server.flask.request_processing.req_logging [None req-7ef92686-2661-4d7a-a90c-2c4079cd7bf7 None admin] PATH_INFO: `/v3/role_assignments` {{(pid=47086) log_request_info /opt/stack/keystone/keystone/server/flask/request_processing/req_logging.py:29}}
Nov 14 20:25:33 user devstack@keystone.service[47084]: DEBUG keystone.server.flask.request_processing.req_logging [None req-a33c88e5-4088-4b84-8e21-b507480df9fa admin admin] REQUEST_METHOD: `PUT` {{(pid=47084) log_request_info /opt/stack/keystone/keystone/server/flask/request_processing/req_logging.py:27}}
Nov 14 20:25:33 user devstack@keystone.service[47084]: DEBUG keystone.server.flask.request_processing.req_logging [None req-a33c88e5-4088-4b84-8e21-b507480df9fa admin admin] SCRIPT_NAME: `/identity` {{(pid=47084) log_request_info /opt/stack/keystone/keystone/server/flask/request_processing/req_logging.py:28}}
Nov 14 20:25:33 user devstack@keystone.service[47086]: DEBUG keystone.common.rbac_enforcer.enforcer [None req-7ef92686-2661-4d7a-a90c-2c4079cd7bf7 None admin] RBAC: Adding query filter params (role.id=9fb37e9ac2734007a181918ce85b2153, user.id=e804b146afcc4c8f95d80a792e1422f1, scope.system=all) {{(pid=47086) _extract_filter_values /opt/stack/keystone/keystone/common/rbac_enforcer/enforcer.py:167}}
Nov 14 20:25:33 user devstack@keystone.service[47084]: DEBUG keystone.server.flask.request_processing.req_logging [None req-a33c88e5-4088-4b84-8e21-b507480df9fa admin admin] PATH_INFO: `/v3/projects/e57cfad766224722a83729fdae4800c3/groups/6e5c54798d2f42c08e193480d94474a5/roles/6f87bbf6fd5247c49e973ac6c13724a9` {{(pid=47084) log_request_info /opt/stack/keystone/keystone/server/flask/request_processing/req_logging.py:29}}
Nov 14 20:25:33 user devstack@keystone.service[47086]: DEBUG keystone.common.rbac_enforcer.enforcer [None req-7ef92686-2661-4d7a-a90c-2c4079cd7bf7 None admin] RBAC: Authorizing `identity:list_role_assignments()` {{(pid=47086) enforce_call /opt/stack/keystone/keystone/common/rbac_enforcer/enforcer.py:449}}
Nov 14 20:25:33 user devstack@keystone.service[47086]: DEBUG keystone.common.rbac_enforcer.enforcer [None req-7ef92686-2661-4d7a-a90c-2c4079cd7bf7 None admin] RBAC: Authorization granted {{(pid=47086) enforce_call /opt/stack/keystone/keystone/common/rbac_enforcer/enforcer.py:457}}
Nov 14 20:25:33 user devstack@keystone.service[47084]: DEBUG keystone.common.rbac_enforcer.enforcer [None req-a33c88e5-4088-4b84-8e21-b507480df9fa admin admin] RBAC: Authorizing `identity:create_grant(project_id=e57cfad766224722a83729fdae4800c3, group_id=6e5c54798d2f42c08e193480d94474a5, role_id=6f87bbf6fd5247c49e973ac6c13724a9)` {{(pid=47084) enforce_call /opt/stack/keystone/keystone/common/rbac_enforcer/enforcer.py:449}}
Nov 14 20:25:33 user devstack@keystone.service[47084]: DEBUG keystone.common.rbac_enforcer.enforcer [None req-a33c88e5-4088-4b84-8e21-b507480df9fa admin admin] RBAC: Authorization granted {{(pid=47084) enforce_call /opt/stack/keystone/keystone/common/rbac_enforcer/enforcer.py:457}}
Nov 14 20:25:33 user devstack@keystone.service[47086]: [pid: 47086|app: 0|req: 82/250] 10.0.0.210 () {56 vars in 1303 bytes} [Tue Nov 14 20:25:33 2023] GET /identity/v3/role_assignments?user.id=e804b146afcc4c8f95d80a792e1422f1&scope.system=all&role.id=9fb37e9ac2734007a181918ce85b2153 => generated 508 bytes in 186 msecs (HTTP/1.1 200) 5 headers in 177 bytes (1 switches on core 0)
Nov 14 20:25:33 user devstack@keystone.service[47084]: [pid: 47084|app: 0|req: 84/251] 10.0.0.210 () {58 vars in 1458 bytes} [Tue Nov 14 20:25:33 2023] PUT /identity/v3/projects/e57cfad766224722a83729fdae4800c3/groups/6e5c54798d2f42c08e193480d94474a5/roles/6f87bbf6fd5247c49e973ac6c13724a9 => generated 0 bytes in 37 msecs (HTTP/1.1 204) 3 headers in 132 bytes (0 switches on core 0)
Nov 14 20:25:34 user devstack@keystone.service[47085]: DEBUG keystone.server.flask.request_processing.req_logging [None req-69c8a10f-ce75-42dc-91a6-d608375f763f None None] REQUEST_METHOD: `GET` {{(pid=47085) log_request_info /opt/stack/keystone/keystone/server/flask/request_processing/req_logging.py:27}}
Nov 14 20:25:34 user devstack@keystone.service[47085]: DEBUG keystone.server.flask.request_processing.req_logging [None req-69c8a10f-ce75-42dc-91a6-d608375f763f None None] SCRIPT_NAME: `/identity` {{(pid=47085) log_request_info /opt/stack/keystone/keystone/server/flask/request_processing/req_logging.py:28}}
Nov 14 20:25:34 user devstack@keystone.service[47085]: DEBUG keystone.server.flask.request_processing.req_logging [None req-69c8a10f-ce75-42dc-91a6-d608375f763f None None] PATH_INFO: `/` {{(pid=47085) log_request_info /opt/stack/keystone/keystone/server/flask/request_processing/req_logging.py:29}}
Nov 14 20:25:34 user devstack@keystone.service[47085]: [pid: 47085|app: 0|req: 86/252] 10.0.0.210 () {54 vars in 921 bytes} [Tue Nov 14 20:25:34 2023] GET /identity => generated 269 bytes in 4 msecs (HTTP/1.1 300) 6 headers in 233 bytes (1 switches on core 0)
Nov 14 20:25:34 user devstack@keystone.service[47086]: DEBUG keystone.server.flask.request_processing.middleware.auth_context [None req-7ef92686-2661-4d7a-a90c-2c4079cd7bf7 None admin] Authenticating user token {{(pid=47086) process_request /opt/stack/data/venv/lib/python3.10/site-packages/keystonemiddleware/auth_token/__init__.py:406}}
Nov 14 20:25:34 user devstack@keystone.service[47086]: DEBUG keystone.server.flask.request_processing.middleware.auth_context [None req-7ef92686-2661-4d7a-a90c-2c4079cd7bf7 None admin] Validating token access rules against request {{(pid=47086) validate_allowed_request /opt/stack/data/venv/lib/python3.10/site-packages/keystonemiddleware/auth_token/__init__.py:544}}
Nov 14 20:25:34 user devstack@keystone.service[47086]: DEBUG keystone.server.flask.request_processing.middleware.auth_context [None req-4bd0a6d4-f41c-49b5-88e0-1f645941a098 None admin] RBAC: auth_context: {'token': , 'domain_id': None, 'trust_id': None, 'trustor_id': None, 'trustee_id': None, 'domain_name': None, 'group_ids': [], 'user_id': 'bac7c67861604236a9509c037edeced5', 'user_domain_id': 'default', 'system_scope': 'all', 'project_id': None, 'project_domain_id': None, 'roles': ['admin', 'manager', 'member', 'reader'], 'is_admin_project': True, 'service_user_id': None, 'service_user_domain_id': None, 'service_project_id': None, 'service_project_domain_id': None, 'service_roles': []} {{(pid=47086) fill_context /opt/stack/keystone/keystone/server/flask/request_processing/middleware/auth_context.py:480}}
