Nov 14 20:25:25 user devstack@keystone.service[47085]: ERROR keystone.server.flask.application
File "/opt/stack/data/venv/lib/python3.10/site-packages/decorator.py", line 232, in fun
Nov 14 20:25:25 user devstack@keystone.service[47085]: ERROR keystone.server.flask.application return caller(func, *(extras + args), **kw)
Nov 14 20:25:25 user devstack@keystone.service[47085]: ERROR keystone.server.flask.application
File "/opt/stack/data/venv/lib/python3.10/site-packages/dogpile/cache/region.py", line 1594, in get_or_create_for_user_func
Nov 14 20:25:25 user devstack@keystone.service[47085]: ERROR keystone.server.flask.application return self.get_or_create(
Nov 14 20:25:25 user devstack@keystone.service[47085]: ERROR keystone.server.flask.application
File "/opt/stack/data/venv/lib/python3.10/site-packages/dogpile/cache/region.py", line 1054, in get_or_create
Nov 14 20:25:25 user devstack@keystone.service[47085]: ERROR keystone.server.flask.application with Lock(
Nov 14 20:25:25 user devstack@keystone.service[47085]: ERROR keystone.server.flask.application
File "/opt/stack/data/venv/lib/python3.10/site-packages/dogpile/lock.py", line 185, in __enter__
Nov 14 20:25:25 user devstack@keystone.service[47085]: ERROR keystone.server.flask.application return self._enter()
Nov 14 20:25:25 user devstack@keystone.service[47085]: ERROR keystone.server.flask.application
File "/opt/stack/data/venv/lib/python3.10/site-packages/dogpile/lock.py", line 94, in _enter
Nov 14 20:25:25 user devstack@keystone.service[47085]: ERROR keystone.server.flask.application generated = self._enter_create(value, createdtime)
Nov 14 20:25:25 user devstack@keystone.service[47085]: ERROR keystone.server.flask.application
File "/opt/stack/data/venv/lib/python3.10/site-packages/dogpile/lock.py", line 178, in _enter_create
Nov 14 20:25:25 user devstack@keystone.service[47085]: ERROR keystone.server.flask.application return self.creator()
Nov 14 20:25:25 user devstack@keystone.service[47085]: ERROR keystone.server.flask.application
File "/opt/stack/data/venv/lib/python3.10/site-packages/dogpile/cache/region.py", line 1007, in gen_value
Nov 14 20:25:25 user devstack@keystone.service[47085]: ERROR keystone.server.flask.application created_value = creator(
Nov 14 20:25:25 user devstack@keystone.service[47085]: ERROR keystone.server.flask.application
File "/opt/stack/keystone/keystone/assignment/core.py", line 1276, in get_role
Nov 14 20:25:25 user devstack@keystone.service[47085]: ERROR keystone.server.flask.application return self.driver.get_role(role_id)
Nov 14 20:25:25 user devstack@keystone.service[47085]: ERROR keystone.server.flask.application
File "/opt/stack/keystone/keystone/assignment/role_backends/sql.py", line 70, in get_role
Nov 14 20:25:25 user devstack@keystone.service[47085]: ERROR keystone.server.flask.application return self._get_role(session, role_id).to_dict()
Nov 14 20:25:25 user devstack@keystone.service[47085]: ERROR keystone.server.flask.application
File "/opt/stack/keystone/keystone/assignment/role_backends/sql.py", line 65, in _get_role
Nov 14 20:25:25 user devstack@keystone.service[47085]: ERROR keystone.server.flask.application raise exception.RoleNotFound(role_id=role_id)
Nov 14 20:25:25 user devstack@keystone.service[47085]: ERROR keystone.server.flask.application keystone.exception.RoleNotFound: Could not find role: reader.
Nov 14 20:25:25 user devstack@keystone.service[47085]: ERROR keystone.server.flask.application
Nov 14 20:25:25 user devstack@keystone.service[47085]: [pid: 47085|app: 0|req: 64/181] 10.0.0.210 () {56 vars in 1094 bytes} [Tue Nov 14 20:25:25 2023] GET /identity/v3/roles/reader => generated 84 bytes in 198 msecs (HTTP/1.1 404) 5 headers in 183 bytes (1 switches on core 0)
Nov 14 20:25:25 user devstack@keystone.service[47086]: DEBUG keystone.server.flask.request_processing.middleware.auth_context [None req-2da3d95a-51e9-4dbc-884d-a9b73977642a None admin] Authenticating user token {{(pid=47086) process_request /opt/stack/data/venv/lib/python3.10/site-packages/keystonemiddleware/auth_token/__init__.py:406}}
Nov 14 20:25:25 user devstack@keystone.service[47085]: DEBUG keystone.server.flask.request_processing.middleware.auth_context [None req-a5dcf003-8996-4ccb-aad7-31b52207a5e6 None admin] Authenticating user token {{(pid=47085) process_request /opt/stack/data/venv/lib/python3.10/site-packages/keystonemiddleware/auth_token/__init__.py:406}}
Nov 14 20:25:25 user devstack@keystone.service[47084]: DEBUG keystone.server.flask.request_processing.middleware.auth_context [None req-f1268000-8e51-4ed7-ac1a-5a8bb4dcfacf None admin] Validating token access rules against request {{(pid=47084) validate_allowed_request /opt/stack/data/venv/lib/python3.10/site-packages/keystonemiddleware/auth_token/__init__.py:544}}
Nov 14 20:25:25 user devstack@keystone.service[47084]: DEBUG keystone.server.flask.request_processing.middleware.auth_context [None req-cb2f00fd-44d7-47df-8d40-d66dcfbd1425 None admin] RBAC: auth_context: {'token': , 'domain_id': None, 'trust_id': None, 'trustor_id': None, 'trustee_id': None, 'domain_name': None, 'group_ids': [], 'user_id': 'bac7c67861604236a9509c037edeced5', 'user_domain_id': 'default', 'system_scope': 'all', 'project_id': None, 'project_domain_id': None, 'roles': ['admin', 'manager', 'member', 'reader'], 'is_admin_project': True, 'service_user_id': None, 'service_user_domain_id': None, 'service_project_id': None, 'service_project_domain_id': None, 'service_roles': []} {{(pid=47084) fill_context /opt/stack/keystone/keystone/server/flask/request_processing/middleware/auth_context.py:480}}
Nov 14 20:25:25 user devstack@keystone.service[47084]: DEBUG keystone.server.flask.request_processing.req_logging [None req-cb2f00fd-44d7-47df-8d40-d66dcfbd1425 None admin] REQUEST_METHOD: `GET` {{(pid=47084) log_request_info /opt/stack/keystone/keystone/server/flask/request_processing/req_logging.py:27}}
Nov 14 20:25:25 user devstack@keystone.service[47084]: DEBUG keystone.server.flask.request_processing.req_logging [None req-cb2f00fd-44d7-47df-8d40-d66dcfbd1425 None admin] SCRIPT_NAME: `/identity` {{(pid=47084) log_request_info /opt/stack/keystone/keystone/server/flask/request_processing/req_logging.py:28}}
Nov 14 20:25:25 user devstack@keystone.service[47084]: DEBUG keystone.server.flask.request_processing.req_logging [None req-cb2f00fd-44d7-47df-8d40-d66dcfbd1425 None admin] PATH_INFO: `/v3/roles` {{(pid=47084) log_request_info /opt/stack/keystone/keystone/server/flask/request_processing/req_logging.py:29}}
Nov 14 20:25:25 user devstack@keystone.service[47084]: DEBUG keystone.common.rbac_enforcer.enforcer [None req-cb2f00fd-44d7-47df-8d40-d66dcfbd1425 None admin] RBAC: Adding query filter params (name=member) {{(pid=47084) _extract_filter_values /opt/stack/keystone/keystone/common/rbac_enforcer/enforcer.py:167}}
Nov 14 20:25:25 user devstack@keystone.service[47084]: DEBUG keystone.common.rbac_enforcer.enforcer [None req-cb2f00fd-44d7-47df-8d40-d66dcfbd1425 None admin] RBAC: Authorizing `identity:list_roles()` {{(pid=47084) enforce_call /opt/stack/keystone/keystone/common/rbac_enforcer/enforcer.py:449}}
Nov 14 20:25:25 user devstack@keystone.service[47084]: DEBUG keystone.common.rbac_enforcer.enforcer [None req-cb2f00fd-44d7-47df-8d40-d66dcfbd1425 None admin] RBAC: Authorization granted {{(pid=47084) enforce_call /opt/stack/keystone/keystone/common/rbac_enforcer/enforcer.py:457}}
Nov 14 20:25:25 user devstack@keystone.service[47085]: DEBUG keystone.server.flask.request_processing.middleware.auth_context [None req-a5dcf003-8996-4ccb-aad7-31b52207a5e6 None admin] Validating token access rules against request {{(pid=47085) validate_allowed_request /opt/stack/data/venv/lib/python3.10/site-packages/keystonemiddleware/auth_token/__init__.py:544}}
Nov 14 20:25:25 user devstack@keystone.service[47086]: DEBUG keystone.server.flask.request_processing.middleware.auth_context [None req-2da3d95a-51e9-4dbc-884d-a9b73977642a None admin] Validating token access rules against request {{(pid=47086) validate_allowed_request /opt/stack/data/venv/lib/python3.10/site-packages/keystonemiddleware/auth_token/__init__.py:544}}
Nov 14 20:25:25 user devstack@keystone.service[47084]: [pid: 47084|app: 0|req: 59/182] 10.0.0.210 () {56 vars in 1096 bytes} [Tue Nov 14 20:25:25 2023] GET /identity/v3/roles?name=member => generated 339 bytes in 175 msecs (HTTP/1.1 200) 5 headers in 177 bytes (2 switches on core 0)
Nov 14 20:25:25 user devstack@keystone.service[47084]: DEBUG keystone.server.flask.request_processing.middleware.auth_context [None req-cb2f00fd-44d7-47df-8d40-d66dcfbd1425 None admin] Authenticating user token {{(pid=47084) process_request /opt/stack/data/venv/lib/python3.10/site-packages/keystonemiddleware/auth_token/__init__.py:406}}
Nov 14 20:25:25 user devstack@keystone.service[47085]: DEBUG keystone.server.flask.request_processing.middleware.auth_context [None req-dd54e26e-77c2-4ea6-ae04-4973f9258f13 None admin] RBAC: auth_context: {'token': , 'domain_id': None, 'trust_id': None, 'trustor_id': None, 'trustee_id': None, 'domain_name': None, 'group_ids': [], 'user_id': 'bac7c67861604236a9509c037edeced5', 'user_domain_id': 'default', 'system_scope': 'all', 'project_id': None, 'project_domain_id': None, 'roles': ['admin', 'manager', 'member', 'reader'], 'is_admin_project': True, 'service_user_id': None, 'service_user_domain_id': None, 'service_project_id': None, 'service_project_domain_id': None, 'service_roles': []} {{(pid=47085) fill_context /opt/stack/keystone/keystone/server/flask/request_processing/middleware/auth_context.py:480}}
Nov 14 20:25:25 user devstack@keystone.service[47085]: DEBUG keystone.server.flask.request_processing.req_logging [None req-dd54e26e-77c2-4ea6-ae04-4973f9258f13 None admin] REQUEST_METHOD: `GET` {{(pid=47085) log_request_info /opt/stack/keystone/keystone/server/flask/request_processing/req_logging.py:27}}
Nov 14 20:25:25 user devstack@keystone.service[47085]: DEBUG keystone.server.flask.request_processing.req_logging [None req-dd54e26e-77c2-4ea6-ae04-4973f9258f13 None admin] SCRIPT_NAME: `/identity` {{(pid=47085) log_request_info /opt/stack/keystone/keystone/server/flask/request_processing/req_logging.py:28}}
Nov 14 20:25:25 user devstack@keystone.service[47085]: DEBUG keystone.server.flask.request_processing.req_logging [None req-dd54e26e-77c2-4ea6-ae04-4973f9258f13 None admin] PATH_INFO: `/v3/roles` {{(pid=47085) log_request_info /opt/stack/keystone/keystone/server/flask/request_processing/req_logging.py:29}}
Nov 14 20:25:25 user devstack@keystone.service[47085]: DEBUG keystone.common.rbac_enforcer.enforcer [None req-dd54e26e-77c2-4ea6-ae04-4973f9258f13 None admin] RBAC: Adding query filter params (name=reader) {{(pid=47085) _extract_filter_values /opt/stack/keystone/keystone/common/rbac_enforcer/enforcer.py:167}}
Nov 14 20:25:25 user devstack@keystone.service[47085]: DEBUG keystone.common.rbac_enforcer.enforcer [None req-dd54e26e-77c2-4ea6-ae04-4973f9258f13 None admin] RBAC: Authorizing `identity:list_roles()` {{(pid=47085) enforce_call /opt/stack/keystone/keystone/common/rbac_enforcer/enforcer.py:449}}
Nov 14 20:25:25 user devstack@keystone.service[47085]: DEBUG keystone.common.rbac_enforcer.enforcer [None req-dd54e26e-77c2-4ea6-ae04-4973f9258f13 None admin] RBAC: Authorization granted {{(pid=47085) enforce_call /opt/stack/keystone/keystone/common/rbac_enforcer/enforcer.py:457}}
Nov 14 20:25:25 user devstack@keystone.service[47085]: [pid: 47085|app: 0|req: 65/183] 10.0.0.210 () {56 vars in 1096 bytes} [Tue Nov 14 20:25:25 2023] GET /identity/v3/roles?name=reader => generated 339 bytes in 171 msecs (HTTP/1.1 200) 5 headers in 177 bytes (2 switches on core 0)
Nov 14 20:25:25 user devstack@keystone.service[47086]: DEBUG keystone.server.flask.request_processing.middleware.auth_context [None req-4540fb1a-48af-49c7-b033-7f92b5be46ef None admin] RBAC: auth_context: {'token': , 'domain_id': None, 'trust_id': None, 'trustor_id': None, 'trustee_id': None, 'domain_name': None, 'group_ids': [], 'user_id': 'bac7c67861604236a9509c037edeced5', 'user_domain_id': 'default', 'system_scope': 'all', 'project_id': None, 'project_domain_id': None, 'roles': ['admin', 'manager', 'member', 'reader'], 'is_admin_project': True, 'service_user_id': None, 'service_user_domain_id': None, 'service_project_id': None, 'service_project_domain_id': None, 'service_roles': []} {{(pid=47086) fill_context /opt/stack/keystone/keystone/server/flask/request_processing/middleware/auth_context.py:480}}
Nov 14 20:25:25 user devstack@keystone.service[47086]: DEBUG keystone.server.flask.request_processing.req_logging [None req-4540fb1a-48af-49c7-b033-7f92b5be46ef None admin] REQUEST_METHOD: `POST` {{(pid=47086) log_request_info /opt/stack/keystone/keystone/server/flask/request_processing/req_logging.py:27}}
Nov 14 20:25:25 user devstack@keystone.service[47086]: DEBUG keystone.server.flask.request_processing.req_logging [None req-4540fb1a-48af-49c7-b033-7f92b5be46ef None admin] SCRIPT_NAME: `/identity` {{(pid=47086) log_request_info /opt/stack/keystone/keystone/server/flask/request_processing/req_logging.py:28}}
Nov 14 20:25:25 user devstack@keystone.service[47086]: DEBUG keystone.server.flask.request_processing.req_logging [None req-4540fb1a-48af-49c7-b033-7f92b5be46ef None admin] PATH_INFO: `/v3/users` {{(pid=47086) log_request_info /opt/stack/keystone/keystone/server/flask/request_processing/req_logging.py:29}}
Nov 14 20:25:25 user devstack@keystone.service[47086]: DEBUG keystone.common.rbac_enforcer.enforcer [None req-4540fb1a-48af-49c7-b033-7f92b5be46ef None admin] RBAC: Authorizing `identity:create_user()` {{(pid=47086) enforce_call /opt/stack/keystone/keystone/common/rbac_enforcer/enforcer.py:449}}
Nov 14 20:25:25 user devstack@keystone.service[47085]: DEBUG keystone.server.flask.request_processing.middleware.auth_context [None req-dd54e26e-77c2-4ea6-ae04-4973f9258f13 None admin] Authenticating user token {{(pid=47085) process_request /opt/stack/data/venv/lib/python3.10/site-packages/keystonemiddleware/auth_token/__init__.py:406}}
Nov 14 20:25:25 user devstack@keystone.service[47086]: DEBUG keystone.common.rbac_enforcer.enforcer [None req-4540fb1a-48af-49c7-b033-7f92b5be46ef None admin] RBAC: Authorization granted {{(pid=47086) enforce_call /opt/stack/keystone/keystone/common/rbac_enforcer/enforcer.py:457}}
Nov 14 20:25:25 user devstack@keystone.service[47086]: WARNING keystone.common.password_hashing [None req-4540fb1a-48af-49c7-b033-7f92b5be46ef None admin] Truncating password to algorithm specific maximum length 72 characters.
Nov 14 20:25:25 user devstack@keystone.service[47086]: [pid: 47086|app: 0|req: 60/184] 10.0.0.210 () {60 vars in 1127 bytes} [Tue Nov 14 20:25:25 2023] POST /identity/v3/users => generated 292 bytes in 207 msecs (HTTP/1.1 201) 5 headers in 182 bytes (1 switches on core 0)
Nov 14 20:25:25 user devstack@keystone.service[47084]: DEBUG keystone.server.flask.request_processing.middleware.auth_context [None req-cb2f00fd-44d7-47df-8d40-d66dcfbd1425 None admin] Validating token access rules against request {{(pid=47084) validate_allowed_request /opt/stack/data/venv/lib/python3.10/site-packages/keystonemiddleware/auth_token/__init__.py:544}}
Nov 14 20:25:25 user devstack@keystone.service[47085]: DEBUG keystone.server.flask.request_processing.middleware.auth_context [None req-dd54e26e-77c2-4ea6-ae04-4973f9258f13 None admin] Validating token access rules against request {{(pid=47085) validate_allowed_request /opt/stack/data/venv/lib/python3.10/site-packages/keystonemiddleware/auth_token/__init__.py:544}}
Nov 14 20:25:25 user devstack@keystone.service[47084]: DEBUG keystone.server.flask.request_processing.middleware.auth_context [None req-b1850bf9-7adf-48e5-b52a-c1269b4ca5d4 None admin] RBAC: auth_context: {'token': , 'domain_id': None, 'trust_id': None, 'trustor_id': None, 'trustee_id': None, 'domain_name': None, 'group_ids': [], 'user_id': 'bac7c67861604236a9509c037edeced5', 'user_domain_id': 'default', 'system_scope': 'all', 'project_id': None, 'project_domain_id': None, 'roles': ['admin', 'manager', 'member', 'reader'], 'is_admin_project': True, 'service_user_id': None, 'service_user_domain_id': None, 'service_project_id': None, 'service_project_domain_id': None, 'service_roles': []} {{(pid=47084) fill_context /opt/stack/keystone/keystone/server/flask/request_processing/middleware/auth_context.py:480}}
Nov 14 20:25:25 user devstack@keystone.service[47084]: DEBUG keystone.server.flask.request_processing.req_logging [None req-b1850bf9-7adf-48e5-b52a-c1269b4ca5d4 None admin] REQUEST_METHOD: `GET` {{(pid=47084) log_request_info /opt/stack/keystone/keystone/server/flask/request_processing/req_logging.py:27}}
Nov 14 20:25:25 user devstack@keystone.service[47084]: DEBUG keystone.server.flask.request_processing.req_logging [None req-b1850bf9-7adf-48e5-b52a-c1269b4ca5d4 None admin] SCRIPT_NAME: `/identity` {{(pid=47084) log_request_info /opt/stack/keystone/keystone/server/flask/request_processing/req_logging.py:28}}
Nov 14 20:25:25 user devstack@keystone.service[47084]: DEBUG keystone.server.flask.request_processing.req_logging [None req-b1850bf9-7adf-48e5-b52a-c1269b4ca5d4 None admin] PATH_INFO: `/v3/users/42cd5890e88f4bdaa39070f5cf35c12c` {{(pid=47084) log_request_info /opt/stack/keystone/keystone/server/flask/request_processing/req_logging.py:29}}
Nov 14 20:25:25 user devstack@keystone.service[47084]: DEBUG keystone.common.rbac_enforcer.enforcer [None req-b1850bf9-7adf-48e5-b52a-c1269b4ca5d4 None admin] RBAC: Authorizing `identity:get_user(user_id=42cd5890e88f4bdaa39070f5cf35c12c)` {{(pid=47084) enforce_call /opt/stack/keystone/keystone/common/rbac_enforcer/enforcer.py:449}}
Nov 14 20:25:25 user devstack@keystone.service[47084]: DEBUG keystone.common.rbac_enforcer.enforcer [None req-b1850bf9-7adf-48e5-b52a-c1269b4ca5d4 None admin] RBAC: Authorization granted {{(pid=47084) enforce_call /opt/stack/keystone/keystone/common/rbac_enforcer/enforcer.py:457}}
Nov 14 20:25:25 user devstack@keystone.service[47084]: [pid: 47084|app: 0|req: 60/185] 10.0.0.210 () {56 vars in 1172 bytes} [Tue Nov 14 20:25:25 2023] GET /identity/v3/users/42cd5890e88f4bdaa39070f5cf35c12c => generated 292 bytes in 183 msecs (HTTP/1.1 200) 5 headers in 177 bytes (2 switches on core 0)
Nov 14 20:25:25 user devstack@keystone.service[47085]: DEBUG keystone.server.flask.request_processing.middleware.auth_context [None req-9820dba0-e441-4e89-8e85-8ed24f457845 None admin] RBAC: auth_context: {'token': , 'domain_id': None, 'trust_id': None, 'trustor_id': None, 'trustee_id': None, 'domain_name': None, 'group_ids': [], 'user_id': 'bac7c67861604236a9509c037edeced5', 'user_domain_id': 'default', 'system_scope': 'all', 'project_id': None, 'project_domain_id': None, 'roles': ['admin', 'manager', 'member', 'reader'], 'is_admin_project': True, 'service_user_id': None, 'service_user_domain_id': None, 'service_project_id': None, 'service_project_domain_id': None, 'service_roles': []} {{(pid=47085) fill_context /opt/stack/keystone/keystone/server/flask/request_processing/middleware/auth_context.py:480}}
Nov 14 20:25:25 user devstack@keystone.service[47085]: DEBUG keystone.server.flask.request_processing.req_logging [None req-9820dba0-e441-4e89-8e85-8ed24f457845 None admin] REQUEST_METHOD: `GET` {{(pid=47085) log_request_info /opt/stack/keystone/keystone/server/flask/request_processing/req_logging.py:27}}
Nov 14 20:25:25 user devstack@keystone.service[47085]: DEBUG keystone.server.flask.request_processing.req_logging [None req-9820dba0-e441-4e89-8e85-8ed24f457845 None admin] SCRIPT_NAME: `/identity` {{(pid=47085) log_request_info /opt/stack/keystone/keystone/server/flask/request_processing/req_logging.py:28}}
Nov 14 20:25:25 user devstack@keystone.service[47085]: DEBUG keystone.server.flask.request_processing.req_logging [None req-9820dba0-e441-4e89-8e85-8ed24f457845 None admin] PATH_INFO: `/v3/users/fbe49080e1ab4891897c7e169b289b3e` {{(pid=47085) log_request_info /opt/stack/keystone/keystone/server/flask/request_processing/req_logging.py:29}}
Nov 14 20:25:25 user devstack@keystone.service[47085]: DEBUG keystone.common.rbac_enforcer.enforcer [None req-9820dba0-e441-4e89-8e85-8ed24f457845 None admin] RBAC: Authorizing `identity:get_user(user_id=fbe49080e1ab4891897c7e169b289b3e)` {{(pid=47085) enforce_call /opt/stack/keystone/keystone/common/rbac_enforcer/enforcer.py:449}}
Nov 14 20:25:25 user devstack@keystone.service[47085]: DEBUG keystone.common.rbac_enforcer.enforcer [None req-9820dba0-e441-4e89-8e85-8ed24f457845 None admin] RBAC: Authorization granted {{(pid=47085) enforce_call /opt/stack/keystone/keystone/common/rbac_enforcer/enforcer.py:457}}
Nov 14 20:25:25 user devstack@keystone.service[47086]: DEBUG keystone.server.flask.request_processing.middleware.auth_context [None req-4540fb1a-48af-49c7-b033-7f92b5be46ef None admin] Authenticating user token {{(pid=47086) process_request /opt/stack/data/venv/lib/python3.10/site-packages/keystonemiddleware/auth_token/__init__.py:406}}
Nov 14 20:25:25 user devstack@keystone.service[47085]: [pid: 47085|app: 0|req: 66/186] 10.0.0.210 () {56 vars in 1172 bytes} [Tue Nov 14 20:25:25 2023] GET /identity/v3/users/fbe49080e1ab4891897c7e169b289b3e => generated 296 bytes in 147 msecs (HTTP/1.1 200) 5 headers in 177 bytes (2 switches on core 0)
Nov 14 20:25:25 user devstack@keystone.service[47084]: DEBUG keystone.server.flask.request_processing.middleware.auth_context [None req-b1850bf9-7adf-48e5-b52a-c1269b4ca5d4 None admin] Authenticating user token {{(pid=47084) process_request /opt/stack/data/venv/lib/python3.10/site-packages/keystonemiddleware/auth_token/__init__.py:406}}
Nov 14 20:25:25 user devstack@keystone.service[47086]: DEBUG keystone.server.flask.request_processing.middleware.auth_context [None req-4540fb1a-48af-49c7-b033-7f92b5be46ef None admin] Validating token access rules against request {{(pid=47086) validate_allowed_request /opt/stack/data/venv/lib/python3.10/site-packages/keystonemiddleware/auth_token/__init__.py:544}}
Nov 14 20:25:25 user devstack@keystone.service[47084]: DEBUG keystone.server.flask.request_processing.middleware.auth_context [None req-b1850bf9-7adf-48e5-b52a-c1269b4ca5d4 None admin] Validating token access rules against request {{(pid=47084) validate_allowed_request /opt/stack/data/venv/lib/python3.10/site-packages/keystonemiddleware/auth_token/__init__.py:544}}
Nov 14 20:25:25 user devstack@keystone.service[47084]: DEBUG keystone.server.flask.request_processing.middleware.auth_context [None req-0e489673-1497-4450-98d9-119c96e56cdf None admin] RBAC: auth_context: {'token': , 'domain_id': None, 'trust_id': None, 'trustor_id': None, 'trustee_id': None, 'domain_name': None, 'group_ids': [], 'user_id': 'bac7c67861604236a9509c037edeced5', 'user_domain_id': 'default', 'system_scope': 'all', 'project_id': None, 'project_domain_id': None, 'roles': ['admin', 'manager', 'member', 'reader'], 'is_admin_project': True, 'service_user_id': None, 'service_user_domain_id': None, 'service_project_id': None, 'service_project_domain_id': None, 'service_roles': []} {{(pid=47084) fill_context /opt/stack/keystone/keystone/server/flask/request_processing/middleware/auth_context.py:480}}
Nov 14 20:25:25 user devstack@keystone.service[47084]: DEBUG keystone.server.flask.request_processing.req_logging [None req-0e489673-1497-4450-98d9-119c96e56cdf None admin] REQUEST_METHOD: `GET` {{(pid=47084) log_request_info /opt/stack/keystone/keystone/server/flask/request_processing/req_logging.py:27}}
Nov 14 20:25:25 user devstack@keystone.service[47084]: DEBUG keystone.server.flask.request_processing.req_logging [None req-0e489673-1497-4450-98d9-119c96e56cdf None admin] SCRIPT_NAME: `/identity` {{(pid=47084) log_request_info /opt/stack/keystone/keystone/server/flask/request_processing/req_logging.py:28}}
Nov 14 20:25:25 user devstack@keystone.service[47084]: DEBUG keystone.server.flask.request_processing.req_logging [None req-0e489673-1497-4450-98d9-119c96e56cdf None admin] PATH_INFO: `/v3/auth/tokens` {{(pid=47084) log_request_info /opt/stack/keystone/keystone/server/flask/request_processing/req_logging.py:29}}
Nov 14 20:25:25 user devstack@keystone.service[47086]: DEBUG keystone.server.flask.request_processing.middleware.auth_context [None req-d7ca7f0d-cc50-4e2e-9317-17e8835fcd56 None admin] RBAC: auth_context: {'token': , 'domain_id': None, 'trust_id': None, 'trustor_id': None, 'trustee_id': None, 'domain_name': None, 'group_ids': [], 'user_id': 'bac7c67861604236a9509c037edeced5', 'user_domain_id': 'default', 'system_scope': 'all', 'project_id': None, 'project_domain_id': None, 'roles': ['admin', 'manager', 'member', 'reader'], 'is_admin_project': True, 'service_user_id': None, 'service_user_domain_id': None, 'service_project_id': None, 'service_project_domain_id': None, 'service_roles': []} {{(pid=47086) fill_context /opt/stack/keystone/keystone/server/flask/request_processing/middleware/auth_context.py:480}}
Nov 14 20:25:25 user devstack@keystone.service[47086]: DEBUG keystone.server.flask.request_processing.req_logging [None req-d7ca7f0d-cc50-4e2e-9317-17e8835fcd56 None admin] REQUEST_METHOD: `GET` {{(pid=47086) log_request_info /opt/stack/keystone/keystone/server/flask/request_processing/req_logging.py:27}}
Nov 14 20:25:25 user devstack@keystone.service[47086]: DEBUG keystone.server.flask.request_processing.req_logging [None req-d7ca7f0d-cc50-4e2e-9317-17e8835fcd56 None admin] SCRIPT_NAME: `/identity` {{(pid=47086) log_request_info /opt/stack/keystone/keystone/server/flask/request_processing/req_logging.py:28}}
Nov 14 20:25:25 user devstack@keystone.service[47086]: DEBUG keystone.server.flask.request_processing.req_logging [None req-d7ca7f0d-cc50-4e2e-9317-17e8835fcd56 None admin] PATH_INFO: `/v3/role_assignments` {{(pid=47086) log_request_info /opt/stack/keystone/keystone/server/flask/request_processing/req_logging.py:29}}
Nov 14 20:25:25 user devstack@keystone.service[47086]: DEBUG keystone.common.rbac_enforcer.enforcer [None req-d7ca7f0d-cc50-4e2e-9317-17e8835fcd56 None admin] RBAC: Adding query filter params (role.id=959f010cb14a40d9b0a9687d93b63187, user.id=42cd5890e88f4bdaa39070f5cf35c12c, scope.system=all) {{(pid=47086) _extract_filter_values /opt/stack/keystone/keystone/common/rbac_enforcer/enforcer.py:167}}
Nov 14 20:25:25 user devstack@keystone.service[47086]: DEBUG keystone.common.rbac_enforcer.enforcer [None req-d7ca7f0d-cc50-4e2e-9317-17e8835fcd56 None admin] RBAC: Authorizing `identity:list_role_assignments()` {{(pid=47086) enforce_call /opt/stack/keystone/keystone/common/rbac_enforcer/enforcer.py:449}}
Nov 14 20:25:25 user devstack@keystone.service[47086]: DEBUG keystone.common.rbac_enforcer.enforcer [None req-d7ca7f0d-cc50-4e2e-9317-17e8835fcd56 None admin] RBAC: Authorization granted {{(pid=47086) enforce_call /opt/stack/keystone/keystone/common/rbac_enforcer/enforcer.py:457}}
Nov 14 20:25:25 user devstack@keystone.service[47086]: [pid: 47086|app: 0|req: 61/187] 10.0.0.210 () {56 vars in 1303 bytes} [Tue Nov 14 20:25:25 2023] GET /identity/v3/role_assignments?user.id=42cd5890e88f4bdaa39070f5cf35c12c&scope.system=all&role.id=959f010cb14a40d9b0a9687d93b63187 => generated 225 bytes in 181 msecs (HTTP/1.1 200) 5 headers in 177 bytes (1 switches on core 0)
Nov 14 20:25:25 user devstack@keystone.service[47084]: DEBUG keystone.common.rbac_enforcer.enforcer [None req-0e489673-1497-4450-98d9-119c96e56cdf None admin] RBAC: Authorizing `identity:validate_token()` {{(pid=47084) enforce_call /opt/stack/keystone/keystone/common/rbac_enforcer/enforcer.py:449}}
Nov 14 20:25:25 user devstack@keystone.service[47084]: DEBUG keystone.common.rbac_enforcer.enforcer [None req-0e489673-1497-4450-98d9-119c96e56cdf None admin] RBAC: Authorization granted {{(pid=47084) enforce_call /opt/stack/keystone/keystone/common/rbac_enforcer/enforcer.py:457}}
Nov 14 20:25:26 user devstack@keystone.service[47084]: [pid: 47084|app: 0|req: 61/188] 10.0.0.210 () {58 vars in 1277 bytes} [Tue Nov 14 20:25:25 2023] GET /identity/v3/auth/tokens => generated 861 bytes in 322 msecs (HTTP/1.1 200) 6 headers in 358 bytes (1 switches on core 0)
Nov 14 20:25:26 user devstack@keystone.service[47085]: DEBUG keystone.server.flask.request_processing.middleware.auth_context [None req-9820dba0-e441-4e89-8e85-8ed24f457845 None admin] Authenticating user token {{(pid=47085) process_request /opt/stack/data/venv/lib/python3.10/site-packages/keystonemiddleware/auth_token/__init__.py:406}}
Nov 14 20:25:26 user devstack@keystone.service[47085]: DEBUG keystone.server.flask.request_processing.middleware.auth_context [None req-9820dba0-e441-4e89-8e85-8ed24f457845 None admin] Validating token access rules against request {{(pid=47085) validate_allowed_request /opt/stack/data/venv/lib/python3.10/site-packages/keystonemiddleware/auth_token/__init__.py:544}}
Nov 14 20:25:26 user devstack@keystone.service[47085]: DEBUG keystone.server.flask.request_processing.middleware.auth_context [None req-12e2efc2-0ef1-4eb0-830c-0c3baffd35fd None admin] RBAC: auth_context: {'token': , 'domain_id': None, 'trust_id': None, 'trustor_id': None, 'trustee_id': None, 'domain_name': None, 'group_ids': [], 'user_id': 'bac7c67861604236a9509c037edeced5', 'user_domain_id': 'default', 'system_scope': 'all', 'project_id': None, 'project_domain_id': None, 'roles': ['admin', 'manager', 'member', 'reader'], 'is_admin_project': True, 'service_user_id': None, 'service_user_domain_id': None, 'service_project_id': None, 'service_project_domain_id': None, 'service_roles': []} {{(pid=47085) fill_context /opt/stack/keystone/keystone/server/flask/request_processing/middleware/auth_context.py:480}}
Nov 14 20:25:26 user devstack@keystone.service[47085]: DEBUG keystone.server.flask.request_processing.req_logging [None req-12e2efc2-0ef1-4eb0-830c-0c3baffd35fd None admin] REQUEST_METHOD: `GET` {{(pid=47085) log_request_info /opt/stack/keystone/keystone/server/flask/request_processing/req_logging.py:27}}
Nov 14 20:25:26 user devstack@keystone.service[47085]: DEBUG keystone.server.flask.request_processing.req_logging [None req-12e2efc2-0ef1-4eb0-830c-0c3baffd35fd None admin] SCRIPT_NAME: `/identity` {{(pid=47085) log_request_info /opt/stack/keystone/keystone/server/flask/request_processing/req_logging.py:28}}
Nov 14 20:25:26 user devstack@keystone.service[47085]: DEBUG keystone.server.flask.request_processing.req_logging [None req-12e2efc2-0ef1-4eb0-830c-0c3baffd35fd None admin] PATH_INFO: `/v3/projects/c1e7f23b1d48453cb6d9d06e8989277a` {{(pid=47085) log_request_info /opt/stack/keystone/keystone/server/flask/request_processing/req_logging.py:29}}
Nov 14 20:25:26 user devstack@keystone.service[47085]: DEBUG keystone.common.rbac_enforcer.enforcer [None req-12e2efc2-0ef1-4eb0-830c-0c3baffd35fd None admin] RBAC: Authorizing `identity:get_project(project_id=c1e7f23b1d48453cb6d9d06e8989277a)` {{(pid=47085) enforce_call /opt/stack/keystone/keystone/common/rbac_enforcer/enforcer.py:449}}
Nov 14 20:25:26 user devstack@keystone.service[47085]: DEBUG keystone.common.rbac_enforcer.enforcer [None req-12e2efc2-0ef1-4eb0-830c-0c3baffd35fd None admin] RBAC: Authorization granted {{(pid=47085) enforce_call /opt/stack/keystone/keystone/common/rbac_enforcer/enforcer.py:457}}
Nov 14 20:25:26 user devstack@keystone.service[47085]: [pid: 47085|app: 0|req: 67/189] 10.0.0.210 () {56 vars in 1181 bytes} [Tue Nov 14 20:25:26 2023] GET /identity/v3/projects/c1e7f23b1d48453cb6d9d06e8989277a => generated 301 bytes in 155 msecs (HTTP/1.1 200) 5 headers in 177 bytes (1 switches on core 0)
Nov 14 20:25:26 user devstack@keystone.service[47086]: DEBUG keystone.server.flask.request_processing.middleware.auth_context [None req-d7ca7f0d-cc50-4e2e-9317-17e8835fcd56 None admin] Authenticating user token {{(pid=47086) process_request /opt/stack/data/venv/lib/python3.10/site-packages/keystonemiddleware/auth_token/__init__.py:406}}
Nov 14 20:25:26 user devstack@keystone.service[47086]: DEBUG keystone.server.flask.request_processing.middleware.auth_context [None req-d7ca7f0d-cc50-4e2e-9317-17e8835fcd56 None admin] Validating token access rules against request {{(pid=47086) validate_allowed_request /opt/stack/data/venv/lib/python3.10/site-packages/keystonemiddleware/auth_token/__init__.py:544}}
Nov 14 20:25:26 user devstack@keystone.service[47086]: DEBUG keystone.server.flask.request_processing.middleware.auth_context [None req-9578bc74-48bd-4420-84ab-90aba09ba350 None admin] RBAC: auth_context: {'token': , 'domain_id': None, 'trust_id': None, 'trustor_id': None, 'trustee_id': None, 'domain_name': None, 'group_ids': [], 'user_id': 'bac7c67861604236a9509c037edeced5', 'user_domain_id': 'default', 'system_scope': 'all', 'project_id': None, 'project_domain_id': None, 'roles': ['admin', 'manager', 'member', 'reader'], 'is_admin_project': True, 'service_user_id': None, 'service_user_domain_id': None, 'service_project_id': None, 'service_project_domain_id': None, 'service_roles': []} {{(pid=47086) fill_context /opt/stack/keystone/keystone/server/flask/request_processing/middleware/auth_context.py:480}}
Nov 14 20:25:26 user devstack@keystone.service[47086]: DEBUG keystone.server.flask.request_processing.req_logging [None req-9578bc74-48bd-4420-84ab-90aba09ba350 None admin] REQUEST_METHOD: `GET` {{(pid=47086) log_request_info /opt/stack/keystone/keystone/server/flask/request_processing/req_logging.py:27}}
Nov 14 20:25:26 user devstack@keystone.service[47086]: DEBUG keystone.server.flask.request_processing.req_logging [None req-9578bc74-48bd-4420-84ab-90aba09ba350 None admin] SCRIPT_NAME: `/identity` {{(pid=47086) log_request_info /opt/stack/keystone/keystone/server/flask/request_processing/req_logging.py:28}}
Nov 14 20:25:26 user devstack@keystone.service[47086]: DEBUG keystone.server.flask.request_processing.req_logging [None req-9578bc74-48bd-4420-84ab-90aba09ba350 None admin] PATH_INFO: `/v3/role_assignments` {{(pid=47086) log_request_info /opt/stack/keystone/keystone/server/flask/request_processing/req_logging.py:29}}
Nov 14 20:25:26 user devstack@keystone.service[47086]: DEBUG keystone.common.rbac_enforcer.enforcer [None req-9578bc74-48bd-4420-84ab-90aba09ba350 None admin] RBAC: Adding query filter params (role.id=9fb37e9ac2734007a181918ce85b2153, scope.project.id=c1e7f23b1d48453cb6d9d06e8989277a, user.id=fbe49080e1ab4891897c7e169b289b3e) {{(pid=47086) _extract_filter_values /opt/stack/keystone/keystone/common/rbac_enforcer/enforcer.py:167}}
Nov 14 20:25:26 user devstack@keystone.service[47086]: DEBUG keystone.common.rbac_enforcer.enforcer [None req-9578bc74-48bd-4420-84ab-90aba09ba350 None admin] RBAC: Authorizing `identity:list_role_assignments()` {{(pid=47086) enforce_call /opt/stack/keystone/keystone/common/rbac_enforcer/enforcer.py:449}}
Nov 14 20:25:26 user devstack@keystone.service[47086]: DEBUG keystone.common.rbac_enforcer.enforcer [None req-9578bc74-48bd-4420-84ab-90aba09ba350 None admin] RBAC: Authorization granted {{(pid=47086) enforce_call /opt/stack/keystone/keystone/common/rbac_enforcer/enforcer.py:457}}
Nov 14 20:25:26 user devstack@keystone.service[47086]: [pid: 47086|app: 0|req: 62/190] 10.0.0.210 () {56 vars in 1369 bytes} [Tue Nov 14 20:25:26 2023] GET /identity/v3/role_assignments?user.id=fbe49080e1ab4891897c7e169b289b3e&scope.project.id=c1e7f23b1d48453cb6d9d06e8989277a&role.id=9fb37e9ac2734007a181918ce85b2153 => generated 606 bytes in 140 msecs (HTTP/1.1 200) 5 headers in 177 bytes (1 switches on core 0)
Nov 14 20:25:27 user devstack@keystone.service[47084]: DEBUG keystone.server.flask.request_processing.req_logging [None req-189e1f8b-0862-46b7-b181-3f3fa5901765 None None] REQUEST_METHOD: `GET` {{(pid=47084) log_request_info /opt/stack/keystone/keystone/server/flask/request_processing/req_logging.py:27}}
Nov 14 20:25:27 user devstack@keystone.service[47084]: DEBUG keystone.server.flask.request_processing.req_logging [None req-189e1f8b-0862-46b7-b181-3f3fa5901765 None None] SCRIPT_NAME: `/identity` {{(pid=47084) log_request_info /opt/stack/keystone/keystone/server/flask/request_processing/req_logging.py:28}}
Nov 14 20:25:27 user devstack@keystone.service[47084]: DEBUG keystone.server.flask.request_processing.req_logging [None req-189e1f8b-0862-46b7-b181-3f3fa5901765 None None] PATH_INFO: `/` {{(pid=47084) log_request_info /opt/stack/keystone/keystone/server/flask/request_processing/req_logging.py:29}}
Nov 14 20:25:27 user devstack@keystone.service[47084]: [pid: 47084|app: 0|req: 62/191] 10.0.0.210 () {54 vars in 921 bytes} [Tue Nov 14 20:25:27 2023] GET /identity => generated 269 bytes in 3 msecs (HTTP/1.1 300) 6 headers in 233 bytes (1 switches on core 0)
Nov 14 20:25:27 user devstack@keystone.service[47085]: DEBUG keystone.server.flask.request_processing.middleware.auth_context [None req-12e2efc2-0ef1-4eb0-830c-0c3baffd35fd None admin] Authenticating user token {{(pid=47085) process_request /opt/stack/data/venv/lib/python3.10/site-packages/keystonemiddleware/auth_token/__init__.py:406}}
Nov 14 20:25:27 user devstack@keystone.service[47086]: DEBUG keystone.server.flask.request_processing.req_logging [None req-826696a9-19b7-4408-b7ac-277550afc6ba None None] REQUEST_METHOD: `GET` {{(pid=47086) log_request_info /opt/stack/keystone/keystone/server/flask/request_processing/req_logging.py:27}}
Nov 14 20:25:27 user devstack@keystone.service[47086]: DEBUG keystone.server.flask.request_processing.req_logging [None req-826696a9-19b7-4408-b7ac-277550afc6ba None None] SCRIPT_NAME: `/identity` {{(pid=47086) log_request_info /opt/stack/keystone/keystone/server/flask/request_processing/req_logging.py:28}}
Nov 14 20:25:27 user devstack@keystone.service[47086]: DEBUG keystone.server.flask.request_processing.req_logging [None req-826696a9-19b7-4408-b7ac-277550afc6ba None None] PATH_INFO: `/` {{(pid=47086) log_request_info /opt/stack/keystone/keystone/server/flask/request_processing/req_logging.py:29}}
Nov 14 20:25:27 user devstack@keystone.service[47086]: [pid: 47086|app: 0|req: 63/192] 10.0.0.210 () {54 vars in 921 bytes} [Tue Nov 14 20:25:27 2023] GET /identity => generated 269 bytes in 3 msecs (HTTP/1.1 300) 6 headers in 233 bytes (1 switches on core 0)
Nov 14 20:25:27 user devstack@keystone.service[47084]: DEBUG keystone.server.flask.request_processing.middleware.auth_context [None req-189e1f8b-0862-46b7-b181-3f3fa5901765 None None] Authenticating user token {{(pid=47084) process_request /opt/stack/data/venv/lib/python3.10/site-packages/keystonemiddleware/auth_token/__init__.py:406}}
Nov 14 20:25:27 user devstack@keystone.service[47086]: DEBUG keystone.server.flask.request_processing.req_logging [None req-6d781d83-9452-4bbb-8c17-e30b1869086a None None] REQUEST_METHOD: `GET` {{(pid=47086) log_request_info /opt/stack/keystone/keystone/server/flask/request_processing/req_logging.py:27}}
Nov 14 20:25:27 user devstack@keystone.service[47086]: DEBUG keystone.server.flask.request_processing.req_logging [None req-6d781d83-9452-4bbb-8c17-e30b1869086a None None] SCRIPT_NAME: `/identity` {{(pid=47086) log_request_info /opt/stack/keystone/keystone/server/flask/request_processing/req_logging.py:28}}
Nov 14 20:25:27 user devstack@keystone.service[47086]: DEBUG keystone.server.flask.request_processing.req_logging [None req-6d781d83-9452-4bbb-8c17-e30b1869086a None None] PATH_INFO: `/` {{(pid=47086) log_request_info /opt/stack/keystone/keystone/server/flask/request_processing/req_logging.py:29}}
Nov 14 20:25:27 user devstack@keystone.service[47086]: [pid: 47086|app: 0|req: 64/193] 10.0.0.210 () {54 vars in 921 bytes} [Tue Nov 14 20:25:27 2023] GET /identity => generated 269 bytes in 3 msecs (HTTP/1.1 300) 6 headers in 233 bytes (1 switches on core 0)
Nov 14 20:25:27 user devstack@keystone.service[47086]: DEBUG keystone.server.flask.request_processing.middleware.auth_context [None req-6d781d83-9452-4bbb-8c17-e30b1869086a None None] Authenticating user token {{(pid=47086) process_request /opt/stack/data/venv/lib/python3.10/site-packages/keystonemiddleware/auth_token/__init__.py:406}}
Nov 14 20:25:27 user devstack@keystone.service[47085]: DEBUG keystone.server.flask.request_processing.middleware.auth_context [None req-12e2efc2-0ef1-4eb0-830c-0c3baffd35fd None admin] Validating token access rules against request {{(pid=47085) validate_allowed_request /opt/stack/data/venv/lib/python3.10/site-packages/keystonemiddleware/auth_token/__init__.py:544}}
Nov 14 20:25:27 user devstack@keystone.service[47085]: DEBUG keystone.server.flask.request_processing.middleware.auth_context [None req-f1069a0d-6439-46d3-bd31-da111e1e84a6 None admin] RBAC: auth_context: {'token': , 'domain_id': None, 'trust_id': None, 'trustor_id': None, 'trustee_id': None, 'domain_name': None, 'group_ids': [], 'user_id': 'bac7c67861604236a9509c037edeced5', 'user_domain_id': 'default', 'system_scope': 'all', 'project_id': None, 'project_domain_id': None, 'roles': ['admin', 'manager', 'member', 'reader'], 'is_admin_project': True, 'service_user_id': None, 'service_user_domain_id': None, 'service_project_id': None, 'service_project_domain_id': None, 'service_roles': []} {{(pid=47085) fill_context /opt/stack/keystone/keystone/server/flask/request_processing/middleware/auth_context.py:480}}
Nov 14 20:25:27 user devstack@keystone.service[47085]: DEBUG keystone.server.flask.request_processing.req_logging [None req-f1069a0d-6439-46d3-bd31-da111e1e84a6 None admin] REQUEST_METHOD: `GET` {{(pid=47085) log_request_info /opt/stack/keystone/keystone/server/flask/request_processing/req_logging.py:27}}
Nov 14 20:25:27 user devstack@keystone.service[47085]: DEBUG keystone.server.flask.request_processing.req_logging [None req-f1069a0d-6439-46d3-bd31-da111e1e84a6 None admin] SCRIPT_NAME: `/identity` {{(pid=47085) log_request_info /opt/stack/keystone/keystone/server/flask/request_processing/req_logging.py:28}}
Nov 14 20:25:27 user devstack@keystone.service[47085]: DEBUG keystone.server.flask.request_processing.req_logging [None req-f1069a0d-6439-46d3-bd31-da111e1e84a6 None admin] PATH_INFO: `/v3/roles/reader` {{(pid=47085) log_request_info /opt/stack/keystone/keystone/server/flask/request_processing/req_logging.py:29}}
Nov 14 20:25:27 user devstack@keystone.service[47085]: DEBUG keystone.common.rbac_enforcer.enforcer [None req-f1069a0d-6439-46d3-bd31-da111e1e84a6 None admin] Extracting inferred target data resulted in "NOT FOUND (404)". {{(pid=47085) enforce_call /opt/stack/keystone/keystone/common/rbac_enforcer/enforcer.py:409}}
Nov 14 20:25:27 user devstack@keystone.service[47084]: DEBUG keystone.server.flask.request_processing.middleware.auth_context [None req-189e1f8b-0862-46b7-b181-3f3fa5901765 None None] Validating token access rules against request {{(pid=47084) validate_allowed_request /opt/stack/data/venv/lib/python3.10/site-packages/keystonemiddleware/auth_token/__init__.py:544}}
Nov 14 20:25:27 user devstack@keystone.service[47085]: ERROR keystone.server.flask.application [None req-f1069a0d-6439-46d3-bd31-da111e1e84a6 None admin] Could not find role: reader.: keystone.exception.RoleNotFound: Could not find role: reader.
Nov 14 20:25:27 user devstack@keystone.service[47085]: ERROR keystone.server.flask.application
Traceback (most recent call last):
Nov 14 20:25:27 user devstack@keystone.service[47085]: ERROR keystone.server.flask.application
File "/opt/stack/data/venv/lib/python3.10/site-packages/flask/app.py", line 1823, in full_dispatch_request
Nov 14 20:25:27 user devstack@keystone.service[47085]: ERROR keystone.server.flask.application rv = self.dispatch_request()
Nov 14 20:25:27 user devstack@keystone.service[47085]: ERROR keystone.server.flask.application
File "/opt/stack/data/venv/lib/python3.10/site-packages/flask/app.py", line 1799, in dispatch_request
Nov 14 20:25:27 user devstack@keystone.service[47085]: ERROR keystone.server.flask.application return self.ensure_sync(self.view_functions[rule.endpoint])(**view_args)
Nov 14 20:25:27 user devstack@keystone.service[47085]: ERROR keystone.server.flask.application
File "/opt/stack/data/venv/lib/python3.10/site-packages/flask_restful/__init__.py", line 489, in wrapper
Nov 14 20:25:27 user devstack@keystone.service[47085]: ERROR keystone.server.flask.application resp = resource(*args, **kwargs)
Nov 14 20:25:27 user devstack@keystone.service[47085]: ERROR keystone.server.flask.application
File "/opt/stack/data/venv/lib/python3.10/site-packages/flask/views.py", line 107, in view
Nov 14 20:25:27 user devstack@keystone.service[47085]: ERROR keystone.server.flask.application return current_app.ensure_sync(self.dispatch_request)(**kwargs)
Nov 14 20:25:27 user devstack@keystone.service[47085]: ERROR keystone.server.flask.application
File "/opt/stack/data/venv/lib/python3.10/site-packages/flask_restful/__init__.py", line 604, in dispatch_request
Nov 14 20:25:27 user devstack@keystone.service[47085]: ERROR keystone.server.flask.application resp = meth(*args, **kwargs)
Nov 14 20:25:27 user devstack@keystone.service[47085]: ERROR keystone.server.flask.application
File "/opt/stack/keystone/keystone/api/roles.py", line 50, in get
Nov 14 20:25:27 user devstack@keystone.service[47085]: ERROR keystone.server.flask.application return self._get_role(role_id)
Nov 14 20:25:27 user devstack@keystone.service[47085]: ERROR keystone.server.flask.application
File "/opt/stack/keystone/keystone/api/roles.py", line 70, in _get_role
Nov 14 20:25:27 user devstack@keystone.service[47085]: ERROR keystone.server.flask.application ENFORCER.enforce_call(action='identity:get_role')
Nov 14 20:25:27 user devstack@keystone.service[47085]: ERROR keystone.server.flask.application
File "/opt/stack/keystone/keystone/common/rbac_enforcer/enforcer.py", line 402, in enforce_call
Nov 14 20:25:27 user devstack@keystone.service[47085]: ERROR keystone.server.flask.application policy_dict.update(cls._extract_member_target_data(
Nov 14 20:25:27 user devstack@keystone.service[47085]: ERROR keystone.server.flask.application
File "/opt/stack/keystone/keystone/common/rbac_enforcer/enforcer.py", line 234, in _extract_member_target_data
Nov 14 20:25:27 user devstack@keystone.service[47085]: ERROR keystone.server.flask.application member_name: func(flask.request.view_args[key])
Nov 14 20:25:27 user devstack@keystone.service[47085]: ERROR keystone.server.flask.application
File "/opt/stack/keystone/keystone/common/manager.py", line 115, in wrapped
Nov 14 20:25:27 user devstack@keystone.service[47085]: ERROR keystone.server.flask.application __ret_val = __f(*args, **kwargs)
Nov 14 20:25:27 user devstack@keystone.service[47085]: ERROR keystone.server.flask.application
File "/opt/stack/data/venv/lib/python3.10/site-packages/decorator.py", line 232, in fun
Nov 14 20:25:27 user devstack@keystone.service[47085]: ERROR keystone.server.flask.application return caller(func, *(extras + args), **kw)
Nov 14 20:25:27 user devstack@keystone.service[47085]: ERROR keystone.server.flask.application
File "/opt/stack/data/venv/lib/python3.10/site-packages/dogpile/cache/region.py", line 1594, in get_or_create_for_user_func
Nov 14 20:25:27 user devstack@keystone.service[47085]: ERROR keystone.server.flask.application return self.get_or_create(
Nov 14 20:25:27 user devstack@keystone.service[47085]: ERROR keystone.server.flask.application
File "/opt/stack/data/venv/lib/python3.10/site-packages/dogpile/cache/region.py", line 1054, in get_or_create
Nov 14 20:25:27 user devstack@keystone.service[47085]: ERROR keystone.server.flask.application with Lock(
Nov 14 20:25:27 user devstack@keystone.service[47085]: ERROR keystone.server.flask.application
File "/opt/stack/data/venv/lib/python3.10/site-packages/dogpile/lock.py", line 185, in __enter__
Nov 14 20:25:27 user devstack@keystone.service[47085]: ERROR keystone.server.flask.application return self._enter()
Nov 14 20:25:27 user devstack@keystone.service[47085]: ERROR keystone.server.flask.application
File "/opt/stack/data/venv/lib/python3.10/site-packages/dogpile/lock.py", line 94, in _enter
Nov 14 20:25:27 user devstack@keystone.service[47085]: ERROR keystone.server.flask.application generated = self._enter_create(value, createdtime)
Nov 14 20:25:27 user devstack@keystone.service[47085]: ERROR keystone.server.flask.application
File "/opt/stack/data/venv/lib/python3.10/site-packages/dogpile/lock.py", line 178, in _enter_create
Nov 14 20:25:27 user devstack@keystone.service[47085]: ERROR keystone.server.flask.application return self.creator()
Nov 14 20:25:27 user devstack@keystone.service[47085]: ERROR keystone.server.flask.application
File "/opt/stack/data/venv/lib/python3.10/site-packages/dogpile/cache/region.py", line 1007, in gen_value
Nov 14 20:25:27 user devstack@keystone.service[47085]: ERROR keystone.server.flask.application created_value = creator(
Nov 14 20:25:27 user devstack@keystone.service[47085]: ERROR keystone.server.flask.application
File "/opt/stack/keystone/keystone/assignment/core.py", line 1276, in get_role
Nov 14 20:25:27 user devstack@keystone.service[47085]: ERROR keystone.server.flask.application return self.driver.get_role(role_id)
Nov 14 20:25:27 user devstack@keystone.service[47085]: ERROR keystone.server.flask.application
File "/opt/stack/keystone/keystone/assignment/role_backends/sql.py", line 70, in get_role
Nov 14 20:25:27 user devstack@keystone.service[47085]: ERROR keystone.server.flask.application return self._get_role(session, role_id).to_dict()
Nov 14 20:25:27 user devstack@keystone.service[47085]: ERROR keystone.server.flask.application
File "/opt/stack/keystone/keystone/assignment/role_backends/sql.py", line 65, in _get_role
Nov 14 20:25:27 user devstack@keystone.service[47085]: ERROR keystone.server.flask.application raise exception.RoleNotFound(role_id=role_id)
Nov 14 20:25:27 user devstack@keystone.service[47085]: ERROR keystone.server.flask.application keystone.exception.RoleNotFound: Could not find role: reader.
Nov 14 20:25:27 user devstack@keystone.service[47085]: ERROR keystone.server.flask.application
