File "/opt/stack/keystone/keystone/common/manager.py", line 115, in wrapped
Nov 10 22:24:20 user devstack@keystone.service[46369]: ERROR keystone.server.flask.application __ret_val = __f(*args, **kwargs)
Nov 10 22:24:20 user devstack@keystone.service[46369]: ERROR keystone.server.flask.application
File "/opt/stack/keystone/keystone/assignment/core.py", line 1298, in create_role
Nov 10 22:24:20 user devstack@keystone.service[46369]: ERROR keystone.server.flask.application ret = self.driver.create_role(role_id, role)
Nov 10 22:24:20 user devstack@keystone.service[46369]: ERROR keystone.server.flask.application
File "/opt/stack/keystone/keystone/common/sql/core.py", line 563, in wrapper
Nov 10 22:24:20 user devstack@keystone.service[46369]: ERROR keystone.server.flask.application raise exception.Conflict(type=conflict_type,
Nov 10 22:24:20 user devstack@keystone.service[46369]: ERROR keystone.server.flask.application keystone.exception.Conflict: Conflict occurred attempting to store role - Duplicate entry found with name service.
Nov 10 22:24:20 user devstack@keystone.service[46369]: ERROR keystone.server.flask.application
Nov 10 22:24:20 user devstack@keystone.service[46369]: [pid: 46369|app: 0|req: 10/26] 10.0.0.210 () {60 vars in 1126 bytes} [Fri Nov 10 22:24:20 2023] POST /identity/v3/roles => generated 140 bytes in 195 msecs (HTTP/1.1 409) 5 headers in 183 bytes (1 switches on core 0)
Nov 10 22:24:20 user devstack@keystone.service[46370]: DEBUG keystone.common.rbac_enforcer.enforcer [None req-45bd25c6-4dcb-44ed-a228-ccd850f52bdc None admin] RBAC: Authorization granted {{(pid=46370) enforce_call /opt/stack/keystone/keystone/common/rbac_enforcer/enforcer.py:457}}
Nov 10 22:24:20 user devstack@keystone.service[46369]: DEBUG keystone.server.flask.request_processing.req_logging [None req-4a09b071-9458-4014-aa75-078e4774fa2d None None] REQUEST_METHOD: `GET` {{(pid=46369) log_request_info /opt/stack/keystone/keystone/server/flask/request_processing/req_logging.py:27}}
Nov 10 22:24:20 user devstack@keystone.service[46369]: DEBUG keystone.server.flask.request_processing.req_logging [None req-4a09b071-9458-4014-aa75-078e4774fa2d None None] SCRIPT_NAME: `/identity` {{(pid=46369) log_request_info /opt/stack/keystone/keystone/server/flask/request_processing/req_logging.py:28}}
Nov 10 22:24:20 user devstack@keystone.service[46369]: DEBUG keystone.server.flask.request_processing.req_logging [None req-4a09b071-9458-4014-aa75-078e4774fa2d None None] PATH_INFO: `/` {{(pid=46369) log_request_info /opt/stack/keystone/keystone/server/flask/request_processing/req_logging.py:29}}
Nov 10 22:24:20 user devstack@keystone.service[46369]: [pid: 46369|app: 0|req: 11/27] 10.0.0.210 () {54 vars in 921 bytes} [Fri Nov 10 22:24:20 2023] GET /identity => generated 269 bytes in 3 msecs (HTTP/1.1 300) 6 headers in 233 bytes (1 switches on core 0)
Nov 10 22:24:20 user devstack@keystone.service[46369]: DEBUG keystone.server.flask.request_processing.middleware.auth_context [None req-4a09b071-9458-4014-aa75-078e4774fa2d None None] Authenticating user token {{(pid=46369) process_request /opt/stack/data/venv/lib/python3.10/site-packages/keystonemiddleware/auth_token/__init__.py:406}}
Nov 10 22:24:20 user devstack@keystone.service[46370]: [pid: 46370|app: 0|req: 10/28] 10.0.0.210 () {56 vars in 1104 bytes} [Fri Nov 10 22:24:20 2023] GET /identity/v3/domains?name=Default => generated 306 bytes in 246 msecs (HTTP/1.1 200) 5 headers in 177 bytes (1 switches on core 0)
Nov 10 22:24:20 user devstack@keystone.service[46370]: DEBUG keystone.server.flask.request_processing.middleware.auth_context [None req-45bd25c6-4dcb-44ed-a228-ccd850f52bdc None admin] Authenticating user token {{(pid=46370) process_request /opt/stack/data/venv/lib/python3.10/site-packages/keystonemiddleware/auth_token/__init__.py:406}}
Nov 10 22:24:20 user devstack@keystone.service[46369]: DEBUG keystone.server.flask.request_processing.middleware.auth_context [None req-4a09b071-9458-4014-aa75-078e4774fa2d None None] Validating token access rules against request {{(pid=46369) validate_allowed_request /opt/stack/data/venv/lib/python3.10/site-packages/keystonemiddleware/auth_token/__init__.py:544}}
Nov 10 22:24:20 user devstack@keystone.service[46371]: DEBUG keystone.server.flask.request_processing.middleware.auth_context [None req-4eed6313-ca5e-4e92-a3d9-8ea704bf8251 None admin] Validating token access rules against request {{(pid=46371) validate_allowed_request /opt/stack/data/venv/lib/python3.10/site-packages/keystonemiddleware/auth_token/__init__.py:544}}
Nov 10 22:24:20 user devstack@keystone.service[46369]: DEBUG keystone.server.flask.request_processing.middleware.auth_context [None req-083d2e66-2dfd-4714-9862-1d2b209daa7b None admin] RBAC: auth_context: {'token': , 'domain_id': None, 'trust_id': None, 'trustor_id': None, 'trustee_id': None, 'domain_name': None, 'group_ids': [], 'user_id': 'b6aa3de217fa4b1a9f8f501c14878fe8', 'user_domain_id': 'default', 'system_scope': 'all', 'project_id': None, 'project_domain_id': None, 'roles': ['admin', 'manager', 'member', 'reader'], 'is_admin_project': True, 'service_user_id': None, 'service_user_domain_id': None, 'service_project_id': None, 'service_project_domain_id': None, 'service_roles': []} {{(pid=46369) fill_context /opt/stack/keystone/keystone/server/flask/request_processing/middleware/auth_context.py:480}}
Nov 10 22:24:20 user devstack@keystone.service[46369]: DEBUG keystone.server.flask.request_processing.req_logging [None req-083d2e66-2dfd-4714-9862-1d2b209daa7b None admin] REQUEST_METHOD: `GET` {{(pid=46369) log_request_info /opt/stack/keystone/keystone/server/flask/request_processing/req_logging.py:27}}
Nov 10 22:24:20 user devstack@keystone.service[46369]: DEBUG keystone.server.flask.request_processing.req_logging [None req-083d2e66-2dfd-4714-9862-1d2b209daa7b None admin] SCRIPT_NAME: `/identity` {{(pid=46369) log_request_info /opt/stack/keystone/keystone/server/flask/request_processing/req_logging.py:28}}
Nov 10 22:24:20 user devstack@keystone.service[46369]: DEBUG keystone.server.flask.request_processing.req_logging [None req-083d2e66-2dfd-4714-9862-1d2b209daa7b None admin] PATH_INFO: `/v3/roles/service` {{(pid=46369) log_request_info /opt/stack/keystone/keystone/server/flask/request_processing/req_logging.py:29}}
Nov 10 22:24:20 user devstack@keystone.service[46371]: DEBUG keystone.server.flask.request_processing.middleware.auth_context [None req-57669f1b-fe3d-4224-9714-1df28432354f None admin] RBAC: auth_context: {'token': , 'domain_id': None, 'trust_id': None, 'trustor_id': None, 'trustee_id': None, 'domain_name': None, 'group_ids': [], 'user_id': 'b6aa3de217fa4b1a9f8f501c14878fe8', 'user_domain_id': 'default', 'system_scope': 'all', 'project_id': None, 'project_domain_id': None, 'roles': ['admin', 'manager', 'member', 'reader'], 'is_admin_project': True, 'service_user_id': None, 'service_user_domain_id': None, 'service_project_id': None, 'service_project_domain_id': None, 'service_roles': []} {{(pid=46371) fill_context /opt/stack/keystone/keystone/server/flask/request_processing/middleware/auth_context.py:480}}
Nov 10 22:24:20 user devstack@keystone.service[46370]: DEBUG keystone.server.flask.request_processing.middleware.auth_context [None req-45bd25c6-4dcb-44ed-a228-ccd850f52bdc None admin] Validating token access rules against request {{(pid=46370) validate_allowed_request /opt/stack/data/venv/lib/python3.10/site-packages/keystonemiddleware/auth_token/__init__.py:544}}
Nov 10 22:24:20 user devstack@keystone.service[46369]: DEBUG keystone.common.rbac_enforcer.enforcer [None req-083d2e66-2dfd-4714-9862-1d2b209daa7b None admin] Extracting inferred target data resulted in "NOT FOUND (404)". {{(pid=46369) enforce_call /opt/stack/keystone/keystone/common/rbac_enforcer/enforcer.py:409}}
Nov 10 22:24:20 user devstack@keystone.service[46371]: DEBUG keystone.server.flask.request_processing.req_logging [None req-57669f1b-fe3d-4224-9714-1df28432354f None admin] REQUEST_METHOD: `GET` {{(pid=46371) log_request_info /opt/stack/keystone/keystone/server/flask/request_processing/req_logging.py:27}}
Nov 10 22:24:20 user devstack@keystone.service[46371]: DEBUG keystone.server.flask.request_processing.req_logging [None req-57669f1b-fe3d-4224-9714-1df28432354f None admin] SCRIPT_NAME: `/identity` {{(pid=46371) log_request_info /opt/stack/keystone/keystone/server/flask/request_processing/req_logging.py:28}}
Nov 10 22:24:20 user devstack@keystone.service[46371]: DEBUG keystone.server.flask.request_processing.req_logging [None req-57669f1b-fe3d-4224-9714-1df28432354f None admin] PATH_INFO: `/v3/roles` {{(pid=46371) log_request_info /opt/stack/keystone/keystone/server/flask/request_processing/req_logging.py:29}}
Nov 10 22:24:20 user devstack@keystone.service[46369]: ERROR keystone.server.flask.application [None req-083d2e66-2dfd-4714-9862-1d2b209daa7b None admin] Could not find role: service.: keystone.exception.RoleNotFound: Could not find role: service.
Nov 10 22:24:20 user devstack@keystone.service[46369]: ERROR keystone.server.flask.application
Traceback (most recent call last):
Nov 10 22:24:20 user devstack@keystone.service[46369]: ERROR keystone.server.flask.application
File "/opt/stack/data/venv/lib/python3.10/site-packages/flask/app.py", line 1823, in full_dispatch_request
Nov 10 22:24:20 user devstack@keystone.service[46369]: ERROR keystone.server.flask.application rv = self.dispatch_request()
Nov 10 22:24:20 user devstack@keystone.service[46369]: ERROR keystone.server.flask.application
File "/opt/stack/data/venv/lib/python3.10/site-packages/flask/app.py", line 1799, in dispatch_request
Nov 10 22:24:20 user devstack@keystone.service[46369]: ERROR keystone.server.flask.application return self.ensure_sync(self.view_functions[rule.endpoint])(**view_args)
Nov 10 22:24:20 user devstack@keystone.service[46369]: ERROR keystone.server.flask.application
File "/opt/stack/data/venv/lib/python3.10/site-packages/flask_restful/__init__.py", line 489, in wrapper
Nov 10 22:24:20 user devstack@keystone.service[46369]: ERROR keystone.server.flask.application resp = resource(*args, **kwargs)
Nov 10 22:24:20 user devstack@keystone.service[46369]: ERROR keystone.server.flask.application
File "/opt/stack/data/venv/lib/python3.10/site-packages/flask/views.py", line 107, in view
Nov 10 22:24:20 user devstack@keystone.service[46369]: ERROR keystone.server.flask.application return current_app.ensure_sync(self.dispatch_request)(**kwargs)
Nov 10 22:24:20 user devstack@keystone.service[46369]: ERROR keystone.server.flask.application
File "/opt/stack/data/venv/lib/python3.10/site-packages/flask_restful/__init__.py", line 604, in dispatch_request
Nov 10 22:24:20 user devstack@keystone.service[46369]: ERROR keystone.server.flask.application resp = meth(*args, **kwargs)
Nov 10 22:24:20 user devstack@keystone.service[46369]: ERROR keystone.server.flask.application
File "/opt/stack/keystone/keystone/api/roles.py", line 50, in get
Nov 10 22:24:20 user devstack@keystone.service[46369]: ERROR keystone.server.flask.application return self._get_role(role_id)
Nov 10 22:24:20 user devstack@keystone.service[46369]: ERROR keystone.server.flask.application
File "/opt/stack/keystone/keystone/api/roles.py", line 70, in _get_role
Nov 10 22:24:20 user devstack@keystone.service[46369]: ERROR keystone.server.flask.application ENFORCER.enforce_call(action='identity:get_role')
Nov 10 22:24:20 user devstack@keystone.service[46369]: ERROR keystone.server.flask.application
File "/opt/stack/keystone/keystone/common/rbac_enforcer/enforcer.py", line 402, in enforce_call
Nov 10 22:24:20 user devstack@keystone.service[46369]: ERROR keystone.server.flask.application policy_dict.update(cls._extract_member_target_data(
Nov 10 22:24:20 user devstack@keystone.service[46369]: ERROR keystone.server.flask.application
File "/opt/stack/keystone/keystone/common/rbac_enforcer/enforcer.py", line 234, in _extract_member_target_data
Nov 10 22:24:20 user devstack@keystone.service[46369]: ERROR keystone.server.flask.application member_name: func(flask.request.view_args[key])
Nov 10 22:24:20 user devstack@keystone.service[46369]: ERROR keystone.server.flask.application
File "/opt/stack/keystone/keystone/common/manager.py", line 115, in wrapped
Nov 10 22:24:20 user devstack@keystone.service[46369]: ERROR keystone.server.flask.application __ret_val = __f(*args, **kwargs)
Nov 10 22:24:20 user devstack@keystone.service[46369]: ERROR keystone.server.flask.application
File "/opt/stack/data/venv/lib/python3.10/site-packages/decorator.py", line 232, in fun
Nov 10 22:24:20 user devstack@keystone.service[46369]: ERROR keystone.server.flask.application return caller(func, *(extras + args), **kw)
Nov 10 22:24:20 user devstack@keystone.service[46369]: ERROR keystone.server.flask.application
File "/opt/stack/data/venv/lib/python3.10/site-packages/dogpile/cache/region.py", line 1594, in get_or_create_for_user_func
Nov 10 22:24:20 user devstack@keystone.service[46369]: ERROR keystone.server.flask.application return self.get_or_create(
Nov 10 22:24:20 user devstack@keystone.service[46369]: ERROR keystone.server.flask.application
File "/opt/stack/data/venv/lib/python3.10/site-packages/dogpile/cache/region.py", line 1054, in get_or_create
Nov 10 22:24:20 user devstack@keystone.service[46369]: ERROR keystone.server.flask.application with Lock(
Nov 10 22:24:20 user devstack@keystone.service[46369]: ERROR keystone.server.flask.application
File "/opt/stack/data/venv/lib/python3.10/site-packages/dogpile/lock.py", line 185, in __enter__
Nov 10 22:24:20 user devstack@keystone.service[46369]: ERROR keystone.server.flask.application return self._enter()
Nov 10 22:24:20 user devstack@keystone.service[46369]: ERROR keystone.server.flask.application
File "/opt/stack/data/venv/lib/python3.10/site-packages/dogpile/lock.py", line 94, in _enter
Nov 10 22:24:20 user devstack@keystone.service[46369]: ERROR keystone.server.flask.application generated = self._enter_create(value, createdtime)
Nov 10 22:24:20 user devstack@keystone.service[46369]: ERROR keystone.server.flask.application
File "/opt/stack/data/venv/lib/python3.10/site-packages/dogpile/lock.py", line 178, in _enter_create
Nov 10 22:24:20 user devstack@keystone.service[46369]: ERROR keystone.server.flask.application return self.creator()
Nov 10 22:24:20 user devstack@keystone.service[46369]: ERROR keystone.server.flask.application
File "/opt/stack/data/venv/lib/python3.10/site-packages/dogpile/cache/region.py", line 1007, in gen_value
Nov 10 22:24:20 user devstack@keystone.service[46369]: ERROR keystone.server.flask.application created_value = creator(
Nov 10 22:24:20 user devstack@keystone.service[46369]: ERROR keystone.server.flask.application
File "/opt/stack/keystone/keystone/assignment/core.py", line 1276, in get_role
Nov 10 22:24:20 user devstack@keystone.service[46369]: ERROR keystone.server.flask.application return self.driver.get_role(role_id)
Nov 10 22:24:20 user devstack@keystone.service[46369]: ERROR keystone.server.flask.application
File "/opt/stack/keystone/keystone/assignment/role_backends/sql.py", line 70, in get_role
Nov 10 22:24:20 user devstack@keystone.service[46369]: ERROR keystone.server.flask.application return self._get_role(session, role_id).to_dict()
Nov 10 22:24:20 user devstack@keystone.service[46369]: ERROR keystone.server.flask.application
File "/opt/stack/keystone/keystone/assignment/role_backends/sql.py", line 65, in _get_role
Nov 10 22:24:20 user devstack@keystone.service[46369]: ERROR keystone.server.flask.application raise exception.RoleNotFound(role_id=role_id)
Nov 10 22:24:20 user devstack@keystone.service[46369]: ERROR keystone.server.flask.application keystone.exception.RoleNotFound: Could not find role: service.
Nov 10 22:24:20 user devstack@keystone.service[46369]: ERROR keystone.server.flask.application
Nov 10 22:24:20 user devstack@keystone.service[46371]: DEBUG keystone.common.rbac_enforcer.enforcer [None req-57669f1b-fe3d-4224-9714-1df28432354f None admin] RBAC: Adding query filter params (name=admin) {{(pid=46371) _extract_filter_values /opt/stack/keystone/keystone/common/rbac_enforcer/enforcer.py:167}}
Nov 10 22:24:20 user devstack@keystone.service[46371]: DEBUG keystone.common.rbac_enforcer.enforcer [None req-57669f1b-fe3d-4224-9714-1df28432354f None admin] RBAC: Authorizing `identity:list_roles()` {{(pid=46371) enforce_call /opt/stack/keystone/keystone/common/rbac_enforcer/enforcer.py:449}}
Nov 10 22:24:20 user devstack@keystone.service[46369]: [pid: 46369|app: 0|req: 12/29] 10.0.0.210 () {56 vars in 1097 bytes} [Fri Nov 10 22:24:20 2023] GET /identity/v3/roles/service => generated 85 bytes in 156 msecs (HTTP/1.1 404) 5 headers in 183 bytes (2 switches on core 0)
Nov 10 22:24:20 user devstack@keystone.service[46369]: DEBUG keystone.server.flask.request_processing.middleware.auth_context [None req-083d2e66-2dfd-4714-9862-1d2b209daa7b None admin] Authenticating user token {{(pid=46369) process_request /opt/stack/data/venv/lib/python3.10/site-packages/keystonemiddleware/auth_token/__init__.py:406}}
Nov 10 22:24:20 user devstack@keystone.service[46371]: DEBUG keystone.common.rbac_enforcer.enforcer [None req-57669f1b-fe3d-4224-9714-1df28432354f None admin] RBAC: Authorization granted {{(pid=46371) enforce_call /opt/stack/keystone/keystone/common/rbac_enforcer/enforcer.py:457}}
Nov 10 22:24:20 user devstack@keystone.service[46371]: [pid: 46371|app: 0|req: 8/30] 10.0.0.210 () {56 vars in 1094 bytes} [Fri Nov 10 22:24:20 2023] GET /identity/v3/roles?name=admin => generated 337 bytes in 226 msecs (HTTP/1.1 200) 5 headers in 177 bytes (2 switches on core 0)
Nov 10 22:24:20 user devstack@keystone.service[46371]: DEBUG keystone.server.flask.request_processing.middleware.auth_context [None req-57669f1b-fe3d-4224-9714-1df28432354f None admin] Authenticating user token {{(pid=46371) process_request /opt/stack/data/venv/lib/python3.10/site-packages/keystonemiddleware/auth_token/__init__.py:406}}
Nov 10 22:24:20 user devstack@keystone.service[46370]: DEBUG keystone.server.flask.request_processing.middleware.auth_context [None req-6e60c596-aaf0-4bb4-91e0-eb4b4c73944e None admin] RBAC: auth_context: {'token': , 'domain_id': None, 'trust_id': None, 'trustor_id': None, 'trustee_id': None, 'domain_name': None, 'group_ids': [], 'user_id': 'b6aa3de217fa4b1a9f8f501c14878fe8', 'user_domain_id': 'default', 'system_scope': 'all', 'project_id': None, 'project_domain_id': None, 'roles': ['admin', 'manager', 'member', 'reader'], 'is_admin_project': True, 'service_user_id': None, 'service_user_domain_id': None, 'service_project_id': None, 'service_project_domain_id': None, 'service_roles': []} {{(pid=46370) fill_context /opt/stack/keystone/keystone/server/flask/request_processing/middleware/auth_context.py:480}}
Nov 10 22:24:20 user devstack@keystone.service[46370]: DEBUG keystone.server.flask.request_processing.req_logging [None req-6e60c596-aaf0-4bb4-91e0-eb4b4c73944e None admin] REQUEST_METHOD: `POST` {{(pid=46370) log_request_info /opt/stack/keystone/keystone/server/flask/request_processing/req_logging.py:27}}
Nov 10 22:24:20 user devstack@keystone.service[46370]: DEBUG keystone.server.flask.request_processing.req_logging [None req-6e60c596-aaf0-4bb4-91e0-eb4b4c73944e None admin] SCRIPT_NAME: `/identity` {{(pid=46370) log_request_info /opt/stack/keystone/keystone/server/flask/request_processing/req_logging.py:28}}
Nov 10 22:24:20 user devstack@keystone.service[46370]: DEBUG keystone.server.flask.request_processing.req_logging [None req-6e60c596-aaf0-4bb4-91e0-eb4b4c73944e None admin] PATH_INFO: `/v3/roles` {{(pid=46370) log_request_info /opt/stack/keystone/keystone/server/flask/request_processing/req_logging.py:29}}
Nov 10 22:24:20 user devstack@keystone.service[46370]: DEBUG keystone.common.rbac_enforcer.enforcer [None req-6e60c596-aaf0-4bb4-91e0-eb4b4c73944e None admin] RBAC: Authorizing `identity:create_role()` {{(pid=46370) enforce_call /opt/stack/keystone/keystone/common/rbac_enforcer/enforcer.py:449}}
Nov 10 22:24:20 user devstack@keystone.service[46370]: DEBUG keystone.common.rbac_enforcer.enforcer [None req-6e60c596-aaf0-4bb4-91e0-eb4b4c73944e None admin] RBAC: Authorization granted {{(pid=46370) enforce_call /opt/stack/keystone/keystone/common/rbac_enforcer/enforcer.py:457}}
Nov 10 22:24:20 user devstack@keystone.service[46370]: [pid: 46370|app: 0|req: 11/31] 10.0.0.210 () {60 vars in 1126 bytes} [Fri Nov 10 22:24:20 2023] POST /identity/v3/roles => generated 224 bytes in 182 msecs (HTTP/1.1 201) 5 headers in 182 bytes (1 switches on core 0)
Nov 10 22:24:20 user devstack@keystone.service[46370]: DEBUG keystone.server.flask.request_processing.middleware.auth_context [None req-6e60c596-aaf0-4bb4-91e0-eb4b4c73944e None admin] Authenticating user token {{(pid=46370) process_request /opt/stack/data/venv/lib/python3.10/site-packages/keystonemiddleware/auth_token/__init__.py:406}}
Nov 10 22:24:20 user devstack@keystone.service[46369]: DEBUG keystone.server.flask.request_processing.middleware.auth_context [None req-083d2e66-2dfd-4714-9862-1d2b209daa7b None admin] Validating token access rules against request {{(pid=46369) validate_allowed_request /opt/stack/data/venv/lib/python3.10/site-packages/keystonemiddleware/auth_token/__init__.py:544}}
Nov 10 22:24:20 user devstack@keystone.service[46371]: DEBUG keystone.server.flask.request_processing.middleware.auth_context [None req-57669f1b-fe3d-4224-9714-1df28432354f None admin] Validating token access rules against request {{(pid=46371) validate_allowed_request /opt/stack/data/venv/lib/python3.10/site-packages/keystonemiddleware/auth_token/__init__.py:544}}
Nov 10 22:24:20 user devstack@keystone.service[46370]: DEBUG keystone.server.flask.request_processing.middleware.auth_context [None req-6e60c596-aaf0-4bb4-91e0-eb4b4c73944e None admin] Validating token access rules against request {{(pid=46370) validate_allowed_request /opt/stack/data/venv/lib/python3.10/site-packages/keystonemiddleware/auth_token/__init__.py:544}}
Nov 10 22:24:20 user devstack@keystone.service[46369]: DEBUG keystone.server.flask.request_processing.middleware.auth_context [None req-1b78782d-60b4-4a5a-a209-aff8e99b715a None admin] RBAC: auth_context: {'token': , 'domain_id': None, 'trust_id': None, 'trustor_id': None, 'trustee_id': None, 'domain_name': None, 'group_ids': [], 'user_id': 'b6aa3de217fa4b1a9f8f501c14878fe8', 'user_domain_id': 'default', 'system_scope': 'all', 'project_id': None, 'project_domain_id': None, 'roles': ['admin', 'manager', 'member', 'reader'], 'is_admin_project': True, 'service_user_id': None, 'service_user_domain_id': None, 'service_project_id': None, 'service_project_domain_id': None, 'service_roles': []} {{(pid=46369) fill_context /opt/stack/keystone/keystone/server/flask/request_processing/middleware/auth_context.py:480}}
Nov 10 22:24:20 user devstack@keystone.service[46369]: DEBUG keystone.server.flask.request_processing.req_logging [None req-1b78782d-60b4-4a5a-a209-aff8e99b715a None admin] REQUEST_METHOD: `POST` {{(pid=46369) log_request_info /opt/stack/keystone/keystone/server/flask/request_processing/req_logging.py:27}}
Nov 10 22:24:20 user devstack@keystone.service[46369]: DEBUG keystone.server.flask.request_processing.req_logging [None req-1b78782d-60b4-4a5a-a209-aff8e99b715a None admin] SCRIPT_NAME: `/identity` {{(pid=46369) log_request_info /opt/stack/keystone/keystone/server/flask/request_processing/req_logging.py:28}}
Nov 10 22:24:20 user devstack@keystone.service[46369]: DEBUG keystone.server.flask.request_processing.req_logging [None req-1b78782d-60b4-4a5a-a209-aff8e99b715a None admin] PATH_INFO: `/v3/projects` {{(pid=46369) log_request_info /opt/stack/keystone/keystone/server/flask/request_processing/req_logging.py:29}}
Nov 10 22:24:20 user devstack@keystone.service[46369]: DEBUG keystone.common.rbac_enforcer.enforcer [None req-1b78782d-60b4-4a5a-a209-aff8e99b715a None admin] RBAC: Authorizing `identity:create_project()` {{(pid=46369) enforce_call /opt/stack/keystone/keystone/common/rbac_enforcer/enforcer.py:449}}
Nov 10 22:24:20 user devstack@keystone.service[46369]: DEBUG keystone.common.rbac_enforcer.enforcer [None req-1b78782d-60b4-4a5a-a209-aff8e99b715a None admin] RBAC: Authorization granted {{(pid=46369) enforce_call /opt/stack/keystone/keystone/common/rbac_enforcer/enforcer.py:457}}
Nov 10 22:24:20 user devstack@keystone.service[46371]: DEBUG keystone.server.flask.request_processing.middleware.auth_context [None req-c3e7d9af-987f-4ddb-b119-5361ddf41c97 None admin] RBAC: auth_context: {'token': , 'domain_id': None, 'trust_id': None, 'trustor_id': None, 'trustee_id': None, 'domain_name': None, 'group_ids': [], 'user_id': 'b6aa3de217fa4b1a9f8f501c14878fe8', 'user_domain_id': 'default', 'system_scope': 'all', 'project_id': None, 'project_domain_id': None, 'roles': ['admin', 'manager', 'member', 'reader'], 'is_admin_project': True, 'service_user_id': None, 'service_user_domain_id': None, 'service_project_id': None, 'service_project_domain_id': None, 'service_roles': []} {{(pid=46371) fill_context /opt/stack/keystone/keystone/server/flask/request_processing/middleware/auth_context.py:480}}
Nov 10 22:24:20 user devstack@keystone.service[46371]: DEBUG keystone.server.flask.request_processing.req_logging [None req-c3e7d9af-987f-4ddb-b119-5361ddf41c97 None admin] REQUEST_METHOD: `GET` {{(pid=46371) log_request_info /opt/stack/keystone/keystone/server/flask/request_processing/req_logging.py:27}}
Nov 10 22:24:20 user devstack@keystone.service[46371]: DEBUG keystone.server.flask.request_processing.req_logging [None req-c3e7d9af-987f-4ddb-b119-5361ddf41c97 None admin] SCRIPT_NAME: `/identity` {{(pid=46371) log_request_info /opt/stack/keystone/keystone/server/flask/request_processing/req_logging.py:28}}
Nov 10 22:24:20 user devstack@keystone.service[46371]: DEBUG keystone.server.flask.request_processing.req_logging [None req-c3e7d9af-987f-4ddb-b119-5361ddf41c97 None admin] PATH_INFO: `/v3/roles` {{(pid=46371) log_request_info /opt/stack/keystone/keystone/server/flask/request_processing/req_logging.py:29}}
Nov 10 22:24:20 user devstack@keystone.service[46371]: DEBUG keystone.common.rbac_enforcer.enforcer [None req-c3e7d9af-987f-4ddb-b119-5361ddf41c97 None admin] RBAC: Adding query filter params (name=service) {{(pid=46371) _extract_filter_values /opt/stack/keystone/keystone/common/rbac_enforcer/enforcer.py:167}}
Nov 10 22:24:20 user devstack@keystone.service[46371]: DEBUG keystone.common.rbac_enforcer.enforcer [None req-c3e7d9af-987f-4ddb-b119-5361ddf41c97 None admin] RBAC: Authorizing `identity:list_roles()` {{(pid=46371) enforce_call /opt/stack/keystone/keystone/common/rbac_enforcer/enforcer.py:449}}
Nov 10 22:24:20 user devstack@keystone.service[46371]: DEBUG keystone.common.rbac_enforcer.enforcer [None req-c3e7d9af-987f-4ddb-b119-5361ddf41c97 None admin] RBAC: Authorization granted {{(pid=46371) enforce_call /opt/stack/keystone/keystone/common/rbac_enforcer/enforcer.py:457}}
Nov 10 22:24:20 user devstack@keystone.service[46371]: [pid: 46371|app: 0|req: 9/32] 10.0.0.210 () {56 vars in 1098 bytes} [Fri Nov 10 22:24:20 2023] GET /identity/v3/roles?name=service => generated 341 bytes in 155 msecs (HTTP/1.1 200) 5 headers in 177 bytes (1 switches on core 0)
Nov 10 22:24:20 user devstack@keystone.service[46371]: DEBUG keystone.server.flask.request_processing.req_logging [None req-3d2ee015-e3b2-496a-9d99-0fb1657bdb4d None None] REQUEST_METHOD: `GET` {{(pid=46371) log_request_info /opt/stack/keystone/keystone/server/flask/request_processing/req_logging.py:27}}
Nov 10 22:24:20 user devstack@keystone.service[46371]: DEBUG keystone.server.flask.request_processing.req_logging [None req-3d2ee015-e3b2-496a-9d99-0fb1657bdb4d None None] SCRIPT_NAME: `/identity` {{(pid=46371) log_request_info /opt/stack/keystone/keystone/server/flask/request_processing/req_logging.py:28}}
Nov 10 22:24:20 user devstack@keystone.service[46371]: DEBUG keystone.server.flask.request_processing.req_logging [None req-3d2ee015-e3b2-496a-9d99-0fb1657bdb4d None None] PATH_INFO: `/` {{(pid=46371) log_request_info /opt/stack/keystone/keystone/server/flask/request_processing/req_logging.py:29}}
Nov 10 22:24:20 user devstack@keystone.service[46371]: [pid: 46371|app: 0|req: 10/33] 10.0.0.210 () {54 vars in 921 bytes} [Fri Nov 10 22:24:20 2023] GET /identity => generated 269 bytes in 3 msecs (HTTP/1.1 300) 6 headers in 233 bytes (1 switches on core 0)
Nov 10 22:24:20 user devstack@keystone.service[46371]: DEBUG keystone.server.flask.request_processing.req_logging [None req-9cf90cd0-6a2f-4c5b-bcd0-cc5436b66091 None None] REQUEST_METHOD: `GET` {{(pid=46371) log_request_info /opt/stack/keystone/keystone/server/flask/request_processing/req_logging.py:27}}
Nov 10 22:24:20 user devstack@keystone.service[46371]: DEBUG keystone.server.flask.request_processing.req_logging [None req-9cf90cd0-6a2f-4c5b-bcd0-cc5436b66091 None None] SCRIPT_NAME: `/identity` {{(pid=46371) log_request_info /opt/stack/keystone/keystone/server/flask/request_processing/req_logging.py:28}}
Nov 10 22:24:20 user devstack@keystone.service[46371]: DEBUG keystone.server.flask.request_processing.req_logging [None req-9cf90cd0-6a2f-4c5b-bcd0-cc5436b66091 None None] PATH_INFO: `/` {{(pid=46371) log_request_info /opt/stack/keystone/keystone/server/flask/request_processing/req_logging.py:29}}
Nov 10 22:24:20 user devstack@keystone.service[46371]: [pid: 46371|app: 0|req: 11/34] 10.0.0.210 () {54 vars in 921 bytes} [Fri Nov 10 22:24:20 2023] GET /identity => generated 269 bytes in 3 msecs (HTTP/1.1 300) 6 headers in 233 bytes (1 switches on core 0)
Nov 10 22:24:20 user devstack@keystone.service[46371]: DEBUG keystone.server.flask.request_processing.middleware.auth_context [None req-9cf90cd0-6a2f-4c5b-bcd0-cc5436b66091 None None] Authenticating user token {{(pid=46371) process_request /opt/stack/data/venv/lib/python3.10/site-packages/keystonemiddleware/auth_token/__init__.py:406}}
Nov 10 22:24:20 user devstack@keystone.service[46370]: DEBUG keystone.server.flask.request_processing.middleware.auth_context [None req-48381fb7-5f82-419f-bb30-1728d2774759 None admin] RBAC: auth_context: {'token': , 'domain_id': None, 'trust_id': None, 'trustor_id': None, 'trustee_id': None, 'domain_name': None, 'group_ids': [], 'user_id': 'b6aa3de217fa4b1a9f8f501c14878fe8', 'user_domain_id': 'default', 'system_scope': 'all', 'project_id': None, 'project_domain_id': None, 'roles': ['admin', 'manager', 'member', 'reader'], 'is_admin_project': True, 'service_user_id': None, 'service_user_domain_id': None, 'service_project_id': None, 'service_project_domain_id': None, 'service_roles': []} {{(pid=46370) fill_context /opt/stack/keystone/keystone/server/flask/request_processing/middleware/auth_context.py:480}}
Nov 10 22:24:20 user devstack@keystone.service[46370]: DEBUG keystone.server.flask.request_processing.req_logging [None req-48381fb7-5f82-419f-bb30-1728d2774759 None admin] REQUEST_METHOD: `GET` {{(pid=46370) log_request_info /opt/stack/keystone/keystone/server/flask/request_processing/req_logging.py:27}}
Nov 10 22:24:20 user devstack@keystone.service[46370]: DEBUG keystone.server.flask.request_processing.req_logging [None req-48381fb7-5f82-419f-bb30-1728d2774759 None admin] SCRIPT_NAME: `/identity` {{(pid=46370) log_request_info /opt/stack/keystone/keystone/server/flask/request_processing/req_logging.py:28}}
Nov 10 22:24:20 user devstack@keystone.service[46370]: DEBUG keystone.server.flask.request_processing.req_logging [None req-48381fb7-5f82-419f-bb30-1728d2774759 None admin] PATH_INFO: `/v3/users/b6aa3de217fa4b1a9f8f501c14878fe8` {{(pid=46370) log_request_info /opt/stack/keystone/keystone/server/flask/request_processing/req_logging.py:29}}
Nov 10 22:24:20 user devstack@keystone.service[46370]: DEBUG keystone.common.rbac_enforcer.enforcer [None req-48381fb7-5f82-419f-bb30-1728d2774759 None admin] RBAC: Authorizing `identity:get_user(user_id=b6aa3de217fa4b1a9f8f501c14878fe8)` {{(pid=46370) enforce_call /opt/stack/keystone/keystone/common/rbac_enforcer/enforcer.py:449}}
Nov 10 22:24:20 user devstack@keystone.service[46370]: DEBUG keystone.common.rbac_enforcer.enforcer [None req-48381fb7-5f82-419f-bb30-1728d2774759 None admin] RBAC: Authorization granted {{(pid=46370) enforce_call /opt/stack/keystone/keystone/common/rbac_enforcer/enforcer.py:457}}
Nov 10 22:24:20 user devstack@keystone.service[46370]: [pid: 46370|app: 0|req: 12/35] 10.0.0.210 () {56 vars in 1172 bytes} [Fri Nov 10 22:24:20 2023] GET /identity/v3/users/b6aa3de217fa4b1a9f8f501c14878fe8 => generated 246 bytes in 135 msecs (HTTP/1.1 200) 5 headers in 177 bytes (1 switches on core 0)
Nov 10 22:24:20 user devstack@keystone.service[46370]: DEBUG keystone.server.flask.request_processing.middleware.auth_context [None req-48381fb7-5f82-419f-bb30-1728d2774759 None admin] Authenticating user token {{(pid=46370) process_request /opt/stack/data/venv/lib/python3.10/site-packages/keystonemiddleware/auth_token/__init__.py:406}}
Nov 10 22:24:20 user devstack@keystone.service[46370]: DEBUG keystone.server.flask.request_processing.middleware.auth_context [None req-48381fb7-5f82-419f-bb30-1728d2774759 None admin] Validating token access rules against request {{(pid=46370) validate_allowed_request /opt/stack/data/venv/lib/python3.10/site-packages/keystonemiddleware/auth_token/__init__.py:544}}
Nov 10 22:24:20 user devstack@keystone.service[46371]: DEBUG keystone.server.flask.request_processing.middleware.auth_context [None req-9cf90cd0-6a2f-4c5b-bcd0-cc5436b66091 None None] Validating token access rules against request {{(pid=46371) validate_allowed_request /opt/stack/data/venv/lib/python3.10/site-packages/keystonemiddleware/auth_token/__init__.py:544}}
Nov 10 22:24:20 user devstack@keystone.service[46369]: [pid: 46369|app: 0|req: 13/36] 10.0.0.210 () {60 vars in 1136 bytes} [Fri Nov 10 22:24:20 2023] POST /identity/v3/projects => generated 300 bytes in 302 msecs (HTTP/1.1 201) 5 headers in 182 bytes (1 switches on core 0)
Nov 10 22:24:20 user devstack@keystone.service[46369]: DEBUG keystone.server.flask.request_processing.middleware.auth_context [None req-1b78782d-60b4-4a5a-a209-aff8e99b715a None admin] Authenticating user token {{(pid=46369) process_request /opt/stack/data/venv/lib/python3.10/site-packages/keystonemiddleware/auth_token/__init__.py:406}}
Nov 10 22:24:20 user devstack@keystone.service[46370]: DEBUG keystone.server.flask.request_processing.middleware.auth_context [None req-72a1da82-d994-48f8-8b15-745eff981b0e None admin] RBAC: auth_context: {'token': , 'domain_id': None, 'trust_id': None, 'trustor_id': None, 'trustee_id': None, 'domain_name': None, 'group_ids': [], 'user_id': 'b6aa3de217fa4b1a9f8f501c14878fe8', 'user_domain_id': 'default', 'system_scope': 'all', 'project_id': None, 'project_domain_id': None, 'roles': ['admin', 'manager', 'member', 'reader'], 'is_admin_project': True, 'service_user_id': None, 'service_user_domain_id': None, 'service_project_id': None, 'service_project_domain_id': None, 'service_roles': []} {{(pid=46370) fill_context /opt/stack/keystone/keystone/server/flask/request_processing/middleware/auth_context.py:480}}
Nov 10 22:24:20 user devstack@keystone.service[46370]: DEBUG keystone.server.flask.request_processing.req_logging [None req-72a1da82-d994-48f8-8b15-745eff981b0e None admin] REQUEST_METHOD: `GET` {{(pid=46370) log_request_info /opt/stack/keystone/keystone/server/flask/request_processing/req_logging.py:27}}
Nov 10 22:24:20 user devstack@keystone.service[46370]: DEBUG keystone.server.flask.request_processing.req_logging [None req-72a1da82-d994-48f8-8b15-745eff981b0e None admin] SCRIPT_NAME: `/identity` {{(pid=46370) log_request_info /opt/stack/keystone/keystone/server/flask/request_processing/req_logging.py:28}}
Nov 10 22:24:20 user devstack@keystone.service[46370]: DEBUG keystone.server.flask.request_processing.req_logging [None req-72a1da82-d994-48f8-8b15-745eff981b0e None admin] PATH_INFO: `/v3/domains/default` {{(pid=46370) log_request_info /opt/stack/keystone/keystone/server/flask/request_processing/req_logging.py:29}}
Nov 10 22:24:20 user devstack@keystone.service[46370]: DEBUG keystone.common.rbac_enforcer.enforcer [None req-72a1da82-d994-48f8-8b15-745eff981b0e None admin] RBAC: Authorizing `identity:get_domain(domain_id=default)` {{(pid=46370) enforce_call /opt/stack/keystone/keystone/common/rbac_enforcer/enforcer.py:449}}
Nov 10 22:24:20 user devstack@keystone.service[46370]: DEBUG keystone.common.rbac_enforcer.enforcer [None req-72a1da82-d994-48f8-8b15-745eff981b0e None admin] RBAC: Authorization granted {{(pid=46370) enforce_call /opt/stack/keystone/keystone/common/rbac_enforcer/enforcer.py:457}}
Nov 10 22:24:20 user devstack@keystone.service[46370]: [pid: 46370|app: 0|req: 13/37] 10.0.0.210 () {56 vars in 1103 bytes} [Fri Nov 10 22:24:20 2023] GET /identity/v3/domains/default => generated 198 bytes in 135 msecs (HTTP/1.1 200) 5 headers in 177 bytes (1 switches on core 0)
Nov 10 22:24:20 user devstack@keystone.service[46370]: DEBUG keystone.server.flask.request_processing.middleware.auth_context [None req-72a1da82-d994-48f8-8b15-745eff981b0e None admin] Authenticating user token {{(pid=46370) process_request /opt/stack/data/venv/lib/python3.10/site-packages/keystonemiddleware/auth_token/__init__.py:406}}
Nov 10 22:24:20 user devstack@keystone.service[46371]: DEBUG keystone.server.flask.request_processing.middleware.auth_context [None req-1d405675-9c7e-4bf6-936b-b74926e11c1b None admin] RBAC: auth_context: {'token': , 'domain_id': None, 'trust_id': None, 'trustor_id': None, 'trustee_id': None, 'domain_name': None, 'group_ids': [], 'user_id': 'b6aa3de217fa4b1a9f8f501c14878fe8', 'user_domain_id': 'default', 'system_scope': 'all', 'project_id': None, 'project_domain_id': None, 'roles': ['admin', 'manager', 'member', 'reader'], 'is_admin_project': True, 'service_user_id': None, 'service_user_domain_id': None, 'service_project_id': None, 'service_project_domain_id': None, 'service_roles': []} {{(pid=46371) fill_context /opt/stack/keystone/keystone/server/flask/request_processing/middleware/auth_context.py:480}}
Nov 10 22:24:20 user devstack@keystone.service[46371]: DEBUG keystone.server.flask.request_processing.req_logging [None req-1d405675-9c7e-4bf6-936b-b74926e11c1b None admin] REQUEST_METHOD: `POST` {{(pid=46371) log_request_info /opt/stack/keystone/keystone/server/flask/request_processing/req_logging.py:27}}
Nov 10 22:24:20 user devstack@keystone.service[46371]: DEBUG keystone.server.flask.request_processing.req_logging [None req-1d405675-9c7e-4bf6-936b-b74926e11c1b None admin] SCRIPT_NAME: `/identity` {{(pid=46371) log_request_info /opt/stack/keystone/keystone/server/flask/request_processing/req_logging.py:28}}
Nov 10 22:24:20 user devstack@keystone.service[46371]: DEBUG keystone.server.flask.request_processing.req_logging [None req-1d405675-9c7e-4bf6-936b-b74926e11c1b None admin] PATH_INFO: `/v3/roles` {{(pid=46371) log_request_info /opt/stack/keystone/keystone/server/flask/request_processing/req_logging.py:29}}
Nov 10 22:24:20 user devstack@keystone.service[46371]: DEBUG keystone.common.rbac_enforcer.enforcer [None req-1d405675-9c7e-4bf6-936b-b74926e11c1b None admin] RBAC: Authorizing `identity:create_role()` {{(pid=46371) enforce_call /opt/stack/keystone/keystone/common/rbac_enforcer/enforcer.py:449}}
Nov 10 22:24:20 user devstack@keystone.service[46371]: DEBUG keystone.common.rbac_enforcer.enforcer [None req-1d405675-9c7e-4bf6-936b-b74926e11c1b None admin] RBAC: Authorization granted {{(pid=46371) enforce_call /opt/stack/keystone/keystone/common/rbac_enforcer/enforcer.py:457}}
Nov 10 22:24:20 user devstack@keystone.service[46369]: DEBUG keystone.server.flask.request_processing.middleware.auth_context [None req-1b78782d-60b4-4a5a-a209-aff8e99b715a None admin] Validating token access rules against request {{(pid=46369) validate_allowed_request /opt/stack/data/venv/lib/python3.10/site-packages/keystonemiddleware/auth_token/__init__.py:544}}
Nov 10 22:24:20 user devstack@keystone.service[46370]: DEBUG keystone.server.flask.request_processing.middleware.auth_context [None req-72a1da82-d994-48f8-8b15-745eff981b0e None admin] Validating token access rules against request {{(pid=46370) validate_allowed_request /opt/stack/data/venv/lib/python3.10/site-packages/keystonemiddleware/auth_token/__init__.py:544}}
Nov 10 22:24:20 user devstack@keystone.service[46369]: DEBUG keystone.server.flask.request_processing.middleware.auth_context [None req-687633ff-1e47-41c2-8e4d-e4e232456d5d None admin] RBAC: auth_context: {'token': , 'domain_id': None, 'trust_id': None, 'trustor_id': None, 'trustee_id': None, 'domain_name': None, 'group_ids': [], 'user_id': 'b6aa3de217fa4b1a9f8f501c14878fe8', 'user_domain_id': 'default', 'system_scope': 'all', 'project_id': None, 'project_domain_id': None, 'roles': ['admin', 'manager', 'member', 'reader'], 'is_admin_project': True, 'service_user_id': None, 'service_user_domain_id': None, 'service_project_id': None, 'service_project_domain_id': None, 'service_roles': []} {{(pid=46369) fill_context /opt/stack/keystone/keystone/server/flask/request_processing/middleware/auth_context.py:480}}
Nov 10 22:24:20 user devstack@keystone.service[46369]: DEBUG keystone.server.flask.request_processing.req_logging [None req-687633ff-1e47-41c2-8e4d-e4e232456d5d None admin] REQUEST_METHOD: `GET` {{(pid=46369) log_request_info /opt/stack/keystone/keystone/server/flask/request_processing/req_logging.py:27}}
Nov 10 22:24:20 user devstack@keystone.service[46369]: DEBUG keystone.server.flask.request_processing.req_logging [None req-687633ff-1e47-41c2-8e4d-e4e232456d5d None admin] SCRIPT_NAME: `/identity` {{(pid=46369) log_request_info /opt/stack/keystone/keystone/server/flask/request_processing/req_logging.py:28}}
Nov 10 22:24:20 user devstack@keystone.service[46369]: DEBUG keystone.server.flask.request_processing.req_logging [None req-687633ff-1e47-41c2-8e4d-e4e232456d5d None admin] PATH_INFO: `/v3/domains/default` {{(pid=46369) log_request_info /opt/stack/keystone/keystone/server/flask/request_processing/req_logging.py:29}}
Nov 10 22:24:20 user devstack@keystone.service[46369]: DEBUG keystone.common.rbac_enforcer.enforcer [None req-687633ff-1e47-41c2-8e4d-e4e232456d5d None admin] RBAC: Authorizing `identity:get_domain(domain_id=default)` {{(pid=46369) enforce_call /opt/stack/keystone/keystone/common/rbac_enforcer/enforcer.py:449}}
Nov 10 22:24:20 user devstack@keystone.service[46369]: DEBUG keystone.common.rbac_enforcer.enforcer [None req-687633ff-1e47-41c2-8e4d-e4e232456d5d None admin] RBAC: Authorization granted {{(pid=46369) enforce_call /opt/stack/keystone/keystone/common/rbac_enforcer/enforcer.py:457}}
Nov 10 22:24:20 user devstack@keystone.service[46369]: [pid: 46369|app: 0|req: 14/38] 10.0.0.210 () {56 vars in 1103 bytes} [Fri Nov 10 22:24:20 2023] GET /identity/v3/domains/default => generated 198 bytes in 172 msecs (HTTP/1.1 200) 5 headers in 177 bytes (1 switches on core 0)
Nov 10 22:24:20 user devstack@keystone.service[46369]: DEBUG keystone.server.flask.request_processing.middleware.auth_context [None req-687633ff-1e47-41c2-8e4d-e4e232456d5d None admin] Authenticating user token {{(pid=46369) process_request /opt/stack/data/venv/lib/python3.10/site-packages/keystonemiddleware/auth_token/__init__.py:406}}
Nov 10 22:24:20 user devstack@keystone.service[46370]: DEBUG keystone.server.flask.request_processing.middleware.auth_context [None req-afc6842d-afd5-4aa1-a0df-00ea5ed23d28 None admin] RBAC: auth_context: {'token': , 'domain_id': None, 'trust_id': None, 'trustor_id': None, 'trustee_id': None, 'domain_name': None, 'group_ids': [], 'user_id': 'b6aa3de217fa4b1a9f8f501c14878fe8', 'user_domain_id': 'default', 'system_scope': 'all', 'project_id': None, 'project_domain_id': None, 'roles': ['admin', 'manager', 'member', 'reader'], 'is_admin_project': True, 'service_user_id': None, 'service_user_domain_id': None, 'service_project_id': None, 'service_project_domain_id': None, 'service_roles': []} {{(pid=46370) fill_context /opt/stack/keystone/keystone/server/flask/request_processing/middleware/auth_context.py:480}}
Nov 10 22:24:20 user devstack@keystone.service[46370]: DEBUG keystone.server.flask.request_processing.req_logging [None req-afc6842d-afd5-4aa1-a0df-00ea5ed23d28 None admin] REQUEST_METHOD: `POST` {{(pid=46370) log_request_info /opt/stack/keystone/keystone/server/flask/request_processing/req_logging.py:27}}
Nov 10 22:24:20 user devstack@keystone.service[46370]: DEBUG keystone.server.flask.request_processing.req_logging [None req-afc6842d-afd5-4aa1-a0df-00ea5ed23d28 None admin] SCRIPT_NAME: `/identity` {{(pid=46370) log_request_info /opt/stack/keystone/keystone/server/flask/request_processing/req_logging.py:28}}
Nov 10 22:24:20 user devstack@keystone.service[46370]: DEBUG keystone.server.flask.request_processing.req_logging [None req-afc6842d-afd5-4aa1-a0df-00ea5ed23d28 None admin] PATH_INFO: `/v3/projects` {{(pid=46370) log_request_info /opt/stack/keystone/keystone/server/flask/request_processing/req_logging.py:29}}
Nov 10 22:24:20 user devstack@keystone.service[46370]: DEBUG keystone.common.rbac_enforcer.enforcer [None req-afc6842d-afd5-4aa1-a0df-00ea5ed23d28 None admin] RBAC: Authorizing `identity:create_project()` {{(pid=46370) enforce_call /opt/stack/keystone/keystone/common/rbac_enforcer/enforcer.py:449}}
Nov 10 22:24:20 user devstack@keystone.service[46370]: DEBUG keystone.common.rbac_enforcer.enforcer [None req-afc6842d-afd5-4aa1-a0df-00ea5ed23d28 None admin] RBAC: Authorization granted {{(pid=46370) enforce_call /opt/stack/keystone/keystone/common/rbac_enforcer/enforcer.py:457}}
Nov 10 22:24:20 user devstack@keystone.service[46371]: [pid: 46371|app: 0|req: 12/39] 10.0.0.210 () {60 vars in 1126 bytes} [Fri Nov 10 22:24:20 2023] POST /identity/v3/roles => generated 222 bytes in 317 msecs (HTTP/1.1 201) 5 headers in 182 bytes (2 switches on core 0)
Nov 10 22:24:20 user devstack@keystone.service[46370]: [pid: 46370|app: 0|req: 14/40] 10.0.0.210 () {60 vars in 1136 bytes} [Fri Nov 10 22:24:20 2023] POST /identity/v3/projects => generated 311 bytes in 200 msecs (HTTP/1.1 201) 5 headers in 182 bytes (2 switches on core 0)
Nov 10 22:24:20 user devstack@keystone.service[46369]: DEBUG keystone.server.flask.request_processing.middleware.auth_context [None req-687633ff-1e47-41c2-8e4d-e4e232456d5d None admin] Validating token access rules against request {{(pid=46369) validate_allowed_request /opt/stack/data/venv/lib/python3.10/site-packages/keystonemiddleware/auth_token/__init__.py:544}}
Nov 10 22:24:21 user devstack@keystone.service[46369]: DEBUG keystone.server.flask.request_processing.middleware.auth_context [None req-513f4f78-8458-457d-a2cd-b2a91debc604 None admin] RBAC: auth_context: {'token': , 'domain_id': None, 'trust_id': None, 'trustor_id': None, 'trustee_id': None, 'domain_name': None, 'group_ids': [], 'user_id': 'b6aa3de217fa4b1a9f8f501c14878fe8', 'user_domain_id': 'default', 'system_scope': 'all', 'project_id': None, 'project_domain_id': None, 'roles': ['admin', 'manager', 'member', 'reader'], 'is_admin_project': True, 'service_user_id': None, 'service_user_domain_id': None, 'service_project_id': None, 'service_project_domain_id': None, 'service_roles': []} {{(pid=46369) fill_context /opt/stack/keystone/keystone/server/flask/request_processing/middleware/auth_context.py:480}}
Nov 10 22:24:21 user devstack@keystone.service[46369]: DEBUG keystone.server.flask.request_processing.req_logging [None req-513f4f78-8458-457d-a2cd-b2a91debc604 None admin] REQUEST_METHOD: `GET` {{(pid=46369) log_request_info /opt/stack/keystone/keystone/server/flask/request_processing/req_logging.py:27}}
Nov 10 22:24:21 user devstack@keystone.service[46369]: DEBUG keystone.server.flask.request_processing.req_logging [None req-513f4f78-8458-457d-a2cd-b2a91debc604 None admin] SCRIPT_NAME: `/identity` {{(pid=46369) log_request_info /opt/stack/keystone/keystone/server/flask/request_processing/req_logging.py:28}}
Nov 10 22:24:21 user devstack@keystone.service[46369]: DEBUG keystone.server.flask.request_processing.req_logging [None req-513f4f78-8458-457d-a2cd-b2a91debc604 None admin] PATH_INFO: `/v3/role_assignments` {{(pid=46369) log_request_info /opt/stack/keystone/keystone/server/flask/request_processing/req_logging.py:29}}
Nov 10 22:24:21 user devstack@keystone.service[46369]: DEBUG keystone.common.rbac_enforcer.enforcer [None req-513f4f78-8458-457d-a2cd-b2a91debc604 None admin] RBAC: Adding query filter params (role.id=4feda6d4f4204b0690112554e76f1a79, scope.domain.id=default, user.id=b6aa3de217fa4b1a9f8f501c14878fe8) {{(pid=46369) _extract_filter_values /opt/stack/keystone/keystone/common/rbac_enforcer/enforcer.py:167}}
Nov 10 22:24:21 user devstack@keystone.service[46369]: DEBUG keystone.common.rbac_enforcer.enforcer [None req-513f4f78-8458-457d-a2cd-b2a91debc604 None admin] RBAC: Authorizing `identity:list_role_assignments()` {{(pid=46369) enforce_call /opt/stack/keystone/keystone/common/rbac_enforcer/enforcer.py:449}}
Nov 10 22:24:21 user devstack@keystone.service[46369]: DEBUG keystone.common.rbac_enforcer.enforcer [None req-513f4f78-8458-457d-a2cd-b2a91debc604 None admin] RBAC: Authorization granted {{(pid=46369) enforce_call /opt/stack/keystone/keystone/common/rbac_enforcer/enforcer.py:457}}
Nov 10 22:24:21 user devstack@keystone.service[46369]: [pid: 46369|app: 0|req: 15/41] 10.0.0.210 () {56 vars in 1317 bytes} [Fri Nov 10 22:24:20 2023] GET /identity/v3/role_assignments?user.id=b6aa3de217fa4b1a9f8f501c14878fe8&scope.domain.id=default&role.id=4feda6d4f4204b0690112554e76f1a79 => generated 528 bytes in 166 msecs (HTTP/1.1 200) 5 headers in 177 bytes (1 switches on core 0)
