Nov 16 15:07:12 user devstack@keystone.service[46027]: [pid: 46027|app: 0|req: 62/179] 10.0.0.210 () {56 vars in 1106 bytes} [Thu Nov 16 15:07:12 2023] GET /identity/v3/roles?name=anotherrole => generated 332 bytes in 146 msecs (HTTP/1.1 200) 5 headers in 177 bytes (1 switches on core 0)
Nov 16 15:07:12 user devstack@keystone.service[46027]: DEBUG keystone.server.flask.request_processing.middleware.auth_context [None req-e9ba975b-33a4-4449-8a27-9f3bafac50e5 None admin] Authenticating user token {{(pid=46027) process_request /opt/stack/data/venv/lib/python3.10/site-packages/keystonemiddleware/auth_token/__init__.py:406}}
Nov 16 15:07:12 user devstack@keystone.service[46029]: DEBUG keystone.common.rbac_enforcer.enforcer [None req-d984f2a6-45c6-4908-b6f0-1cb9154aa39a None admin] RBAC: Authorizing `identity:validate_token()` {{(pid=46029) enforce_call /opt/stack/keystone/keystone/common/rbac_enforcer/enforcer.py:449}}
Nov 16 15:07:12 user devstack@keystone.service[46029]: DEBUG keystone.common.rbac_enforcer.enforcer [None req-d984f2a6-45c6-4908-b6f0-1cb9154aa39a None admin] RBAC: Authorization granted {{(pid=46029) enforce_call /opt/stack/keystone/keystone/common/rbac_enforcer/enforcer.py:457}}
Nov 16 15:07:12 user devstack@keystone.service[46028]: DEBUG keystone.server.flask.request_processing.middleware.auth_context [None req-d5a9d919-8886-4ac7-a612-fdbfeb9199a6 None admin] Validating token access rules against request {{(pid=46028) validate_allowed_request /opt/stack/data/venv/lib/python3.10/site-packages/keystonemiddleware/auth_token/__init__.py:544}}
Nov 16 15:07:12 user devstack@keystone.service[46028]: DEBUG keystone.server.flask.request_processing.middleware.auth_context [None req-2b8ef079-7768-42bf-a071-9b3448d7e898 None admin] RBAC: auth_context: {'token': , 'domain_id': None, 'trust_id': None, 'trustor_id': None, 'trustee_id': None, 'domain_name': None, 'group_ids': [], 'user_id': '8b70ca40cee74ee58f5273b28116b9b4', 'user_domain_id': 'default', 'system_scope': 'all', 'project_id': None, 'project_domain_id': None, 'roles': ['admin', 'manager', 'member', 'reader'], 'is_admin_project': True, 'service_user_id': None, 'service_user_domain_id': None, 'service_project_id': None, 'service_project_domain_id': None, 'service_roles': []} {{(pid=46028) fill_context /opt/stack/keystone/keystone/server/flask/request_processing/middleware/auth_context.py:480}}
Nov 16 15:07:12 user devstack@keystone.service[46027]: DEBUG keystone.server.flask.request_processing.middleware.auth_context [None req-e9ba975b-33a4-4449-8a27-9f3bafac50e5 None admin] Validating token access rules against request {{(pid=46027) validate_allowed_request /opt/stack/data/venv/lib/python3.10/site-packages/keystonemiddleware/auth_token/__init__.py:544}}
Nov 16 15:07:12 user devstack@keystone.service[46028]: DEBUG keystone.server.flask.request_processing.req_logging [None req-2b8ef079-7768-42bf-a071-9b3448d7e898 None admin] REQUEST_METHOD: `GET` {{(pid=46028) log_request_info /opt/stack/keystone/keystone/server/flask/request_processing/req_logging.py:27}}
Nov 16 15:07:12 user devstack@keystone.service[46028]: DEBUG keystone.server.flask.request_processing.req_logging [None req-2b8ef079-7768-42bf-a071-9b3448d7e898 None admin] SCRIPT_NAME: `/identity` {{(pid=46028) log_request_info /opt/stack/keystone/keystone/server/flask/request_processing/req_logging.py:28}}
Nov 16 15:07:12 user devstack@keystone.service[46028]: DEBUG keystone.server.flask.request_processing.req_logging [None req-2b8ef079-7768-42bf-a071-9b3448d7e898 None admin] PATH_INFO: `/v3/projects/24b7e014359d481b87e9ac92305acf2b` {{(pid=46028) log_request_info /opt/stack/keystone/keystone/server/flask/request_processing/req_logging.py:29}}
Nov 16 15:07:12 user devstack@keystone.service[46028]: DEBUG keystone.common.rbac_enforcer.enforcer [None req-2b8ef079-7768-42bf-a071-9b3448d7e898 None admin] RBAC: Authorizing `identity:get_project(project_id=24b7e014359d481b87e9ac92305acf2b)` {{(pid=46028) enforce_call /opt/stack/keystone/keystone/common/rbac_enforcer/enforcer.py:449}}
Nov 16 15:07:12 user devstack@keystone.service[46028]: DEBUG keystone.common.rbac_enforcer.enforcer [None req-2b8ef079-7768-42bf-a071-9b3448d7e898 None admin] RBAC: Authorization granted {{(pid=46028) enforce_call /opt/stack/keystone/keystone/common/rbac_enforcer/enforcer.py:457}}
Nov 16 15:07:12 user devstack@keystone.service[46028]: [pid: 46028|app: 0|req: 62/180] 10.0.0.210 () {56 vars in 1181 bytes} [Thu Nov 16 15:07:12 2023] GET /identity/v3/projects/24b7e014359d481b87e9ac92305acf2b => generated 301 bytes in 200 msecs (HTTP/1.1 200) 5 headers in 177 bytes (2 switches on core 0)
Nov 16 15:07:12 user devstack@keystone.service[46028]: DEBUG keystone.server.flask.request_processing.middleware.auth_context [None req-2b8ef079-7768-42bf-a071-9b3448d7e898 None admin] Authenticating user token {{(pid=46028) process_request /opt/stack/data/venv/lib/python3.10/site-packages/keystonemiddleware/auth_token/__init__.py:406}}
Nov 16 15:07:12 user devstack@keystone.service[46027]: DEBUG keystone.server.flask.request_processing.middleware.auth_context [None req-ad81127e-fa13-47d6-8ca8-a260d411309e None admin] RBAC: auth_context: {'token': , 'domain_id': None, 'trust_id': None, 'trustor_id': None, 'trustee_id': None, 'domain_name': None, 'group_ids': [], 'user_id': '8b70ca40cee74ee58f5273b28116b9b4', 'user_domain_id': 'default', 'system_scope': 'all', 'project_id': None, 'project_domain_id': None, 'roles': ['admin', 'manager', 'member', 'reader'], 'is_admin_project': True, 'service_user_id': None, 'service_user_domain_id': None, 'service_project_id': None, 'service_project_domain_id': None, 'service_roles': []} {{(pid=46027) fill_context /opt/stack/keystone/keystone/server/flask/request_processing/middleware/auth_context.py:480}}
Nov 16 15:07:12 user devstack@keystone.service[46027]: DEBUG keystone.server.flask.request_processing.req_logging [None req-ad81127e-fa13-47d6-8ca8-a260d411309e None admin] REQUEST_METHOD: `GET` {{(pid=46027) log_request_info /opt/stack/keystone/keystone/server/flask/request_processing/req_logging.py:27}}
Nov 16 15:07:12 user devstack@keystone.service[46027]: DEBUG keystone.server.flask.request_processing.req_logging [None req-ad81127e-fa13-47d6-8ca8-a260d411309e None admin] SCRIPT_NAME: `/identity` {{(pid=46027) log_request_info /opt/stack/keystone/keystone/server/flask/request_processing/req_logging.py:28}}
Nov 16 15:07:12 user devstack@keystone.service[46027]: DEBUG keystone.server.flask.request_processing.req_logging [None req-ad81127e-fa13-47d6-8ca8-a260d411309e None admin] PATH_INFO: `/v3/users/f0dfba2f51614cd3ae520a466d6debf6` {{(pid=46027) log_request_info /opt/stack/keystone/keystone/server/flask/request_processing/req_logging.py:29}}
Nov 16 15:07:12 user devstack@keystone.service[46027]: DEBUG keystone.common.rbac_enforcer.enforcer [None req-ad81127e-fa13-47d6-8ca8-a260d411309e None admin] RBAC: Authorizing `identity:get_user(user_id=f0dfba2f51614cd3ae520a466d6debf6)` {{(pid=46027) enforce_call /opt/stack/keystone/keystone/common/rbac_enforcer/enforcer.py:449}}
Nov 16 15:07:12 user devstack@keystone.service[46027]: DEBUG keystone.common.rbac_enforcer.enforcer [None req-ad81127e-fa13-47d6-8ca8-a260d411309e None admin] RBAC: Authorization granted {{(pid=46027) enforce_call /opt/stack/keystone/keystone/common/rbac_enforcer/enforcer.py:457}}
Nov 16 15:07:12 user devstack@keystone.service[46027]: [pid: 46027|app: 0|req: 63/181] 10.0.0.210 () {56 vars in 1172 bytes} [Thu Nov 16 15:07:12 2023] GET /identity/v3/users/f0dfba2f51614cd3ae520a466d6debf6 => generated 282 bytes in 144 msecs (HTTP/1.1 200) 5 headers in 177 bytes (2 switches on core 0)
Nov 16 15:07:12 user devstack@keystone.service[46027]: DEBUG keystone.server.flask.request_processing.middleware.auth_context [None req-ad81127e-fa13-47d6-8ca8-a260d411309e None admin] Authenticating user token {{(pid=46027) process_request /opt/stack/data/venv/lib/python3.10/site-packages/keystonemiddleware/auth_token/__init__.py:406}}
Nov 16 15:07:12 user devstack@keystone.service[46029]: [pid: 46029|app: 0|req: 57/182] 10.0.0.210 () {58 vars in 1277 bytes} [Thu Nov 16 15:07:12 2023] GET /identity/v3/auth/tokens => generated 861 bytes in 363 msecs (HTTP/1.1 200) 6 headers in 358 bytes (1 switches on core 0)
Nov 16 15:07:12 user devstack@keystone.service[46029]: DEBUG keystone.server.flask.request_processing.middleware.auth_context [None req-d984f2a6-45c6-4908-b6f0-1cb9154aa39a None admin] Authenticating user token {{(pid=46029) process_request /opt/stack/data/venv/lib/python3.10/site-packages/keystonemiddleware/auth_token/__init__.py:406}}
Nov 16 15:07:12 user devstack@keystone.service[46028]: DEBUG keystone.server.flask.request_processing.middleware.auth_context [None req-2b8ef079-7768-42bf-a071-9b3448d7e898 None admin] Validating token access rules against request {{(pid=46028) validate_allowed_request /opt/stack/data/venv/lib/python3.10/site-packages/keystonemiddleware/auth_token/__init__.py:544}}
Nov 16 15:07:12 user devstack@keystone.service[46027]: DEBUG keystone.server.flask.request_processing.middleware.auth_context [None req-ad81127e-fa13-47d6-8ca8-a260d411309e None admin] Validating token access rules against request {{(pid=46027) validate_allowed_request /opt/stack/data/venv/lib/python3.10/site-packages/keystonemiddleware/auth_token/__init__.py:544}}
Nov 16 15:07:12 user devstack@keystone.service[46029]: DEBUG keystone.server.flask.request_processing.middleware.auth_context [None req-d984f2a6-45c6-4908-b6f0-1cb9154aa39a None admin] Validating token access rules against request {{(pid=46029) validate_allowed_request /opt/stack/data/venv/lib/python3.10/site-packages/keystonemiddleware/auth_token/__init__.py:544}}
Nov 16 15:07:12 user devstack@keystone.service[46028]: DEBUG keystone.server.flask.request_processing.middleware.auth_context [None req-23ae1751-8c78-4062-9366-9fd1e89a79dc None admin] RBAC: auth_context: {'token': , 'domain_id': None, 'trust_id': None, 'trustor_id': None, 'trustee_id': None, 'domain_name': None, 'group_ids': [], 'user_id': '8b70ca40cee74ee58f5273b28116b9b4', 'user_domain_id': 'default', 'system_scope': 'all', 'project_id': None, 'project_domain_id': None, 'roles': ['admin', 'manager', 'member', 'reader'], 'is_admin_project': True, 'service_user_id': None, 'service_user_domain_id': None, 'service_project_id': None, 'service_project_domain_id': None, 'service_roles': []} {{(pid=46028) fill_context /opt/stack/keystone/keystone/server/flask/request_processing/middleware/auth_context.py:480}}
Nov 16 15:07:12 user devstack@keystone.service[46028]: DEBUG keystone.server.flask.request_processing.req_logging [None req-23ae1751-8c78-4062-9366-9fd1e89a79dc None admin] REQUEST_METHOD: `PUT` {{(pid=46028) log_request_info /opt/stack/keystone/keystone/server/flask/request_processing/req_logging.py:27}}
Nov 16 15:07:12 user devstack@keystone.service[46028]: DEBUG keystone.server.flask.request_processing.req_logging [None req-23ae1751-8c78-4062-9366-9fd1e89a79dc None admin] SCRIPT_NAME: `/identity` {{(pid=46028) log_request_info /opt/stack/keystone/keystone/server/flask/request_processing/req_logging.py:28}}
Nov 16 15:07:12 user devstack@keystone.service[46028]: DEBUG keystone.server.flask.request_processing.req_logging [None req-23ae1751-8c78-4062-9366-9fd1e89a79dc None admin] PATH_INFO: `/v3/projects/24b7e014359d481b87e9ac92305acf2b/users/9195b717968349509425ea642b5b003d/roles/b48790045ec14f608929e2dc63988cb9` {{(pid=46028) log_request_info /opt/stack/keystone/keystone/server/flask/request_processing/req_logging.py:29}}
Nov 16 15:07:12 user devstack@keystone.service[46028]: DEBUG keystone.common.rbac_enforcer.enforcer [None req-23ae1751-8c78-4062-9366-9fd1e89a79dc None admin] RBAC: Authorizing `identity:create_grant(project_id=24b7e014359d481b87e9ac92305acf2b, user_id=9195b717968349509425ea642b5b003d, role_id=b48790045ec14f608929e2dc63988cb9)` {{(pid=46028) enforce_call /opt/stack/keystone/keystone/common/rbac_enforcer/enforcer.py:449}}
Nov 16 15:07:12 user devstack@keystone.service[46028]: DEBUG keystone.common.rbac_enforcer.enforcer [None req-23ae1751-8c78-4062-9366-9fd1e89a79dc None admin] RBAC: Authorization granted {{(pid=46028) enforce_call /opt/stack/keystone/keystone/common/rbac_enforcer/enforcer.py:457}}
Nov 16 15:07:12 user devstack@keystone.service[46027]: DEBUG keystone.server.flask.request_processing.middleware.auth_context [None req-6c835271-2e29-4149-82b3-67ce407b58d1 None admin] RBAC: auth_context: {'token': , 'domain_id': None, 'trust_id': None, 'trustor_id': None, 'trustee_id': None, 'domain_name': None, 'group_ids': [], 'user_id': '8b70ca40cee74ee58f5273b28116b9b4', 'user_domain_id': 'default', 'system_scope': 'all', 'project_id': None, 'project_domain_id': None, 'roles': ['admin', 'manager', 'member', 'reader'], 'is_admin_project': True, 'service_user_id': None, 'service_user_domain_id': None, 'service_project_id': None, 'service_project_domain_id': None, 'service_roles': []} {{(pid=46027) fill_context /opt/stack/keystone/keystone/server/flask/request_processing/middleware/auth_context.py:480}}
Nov 16 15:07:12 user devstack@keystone.service[46027]: DEBUG keystone.server.flask.request_processing.req_logging [None req-6c835271-2e29-4149-82b3-67ce407b58d1 None admin] REQUEST_METHOD: `GET` {{(pid=46027) log_request_info /opt/stack/keystone/keystone/server/flask/request_processing/req_logging.py:27}}
Nov 16 15:07:12 user devstack@keystone.service[46027]: DEBUG keystone.server.flask.request_processing.req_logging [None req-6c835271-2e29-4149-82b3-67ce407b58d1 None admin] SCRIPT_NAME: `/identity` {{(pid=46027) log_request_info /opt/stack/keystone/keystone/server/flask/request_processing/req_logging.py:28}}
Nov 16 15:07:12 user devstack@keystone.service[46027]: DEBUG keystone.server.flask.request_processing.req_logging [None req-6c835271-2e29-4149-82b3-67ce407b58d1 None admin] PATH_INFO: `/v3/auth/tokens` {{(pid=46027) log_request_info /opt/stack/keystone/keystone/server/flask/request_processing/req_logging.py:29}}
Nov 16 15:07:12 user devstack@keystone.service[46028]: [pid: 46028|app: 0|req: 63/183] 10.0.0.210 () {58 vars in 1434 bytes} [Thu Nov 16 15:07:12 2023] PUT /identity/v3/projects/24b7e014359d481b87e9ac92305acf2b/users/9195b717968349509425ea642b5b003d/roles/b48790045ec14f608929e2dc63988cb9 => generated 0 bytes in 168 msecs (HTTP/1.1 204) 3 headers in 132 bytes (1 switches on core 0)
Nov 16 15:07:12 user devstack@keystone.service[46029]: DEBUG keystone.server.flask.request_processing.middleware.auth_context [None req-33f3d9ce-ef5c-4fca-b038-d450dc54176f None admin] RBAC: auth_context: {'token': , 'domain_id': None, 'trust_id': None, 'trustor_id': None, 'trustee_id': None, 'domain_name': None, 'group_ids': [], 'user_id': '8b70ca40cee74ee58f5273b28116b9b4', 'user_domain_id': 'default', 'system_scope': 'all', 'project_id': None, 'project_domain_id': None, 'roles': ['admin', 'manager', 'member', 'reader'], 'is_admin_project': True, 'service_user_id': None, 'service_user_domain_id': None, 'service_project_id': None, 'service_project_domain_id': None, 'service_roles': []} {{(pid=46029) fill_context /opt/stack/keystone/keystone/server/flask/request_processing/middleware/auth_context.py:480}}
Nov 16 15:07:12 user devstack@keystone.service[46029]: DEBUG keystone.server.flask.request_processing.req_logging [None req-33f3d9ce-ef5c-4fca-b038-d450dc54176f None admin] REQUEST_METHOD: `GET` {{(pid=46029) log_request_info /opt/stack/keystone/keystone/server/flask/request_processing/req_logging.py:27}}
Nov 16 15:07:12 user devstack@keystone.service[46029]: DEBUG keystone.server.flask.request_processing.req_logging [None req-33f3d9ce-ef5c-4fca-b038-d450dc54176f None admin] SCRIPT_NAME: `/identity` {{(pid=46029) log_request_info /opt/stack/keystone/keystone/server/flask/request_processing/req_logging.py:28}}
Nov 16 15:07:12 user devstack@keystone.service[46029]: DEBUG keystone.server.flask.request_processing.req_logging [None req-33f3d9ce-ef5c-4fca-b038-d450dc54176f None admin] PATH_INFO: `/v3/projects/24b7e014359d481b87e9ac92305acf2b` {{(pid=46029) log_request_info /opt/stack/keystone/keystone/server/flask/request_processing/req_logging.py:29}}
Nov 16 15:07:12 user devstack@keystone.service[46029]: DEBUG keystone.common.rbac_enforcer.enforcer [None req-33f3d9ce-ef5c-4fca-b038-d450dc54176f None admin] RBAC: Authorizing `identity:get_project(project_id=24b7e014359d481b87e9ac92305acf2b)` {{(pid=46029) enforce_call /opt/stack/keystone/keystone/common/rbac_enforcer/enforcer.py:449}}
Nov 16 15:07:12 user devstack@keystone.service[46029]: DEBUG keystone.common.rbac_enforcer.enforcer [None req-33f3d9ce-ef5c-4fca-b038-d450dc54176f None admin] RBAC: Authorization granted {{(pid=46029) enforce_call /opt/stack/keystone/keystone/common/rbac_enforcer/enforcer.py:457}}
Nov 16 15:07:12 user devstack@keystone.service[46029]: [pid: 46029|app: 0|req: 58/184] 10.0.0.210 () {56 vars in 1181 bytes} [Thu Nov 16 15:07:12 2023] GET /identity/v3/projects/24b7e014359d481b87e9ac92305acf2b => generated 301 bytes in 132 msecs (HTTP/1.1 200) 5 headers in 177 bytes (1 switches on core 0)
Nov 16 15:07:12 user devstack@keystone.service[46028]: DEBUG keystone.server.flask.request_processing.middleware.auth_context [None req-23ae1751-8c78-4062-9366-9fd1e89a79dc None admin] Authenticating user token {{(pid=46028) process_request /opt/stack/data/venv/lib/python3.10/site-packages/keystonemiddleware/auth_token/__init__.py:406}}
Nov 16 15:07:12 user devstack@keystone.service[46027]: DEBUG keystone.common.rbac_enforcer.enforcer [None req-6c835271-2e29-4149-82b3-67ce407b58d1 None admin] RBAC: Authorizing `identity:validate_token()` {{(pid=46027) enforce_call /opt/stack/keystone/keystone/common/rbac_enforcer/enforcer.py:449}}
Nov 16 15:07:12 user devstack@keystone.service[46027]: DEBUG keystone.common.rbac_enforcer.enforcer [None req-6c835271-2e29-4149-82b3-67ce407b58d1 None admin] RBAC: Authorization granted {{(pid=46027) enforce_call /opt/stack/keystone/keystone/common/rbac_enforcer/enforcer.py:457}}
Nov 16 15:07:13 user devstack@keystone.service[46028]: DEBUG keystone.server.flask.request_processing.middleware.auth_context [None req-23ae1751-8c78-4062-9366-9fd1e89a79dc None admin] Validating token access rules against request {{(pid=46028) validate_allowed_request /opt/stack/data/venv/lib/python3.10/site-packages/keystonemiddleware/auth_token/__init__.py:544}}
Nov 16 15:07:13 user devstack@keystone.service[46028]: DEBUG keystone.server.flask.request_processing.middleware.auth_context [None req-5e993544-27dd-432d-99e4-b33e6b8d434f None admin] RBAC: auth_context: {'token': , 'domain_id': None, 'trust_id': None, 'trustor_id': None, 'trustee_id': None, 'domain_name': None, 'group_ids': [], 'user_id': '8b70ca40cee74ee58f5273b28116b9b4', 'user_domain_id': 'default', 'system_scope': 'all', 'project_id': None, 'project_domain_id': None, 'roles': ['admin', 'manager', 'member', 'reader'], 'is_admin_project': True, 'service_user_id': None, 'service_user_domain_id': None, 'service_project_id': None, 'service_project_domain_id': None, 'service_roles': []} {{(pid=46028) fill_context /opt/stack/keystone/keystone/server/flask/request_processing/middleware/auth_context.py:480}}
Nov 16 15:07:13 user devstack@keystone.service[46028]: DEBUG keystone.server.flask.request_processing.req_logging [None req-5e993544-27dd-432d-99e4-b33e6b8d434f None admin] REQUEST_METHOD: `GET` {{(pid=46028) log_request_info /opt/stack/keystone/keystone/server/flask/request_processing/req_logging.py:27}}
Nov 16 15:07:13 user devstack@keystone.service[46028]: DEBUG keystone.server.flask.request_processing.req_logging [None req-5e993544-27dd-432d-99e4-b33e6b8d434f None admin] SCRIPT_NAME: `/identity` {{(pid=46028) log_request_info /opt/stack/keystone/keystone/server/flask/request_processing/req_logging.py:28}}
Nov 16 15:07:13 user devstack@keystone.service[46028]: DEBUG keystone.server.flask.request_processing.req_logging [None req-5e993544-27dd-432d-99e4-b33e6b8d434f None admin] PATH_INFO: `/v3/role_assignments` {{(pid=46028) log_request_info /opt/stack/keystone/keystone/server/flask/request_processing/req_logging.py:29}}
Nov 16 15:07:13 user devstack@keystone.service[46028]: DEBUG keystone.common.rbac_enforcer.enforcer [None req-5e993544-27dd-432d-99e4-b33e6b8d434f None admin] RBAC: Adding query filter params (role.id=b30094aa8ed347138d0f45d385209f02, scope.project.id=24b7e014359d481b87e9ac92305acf2b, user.id=f0dfba2f51614cd3ae520a466d6debf6) {{(pid=46028) _extract_filter_values /opt/stack/keystone/keystone/common/rbac_enforcer/enforcer.py:167}}
Nov 16 15:07:13 user devstack@keystone.service[46027]: [pid: 46027|app: 0|req: 64/185] 10.0.0.210 () {58 vars in 1277 bytes} [Thu Nov 16 15:07:12 2023] GET /identity/v3/auth/tokens => generated 861 bytes in 300 msecs (HTTP/1.1 200) 6 headers in 358 bytes (2 switches on core 0)
Nov 16 15:07:13 user devstack@keystone.service[46028]: DEBUG keystone.common.rbac_enforcer.enforcer [None req-5e993544-27dd-432d-99e4-b33e6b8d434f None admin] RBAC: Authorizing `identity:list_role_assignments()` {{(pid=46028) enforce_call /opt/stack/keystone/keystone/common/rbac_enforcer/enforcer.py:449}}
Nov 16 15:07:13 user devstack@keystone.service[46028]: DEBUG keystone.common.rbac_enforcer.enforcer [None req-5e993544-27dd-432d-99e4-b33e6b8d434f None admin] RBAC: Authorization granted {{(pid=46028) enforce_call /opt/stack/keystone/keystone/common/rbac_enforcer/enforcer.py:457}}
Nov 16 15:07:13 user devstack@keystone.service[46029]: DEBUG keystone.server.flask.request_processing.middleware.auth_context [None req-33f3d9ce-ef5c-4fca-b038-d450dc54176f None admin] Authenticating user token {{(pid=46029) process_request /opt/stack/data/venv/lib/python3.10/site-packages/keystonemiddleware/auth_token/__init__.py:406}}
Nov 16 15:07:13 user devstack@keystone.service[46028]: [pid: 46028|app: 0|req: 64/186] 10.0.0.210 () {56 vars in 1369 bytes} [Thu Nov 16 15:07:12 2023] GET /identity/v3/role_assignments?user.id=f0dfba2f51614cd3ae520a466d6debf6&scope.project.id=24b7e014359d481b87e9ac92305acf2b&role.id=b30094aa8ed347138d0f45d385209f02 => generated 606 bytes in 156 msecs (HTTP/1.1 200) 5 headers in 177 bytes (1 switches on core 0)
Nov 16 15:07:13 user devstack@keystone.service[46029]: DEBUG keystone.server.flask.request_processing.middleware.auth_context [None req-33f3d9ce-ef5c-4fca-b038-d450dc54176f None admin] Validating token access rules against request {{(pid=46029) validate_allowed_request /opt/stack/data/venv/lib/python3.10/site-packages/keystonemiddleware/auth_token/__init__.py:544}}
Nov 16 15:07:13 user devstack@keystone.service[46029]: DEBUG keystone.server.flask.request_processing.middleware.auth_context [None req-812fde52-25cc-429b-82d1-27f7c8989281 None admin] RBAC: auth_context: {'token': , 'domain_id': None, 'trust_id': None, 'trustor_id': None, 'trustee_id': None, 'domain_name': None, 'group_ids': [], 'user_id': '8b70ca40cee74ee58f5273b28116b9b4', 'user_domain_id': 'default', 'system_scope': 'all', 'project_id': None, 'project_domain_id': None, 'roles': ['admin', 'manager', 'member', 'reader'], 'is_admin_project': True, 'service_user_id': None, 'service_user_domain_id': None, 'service_project_id': None, 'service_project_domain_id': None, 'service_roles': []} {{(pid=46029) fill_context /opt/stack/keystone/keystone/server/flask/request_processing/middleware/auth_context.py:480}}
Nov 16 15:07:13 user devstack@keystone.service[46029]: DEBUG keystone.server.flask.request_processing.req_logging [None req-812fde52-25cc-429b-82d1-27f7c8989281 None admin] REQUEST_METHOD: `GET` {{(pid=46029) log_request_info /opt/stack/keystone/keystone/server/flask/request_processing/req_logging.py:27}}
Nov 16 15:07:13 user devstack@keystone.service[46029]: DEBUG keystone.server.flask.request_processing.req_logging [None req-812fde52-25cc-429b-82d1-27f7c8989281 None admin] SCRIPT_NAME: `/identity` {{(pid=46029) log_request_info /opt/stack/keystone/keystone/server/flask/request_processing/req_logging.py:28}}
Nov 16 15:07:13 user devstack@keystone.service[46029]: DEBUG keystone.server.flask.request_processing.req_logging [None req-812fde52-25cc-429b-82d1-27f7c8989281 None admin] PATH_INFO: `/v3/projects/24b7e014359d481b87e9ac92305acf2b` {{(pid=46029) log_request_info /opt/stack/keystone/keystone/server/flask/request_processing/req_logging.py:29}}
Nov 16 15:07:13 user devstack@keystone.service[46029]: DEBUG keystone.common.rbac_enforcer.enforcer [None req-812fde52-25cc-429b-82d1-27f7c8989281 None admin] RBAC: Authorizing `identity:get_project(project_id=24b7e014359d481b87e9ac92305acf2b)` {{(pid=46029) enforce_call /opt/stack/keystone/keystone/common/rbac_enforcer/enforcer.py:449}}
Nov 16 15:07:13 user devstack@keystone.service[46029]: DEBUG keystone.common.rbac_enforcer.enforcer [None req-812fde52-25cc-429b-82d1-27f7c8989281 None admin] RBAC: Authorization granted {{(pid=46029) enforce_call /opt/stack/keystone/keystone/common/rbac_enforcer/enforcer.py:457}}
Nov 16 15:07:13 user devstack@keystone.service[46029]: [pid: 46029|app: 0|req: 59/187] 10.0.0.210 () {56 vars in 1181 bytes} [Thu Nov 16 15:07:13 2023] GET /identity/v3/projects/24b7e014359d481b87e9ac92305acf2b => generated 301 bytes in 147 msecs (HTTP/1.1 200) 5 headers in 177 bytes (1 switches on core 0)
Nov 16 15:07:13 user devstack@keystone.service[46027]: DEBUG keystone.server.flask.request_processing.middleware.auth_context [None req-6c835271-2e29-4149-82b3-67ce407b58d1 None admin] Authenticating user token {{(pid=46027) process_request /opt/stack/data/venv/lib/python3.10/site-packages/keystonemiddleware/auth_token/__init__.py:406}}
Nov 16 15:07:13 user devstack@keystone.service[46027]: DEBUG keystone.server.flask.request_processing.middleware.auth_context [None req-6c835271-2e29-4149-82b3-67ce407b58d1 None admin] Validating token access rules against request {{(pid=46027) validate_allowed_request /opt/stack/data/venv/lib/python3.10/site-packages/keystonemiddleware/auth_token/__init__.py:544}}
Nov 16 15:07:13 user devstack@keystone.service[46027]: DEBUG keystone.server.flask.request_processing.middleware.auth_context [None req-655032bb-2438-4d3d-9915-746879cc53a1 None admin] RBAC: auth_context: {'token': , 'domain_id': None, 'trust_id': None, 'trustor_id': None, 'trustee_id': None, 'domain_name': None, 'group_ids': [], 'user_id': '8b70ca40cee74ee58f5273b28116b9b4', 'user_domain_id': 'default', 'system_scope': 'all', 'project_id': None, 'project_domain_id': None, 'roles': ['admin', 'manager', 'member', 'reader'], 'is_admin_project': True, 'service_user_id': None, 'service_user_domain_id': None, 'service_project_id': None, 'service_project_domain_id': None, 'service_roles': []} {{(pid=46027) fill_context /opt/stack/keystone/keystone/server/flask/request_processing/middleware/auth_context.py:480}}
Nov 16 15:07:13 user devstack@keystone.service[46027]: DEBUG keystone.server.flask.request_processing.req_logging [None req-655032bb-2438-4d3d-9915-746879cc53a1 None admin] REQUEST_METHOD: `GET` {{(pid=46027) log_request_info /opt/stack/keystone/keystone/server/flask/request_processing/req_logging.py:27}}
Nov 16 15:07:13 user devstack@keystone.service[46027]: DEBUG keystone.server.flask.request_processing.req_logging [None req-655032bb-2438-4d3d-9915-746879cc53a1 None admin] SCRIPT_NAME: `/identity` {{(pid=46027) log_request_info /opt/stack/keystone/keystone/server/flask/request_processing/req_logging.py:28}}
Nov 16 15:07:13 user devstack@keystone.service[46027]: DEBUG keystone.server.flask.request_processing.req_logging [None req-655032bb-2438-4d3d-9915-746879cc53a1 None admin] PATH_INFO: `/v3/role_assignments` {{(pid=46027) log_request_info /opt/stack/keystone/keystone/server/flask/request_processing/req_logging.py:29}}
Nov 16 15:07:13 user devstack@keystone.service[46027]: DEBUG keystone.common.rbac_enforcer.enforcer [None req-655032bb-2438-4d3d-9915-746879cc53a1 None admin] RBAC: Adding query filter params (role.id=b51030ea098f4bddbcb3fce243a3520f, scope.project.id=24b7e014359d481b87e9ac92305acf2b, user.id=f0dfba2f51614cd3ae520a466d6debf6) {{(pid=46027) _extract_filter_values /opt/stack/keystone/keystone/common/rbac_enforcer/enforcer.py:167}}
Nov 16 15:07:13 user devstack@keystone.service[46027]: DEBUG keystone.common.rbac_enforcer.enforcer [None req-655032bb-2438-4d3d-9915-746879cc53a1 None admin] RBAC: Authorizing `identity:list_role_assignments()` {{(pid=46027) enforce_call /opt/stack/keystone/keystone/common/rbac_enforcer/enforcer.py:449}}
Nov 16 15:07:13 user devstack@keystone.service[46027]: DEBUG keystone.common.rbac_enforcer.enforcer [None req-655032bb-2438-4d3d-9915-746879cc53a1 None admin] RBAC: Authorization granted {{(pid=46027) enforce_call /opt/stack/keystone/keystone/common/rbac_enforcer/enforcer.py:457}}
Nov 16 15:07:13 user devstack@keystone.service[46027]: [pid: 46027|app: 0|req: 65/188] 10.0.0.210 () {56 vars in 1369 bytes} [Thu Nov 16 15:07:13 2023] GET /identity/v3/role_assignments?user.id=f0dfba2f51614cd3ae520a466d6debf6&scope.project.id=24b7e014359d481b87e9ac92305acf2b&role.id=b51030ea098f4bddbcb3fce243a3520f => generated 606 bytes in 153 msecs (HTTP/1.1 200) 5 headers in 177 bytes (1 switches on core 0)
Nov 16 15:07:14 user devstack@keystone.service[46028]: DEBUG keystone.server.flask.request_processing.req_logging [None req-c74be6c6-869b-4f1d-946a-c8eedd8171b4 None None] REQUEST_METHOD: `GET` {{(pid=46028) log_request_info /opt/stack/keystone/keystone/server/flask/request_processing/req_logging.py:27}}
Nov 16 15:07:14 user devstack@keystone.service[46028]: DEBUG keystone.server.flask.request_processing.req_logging [None req-c74be6c6-869b-4f1d-946a-c8eedd8171b4 None None] SCRIPT_NAME: `/identity` {{(pid=46028) log_request_info /opt/stack/keystone/keystone/server/flask/request_processing/req_logging.py:28}}
Nov 16 15:07:14 user devstack@keystone.service[46028]: DEBUG keystone.server.flask.request_processing.req_logging [None req-c74be6c6-869b-4f1d-946a-c8eedd8171b4 None None] PATH_INFO: `/` {{(pid=46028) log_request_info /opt/stack/keystone/keystone/server/flask/request_processing/req_logging.py:29}}
Nov 16 15:07:14 user devstack@keystone.service[46028]: [pid: 46028|app: 0|req: 65/189] 10.0.0.210 () {54 vars in 921 bytes} [Thu Nov 16 15:07:14 2023] GET /identity => generated 269 bytes in 5 msecs (HTTP/1.1 300) 6 headers in 233 bytes (1 switches on core 0)
Nov 16 15:07:14 user devstack@keystone.service[46029]: DEBUG keystone.server.flask.request_processing.req_logging [None req-8cd8dcab-cd21-4e4d-9e9c-65bc99df8ff3 None None] REQUEST_METHOD: `POST` {{(pid=46029) log_request_info /opt/stack/keystone/keystone/server/flask/request_processing/req_logging.py:27}}
Nov 16 15:07:14 user devstack@keystone.service[46029]: DEBUG keystone.server.flask.request_processing.req_logging [None req-8cd8dcab-cd21-4e4d-9e9c-65bc99df8ff3 None None] SCRIPT_NAME: `/identity` {{(pid=46029) log_request_info /opt/stack/keystone/keystone/server/flask/request_processing/req_logging.py:28}}
Nov 16 15:07:14 user devstack@keystone.service[46029]: DEBUG keystone.server.flask.request_processing.req_logging [None req-8cd8dcab-cd21-4e4d-9e9c-65bc99df8ff3 None None] PATH_INFO: `/v3/auth/tokens` {{(pid=46029) log_request_info /opt/stack/keystone/keystone/server/flask/request_processing/req_logging.py:29}}
Nov 16 15:07:14 user devstack@keystone.service[46029]: WARNING keystone.common.password_hashing [None req-8cd8dcab-cd21-4e4d-9e9c-65bc99df8ff3 None None] Truncating password to algorithm specific maximum length 72 characters.
Nov 16 15:07:14 user devstack@keystone.service[46029]: DEBUG keystone.auth.core [None req-8cd8dcab-cd21-4e4d-9e9c-65bc99df8ff3 None None] MFA Rules not processed for user `8b70ca40cee74ee58f5273b28116b9b4`. Rule list: `[]` (Enabled: `True`). {{(pid=46029) check_auth_methods_against_rules /opt/stack/keystone/keystone/auth/core.py:438}}
Nov 16 15:07:14 user devstack@keystone.service[46029]: DEBUG keystone.common.fernet_utils [None req-8cd8dcab-cd21-4e4d-9e9c-65bc99df8ff3 None None] Loaded 2 Fernet keys from /etc/keystone/fernet-keys/, but `[fernet_tokens] max_active_keys = 3`; perhaps there have not been enough key rotations to reach `max_active_keys` yet? {{(pid=46029) load_keys /opt/stack/keystone/keystone/common/fernet_utils.py:286}}
Nov 16 15:07:14 user devstack@keystone.service[46027]: DEBUG keystone.server.flask.request_processing.req_logging [None req-760f80cd-70d0-4837-98e6-1facbd2cd873 None None] REQUEST_METHOD: `GET` {{(pid=46027) log_request_info /opt/stack/keystone/keystone/server/flask/request_processing/req_logging.py:27}}
Nov 16 15:07:14 user devstack@keystone.service[46027]: DEBUG keystone.server.flask.request_processing.req_logging [None req-760f80cd-70d0-4837-98e6-1facbd2cd873 None None] SCRIPT_NAME: `/identity` {{(pid=46027) log_request_info /opt/stack/keystone/keystone/server/flask/request_processing/req_logging.py:28}}
Nov 16 15:07:14 user devstack@keystone.service[46027]: DEBUG keystone.server.flask.request_processing.req_logging [None req-760f80cd-70d0-4837-98e6-1facbd2cd873 None None] PATH_INFO: `/` {{(pid=46027) log_request_info /opt/stack/keystone/keystone/server/flask/request_processing/req_logging.py:29}}
Nov 16 15:07:14 user devstack@keystone.service[46027]: [pid: 46027|app: 0|req: 66/190] 10.0.0.210 () {54 vars in 921 bytes} [Thu Nov 16 15:07:14 2023] GET /identity => generated 269 bytes in 4 msecs (HTTP/1.1 300) 6 headers in 233 bytes (1 switches on core 0)
Nov 16 15:07:14 user devstack@keystone.service[46028]: DEBUG keystone.server.flask.request_processing.req_logging [None req-6cb1344d-ff5a-4f48-841d-1660254dd850 None None] REQUEST_METHOD: `POST` {{(pid=46028) log_request_info /opt/stack/keystone/keystone/server/flask/request_processing/req_logging.py:27}}
Nov 16 15:07:14 user devstack@keystone.service[46028]: DEBUG keystone.server.flask.request_processing.req_logging [None req-6cb1344d-ff5a-4f48-841d-1660254dd850 None None] SCRIPT_NAME: `/identity` {{(pid=46028) log_request_info /opt/stack/keystone/keystone/server/flask/request_processing/req_logging.py:28}}
Nov 16 15:07:14 user devstack@keystone.service[46028]: DEBUG keystone.server.flask.request_processing.req_logging [None req-6cb1344d-ff5a-4f48-841d-1660254dd850 None None] PATH_INFO: `/v3/auth/tokens` {{(pid=46028) log_request_info /opt/stack/keystone/keystone/server/flask/request_processing/req_logging.py:29}}
Nov 16 15:07:14 user devstack@keystone.service[46029]: [pid: 46029|app: 0|req: 60/191] 10.0.0.210 () {58 vars in 1018 bytes} [Thu Nov 16 15:07:14 2023] POST /identity/v3/auth/tokens => generated 861 bytes in 98 msecs (HTTP/1.1 201) 6 headers in 363 bytes (1 switches on core 0)
Nov 16 15:07:14 user devstack@keystone.service[46028]: WARNING keystone.common.password_hashing [None req-6cb1344d-ff5a-4f48-841d-1660254dd850 None None] Truncating password to algorithm specific maximum length 72 characters.
Nov 16 15:07:14 user devstack@keystone.service[46028]: DEBUG keystone.auth.core [None req-6cb1344d-ff5a-4f48-841d-1660254dd850 None None] MFA Rules not processed for user `8b70ca40cee74ee58f5273b28116b9b4`. Rule list: `[]` (Enabled: `True`). {{(pid=46028) check_auth_methods_against_rules /opt/stack/keystone/keystone/auth/core.py:438}}
Nov 16 15:07:14 user devstack@keystone.service[46028]: DEBUG keystone.common.fernet_utils [None req-6cb1344d-ff5a-4f48-841d-1660254dd850 None None] Loaded 2 Fernet keys from /etc/keystone/fernet-keys/, but `[fernet_tokens] max_active_keys = 3`; perhaps there have not been enough key rotations to reach `max_active_keys` yet? {{(pid=46028) load_keys /opt/stack/keystone/keystone/common/fernet_utils.py:286}}
Nov 16 15:07:14 user devstack@keystone.service[46028]: [pid: 46028|app: 0|req: 66/192] 10.0.0.210 () {58 vars in 1018 bytes} [Thu Nov 16 15:07:14 2023] POST /identity/v3/auth/tokens => generated 861 bytes in 88 msecs (HTTP/1.1 201) 6 headers in 363 bytes (1 switches on core 0)
Nov 16 15:07:14 user devstack@keystone.service[46027]: DEBUG keystone.server.flask.request_processing.req_logging [None req-adf7b612-fc3a-46f2-ae30-302a2650e9ce None None] REQUEST_METHOD: `GET` {{(pid=46027) log_request_info /opt/stack/keystone/keystone/server/flask/request_processing/req_logging.py:27}}
Nov 16 15:07:14 user devstack@keystone.service[46027]: DEBUG keystone.server.flask.request_processing.req_logging [None req-adf7b612-fc3a-46f2-ae30-302a2650e9ce None None] SCRIPT_NAME: `/identity` {{(pid=46027) log_request_info /opt/stack/keystone/keystone/server/flask/request_processing/req_logging.py:28}}
Nov 16 15:07:14 user devstack@keystone.service[46027]: DEBUG keystone.server.flask.request_processing.req_logging [None req-adf7b612-fc3a-46f2-ae30-302a2650e9ce None None] PATH_INFO: `/` {{(pid=46027) log_request_info /opt/stack/keystone/keystone/server/flask/request_processing/req_logging.py:29}}
Nov 16 15:07:14 user devstack@keystone.service[46027]: [pid: 46027|app: 0|req: 67/193] 10.0.0.210 () {54 vars in 921 bytes} [Thu Nov 16 15:07:14 2023] GET /identity => generated 269 bytes in 3 msecs (HTTP/1.1 300) 6 headers in 233 bytes (1 switches on core 0)
Nov 16 15:07:14 user devstack@keystone.service[46029]: DEBUG keystone.server.flask.request_processing.req_logging [None req-4e5f8efa-7d0a-44ee-9adc-b6d1b8350867 None None] REQUEST_METHOD: `POST` {{(pid=46029) log_request_info /opt/stack/keystone/keystone/server/flask/request_processing/req_logging.py:27}}
Nov 16 15:07:14 user devstack@keystone.service[46029]: DEBUG keystone.server.flask.request_processing.req_logging [None req-4e5f8efa-7d0a-44ee-9adc-b6d1b8350867 None None] SCRIPT_NAME: `/identity` {{(pid=46029) log_request_info /opt/stack/keystone/keystone/server/flask/request_processing/req_logging.py:28}}
Nov 16 15:07:14 user devstack@keystone.service[46029]: DEBUG keystone.server.flask.request_processing.req_logging [None req-4e5f8efa-7d0a-44ee-9adc-b6d1b8350867 None None] PATH_INFO: `/v3/auth/tokens` {{(pid=46029) log_request_info /opt/stack/keystone/keystone/server/flask/request_processing/req_logging.py:29}}
Nov 16 15:07:14 user devstack@keystone.service[46028]: DEBUG keystone.server.flask.request_processing.middleware.auth_context [None req-6cb1344d-ff5a-4f48-841d-1660254dd850 None None] Authenticating user token {{(pid=46028) process_request /opt/stack/data/venv/lib/python3.10/site-packages/keystonemiddleware/auth_token/__init__.py:406}}
Nov 16 15:07:14 user devstack@keystone.service[46029]: WARNING keystone.common.password_hashing [None req-4e5f8efa-7d0a-44ee-9adc-b6d1b8350867 None None] Truncating password to algorithm specific maximum length 72 characters.
Nov 16 15:07:14 user devstack@keystone.service[46029]: DEBUG keystone.auth.core [None req-4e5f8efa-7d0a-44ee-9adc-b6d1b8350867 None None] MFA Rules not processed for user `8b70ca40cee74ee58f5273b28116b9b4`. Rule list: `[]` (Enabled: `True`). {{(pid=46029) check_auth_methods_against_rules /opt/stack/keystone/keystone/auth/core.py:438}}
Nov 16 15:07:14 user devstack@keystone.service[46029]: DEBUG keystone.common.fernet_utils [None req-4e5f8efa-7d0a-44ee-9adc-b6d1b8350867 None None] Loaded 2 Fernet keys from /etc/keystone/fernet-keys/, but `[fernet_tokens] max_active_keys = 3`; perhaps there have not been enough key rotations to reach `max_active_keys` yet? {{(pid=46029) load_keys /opt/stack/keystone/keystone/common/fernet_utils.py:286}}
Nov 16 15:07:14 user devstack@keystone.service[46029]: [pid: 46029|app: 0|req: 61/194] 10.0.0.210 () {58 vars in 1018 bytes} [Thu Nov 16 15:07:14 2023] POST /identity/v3/auth/tokens => generated 861 bytes in 79 msecs (HTTP/1.1 201) 6 headers in 363 bytes (1 switches on core 0)
Nov 16 15:07:14 user devstack@keystone.service[46027]: DEBUG keystone.server.flask.request_processing.middleware.auth_context [None req-adf7b612-fc3a-46f2-ae30-302a2650e9ce None None] Authenticating user token {{(pid=46027) process_request /opt/stack/data/venv/lib/python3.10/site-packages/keystonemiddleware/auth_token/__init__.py:406}}
Nov 16 15:07:14 user devstack@keystone.service[46028]: DEBUG keystone.server.flask.request_processing.middleware.auth_context [None req-6cb1344d-ff5a-4f48-841d-1660254dd850 None None] Validating token access rules against request {{(pid=46028) validate_allowed_request /opt/stack/data/venv/lib/python3.10/site-packages/keystonemiddleware/auth_token/__init__.py:544}}
Nov 16 15:07:14 user devstack@keystone.service[46028]: DEBUG keystone.server.flask.request_processing.middleware.auth_context [None req-12f46b9a-f4c8-48b6-aeb7-3dc7580e9cfb None admin] RBAC: auth_context: {'token': , 'domain_id': None, 'trust_id': None, 'trustor_id': None, 'trustee_id': None, 'domain_name': None, 'group_ids': [], 'user_id': '8b70ca40cee74ee58f5273b28116b9b4', 'user_domain_id': 'default', 'system_scope': 'all', 'project_id': None, 'project_domain_id': None, 'roles': ['admin', 'manager', 'member', 'reader'], 'is_admin_project': True, 'service_user_id': None, 'service_user_domain_id': None, 'service_project_id': None, 'service_project_domain_id': None, 'service_roles': []} {{(pid=46028) fill_context /opt/stack/keystone/keystone/server/flask/request_processing/middleware/auth_context.py:480}}
Nov 16 15:07:14 user devstack@keystone.service[46028]: DEBUG keystone.server.flask.request_processing.req_logging [None req-12f46b9a-f4c8-48b6-aeb7-3dc7580e9cfb None admin] REQUEST_METHOD: `GET` {{(pid=46028) log_request_info /opt/stack/keystone/keystone/server/flask/request_processing/req_logging.py:27}}
Nov 16 15:07:14 user devstack@keystone.service[46028]: DEBUG keystone.server.flask.request_processing.req_logging [None req-12f46b9a-f4c8-48b6-aeb7-3dc7580e9cfb None admin] SCRIPT_NAME: `/identity` {{(pid=46028) log_request_info /opt/stack/keystone/keystone/server/flask/request_processing/req_logging.py:28}}
Nov 16 15:07:14 user devstack@keystone.service[46028]: DEBUG keystone.server.flask.request_processing.req_logging [None req-12f46b9a-f4c8-48b6-aeb7-3dc7580e9cfb None admin] PATH_INFO: `/v3/roles/reader` {{(pid=46028) log_request_info /opt/stack/keystone/keystone/server/flask/request_processing/req_logging.py:29}}
Nov 16 15:07:14 user devstack@keystone.service[46028]: DEBUG keystone.common.rbac_enforcer.enforcer [None req-12f46b9a-f4c8-48b6-aeb7-3dc7580e9cfb None admin] Extracting inferred target data resulted in "NOT FOUND (404)". {{(pid=46028) enforce_call /opt/stack/keystone/keystone/common/rbac_enforcer/enforcer.py:409}}
Nov 16 15:07:14 user devstack@keystone.service[46028]: ERROR keystone.server.flask.application [None req-12f46b9a-f4c8-48b6-aeb7-3dc7580e9cfb None admin] Could not find role: reader.: keystone.exception.RoleNotFound: Could not find role: reader.
Nov 16 15:07:14 user devstack@keystone.service[46028]: ERROR keystone.server.flask.application
Traceback (most recent call last):
Nov 16 15:07:14 user devstack@keystone.service[46028]: ERROR keystone.server.flask.application
File "/opt/stack/data/venv/lib/python3.10/site-packages/flask/app.py", line 1823, in full_dispatch_request
Nov 16 15:07:14 user devstack@keystone.service[46028]: ERROR keystone.server.flask.application rv = self.dispatch_request()
Nov 16 15:07:14 user devstack@keystone.service[46028]: ERROR keystone.server.flask.application
File "/opt/stack/data/venv/lib/python3.10/site-packages/flask/app.py", line 1799, in dispatch_request
Nov 16 15:07:14 user devstack@keystone.service[46028]: ERROR keystone.server.flask.application return self.ensure_sync(self.view_functions[rule.endpoint])(**view_args)
Nov 16 15:07:14 user devstack@keystone.service[46028]: ERROR keystone.server.flask.application
File "/opt/stack/data/venv/lib/python3.10/site-packages/flask_restful/__init__.py", line 489, in wrapper
Nov 16 15:07:14 user devstack@keystone.service[46028]: ERROR keystone.server.flask.application resp = resource(*args, **kwargs)
Nov 16 15:07:14 user devstack@keystone.service[46028]: ERROR keystone.server.flask.application
File "/opt/stack/data/venv/lib/python3.10/site-packages/flask/views.py", line 107, in view
Nov 16 15:07:14 user devstack@keystone.service[46028]: ERROR keystone.server.flask.application return current_app.ensure_sync(self.dispatch_request)(**kwargs)
Nov 16 15:07:14 user devstack@keystone.service[46028]: ERROR keystone.server.flask.application
File "/opt/stack/data/venv/lib/python3.10/site-packages/flask_restful/__init__.py", line 604, in dispatch_request
Nov 16 15:07:14 user devstack@keystone.service[46028]: ERROR keystone.server.flask.application resp = meth(*args, **kwargs)
Nov 16 15:07:14 user devstack@keystone.service[46028]: ERROR keystone.server.flask.application
File "/opt/stack/keystone/keystone/api/roles.py", line 50, in get
Nov 16 15:07:14 user devstack@keystone.service[46028]: ERROR keystone.server.flask.application return self._get_role(role_id)
Nov 16 15:07:14 user devstack@keystone.service[46028]: ERROR keystone.server.flask.application
File "/opt/stack/keystone/keystone/api/roles.py", line 70, in _get_role
Nov 16 15:07:14 user devstack@keystone.service[46028]: ERROR keystone.server.flask.application ENFORCER.enforce_call(action='identity:get_role')
Nov 16 15:07:14 user devstack@keystone.service[46028]: ERROR keystone.server.flask.application
File "/opt/stack/keystone/keystone/common/rbac_enforcer/enforcer.py", line 402, in enforce_call
Nov 16 15:07:14 user devstack@keystone.service[46028]: ERROR keystone.server.flask.application policy_dict.update(cls._extract_member_target_data(
Nov 16 15:07:14 user devstack@keystone.service[46028]: ERROR keystone.server.flask.application
File "/opt/stack/keystone/keystone/common/rbac_enforcer/enforcer.py", line 234, in _extract_member_target_data
Nov 16 15:07:14 user devstack@keystone.service[46028]: ERROR keystone.server.flask.application member_name: func(flask.request.view_args[key])
Nov 16 15:07:14 user devstack@keystone.service[46028]: ERROR keystone.server.flask.application
File "/opt/stack/keystone/keystone/common/manager.py", line 115, in wrapped
Nov 16 15:07:14 user devstack@keystone.service[46028]: ERROR keystone.server.flask.application __ret_val = __f(*args, **kwargs)
Nov 16 15:07:14 user devstack@keystone.service[46028]: ERROR keystone.server.flask.application
File "/opt/stack/data/venv/lib/python3.10/site-packages/decorator.py", line 232, in fun
Nov 16 15:07:14 user devstack@keystone.service[46028]: ERROR keystone.server.flask.application return caller(func, *(extras + args), **kw)
Nov 16 15:07:14 user devstack@keystone.service[46028]: ERROR keystone.server.flask.application
File "/opt/stack/data/venv/lib/python3.10/site-packages/dogpile/cache/region.py", line 1594, in get_or_create_for_user_func
Nov 16 15:07:14 user devstack@keystone.service[46028]: ERROR keystone.server.flask.application return self.get_or_create(
Nov 16 15:07:14 user devstack@keystone.service[46028]: ERROR keystone.server.flask.application
File "/opt/stack/data/venv/lib/python3.10/site-packages/dogpile/cache/region.py", line 1054, in get_or_create
Nov 16 15:07:14 user devstack@keystone.service[46028]: ERROR keystone.server.flask.application with Lock(
Nov 16 15:07:14 user devstack@keystone.service[46028]: ERROR keystone.server.flask.application
File "/opt/stack/data/venv/lib/python3.10/site-packages/dogpile/lock.py", line 185, in __enter__
Nov 16 15:07:14 user devstack@keystone.service[46028]: ERROR keystone.server.flask.application return self._enter()
Nov 16 15:07:14 user devstack@keystone.service[46028]: ERROR keystone.server.flask.application
File "/opt/stack/data/venv/lib/python3.10/site-packages/dogpile/lock.py", line 94, in _enter
Nov 16 15:07:14 user devstack@keystone.service[46028]: ERROR keystone.server.flask.application generated = self._enter_create(value, createdtime)
Nov 16 15:07:14 user devstack@keystone.service[46028]: ERROR keystone.server.flask.application
File "/opt/stack/data/venv/lib/python3.10/site-packages/dogpile/lock.py", line 178, in _enter_create
Nov 16 15:07:14 user devstack@keystone.service[46028]: ERROR keystone.server.flask.application return self.creator()
Nov 16 15:07:14 user devstack@keystone.service[46028]: ERROR keystone.server.flask.application
File "/opt/stack/data/venv/lib/python3.10/site-packages/dogpile/cache/region.py", line 1007, in gen_value
Nov 16 15:07:14 user devstack@keystone.service[46028]: ERROR keystone.server.flask.application created_value = creator(
Nov 16 15:07:14 user devstack@keystone.service[46028]: ERROR keystone.server.flask.application
File "/opt/stack/keystone/keystone/assignment/core.py", line 1276, in get_role
Nov 16 15:07:14 user devstack@keystone.service[46028]: ERROR keystone.server.flask.application return self.driver.get_role(role_id)
Nov 16 15:07:14 user devstack@keystone.service[46028]: ERROR keystone.server.flask.application
File "/opt/stack/keystone/keystone/assignment/role_backends/sql.py", line 70, in get_role
Nov 16 15:07:14 user devstack@keystone.service[46028]: ERROR keystone.server.flask.application return self._get_role(session, role_id).to_dict()
Nov 16 15:07:14 user devstack@keystone.service[46028]: ERROR keystone.server.flask.application
File "/opt/stack/keystone/keystone/assignment/role_backends/sql.py", line 65, in _get_role
Nov 16 15:07:14 user devstack@keystone.service[46028]: ERROR keystone.server.flask.application raise exception.RoleNotFound(role_id=role_id)
Nov 16 15:07:14 user devstack@keystone.service[46028]: ERROR keystone.server.flask.application keystone.exception.RoleNotFound: Could not find role: reader.
Nov 16 15:07:14 user devstack@keystone.service[46028]: ERROR keystone.server.flask.application
Nov 16 15:07:14 user devstack@keystone.service[46028]: [pid: 46028|app: 0|req: 67/195] 10.0.0.210 () {56 vars in 1094 bytes} [Thu Nov 16 15:07:14 2023] GET /identity/v3/roles/reader => generated 84 bytes in 150 msecs (HTTP/1.1 404) 5 headers in 183 bytes (1 switches on core 0)
