Oct 20 18:02:06 user devstack@g-api.service[76983]: DEBUG glance.common.config [None req-5f3ad7fb-dc3c-458b-8729-727bc98473c0 None None] barbican.number_of_retries = 60 {{(pid=76983) log_opt_values /opt/stack/data/venv/lib/python3.10/site-packages/oslo_config/cfg.py:2609}}
Oct 20 18:02:06 user devstack@g-api.service[76984]: WSGI app 0 (mountpoint='') ready in 4 seconds on interpreter 0x5611962250a0 pid: 76984 (default app)
Oct 20 18:02:06 user devstack@g-api.service[76983]: DEBUG glance.common.config [None req-5f3ad7fb-dc3c-458b-8729-727bc98473c0 None None] barbican.retry_delay = 1 {{(pid=76983) log_opt_values /opt/stack/data/venv/lib/python3.10/site-packages/oslo_config/cfg.py:2609}}
Oct 20 18:02:06 user devstack@g-api.service[76983]: DEBUG glance.common.config [None req-5f3ad7fb-dc3c-458b-8729-727bc98473c0 None None] barbican.send_service_user_token = False {{(pid=76983) log_opt_values /opt/stack/data/venv/lib/python3.10/site-packages/oslo_config/cfg.py:2609}}
Oct 20 18:02:06 user devstack@g-api.service[76983]: DEBUG glance.common.config [None req-5f3ad7fb-dc3c-458b-8729-727bc98473c0 None None] barbican.split_loggers = False {{(pid=76983) log_opt_values /opt/stack/data/venv/lib/python3.10/site-packages/oslo_config/cfg.py:2609}}
Oct 20 18:02:06 user devstack@g-api.service[76983]: DEBUG glance.common.config [None req-5f3ad7fb-dc3c-458b-8729-727bc98473c0 None None] barbican.timeout = None {{(pid=76983) log_opt_values /opt/stack/data/venv/lib/python3.10/site-packages/oslo_config/cfg.py:2609}}
Oct 20 18:02:06 user devstack@g-api.service[76983]: DEBUG glance.common.config [None req-5f3ad7fb-dc3c-458b-8729-727bc98473c0 None None] barbican.verify_ssl = True {{(pid=76983) log_opt_values /opt/stack/data/venv/lib/python3.10/site-packages/oslo_config/cfg.py:2609}}
Oct 20 18:02:06 user devstack@g-api.service[76983]: DEBUG glance.common.config [None req-5f3ad7fb-dc3c-458b-8729-727bc98473c0 None None] barbican.verify_ssl_path = None {{(pid=76983) log_opt_values /opt/stack/data/venv/lib/python3.10/site-packages/oslo_config/cfg.py:2609}}
Oct 20 18:02:06 user devstack@g-api.service[76983]: DEBUG glance.common.config [None req-5f3ad7fb-dc3c-458b-8729-727bc98473c0 None None] barbican_service_user.auth_section = None {{(pid=76983) log_opt_values /opt/stack/data/venv/lib/python3.10/site-packages/oslo_config/cfg.py:2609}}
Oct 20 18:02:06 user devstack@g-api.service[76983]: DEBUG glance.common.config [None req-5f3ad7fb-dc3c-458b-8729-727bc98473c0 None None] barbican_service_user.auth_type = None {{(pid=76983) log_opt_values /opt/stack/data/venv/lib/python3.10/site-packages/oslo_config/cfg.py:2609}}
Oct 20 18:02:06 user devstack@g-api.service[76983]: DEBUG glance.common.config [None req-5f3ad7fb-dc3c-458b-8729-727bc98473c0 None None] barbican_service_user.cafile = None {{(pid=76983) log_opt_values /opt/stack/data/venv/lib/python3.10/site-packages/oslo_config/cfg.py:2609}}
Oct 20 18:02:06 user devstack@g-api.service[76983]: DEBUG glance.common.config [None req-5f3ad7fb-dc3c-458b-8729-727bc98473c0 None None] barbican_service_user.certfile = None {{(pid=76983) log_opt_values /opt/stack/data/venv/lib/python3.10/site-packages/oslo_config/cfg.py:2609}}
Oct 20 18:02:06 user devstack@g-api.service[76983]: DEBUG glance.common.config [None req-5f3ad7fb-dc3c-458b-8729-727bc98473c0 None None] barbican_service_user.collect_timing = False {{(pid=76983) log_opt_values /opt/stack/data/venv/lib/python3.10/site-packages/oslo_config/cfg.py:2609}}
Oct 20 18:02:06 user devstack@g-api.service[76983]: DEBUG glance.common.config [None req-5f3ad7fb-dc3c-458b-8729-727bc98473c0 None None] barbican_service_user.insecure = False {{(pid=76983) log_opt_values /opt/stack/data/venv/lib/python3.10/site-packages/oslo_config/cfg.py:2609}}
Oct 20 18:02:06 user devstack@g-api.service[76983]: DEBUG glance.common.config [None req-5f3ad7fb-dc3c-458b-8729-727bc98473c0 None None] barbican_service_user.keyfile = None {{(pid=76983) log_opt_values /opt/stack/data/venv/lib/python3.10/site-packages/oslo_config/cfg.py:2609}}
Oct 20 18:02:06 user devstack@g-api.service[76983]: DEBUG glance.common.config [None req-5f3ad7fb-dc3c-458b-8729-727bc98473c0 None None] barbican_service_user.split_loggers = False {{(pid=76983) log_opt_values /opt/stack/data/venv/lib/python3.10/site-packages/oslo_config/cfg.py:2609}}
Oct 20 18:02:06 user devstack@g-api.service[76983]: DEBUG glance.common.config [None req-5f3ad7fb-dc3c-458b-8729-727bc98473c0 None None] barbican_service_user.timeout = None {{(pid=76983) log_opt_values /opt/stack/data/venv/lib/python3.10/site-packages/oslo_config/cfg.py:2609}}
Oct 20 18:02:06 user devstack@g-api.service[76983]: DEBUG glance.common.config [None req-5f3ad7fb-dc3c-458b-8729-727bc98473c0 None None] healthcheck.backends = ['disable_by_file'] {{(pid=76983) log_opt_values /opt/stack/data/venv/lib/python3.10/site-packages/oslo_config/cfg.py:2609}}
Oct 20 18:02:06 user devstack@g-api.service[76983]: DEBUG glance.common.config [None req-5f3ad7fb-dc3c-458b-8729-727bc98473c0 None None] healthcheck.detailed = False {{(pid=76983) log_opt_values /opt/stack/data/venv/lib/python3.10/site-packages/oslo_config/cfg.py:2609}}
Oct 20 18:02:06 user devstack@g-api.service[76983]: DEBUG glance.common.config [None req-5f3ad7fb-dc3c-458b-8729-727bc98473c0 None None] healthcheck.disable_by_file_path = None {{(pid=76983) log_opt_values /opt/stack/data/venv/lib/python3.10/site-packages/oslo_config/cfg.py:2609}}
Oct 20 18:02:06 user devstack@g-api.service[76983]: DEBUG glance.common.config [None req-5f3ad7fb-dc3c-458b-8729-727bc98473c0 None None] healthcheck.path = /healthcheck {{(pid=76983) log_opt_values /opt/stack/data/venv/lib/python3.10/site-packages/oslo_config/cfg.py:2609}}
Oct 20 18:02:06 user devstack@g-api.service[76983]: DEBUG glance.common.config [None req-5f3ad7fb-dc3c-458b-8729-727bc98473c0 None None] ******************************************************************************** {{(pid=76983) log_opt_values /opt/stack/data/venv/lib/python3.10/site-packages/oslo_config/cfg.py:2613}}
Oct 20 18:02:06 user devstack@g-api.service[76983]: WSGI app 0 (mountpoint='') ready in 4 seconds on interpreter 0x5611962250a0 pid: 76983 (default app)
Oct 20 18:02:11 user devstack@g-api.service[76982]: DEBUG glance.api.middleware.version_negotiation [None req-9254c83b-9850-43da-a1f4-3bc98b9594fe None None] Determining version of request: GET / Accept: application/json {{(pid=76982) process_request /opt/stack/glance/glance/api/middleware/version_negotiation.py:44}}
Oct 20 18:02:11 user devstack@g-api.service[76982]: DEBUG glance.api.middleware.version_negotiation [None req-9254c83b-9850-43da-a1f4-3bc98b9594fe None None] Using url versioning {{(pid=76982) process_request /opt/stack/glance/glance/api/middleware/version_negotiation.py:57}}
Oct 20 18:02:11 user devstack@g-api.service[76982]: DEBUG glance.api.middleware.version_negotiation [None req-9254c83b-9850-43da-a1f4-3bc98b9594fe None None] Unknown version. Returning version choices. {{(pid=76982) process_request /opt/stack/glance/glance/api/middleware/version_negotiation.py:64}}
Oct 20 18:02:11 user devstack@g-api.service[76982]: [pid: 76982|app: 0|req: 2/2] 127.0.0.1 () {34 vars in 498 bytes} [Fri Oct 20 18:02:11 2023] GET / => generated 1287 bytes in 3 msecs (HTTP/1.1 300) 3 headers in 106 bytes (1 switches on core 0)
Oct 20 18:02:11 user devstack@g-api.service[76984]: DEBUG glance.api.middleware.version_negotiation [None req-4306f4fc-b0cb-4721-bfbf-52583adae752 None None] Determining version of request: POST /v2/images Accept: */* {{(pid=76984) process_request /opt/stack/glance/glance/api/middleware/version_negotiation.py:44}}
Oct 20 18:02:11 user devstack@g-api.service[76984]: DEBUG glance.api.middleware.version_negotiation [None req-4306f4fc-b0cb-4721-bfbf-52583adae752 None None] Using url versioning {{(pid=76984) process_request /opt/stack/glance/glance/api/middleware/version_negotiation.py:57}}
Oct 20 18:02:11 user devstack@g-api.service[76984]: DEBUG glance.api.middleware.version_negotiation [None req-4306f4fc-b0cb-4721-bfbf-52583adae752 None None] Matched version: v2 {{(pid=76984) process_request /opt/stack/glance/glance/api/middleware/version_negotiation.py:69}}
Oct 20 18:02:11 user devstack@g-api.service[76984]: DEBUG glance.api.middleware.version_negotiation [None req-4306f4fc-b0cb-4721-bfbf-52583adae752 None None] new path /v2/images {{(pid=76984) process_request /opt/stack/glance/glance/api/middleware/version_negotiation.py:70}}
Oct 20 18:02:12 user devstack@g-api.service[76984]: INFO dbcounter [None req-6fdf98cc-4e3d-492c-8523-086e9b241b90 admin admin] Registered counter for database glance
Oct 20 18:02:12 user devstack@g-api.service[76984]: DEBUG oslo_db.sqlalchemy.engines [None req-6fdf98cc-4e3d-492c-8523-086e9b241b90 admin admin] MySQL server mode set to STRICT_TRANS_TABLES,STRICT_ALL_TABLES,NO_ZERO_IN_DATE,NO_ZERO_DATE,ERROR_FOR_DIVISION_BY_ZERO,TRADITIONAL,NO_ENGINE_SUBSTITUTION {{(pid=76984) _check_effective_sql_mode /opt/stack/data/venv/lib/python3.10/site-packages/oslo_db/sqlalchemy/engines.py:342}}
Oct 20 18:02:12 user devstack@g-api.service[76984]: DEBUG dbcounter [-] [76984] Writer thread running {{(pid=76984) stat_writer /opt/stack/data/venv/lib/python3.10/site-packages/dbcounter.py:102}}
Oct 20 18:02:12 user devstack@g-api.service[76984]: [pid: 76984|app: 0|req: 1/3] 127.0.0.1 () {40 vars in 761 bytes} [Fri Oct 20 18:02:11 2023] POST /v2/images => generated 807 bytes in 1217 msecs (HTTP/1.1 201) 6 headers in 314 bytes (1 switches on core 0)
Oct 20 18:02:12 user devstack@g-api.service[76983]: DEBUG glance.api.middleware.version_negotiation [None req-5f3ad7fb-dc3c-458b-8729-727bc98473c0 None None] Determining version of request: PUT /v2/images/eaa6d842-3abb-4a80-92cd-b9a50e121c9f/file Accept: {{(pid=76983) process_request /opt/stack/glance/glance/api/middleware/version_negotiation.py:44}}
Oct 20 18:02:12 user devstack@g-api.service[76983]: DEBUG glance.api.middleware.version_negotiation [None req-5f3ad7fb-dc3c-458b-8729-727bc98473c0 None None] Using url versioning {{(pid=76983) process_request /opt/stack/glance/glance/api/middleware/version_negotiation.py:57}}
Oct 20 18:02:12 user devstack@g-api.service[76983]: DEBUG glance.api.middleware.version_negotiation [None req-5f3ad7fb-dc3c-458b-8729-727bc98473c0 None None] Matched version: v2 {{(pid=76983) process_request /opt/stack/glance/glance/api/middleware/version_negotiation.py:69}}
Oct 20 18:02:12 user devstack@g-api.service[76983]: DEBUG glance.api.middleware.version_negotiation [None req-5f3ad7fb-dc3c-458b-8729-727bc98473c0 None None] new path /v2/images/eaa6d842-3abb-4a80-92cd-b9a50e121c9f/file {{(pid=76983) process_request /opt/stack/glance/glance/api/middleware/version_negotiation.py:70}}
Oct 20 18:02:12 user devstack@g-api.service[76983]: INFO dbcounter [None req-e5564b12-934d-4861-9137-e49c9b3ba507 admin admin] Registered counter for database glance
Oct 20 18:02:12 user devstack@g-api.service[76983]: DEBUG oslo_db.sqlalchemy.engines [None req-e5564b12-934d-4861-9137-e49c9b3ba507 admin admin] MySQL server mode set to STRICT_TRANS_TABLES,STRICT_ALL_TABLES,NO_ZERO_IN_DATE,NO_ZERO_DATE,ERROR_FOR_DIVISION_BY_ZERO,TRADITIONAL,NO_ENGINE_SUBSTITUTION {{(pid=76983) _check_effective_sql_mode /opt/stack/data/venv/lib/python3.10/site-packages/oslo_db/sqlalchemy/engines.py:342}}
Oct 20 18:02:12 user devstack@g-api.service[76983]: DEBUG dbcounter [-] [76983] Writer thread running {{(pid=76983) stat_writer /opt/stack/data/venv/lib/python3.10/site-packages/dbcounter.py:102}}
Oct 20 18:02:12 user devstack@g-api.service[76983]: INFO glance.api.v2.image_data [None req-e5564b12-934d-4861-9137-e49c9b3ba507 admin admin] Unable to create trust: no such option collect_timing in group [keystone_authtoken] Use the existing user token.
Oct 20 18:02:13 user devstack@g-api.service[76983]: DEBUG glance.location [None req-e5564b12-934d-4861-9137-e49c9b3ba507 admin admin] Enabling in-flight format inspection for qcow2 {{(pid=76983) set_data /opt/stack/glance/glance/location.py:581}}
Oct 20 18:02:13 user devstack@g-api.service[76983]: DEBUG glance_store._drivers.filesystem [None req-e5564b12-934d-4861-9137-e49c9b3ba507 admin admin] Wrote 21430272 bytes to /opt/stack/data/glance/images/eaa6d842-3abb-4a80-92cd-b9a50e121c9f with checksum c8fc807773e5354afe61636071771906 and multihash 1103b92ce8ad966e41235a4de260deb791ff571670c0342666c8582fbb9caefe6af07ebb11d34f44f8414b609b29c1bdf1d72ffa6faa39c88e8721d09847952b {{(pid=76983) add /opt/stack/data/venv/lib/python3.10/site-packages/glance_store/_drivers/filesystem.py:773}}
Oct 20 18:02:13 user devstack@g-api.service[76983]: INFO glance.location [None req-e5564b12-934d-4861-9137-e49c9b3ba507 admin admin] Image format matched and virtual size computed: 117440512
Oct 20 18:02:13 user devstack@g-api.service[76983]: DEBUG glance_store.backend [None req-e5564b12-934d-4861-9137-e49c9b3ba507 admin admin] Skipping store.set_acls... not implemented. {{(pid=76983) set_acls /opt/stack/data/venv/lib/python3.10/site-packages/glance_store/backend.py:508}}
Oct 20 18:02:13 user devstack@g-api.service[76983]: [pid: 76983|app: 0|req: 1/4] 127.0.0.1 () {40 vars in 854 bytes} [Fri Oct 20 18:02:12 2023] PUT /v2/images/eaa6d842-3abb-4a80-92cd-b9a50e121c9f/file => generated 0 bytes in 1599 msecs (HTTP/1.1 204) 4 headers in 171 bytes (1 switches on core 0)
Oct 20 18:02:22 user devstack@g-api.service[76984]: DEBUG dbcounter [-] [76984] Writing DB stats glance:SELECT=10,glance:INSERT=5 {{(pid=76984) stat_writer /opt/stack/data/venv/lib/python3.10/site-packages/dbcounter.py:115}}
Oct 20 18:02:23 user devstack@g-api.service[76983]: DEBUG dbcounter [-] [76983] Writing DB stats glance:SELECT=29,glance:UPDATE=2,glance:INSERT=1 {{(pid=76983) stat_writer /opt/stack/data/venv/lib/python3.10/site-packages/dbcounter.py:115}}
Oct 20 18:03:07 user devstack@g-api.service[76982]: DEBUG glance.api.middleware.version_negotiation [None req-9254c83b-9850-43da-a1f4-3bc98b9594fe None None] Determining version of request: GET / Accept: application/json {{(pid=76982) process_request /opt/stack/glance/glance/api/middleware/version_negotiation.py:44}}
Oct 20 18:03:07 user devstack@g-api.service[76982]: DEBUG glance.api.middleware.version_negotiation [None req-9254c83b-9850-43da-a1f4-3bc98b9594fe None None] Using url versioning {{(pid=76982) process_request /opt/stack/glance/glance/api/middleware/version_negotiation.py:57}}
Oct 20 18:03:07 user devstack@g-api.service[76982]: DEBUG glance.api.middleware.version_negotiation [None req-9254c83b-9850-43da-a1f4-3bc98b9594fe None None] Unknown version. Returning version choices. {{(pid=76982) process_request /opt/stack/glance/glance/api/middleware/version_negotiation.py:64}}
Oct 20 18:03:07 user devstack@g-api.service[76982]: [pid: 76982|app: 0|req: 3/5] 127.0.0.1 () {34 vars in 498 bytes} [Fri Oct 20 18:03:07 2023] GET / => generated 1287 bytes in 3 msecs (HTTP/1.1 300) 3 headers in 106 bytes (1 switches on core 0)
Oct 20 18:03:07 user devstack@g-api.service[76984]: DEBUG glance.api.middleware.version_negotiation [None req-6fdf98cc-4e3d-492c-8523-086e9b241b90 admin admin] Determining version of request: GET /v2/images Accept: application/json {{(pid=76984) process_request /opt/stack/glance/glance/api/middleware/version_negotiation.py:44}}
Oct 20 18:03:07 user devstack@g-api.service[76984]: DEBUG glance.api.middleware.version_negotiation [None req-6fdf98cc-4e3d-492c-8523-086e9b241b90 admin admin] Using url versioning {{(pid=76984) process_request /opt/stack/glance/glance/api/middleware/version_negotiation.py:57}}
Oct 20 18:03:07 user devstack@g-api.service[76984]: DEBUG glance.api.middleware.version_negotiation [None req-6fdf98cc-4e3d-492c-8523-086e9b241b90 admin admin] Matched version: v2 {{(pid=76984) process_request /opt/stack/glance/glance/api/middleware/version_negotiation.py:69}}
Oct 20 18:03:07 user devstack@g-api.service[76984]: DEBUG glance.api.middleware.version_negotiation [None req-6fdf98cc-4e3d-492c-8523-086e9b241b90 admin admin] new path /v2/images {{(pid=76984) process_request /opt/stack/glance/glance/api/middleware/version_negotiation.py:70}}
Oct 20 18:03:07 user devstack@g-api.service[76984]: [pid: 76984|app: 0|req: 2/6] 127.0.0.1 () {36 vars in 720 bytes} [Fri Oct 20 18:03:07 2023] GET /v2/images => generated 1045 bytes in 80 msecs (HTTP/1.1 200) 4 headers in 158 bytes (1 switches on core 0)
Oct 20 18:03:17 user devstack@g-api.service[76984]: DEBUG dbcounter [-] [76984] Writing DB stats glance:SELECT=2 {{(pid=76984) stat_writer /opt/stack/data/venv/lib/python3.10/site-packages/dbcounter.py:115}}
Oct 20 18:04:45 user devstack@g-api.service[76983]: DEBUG glance.api.middleware.version_negotiation [None req-e5564b12-934d-4861-9137-e49c9b3ba507 admin admin] Determining version of request: GET / Accept: application/json {{(pid=76983) process_request /opt/stack/glance/glance/api/middleware/version_negotiation.py:44}}
Oct 20 18:04:45 user devstack@g-api.service[76983]: DEBUG glance.api.middleware.version_negotiation [None req-e5564b12-934d-4861-9137-e49c9b3ba507 admin admin] Using url versioning {{(pid=76983) process_request /opt/stack/glance/glance/api/middleware/version_negotiation.py:57}}
Oct 20 18:04:45 user devstack@g-api.service[76983]: DEBUG glance.api.middleware.version_negotiation [None req-e5564b12-934d-4861-9137-e49c9b3ba507 admin admin] Unknown version. Returning version choices. {{(pid=76983) process_request /opt/stack/glance/glance/api/middleware/version_negotiation.py:64}}
Oct 20 18:04:45 user devstack@g-api.service[76983]: [pid: 76983|app: 0|req: 2/7] 127.0.0.1 () {36 vars in 470 bytes} [Fri Oct 20 18:04:45 2023] GET / => generated 1287 bytes in 4 msecs (HTTP/1.1 300) 3 headers in 106 bytes (1 switches on core 0)
Oct 20 18:05:51 user devstack@g-api.service[76982]: DEBUG glance.api.middleware.version_negotiation [None req-9254c83b-9850-43da-a1f4-3bc98b9594fe None None] Determining version of request: GET / Accept: application/json {{(pid=76982) process_request /opt/stack/glance/glance/api/middleware/version_negotiation.py:44}}
Oct 20 18:05:51 user devstack@g-api.service[76982]: DEBUG glance.api.middleware.version_negotiation [None req-9254c83b-9850-43da-a1f4-3bc98b9594fe None None] Using url versioning {{(pid=76982) process_request /opt/stack/glance/glance/api/middleware/version_negotiation.py:57}}
Oct 20 18:05:51 user devstack@g-api.service[76982]: DEBUG glance.api.middleware.version_negotiation [None req-9254c83b-9850-43da-a1f4-3bc98b9594fe None None] Unknown version. Returning version choices. {{(pid=76982) process_request /opt/stack/glance/glance/api/middleware/version_negotiation.py:64}}
Oct 20 18:05:51 user devstack@g-api.service[76982]: [pid: 76982|app: 0|req: 4/8] 127.0.0.1 () {34 vars in 485 bytes} [Fri Oct 20 18:05:51 2023] GET / => generated 1287 bytes in 3 msecs (HTTP/1.1 300) 3 headers in 106 bytes (1 switches on core 0)
Oct 20 18:05:51 user devstack@g-api.service[76984]: DEBUG glance.api.middleware.version_negotiation [None req-930064d2-407f-4e24-81d2-2ea920a0c5d7 admin admin] Determining version of request: GET /v2/images/eaa6d842-3abb-4a80-92cd-b9a50e121c9f Accept: */* {{(pid=76984) process_request /opt/stack/glance/glance/api/middleware/version_negotiation.py:44}}
Oct 20 18:05:51 user devstack@g-api.service[76984]: DEBUG glance.api.middleware.version_negotiation [None req-930064d2-407f-4e24-81d2-2ea920a0c5d7 admin admin] Using url versioning {{(pid=76984) process_request /opt/stack/glance/glance/api/middleware/version_negotiation.py:57}}
Oct 20 18:05:51 user devstack@g-api.service[76984]: DEBUG glance.api.middleware.version_negotiation [None req-930064d2-407f-4e24-81d2-2ea920a0c5d7 admin admin] Matched version: v2 {{(pid=76984) process_request /opt/stack/glance/glance/api/middleware/version_negotiation.py:69}}
Oct 20 18:05:51 user devstack@g-api.service[76984]: DEBUG glance.api.middleware.version_negotiation [None req-930064d2-407f-4e24-81d2-2ea920a0c5d7 admin admin] new path /v2/images/eaa6d842-3abb-4a80-92cd-b9a50e121c9f {{(pid=76984) process_request /opt/stack/glance/glance/api/middleware/version_negotiation.py:70}}
Oct 20 18:05:51 user devstack@g-api.service[76984]: WARNING keystonemiddleware.auth_token [None req-930064d2-407f-4e24-81d2-2ea920a0c5d7 admin admin] A valid token was submitted as a service token, but it was not a valid service token. This is incorrect but backwards compatible behaviour. This will be removed in future releases.
Oct 20 18:05:51 user devstack@g-api.service[76984]: [pid: 76984|app: 0|req: 3/9] 127.0.0.1 () {42 vars in 1041 bytes} [Fri Oct 20 18:05:51 2023] GET /v2/images/eaa6d842-3abb-4a80-92cd-b9a50e121c9f => generated 976 bytes in 39 msecs (HTTP/1.1 200) 4 headers in 157 bytes (1 switches on core 0)
Oct 20 18:05:51 user devstack@g-api.service[76983]: DEBUG glance.api.middleware.version_negotiation [None req-e5564b12-934d-4861-9137-e49c9b3ba507 admin admin] Determining version of request: GET /v2/schemas/image Accept: */* {{(pid=76983) process_request /opt/stack/glance/glance/api/middleware/version_negotiation.py:44}}
Oct 20 18:05:51 user devstack@g-api.service[76983]: DEBUG glance.api.middleware.version_negotiation [None req-e5564b12-934d-4861-9137-e49c9b3ba507 admin admin] Using url versioning {{(pid=76983) process_request /opt/stack/glance/glance/api/middleware/version_negotiation.py:57}}
Oct 20 18:05:51 user devstack@g-api.service[76983]: DEBUG glance.api.middleware.version_negotiation [None req-e5564b12-934d-4861-9137-e49c9b3ba507 admin admin] Matched version: v2 {{(pid=76983) process_request /opt/stack/glance/glance/api/middleware/version_negotiation.py:69}}
Oct 20 18:05:51 user devstack@g-api.service[76983]: DEBUG glance.api.middleware.version_negotiation [None req-e5564b12-934d-4861-9137-e49c9b3ba507 admin admin] new path /v2/schemas/image {{(pid=76983) process_request /opt/stack/glance/glance/api/middleware/version_negotiation.py:70}}
Oct 20 18:05:51 user devstack@g-api.service[76983]: WARNING keystonemiddleware.auth_token [None req-e5564b12-934d-4861-9137-e49c9b3ba507 admin admin] A valid token was submitted as a service token, but it was not a valid service token. This is incorrect but backwards compatible behaviour. This will be removed in future releases.
Oct 20 18:05:51 user devstack@g-api.service[76983]: [pid: 76983|app: 0|req: 3/10] 127.0.0.1 () {42 vars in 981 bytes} [Fri Oct 20 18:05:51 2023] GET /v2/schemas/image => generated 6083 bytes in 9 msecs (HTTP/1.1 200) 4 headers in 158 bytes (1 switches on core 0)
Oct 20 18:05:52 user devstack@g-api.service[76982]: DEBUG glance.api.middleware.version_negotiation [None req-9254c83b-9850-43da-a1f4-3bc98b9594fe None None] Determining version of request: GET / Accept: application/json {{(pid=76982) process_request /opt/stack/glance/glance/api/middleware/version_negotiation.py:44}}
Oct 20 18:05:52 user devstack@g-api.service[76982]: DEBUG glance.api.middleware.version_negotiation [None req-9254c83b-9850-43da-a1f4-3bc98b9594fe None None] Using url versioning {{(pid=76982) process_request /opt/stack/glance/glance/api/middleware/version_negotiation.py:57}}
Oct 20 18:05:52 user devstack@g-api.service[76982]: DEBUG glance.api.middleware.version_negotiation [None req-9254c83b-9850-43da-a1f4-3bc98b9594fe None None] Unknown version. Returning version choices. {{(pid=76982) process_request /opt/stack/glance/glance/api/middleware/version_negotiation.py:64}}
Oct 20 18:05:52 user devstack@g-api.service[76982]: [pid: 76982|app: 0|req: 5/11] 127.0.0.1 () {34 vars in 485 bytes} [Fri Oct 20 18:05:52 2023] GET / => generated 1287 bytes in 2 msecs (HTTP/1.1 300) 3 headers in 106 bytes (1 switches on core 0)
Oct 20 18:05:52 user devstack@g-api.service[76984]: DEBUG glance.api.middleware.version_negotiation [None req-9dd589b1-8e90-45a1-b074-c24419b11cdc tempest-DeleteServersTestJSON-1800105009 tempest-DeleteServersTestJSON-1800105009-project-member] Determining version of request: GET /v2/images/eaa6d842-3abb-4a80-92cd-b9a50e121c9f Accept: */* {{(pid=76984) process_request /opt/stack/glance/glance/api/middleware/version_negotiation.py:44}}
Oct 20 18:05:52 user devstack@g-api.service[76984]: DEBUG glance.api.middleware.version_negotiation [None req-9dd589b1-8e90-45a1-b074-c24419b11cdc tempest-DeleteServersTestJSON-1800105009 tempest-DeleteServersTestJSON-1800105009-project-member] Using url versioning {{(pid=76984) process_request /opt/stack/glance/glance/api/middleware/version_negotiation.py:57}}
Oct 20 18:05:52 user devstack@g-api.service[76984]: DEBUG glance.api.middleware.version_negotiation [None req-9dd589b1-8e90-45a1-b074-c24419b11cdc tempest-DeleteServersTestJSON-1800105009 tempest-DeleteServersTestJSON-1800105009-project-member] Matched version: v2 {{(pid=76984) process_request /opt/stack/glance/glance/api/middleware/version_negotiation.py:69}}
Oct 20 18:05:52 user devstack@g-api.service[76984]: DEBUG glance.api.middleware.version_negotiation [None req-9dd589b1-8e90-45a1-b074-c24419b11cdc tempest-DeleteServersTestJSON-1800105009 tempest-DeleteServersTestJSON-1800105009-project-member] new path /v2/images/eaa6d842-3abb-4a80-92cd-b9a50e121c9f {{(pid=76984) process_request /opt/stack/glance/glance/api/middleware/version_negotiation.py:70}}
Oct 20 18:05:53 user devstack@g-api.service[76984]: [pid: 76984|app: 0|req: 4/12] 127.0.0.1 () {42 vars in 1041 bytes} [Fri Oct 20 18:05:52 2023] GET /v2/images/eaa6d842-3abb-4a80-92cd-b9a50e121c9f => generated 976 bytes in 27 msecs (HTTP/1.1 200) 4 headers in 157 bytes (1 switches on core 0)
Oct 20 18:05:53 user devstack@g-api.service[76983]: DEBUG glance.api.middleware.version_negotiation [None req-9dd589b1-8e90-45a1-b074-c24419b11cdc tempest-DeleteServersTestJSON-1800105009 tempest-DeleteServersTestJSON-1800105009-project-member] Determining version of request: GET /v2/schemas/image Accept: */* {{(pid=76983) process_request /opt/stack/glance/glance/api/middleware/version_negotiation.py:44}}
Oct 20 18:05:53 user devstack@g-api.service[76983]: DEBUG glance.api.middleware.version_negotiation [None req-9dd589b1-8e90-45a1-b074-c24419b11cdc tempest-DeleteServersTestJSON-1800105009 tempest-DeleteServersTestJSON-1800105009-project-member] Using url versioning {{(pid=76983) process_request /opt/stack/glance/glance/api/middleware/version_negotiation.py:57}}
Oct 20 18:05:53 user devstack@g-api.service[76983]: DEBUG glance.api.middleware.version_negotiation [None req-9dd589b1-8e90-45a1-b074-c24419b11cdc tempest-DeleteServersTestJSON-1800105009 tempest-DeleteServersTestJSON-1800105009-project-member] Matched version: v2 {{(pid=76983) process_request /opt/stack/glance/glance/api/middleware/version_negotiation.py:69}}
Oct 20 18:05:53 user devstack@g-api.service[76983]: DEBUG glance.api.middleware.version_negotiation [None req-9dd589b1-8e90-45a1-b074-c24419b11cdc tempest-DeleteServersTestJSON-1800105009 tempest-DeleteServersTestJSON-1800105009-project-member] new path /v2/schemas/image {{(pid=76983) process_request /opt/stack/glance/glance/api/middleware/version_negotiation.py:70}}
Oct 20 18:05:53 user devstack@g-api.service[76983]: [pid: 76983|app: 0|req: 4/13] 127.0.0.1 () {42 vars in 981 bytes} [Fri Oct 20 18:05:53 2023] GET /v2/schemas/image => generated 6083 bytes in 6 msecs (HTTP/1.1 200) 4 headers in 158 bytes (1 switches on core 0)
Oct 20 18:05:55 user devstack@g-api.service[76982]: DEBUG glance.api.middleware.version_negotiation [None req-9254c83b-9850-43da-a1f4-3bc98b9594fe None None] Determining version of request: GET / Accept: application/json {{(pid=76982) process_request /opt/stack/glance/glance/api/middleware/version_negotiation.py:44}}
Oct 20 18:05:55 user devstack@g-api.service[76982]: DEBUG glance.api.middleware.version_negotiation [None req-9254c83b-9850-43da-a1f4-3bc98b9594fe None None] Using url versioning {{(pid=76982) process_request /opt/stack/glance/glance/api/middleware/version_negotiation.py:57}}
Oct 20 18:05:55 user devstack@g-api.service[76982]: DEBUG glance.api.middleware.version_negotiation [None req-9254c83b-9850-43da-a1f4-3bc98b9594fe None None] Unknown version. Returning version choices. {{(pid=76982) process_request /opt/stack/glance/glance/api/middleware/version_negotiation.py:64}}
Oct 20 18:05:55 user devstack@g-api.service[76982]: [pid: 76982|app: 0|req: 6/14] 127.0.0.1 () {34 vars in 485 bytes} [Fri Oct 20 18:05:55 2023] GET / => generated 1287 bytes in 6 msecs (HTTP/1.1 300) 3 headers in 106 bytes (1 switches on core 0)
Oct 20 18:05:55 user devstack@g-api.service[76984]: DEBUG glance.api.middleware.version_negotiation [None req-511f2dd6-37e2-43d0-a4b1-ffbb9ada1c23 tempest-ServerBootFromVolumeStableRescueTest-481267461 tempest-ServerBootFromVolumeStableRescueTest-481267461-project-member] Determining version of request: GET /v2/images/eaa6d842-3abb-4a80-92cd-b9a50e121c9f Accept: */* {{(pid=76984) process_request /opt/stack/glance/glance/api/middleware/version_negotiation.py:44}}
Oct 20 18:05:55 user devstack@g-api.service[76984]: DEBUG glance.api.middleware.version_negotiation [None req-511f2dd6-37e2-43d0-a4b1-ffbb9ada1c23 tempest-ServerBootFromVolumeStableRescueTest-481267461 tempest-ServerBootFromVolumeStableRescueTest-481267461-project-member] Using url versioning {{(pid=76984) process_request /opt/stack/glance/glance/api/middleware/version_negotiation.py:57}}
Oct 20 18:05:55 user devstack@g-api.service[76984]: DEBUG glance.api.middleware.version_negotiation [None req-511f2dd6-37e2-43d0-a4b1-ffbb9ada1c23 tempest-ServerBootFromVolumeStableRescueTest-481267461 tempest-ServerBootFromVolumeStableRescueTest-481267461-project-member] Matched version: v2 {{(pid=76984) process_request /opt/stack/glance/glance/api/middleware/version_negotiation.py:69}}
Oct 20 18:05:55 user devstack@g-api.service[76984]: DEBUG glance.api.middleware.version_negotiation [None req-511f2dd6-37e2-43d0-a4b1-ffbb9ada1c23 tempest-ServerBootFromVolumeStableRescueTest-481267461 tempest-ServerBootFromVolumeStableRescueTest-481267461-project-member] new path /v2/images/eaa6d842-3abb-4a80-92cd-b9a50e121c9f {{(pid=76984) process_request /opt/stack/glance/glance/api/middleware/version_negotiation.py:70}}
Oct 20 18:05:55 user devstack@g-api.service[76984]: [pid: 76984|app: 0|req: 5/15] 127.0.0.1 () {42 vars in 1041 bytes} [Fri Oct 20 18:05:55 2023] GET /v2/images/eaa6d842-3abb-4a80-92cd-b9a50e121c9f => generated 976 bytes in 35 msecs (HTTP/1.1 200) 4 headers in 157 bytes (1 switches on core 0)
Oct 20 18:05:55 user devstack@g-api.service[76983]: DEBUG glance.api.middleware.version_negotiation [None req-511f2dd6-37e2-43d0-a4b1-ffbb9ada1c23 tempest-ServerBootFromVolumeStableRescueTest-481267461 tempest-ServerBootFromVolumeStableRescueTest-481267461-project-member] Determining version of request: GET /v2/schemas/image Accept: */* {{(pid=76983) process_request /opt/stack/glance/glance/api/middleware/version_negotiation.py:44}}
Oct 20 18:05:55 user devstack@g-api.service[76983]: DEBUG glance.api.middleware.version_negotiation [None req-511f2dd6-37e2-43d0-a4b1-ffbb9ada1c23 tempest-ServerBootFromVolumeStableRescueTest-481267461 tempest-ServerBootFromVolumeStableRescueTest-481267461-project-member] Using url versioning {{(pid=76983) process_request /opt/stack/glance/glance/api/middleware/version_negotiation.py:57}}
Oct 20 18:05:55 user devstack@g-api.service[76983]: DEBUG glance.api.middleware.version_negotiation [None req-511f2dd6-37e2-43d0-a4b1-ffbb9ada1c23 tempest-ServerBootFromVolumeStableRescueTest-481267461 tempest-ServerBootFromVolumeStableRescueTest-481267461-project-member] Matched version: v2 {{(pid=76983) process_request /opt/stack/glance/glance/api/middleware/version_negotiation.py:69}}
Oct 20 18:05:55 user devstack@g-api.service[76983]: DEBUG glance.api.middleware.version_negotiation [None req-511f2dd6-37e2-43d0-a4b1-ffbb9ada1c23 tempest-ServerBootFromVolumeStableRescueTest-481267461 tempest-ServerBootFromVolumeStableRescueTest-481267461-project-member] new path /v2/schemas/image {{(pid=76983) process_request /opt/stack/glance/glance/api/middleware/version_negotiation.py:70}}
Oct 20 18:05:55 user devstack@g-api.service[76983]: [pid: 76983|app: 0|req: 5/16] 127.0.0.1 () {42 vars in 981 bytes} [Fri Oct 20 18:05:55 2023] GET /v2/schemas/image => generated 6083 bytes in 6 msecs (HTTP/1.1 200) 4 headers in 158 bytes (1 switches on core 0)
Oct 20 18:05:55 user devstack@g-api.service[76982]: DEBUG glance.api.middleware.version_negotiation [None req-9254c83b-9850-43da-a1f4-3bc98b9594fe None None] Determining version of request: GET /v2/images/eaa6d842-3abb-4a80-92cd-b9a50e121c9f Accept: */* {{(pid=76982) process_request /opt/stack/glance/glance/api/middleware/version_negotiation.py:44}}
Oct 20 18:05:55 user devstack@g-api.service[76982]: DEBUG glance.api.middleware.version_negotiation [None req-9254c83b-9850-43da-a1f4-3bc98b9594fe None None] Using url versioning {{(pid=76982) process_request /opt/stack/glance/glance/api/middleware/version_negotiation.py:57}}
Oct 20 18:05:55 user devstack@g-api.service[76982]: DEBUG glance.api.middleware.version_negotiation [None req-9254c83b-9850-43da-a1f4-3bc98b9594fe None None] Matched version: v2 {{(pid=76982) process_request /opt/stack/glance/glance/api/middleware/version_negotiation.py:69}}
Oct 20 18:05:55 user devstack@g-api.service[76982]: DEBUG glance.api.middleware.version_negotiation [None req-9254c83b-9850-43da-a1f4-3bc98b9594fe None None] new path /v2/images/eaa6d842-3abb-4a80-92cd-b9a50e121c9f {{(pid=76982) process_request /opt/stack/glance/glance/api/middleware/version_negotiation.py:70}}
Oct 20 18:05:55 user devstack@g-api.service[76982]: WARNING keystonemiddleware.auth_token [None req-9254c83b-9850-43da-a1f4-3bc98b9594fe None None] A valid token was submitted as a service token, but it was not a valid service token. This is incorrect but backwards compatible behaviour. This will be removed in future releases.
Oct 20 18:05:55 user devstack@g-api.service[76982]: INFO dbcounter [None req-9dd589b1-8e90-45a1-b074-c24419b11cdc tempest-DeleteServersTestJSON-1800105009 tempest-DeleteServersTestJSON-1800105009-project-member] Registered counter for database glance
Oct 20 18:05:55 user devstack@g-api.service[76982]: DEBUG oslo_db.sqlalchemy.engines [None req-9dd589b1-8e90-45a1-b074-c24419b11cdc tempest-DeleteServersTestJSON-1800105009 tempest-DeleteServersTestJSON-1800105009-project-member] MySQL server mode set to STRICT_TRANS_TABLES,STRICT_ALL_TABLES,NO_ZERO_IN_DATE,NO_ZERO_DATE,ERROR_FOR_DIVISION_BY_ZERO,TRADITIONAL,NO_ENGINE_SUBSTITUTION {{(pid=76982) _check_effective_sql_mode /opt/stack/data/venv/lib/python3.10/site-packages/oslo_db/sqlalchemy/engines.py:342}}
Oct 20 18:05:55 user devstack@g-api.service[76982]: DEBUG dbcounter [-] [76982] Writer thread running {{(pid=76982) stat_writer /opt/stack/data/venv/lib/python3.10/site-packages/dbcounter.py:102}}
Oct 20 18:05:56 user devstack@g-api.service[76982]: [pid: 76982|app: 0|req: 7/17] 127.0.0.1 () {42 vars in 1041 bytes} [Fri Oct 20 18:05:55 2023] GET /v2/images/eaa6d842-3abb-4a80-92cd-b9a50e121c9f => generated 976 bytes in 301 msecs (HTTP/1.1 200) 4 headers in 157 bytes (1 switches on core 0)
Oct 20 18:05:56 user devstack@g-api.service[76984]: DEBUG glance.api.middleware.version_negotiation [None req-eb4a79ae-7518-4c5c-a5de-34032dfcc951 tempest-AttachVolumeTestJSON-1002715263 tempest-AttachVolumeTestJSON-1002715263-project-member] Determining version of request: GET /v2/images/eaa6d842-3abb-4a80-92cd-b9a50e121c9f Accept: */* {{(pid=76984) process_request /opt/stack/glance/glance/api/middleware/version_negotiation.py:44}}
Oct 20 18:05:56 user devstack@g-api.service[76984]: DEBUG glance.api.middleware.version_negotiation [None req-eb4a79ae-7518-4c5c-a5de-34032dfcc951 tempest-AttachVolumeTestJSON-1002715263 tempest-AttachVolumeTestJSON-1002715263-project-member] Using url versioning {{(pid=76984) process_request /opt/stack/glance/glance/api/middleware/version_negotiation.py:57}}
Oct 20 18:05:56 user devstack@g-api.service[76984]: DEBUG glance.api.middleware.version_negotiation [None req-eb4a79ae-7518-4c5c-a5de-34032dfcc951 tempest-AttachVolumeTestJSON-1002715263 tempest-AttachVolumeTestJSON-1002715263-project-member] Matched version: v2 {{(pid=76984) process_request /opt/stack/glance/glance/api/middleware/version_negotiation.py:69}}
Oct 20 18:05:56 user devstack@g-api.service[76984]: DEBUG glance.api.middleware.version_negotiation [None req-eb4a79ae-7518-4c5c-a5de-34032dfcc951 tempest-AttachVolumeTestJSON-1002715263 tempest-AttachVolumeTestJSON-1002715263-project-member] new path /v2/images/eaa6d842-3abb-4a80-92cd-b9a50e121c9f {{(pid=76984) process_request /opt/stack/glance/glance/api/middleware/version_negotiation.py:70}}
Oct 20 18:05:56 user devstack@g-api.service[76983]: DEBUG glance.api.middleware.version_negotiation [None req-eb4a79ae-7518-4c5c-a5de-34032dfcc951 tempest-AttachVolumeTestJSON-1002715263 tempest-AttachVolumeTestJSON-1002715263-project-member] Determining version of request: GET /v2/images/eaa6d842-3abb-4a80-92cd-b9a50e121c9f/file Accept: */* {{(pid=76983) process_request /opt/stack/glance/glance/api/middleware/version_negotiation.py:44}}
Oct 20 18:05:56 user devstack@g-api.service[76983]: DEBUG glance.api.middleware.version_negotiation [None req-eb4a79ae-7518-4c5c-a5de-34032dfcc951 tempest-AttachVolumeTestJSON-1002715263 tempest-AttachVolumeTestJSON-1002715263-project-member] Using url versioning {{(pid=76983) process_request /opt/stack/glance/glance/api/middleware/version_negotiation.py:57}}
Oct 20 18:05:56 user devstack@g-api.service[76983]: DEBUG glance.api.middleware.version_negotiation [None req-eb4a79ae-7518-4c5c-a5de-34032dfcc951 tempest-AttachVolumeTestJSON-1002715263 tempest-AttachVolumeTestJSON-1002715263-project-member] Matched version: v2 {{(pid=76983) process_request /opt/stack/glance/glance/api/middleware/version_negotiation.py:69}}
Oct 20 18:05:56 user devstack@g-api.service[76983]: DEBUG glance.api.middleware.version_negotiation [None req-eb4a79ae-7518-4c5c-a5de-34032dfcc951 tempest-AttachVolumeTestJSON-1002715263 tempest-AttachVolumeTestJSON-1002715263-project-member] new path /v2/images/eaa6d842-3abb-4a80-92cd-b9a50e121c9f/file {{(pid=76983) process_request /opt/stack/glance/glance/api/middleware/version_negotiation.py:70}}
Oct 20 18:05:56 user devstack@g-api.service[76984]: [pid: 76984|app: 0|req: 6/18] 127.0.0.1 () {42 vars in 1041 bytes} [Fri Oct 20 18:05:56 2023] GET /v2/images/eaa6d842-3abb-4a80-92cd-b9a50e121c9f => generated 976 bytes in 29 msecs (HTTP/1.1 200) 4 headers in 157 bytes (1 switches on core 0)
Oct 20 18:05:56 user devstack@g-api.service[76983]: DEBUG glance_store._drivers.filesystem [None req-9dd589b1-8e90-45a1-b074-c24419b11cdc tempest-DeleteServersTestJSON-1800105009 tempest-DeleteServersTestJSON-1800105009-project-member] Found image at /opt/stack/data/glance/images/eaa6d842-3abb-4a80-92cd-b9a50e121c9f. Returning in ChunkedFile. {{(pid=76983) get /opt/stack/data/venv/lib/python3.10/site-packages/glance_store/_drivers/filesystem.py:614}}
Oct 20 18:05:56 user devstack@g-api.service[76982]: DEBUG glance.api.middleware.version_negotiation [None req-9dd589b1-8e90-45a1-b074-c24419b11cdc tempest-DeleteServersTestJSON-1800105009 tempest-DeleteServersTestJSON-1800105009-project-member] Determining version of request: GET /v2/schemas/image Accept: */* {{(pid=76982) process_request /opt/stack/glance/glance/api/middleware/version_negotiation.py:44}}
Oct 20 18:05:56 user devstack@g-api.service[76982]: DEBUG glance.api.middleware.version_negotiation [None req-9dd589b1-8e90-45a1-b074-c24419b11cdc tempest-DeleteServersTestJSON-1800105009 tempest-DeleteServersTestJSON-1800105009-project-member] Using url versioning {{(pid=76982) process_request /opt/stack/glance/glance/api/middleware/version_negotiation.py:57}}
Oct 20 18:05:56 user devstack@g-api.service[76982]: DEBUG glance.api.middleware.version_negotiation [None req-9dd589b1-8e90-45a1-b074-c24419b11cdc tempest-DeleteServersTestJSON-1800105009 tempest-DeleteServersTestJSON-1800105009-project-member] Matched version: v2 {{(pid=76982) process_request /opt/stack/glance/glance/api/middleware/version_negotiation.py:69}}
Oct 20 18:05:56 user devstack@g-api.service[76982]: DEBUG glance.api.middleware.version_negotiation [None req-9dd589b1-8e90-45a1-b074-c24419b11cdc tempest-DeleteServersTestJSON-1800105009 tempest-DeleteServersTestJSON-1800105009-project-member] new path /v2/schemas/image {{(pid=76982) process_request /opt/stack/glance/glance/api/middleware/version_negotiation.py:70}}
Oct 20 18:05:56 user devstack@g-api.service[76982]: [pid: 76982|app: 0|req: 8/19] 127.0.0.1 () {42 vars in 981 bytes} [Fri Oct 20 18:05:56 2023] GET /v2/schemas/image => generated 6083 bytes in 10 msecs (HTTP/1.1 200) 4 headers in 158 bytes (1 switches on core 0)
Oct 20 18:05:56 user devstack@g-api.service[76983]: DEBUG glance.image_cache [None req-9dd589b1-8e90-45a1-b074-c24419b11cdc tempest-DeleteServersTestJSON-1800105009 tempest-DeleteServersTestJSON-1800105009-project-member] Tee'ing image 'eaa6d842-3abb-4a80-92cd-b9a50e121c9f' into cache {{(pid=76983) get_caching_iter /opt/stack/glance/glance/image_cache/__init__.py:343}}
Oct 20 18:05:56 user devstack@g-api.service[76983]: DEBUG glance.image_cache.drivers.sqlite [None req-9dd589b1-8e90-45a1-b074-c24419b11cdc tempest-DeleteServersTestJSON-1800105009 tempest-DeleteServersTestJSON-1800105009-project-member] Fetch finished, moving '/opt/stack/data/glance/cache/incomplete/eaa6d842-3abb-4a80-92cd-b9a50e121c9f' to '/opt/stack/data/glance/cache/eaa6d842-3abb-4a80-92cd-b9a50e121c9f' {{(pid=76983) commit /opt/stack/glance/glance/image_cache/drivers/sqlite.py:324}}
Oct 20 18:05:56 user devstack@g-api.service[76983]: [pid: 76983|app: 0|req: 6/20] 127.0.0.1 () {42 vars in 1051 bytes} [Fri Oct 20 18:05:56 2023] GET /v2/images/eaa6d842-3abb-4a80-92cd-b9a50e121c9f/file => generated 21430272 bytes in 264 msecs (HTTP/1.1 200) 4 headers in 191 bytes (327 switches on core 0)
Oct 20 18:06:05 user devstack@g-api.service[76984]: DEBUG glance.api.middleware.version_negotiation [None req-65e41374-dd67-476d-ac1a-06912a75b7f4 tempest-ServerStableDeviceRescueTest-2000827243 tempest-ServerStableDeviceRescueTest-2000827243-project-member] Determining version of request: GET /v2/images/eaa6d842-3abb-4a80-92cd-b9a50e121c9f Accept: application/json {{(pid=76984) process_request /opt/stack/glance/glance/api/middleware/version_negotiation.py:44}}
Oct 20 18:06:05 user devstack@g-api.service[76984]: DEBUG glance.api.middleware.version_negotiation [None req-65e41374-dd67-476d-ac1a-06912a75b7f4 tempest-ServerStableDeviceRescueTest-2000827243 tempest-ServerStableDeviceRescueTest-2000827243-project-member] Using url versioning {{(pid=76984) process_request /opt/stack/glance/glance/api/middleware/version_negotiation.py:57}}
Oct 20 18:06:05 user devstack@g-api.service[76984]: DEBUG glance.api.middleware.version_negotiation [None req-65e41374-dd67-476d-ac1a-06912a75b7f4 tempest-ServerStableDeviceRescueTest-2000827243 tempest-ServerStableDeviceRescueTest-2000827243-project-member] Matched version: v2 {{(pid=76984) process_request /opt/stack/glance/glance/api/middleware/version_negotiation.py:69}}
Oct 20 18:06:05 user devstack@g-api.service[76984]: DEBUG glance.api.middleware.version_negotiation [None req-65e41374-dd67-476d-ac1a-06912a75b7f4 tempest-ServerStableDeviceRescueTest-2000827243 tempest-ServerStableDeviceRescueTest-2000827243-project-member] new path /v2/images/eaa6d842-3abb-4a80-92cd-b9a50e121c9f {{(pid=76984) process_request /opt/stack/glance/glance/api/middleware/version_negotiation.py:70}}
Oct 20 18:06:05 user devstack@g-api.service[76984]: [pid: 76984|app: 0|req: 7/21] 127.0.0.1 () {38 vars in 766 bytes} [Fri Oct 20 18:06:05 2023] GET /v2/images/eaa6d842-3abb-4a80-92cd-b9a50e121c9f => generated 976 bytes in 123 msecs (HTTP/1.1 200) 4 headers in 157 bytes (1 switches on core 0)
Oct 20 18:06:05 user devstack@g-api.service[76982]: DEBUG glance.api.middleware.version_negotiation [None req-65e41374-dd67-476d-ac1a-06912a75b7f4 tempest-ServerStableDeviceRescueTest-2000827243 tempest-ServerStableDeviceRescueTest-2000827243-project-member] Determining version of request: GET /v2/images/eaa6d842-3abb-4a80-92cd-b9a50e121c9f/file Accept: application/json {{(pid=76982) process_request /opt/stack/glance/glance/api/middleware/version_negotiation.py:44}}
Oct 20 18:06:05 user devstack@g-api.service[76982]: DEBUG glance.api.middleware.version_negotiation [None req-65e41374-dd67-476d-ac1a-06912a75b7f4 tempest-ServerStableDeviceRescueTest-2000827243 tempest-ServerStableDeviceRescueTest-2000827243-project-member] Using url versioning {{(pid=76982) process_request /opt/stack/glance/glance/api/middleware/version_negotiation.py:57}}
Oct 20 18:06:05 user devstack@g-api.service[76982]: DEBUG glance.api.middleware.version_negotiation [None req-65e41374-dd67-476d-ac1a-06912a75b7f4 tempest-ServerStableDeviceRescueTest-2000827243 tempest-ServerStableDeviceRescueTest-2000827243-project-member] Matched version: v2 {{(pid=76982) process_request /opt/stack/glance/glance/api/middleware/version_negotiation.py:69}}
Oct 20 18:06:05 user devstack@g-api.service[76982]: DEBUG glance.api.middleware.version_negotiation [None req-65e41374-dd67-476d-ac1a-06912a75b7f4 tempest-ServerStableDeviceRescueTest-2000827243 tempest-ServerStableDeviceRescueTest-2000827243-project-member] new path /v2/images/eaa6d842-3abb-4a80-92cd-b9a50e121c9f/file {{(pid=76982) process_request /opt/stack/glance/glance/api/middleware/version_negotiation.py:70}}
Oct 20 18:06:05 user devstack@g-api.service[76982]: DEBUG glance.api.middleware.cache [None req-5f7eb5bf-9aa0-4404-9453-0460304c714a tempest-AttachSCSIVolumeTestJSON-720431057 tempest-AttachSCSIVolumeTestJSON-720431057-project-admin] Cache hit for image 'eaa6d842-3abb-4a80-92cd-b9a50e121c9f' {{(pid=76982) process_request /opt/stack/glance/glance/api/middleware/cache.py:160}}
Oct 20 18:06:05 user devstack@g-api.service[76983]: DEBUG glance.api.middleware.version_negotiation [None req-9dd589b1-8e90-45a1-b074-c24419b11cdc tempest-DeleteServersTestJSON-1800105009 tempest-DeleteServersTestJSON-1800105009-project-member] Determining version of request: POST /v2/images Accept: application/json {{(pid=76983) process_request /opt/stack/glance/glance/api/middleware/version_negotiation.py:44}}
Oct 20 18:06:05 user devstack@g-api.service[76983]: DEBUG glance.api.middleware.version_negotiation [None req-9dd589b1-8e90-45a1-b074-c24419b11cdc tempest-DeleteServersTestJSON-1800105009 tempest-DeleteServersTestJSON-1800105009-project-member] Using url versioning {{(pid=76983) process_request /opt/stack/glance/glance/api/middleware/version_negotiation.py:57}}
Oct 20 18:06:05 user devstack@g-api.service[76983]: DEBUG glance.api.middleware.version_negotiation [None req-9dd589b1-8e90-45a1-b074-c24419b11cdc tempest-DeleteServersTestJSON-1800105009 tempest-DeleteServersTestJSON-1800105009-project-member] Matched version: v2 {{(pid=76983) process_request /opt/stack/glance/glance/api/middleware/version_negotiation.py:69}}
Oct 20 18:06:05 user devstack@g-api.service[76983]: DEBUG glance.api.middleware.version_negotiation [None req-9dd589b1-8e90-45a1-b074-c24419b11cdc tempest-DeleteServersTestJSON-1800105009 tempest-DeleteServersTestJSON-1800105009-project-member] new path /v2/images {{(pid=76983) process_request /opt/stack/glance/glance/api/middleware/version_negotiation.py:70}}
Oct 20 18:06:06 user devstack@g-api.service[76983]: DEBUG dbcounter [-] [76983] Writing DB stats glance:SELECT=8 {{(pid=76983) stat_writer /opt/stack/data/venv/lib/python3.10/site-packages/dbcounter.py:115}}
Oct 20 18:06:06 user devstack@g-api.service[76983]: [pid: 76983|app: 0|req: 7/22] 127.0.0.1 () {40 vars in 714 bytes} [Fri Oct 20 18:06:05 2023] POST /v2/images => generated 690 bytes in 987 msecs (HTTP/1.1 201) 6 headers in 314 bytes (1 switches on core 0)
Oct 20 18:06:06 user devstack@g-api.service[76984]: DEBUG glance.api.middleware.version_negotiation [None req-3b10c939-cc65-48bf-ac31-f483cd75ca72 tempest-AttachSCSIVolumeTestJSON-720431057 tempest-AttachSCSIVolumeTestJSON-720431057-project-admin] Determining version of request: PUT /v2/images/c792114a-c399-4789-9f03-1112e46d2c68/file Accept: {{(pid=76984) process_request /opt/stack/glance/glance/api/middleware/version_negotiation.py:44}}
Oct 20 18:06:06 user devstack@g-api.service[76984]: DEBUG glance.api.middleware.version_negotiation [None req-3b10c939-cc65-48bf-ac31-f483cd75ca72 tempest-AttachSCSIVolumeTestJSON-720431057 tempest-AttachSCSIVolumeTestJSON-720431057-project-admin] Using url versioning {{(pid=76984) process_request /opt/stack/glance/glance/api/middleware/version_negotiation.py:57}}
Oct 20 18:06:06 user devstack@g-api.service[76984]: DEBUG glance.api.middleware.version_negotiation [None req-3b10c939-cc65-48bf-ac31-f483cd75ca72 tempest-AttachSCSIVolumeTestJSON-720431057 tempest-AttachSCSIVolumeTestJSON-720431057-project-admin] Matched version: v2 {{(pid=76984) process_request /opt/stack/glance/glance/api/middleware/version_negotiation.py:69}}
Oct 20 18:06:06 user devstack@g-api.service[76984]: DEBUG glance.api.middleware.version_negotiation [None req-3b10c939-cc65-48bf-ac31-f483cd75ca72 tempest-AttachSCSIVolumeTestJSON-720431057 tempest-AttachSCSIVolumeTestJSON-720431057-project-admin] new path /v2/images/c792114a-c399-4789-9f03-1112e46d2c68/file {{(pid=76984) process_request /opt/stack/glance/glance/api/middleware/version_negotiation.py:70}}
Oct 20 18:06:06 user devstack@g-api.service[76982]: [pid: 76982|app: 0|req: 9/23] 127.0.0.1 () {38 vars in 776 bytes} [Fri Oct 20 18:06:05 2023] GET /v2/images/eaa6d842-3abb-4a80-92cd-b9a50e121c9f/file => generated 21430272 bytes in 1116 msecs (HTTP/1.1 200) 5 headers in 217 bytes (334 switches on core 0)
