Oct 20 17:56:20 user devstack@keystone.service[45600]: DEBUG keystone.common.rbac_enforcer.enforcer [None req-8ad63b49-5b56-4916-812d-492589e4fbfc None admin] RBAC: Authorizing `identity:list_roles()` {{(pid=45600) enforce_call /opt/stack/keystone/keystone/common/rbac_enforcer/enforcer.py:449}}
Oct 20 17:56:20 user devstack@keystone.service[45600]: DEBUG keystone.common.rbac_enforcer.enforcer [None req-8ad63b49-5b56-4916-812d-492589e4fbfc None admin] RBAC: Authorization granted {{(pid=45600) enforce_call /opt/stack/keystone/keystone/common/rbac_enforcer/enforcer.py:457}}
Oct 20 17:56:20 user devstack@keystone.service[45600]: [pid: 45600|app: 0|req: 80/235] 10.0.0.210 () {56 vars in 1096 bytes} [Fri Oct 20 17:56:20 2023] GET /identity/v3/roles?name=reader => generated 339 bytes in 142 msecs (HTTP/1.1 200) 5 headers in 177 bytes (1 switches on core 0)
Oct 20 17:56:20 user devstack@keystone.service[45600]: DEBUG keystone.server.flask.request_processing.middleware.auth_context [None req-8ad63b49-5b56-4916-812d-492589e4fbfc None admin] Authenticating user token {{(pid=45600) process_request /opt/stack/data/venv/lib/python3.10/site-packages/keystonemiddleware/auth_token/__init__.py:406}}
Oct 20 17:56:20 user devstack@keystone.service[45599]: DEBUG keystone.server.flask.request_processing.middleware.auth_context [None req-66ce0a72-50fa-4f6e-a65b-051511e197b7 None admin] Validating token access rules against request {{(pid=45599) validate_allowed_request /opt/stack/data/venv/lib/python3.10/site-packages/keystonemiddleware/auth_token/__init__.py:544}}
Oct 20 17:56:20 user devstack@keystone.service[45599]: DEBUG keystone.server.flask.request_processing.middleware.auth_context [None req-f9407779-067f-4525-a4c5-7298c13edfdf None admin] RBAC: auth_context: {'token': , 'domain_id': None, 'trust_id': None, 'trustor_id': None, 'trustee_id': None, 'domain_name': None, 'group_ids': [], 'user_id': 'cdd85ba49e4a46288159cb5acfe6f0b8', 'user_domain_id': 'default', 'system_scope': 'all', 'project_id': None, 'project_domain_id': None, 'roles': ['admin', 'manager', 'member', 'reader'], 'is_admin_project': True, 'service_user_id': None, 'service_user_domain_id': None, 'service_project_id': None, 'service_project_domain_id': None, 'service_roles': []} {{(pid=45599) fill_context /opt/stack/keystone/keystone/server/flask/request_processing/middleware/auth_context.py:480}}
Oct 20 17:56:20 user devstack@keystone.service[45599]: DEBUG keystone.server.flask.request_processing.req_logging [None req-f9407779-067f-4525-a4c5-7298c13edfdf None admin] REQUEST_METHOD: `POST` {{(pid=45599) log_request_info /opt/stack/keystone/keystone/server/flask/request_processing/req_logging.py:27}}
Oct 20 17:56:20 user devstack@keystone.service[45599]: DEBUG keystone.server.flask.request_processing.req_logging [None req-f9407779-067f-4525-a4c5-7298c13edfdf None admin] SCRIPT_NAME: `/identity` {{(pid=45599) log_request_info /opt/stack/keystone/keystone/server/flask/request_processing/req_logging.py:28}}
Oct 20 17:56:20 user devstack@keystone.service[45599]: DEBUG keystone.server.flask.request_processing.req_logging [None req-f9407779-067f-4525-a4c5-7298c13edfdf None admin] PATH_INFO: `/v3/groups` {{(pid=45599) log_request_info /opt/stack/keystone/keystone/server/flask/request_processing/req_logging.py:29}}
Oct 20 17:56:20 user devstack@keystone.service[45599]: DEBUG keystone.common.rbac_enforcer.enforcer [None req-f9407779-067f-4525-a4c5-7298c13edfdf None admin] RBAC: Authorizing `identity:create_group()` {{(pid=45599) enforce_call /opt/stack/keystone/keystone/common/rbac_enforcer/enforcer.py:449}}
Oct 20 17:56:20 user devstack@keystone.service[45599]: DEBUG keystone.common.rbac_enforcer.enforcer [None req-f9407779-067f-4525-a4c5-7298c13edfdf None admin] RBAC: Authorization granted {{(pid=45599) enforce_call /opt/stack/keystone/keystone/common/rbac_enforcer/enforcer.py:457}}
Oct 20 17:56:20 user devstack@keystone.service[45600]: DEBUG keystone.server.flask.request_processing.middleware.auth_context [None req-8ad63b49-5b56-4916-812d-492589e4fbfc None admin] Validating token access rules against request {{(pid=45600) validate_allowed_request /opt/stack/data/venv/lib/python3.10/site-packages/keystonemiddleware/auth_token/__init__.py:544}}
Oct 20 17:56:20 user devstack@keystone.service[45599]: [pid: 45599|app: 0|req: 78/236] 10.0.0.210 () {60 vars in 1129 bytes} [Fri Oct 20 17:56:20 2023] POST /identity/v3/groups => generated 228 bytes in 173 msecs (HTTP/1.1 201) 5 headers in 182 bytes (1 switches on core 0)
Oct 20 17:56:20 user devstack@keystone.service[45601]: DEBUG keystone.server.flask.request_processing.middleware.auth_context [None req-49a99c25-01a0-4da8-a5bc-4b132309de38 None admin] Validating token access rules against request {{(pid=45601) validate_allowed_request /opt/stack/data/venv/lib/python3.10/site-packages/keystonemiddleware/auth_token/__init__.py:544}}
Oct 20 17:56:20 user devstack@keystone.service[45600]: DEBUG keystone.server.flask.request_processing.middleware.auth_context [None req-3457c27d-083d-41ea-b4d8-cf2622495c03 None admin] RBAC: auth_context: {'token': , 'domain_id': None, 'trust_id': None, 'trustor_id': None, 'trustee_id': None, 'domain_name': None, 'group_ids': [], 'user_id': 'cdd85ba49e4a46288159cb5acfe6f0b8', 'user_domain_id': 'default', 'system_scope': 'all', 'project_id': None, 'project_domain_id': None, 'roles': ['admin', 'manager', 'member', 'reader'], 'is_admin_project': True, 'service_user_id': None, 'service_user_domain_id': None, 'service_project_id': None, 'service_project_domain_id': None, 'service_roles': []} {{(pid=45600) fill_context /opt/stack/keystone/keystone/server/flask/request_processing/middleware/auth_context.py:480}}
Oct 20 17:56:20 user devstack@keystone.service[45600]: DEBUG keystone.server.flask.request_processing.req_logging [None req-3457c27d-083d-41ea-b4d8-cf2622495c03 None admin] REQUEST_METHOD: `GET` {{(pid=45600) log_request_info /opt/stack/keystone/keystone/server/flask/request_processing/req_logging.py:27}}
Oct 20 17:56:20 user devstack@keystone.service[45600]: DEBUG keystone.server.flask.request_processing.req_logging [None req-3457c27d-083d-41ea-b4d8-cf2622495c03 None admin] SCRIPT_NAME: `/identity` {{(pid=45600) log_request_info /opt/stack/keystone/keystone/server/flask/request_processing/req_logging.py:28}}
Oct 20 17:56:20 user devstack@keystone.service[45600]: DEBUG keystone.server.flask.request_processing.req_logging [None req-3457c27d-083d-41ea-b4d8-cf2622495c03 None admin] PATH_INFO: `/v3/users/7f0ef76095e6498aba448436191422a9` {{(pid=45600) log_request_info /opt/stack/keystone/keystone/server/flask/request_processing/req_logging.py:29}}
Oct 20 17:56:20 user devstack@keystone.service[45600]: DEBUG keystone.common.rbac_enforcer.enforcer [None req-3457c27d-083d-41ea-b4d8-cf2622495c03 None admin] RBAC: Authorizing `identity:get_user(user_id=7f0ef76095e6498aba448436191422a9)` {{(pid=45600) enforce_call /opt/stack/keystone/keystone/common/rbac_enforcer/enforcer.py:449}}
Oct 20 17:56:20 user devstack@keystone.service[45600]: DEBUG keystone.common.rbac_enforcer.enforcer [None req-3457c27d-083d-41ea-b4d8-cf2622495c03 None admin] RBAC: Authorization granted {{(pid=45600) enforce_call /opt/stack/keystone/keystone/common/rbac_enforcer/enforcer.py:457}}
Oct 20 17:56:20 user devstack@keystone.service[45600]: [pid: 45600|app: 0|req: 81/237] 10.0.0.210 () {56 vars in 1172 bytes} [Fri Oct 20 17:56:20 2023] GET /identity/v3/users/7f0ef76095e6498aba448436191422a9 => generated 292 bytes in 144 msecs (HTTP/1.1 200) 5 headers in 177 bytes (2 switches on core 0)
Oct 20 17:56:20 user devstack@keystone.service[45599]: DEBUG keystone.server.flask.request_processing.middleware.auth_context [None req-f9407779-067f-4525-a4c5-7298c13edfdf None admin] Authenticating user token {{(pid=45599) process_request /opt/stack/data/venv/lib/python3.10/site-packages/keystonemiddleware/auth_token/__init__.py:406}}
Oct 20 17:56:20 user devstack@keystone.service[45601]: DEBUG keystone.server.flask.request_processing.middleware.auth_context [None req-d608c303-f453-4857-944d-e6fd080bf042 None admin] RBAC: auth_context: {'token': , 'domain_id': None, 'trust_id': None, 'trustor_id': None, 'trustee_id': None, 'domain_name': None, 'group_ids': [], 'user_id': 'cdd85ba49e4a46288159cb5acfe6f0b8', 'user_domain_id': 'default', 'system_scope': 'all', 'project_id': None, 'project_domain_id': None, 'roles': ['admin', 'manager', 'member', 'reader'], 'is_admin_project': True, 'service_user_id': None, 'service_user_domain_id': None, 'service_project_id': None, 'service_project_domain_id': None, 'service_roles': []} {{(pid=45601) fill_context /opt/stack/keystone/keystone/server/flask/request_processing/middleware/auth_context.py:480}}
Oct 20 17:56:20 user devstack@keystone.service[45601]: DEBUG keystone.server.flask.request_processing.req_logging [None req-d608c303-f453-4857-944d-e6fd080bf042 None admin] REQUEST_METHOD: `GET` {{(pid=45601) log_request_info /opt/stack/keystone/keystone/server/flask/request_processing/req_logging.py:27}}
Oct 20 17:56:20 user devstack@keystone.service[45601]: DEBUG keystone.server.flask.request_processing.req_logging [None req-d608c303-f453-4857-944d-e6fd080bf042 None admin] SCRIPT_NAME: `/identity` {{(pid=45601) log_request_info /opt/stack/keystone/keystone/server/flask/request_processing/req_logging.py:28}}
Oct 20 17:56:20 user devstack@keystone.service[45601]: DEBUG keystone.server.flask.request_processing.req_logging [None req-d608c303-f453-4857-944d-e6fd080bf042 None admin] PATH_INFO: `/v3/roles` {{(pid=45601) log_request_info /opt/stack/keystone/keystone/server/flask/request_processing/req_logging.py:29}}
Oct 20 17:56:20 user devstack@keystone.service[45601]: DEBUG keystone.common.rbac_enforcer.enforcer [None req-d608c303-f453-4857-944d-e6fd080bf042 None admin] RBAC: Adding query filter params (name=member) {{(pid=45601) _extract_filter_values /opt/stack/keystone/keystone/common/rbac_enforcer/enforcer.py:167}}
Oct 20 17:56:20 user devstack@keystone.service[45601]: DEBUG keystone.common.rbac_enforcer.enforcer [None req-d608c303-f453-4857-944d-e6fd080bf042 None admin] RBAC: Authorizing `identity:list_roles()` {{(pid=45601) enforce_call /opt/stack/keystone/keystone/common/rbac_enforcer/enforcer.py:449}}
Oct 20 17:56:20 user devstack@keystone.service[45601]: DEBUG keystone.common.rbac_enforcer.enforcer [None req-d608c303-f453-4857-944d-e6fd080bf042 None admin] RBAC: Authorization granted {{(pid=45601) enforce_call /opt/stack/keystone/keystone/common/rbac_enforcer/enforcer.py:457}}
Oct 20 17:56:20 user devstack@keystone.service[45601]: [pid: 45601|app: 0|req: 79/238] 10.0.0.210 () {56 vars in 1096 bytes} [Fri Oct 20 17:56:20 2023] GET /identity/v3/roles?name=member => generated 339 bytes in 229 msecs (HTTP/1.1 200) 5 headers in 177 bytes (2 switches on core 0)
Oct 20 17:56:20 user devstack@keystone.service[45600]: DEBUG keystone.server.flask.request_processing.middleware.auth_context [None req-3457c27d-083d-41ea-b4d8-cf2622495c03 None admin] Authenticating user token {{(pid=45600) process_request /opt/stack/data/venv/lib/python3.10/site-packages/keystonemiddleware/auth_token/__init__.py:406}}
Oct 20 17:56:21 user devstack@keystone.service[45599]: DEBUG keystone.server.flask.request_processing.middleware.auth_context [None req-f9407779-067f-4525-a4c5-7298c13edfdf None admin] Validating token access rules against request {{(pid=45599) validate_allowed_request /opt/stack/data/venv/lib/python3.10/site-packages/keystonemiddleware/auth_token/__init__.py:544}}
Oct 20 17:56:21 user devstack@keystone.service[45599]: DEBUG keystone.server.flask.request_processing.middleware.auth_context [None req-b4e8f18b-4214-46f7-99ac-4975b70ab99e None admin] RBAC: auth_context: {'token': , 'domain_id': None, 'trust_id': None, 'trustor_id': None, 'trustee_id': None, 'domain_name': None, 'group_ids': [], 'user_id': 'cdd85ba49e4a46288159cb5acfe6f0b8', 'user_domain_id': 'default', 'system_scope': 'all', 'project_id': None, 'project_domain_id': None, 'roles': ['admin', 'manager', 'member', 'reader'], 'is_admin_project': True, 'service_user_id': None, 'service_user_domain_id': None, 'service_project_id': None, 'service_project_domain_id': None, 'service_roles': []} {{(pid=45599) fill_context /opt/stack/keystone/keystone/server/flask/request_processing/middleware/auth_context.py:480}}
Oct 20 17:56:21 user devstack@keystone.service[45599]: DEBUG keystone.server.flask.request_processing.req_logging [None req-b4e8f18b-4214-46f7-99ac-4975b70ab99e None admin] REQUEST_METHOD: `GET` {{(pid=45599) log_request_info /opt/stack/keystone/keystone/server/flask/request_processing/req_logging.py:27}}
Oct 20 17:56:21 user devstack@keystone.service[45599]: DEBUG keystone.server.flask.request_processing.req_logging [None req-b4e8f18b-4214-46f7-99ac-4975b70ab99e None admin] SCRIPT_NAME: `/identity` {{(pid=45599) log_request_info /opt/stack/keystone/keystone/server/flask/request_processing/req_logging.py:28}}
Oct 20 17:56:21 user devstack@keystone.service[45599]: DEBUG keystone.server.flask.request_processing.req_logging [None req-b4e8f18b-4214-46f7-99ac-4975b70ab99e None admin] PATH_INFO: `/v3/role_assignments` {{(pid=45599) log_request_info /opt/stack/keystone/keystone/server/flask/request_processing/req_logging.py:29}}
Oct 20 17:56:21 user devstack@keystone.service[45599]: DEBUG keystone.common.rbac_enforcer.enforcer [None req-b4e8f18b-4214-46f7-99ac-4975b70ab99e None admin] RBAC: Adding query filter params (role.id=09f3facbfe314a42b87b83d8af9b5e4b, user.id=7f0ef76095e6498aba448436191422a9, scope.system=all) {{(pid=45599) _extract_filter_values /opt/stack/keystone/keystone/common/rbac_enforcer/enforcer.py:167}}
Oct 20 17:56:21 user devstack@keystone.service[45599]: DEBUG keystone.common.rbac_enforcer.enforcer [None req-b4e8f18b-4214-46f7-99ac-4975b70ab99e None admin] RBAC: Authorizing `identity:list_role_assignments()` {{(pid=45599) enforce_call /opt/stack/keystone/keystone/common/rbac_enforcer/enforcer.py:449}}
Oct 20 17:56:21 user devstack@keystone.service[45599]: DEBUG keystone.common.rbac_enforcer.enforcer [None req-b4e8f18b-4214-46f7-99ac-4975b70ab99e None admin] RBAC: Authorization granted {{(pid=45599) enforce_call /opt/stack/keystone/keystone/common/rbac_enforcer/enforcer.py:457}}
Oct 20 17:56:21 user devstack@keystone.service[45600]: DEBUG keystone.server.flask.request_processing.middleware.auth_context [None req-3457c27d-083d-41ea-b4d8-cf2622495c03 None admin] Validating token access rules against request {{(pid=45600) validate_allowed_request /opt/stack/data/venv/lib/python3.10/site-packages/keystonemiddleware/auth_token/__init__.py:544}}
Oct 20 17:56:21 user devstack@keystone.service[45599]: [pid: 45599|app: 0|req: 79/239] 10.0.0.210 () {56 vars in 1303 bytes} [Fri Oct 20 17:56:20 2023] GET /identity/v3/role_assignments?user.id=7f0ef76095e6498aba448436191422a9&scope.system=all&role.id=09f3facbfe314a42b87b83d8af9b5e4b => generated 225 bytes in 165 msecs (HTTP/1.1 200) 5 headers in 177 bytes (1 switches on core 0)
Oct 20 17:56:21 user devstack@keystone.service[45600]: DEBUG keystone.server.flask.request_processing.middleware.auth_context [None req-c947dff9-91b2-4b14-a918-cab2af527e1a None admin] RBAC: auth_context: {'token': , 'domain_id': None, 'trust_id': None, 'trustor_id': None, 'trustee_id': None, 'domain_name': None, 'group_ids': [], 'user_id': 'cdd85ba49e4a46288159cb5acfe6f0b8', 'user_domain_id': 'default', 'system_scope': 'all', 'project_id': None, 'project_domain_id': None, 'roles': ['admin', 'manager', 'member', 'reader'], 'is_admin_project': True, 'service_user_id': None, 'service_user_domain_id': None, 'service_project_id': None, 'service_project_domain_id': None, 'service_roles': []} {{(pid=45600) fill_context /opt/stack/keystone/keystone/server/flask/request_processing/middleware/auth_context.py:480}}
Oct 20 17:56:21 user devstack@keystone.service[45600]: DEBUG keystone.server.flask.request_processing.req_logging [None req-c947dff9-91b2-4b14-a918-cab2af527e1a None admin] REQUEST_METHOD: `GET` {{(pid=45600) log_request_info /opt/stack/keystone/keystone/server/flask/request_processing/req_logging.py:27}}
Oct 20 17:56:21 user devstack@keystone.service[45600]: DEBUG keystone.server.flask.request_processing.req_logging [None req-c947dff9-91b2-4b14-a918-cab2af527e1a None admin] SCRIPT_NAME: `/identity` {{(pid=45600) log_request_info /opt/stack/keystone/keystone/server/flask/request_processing/req_logging.py:28}}
Oct 20 17:56:21 user devstack@keystone.service[45600]: DEBUG keystone.server.flask.request_processing.req_logging [None req-c947dff9-91b2-4b14-a918-cab2af527e1a None admin] PATH_INFO: `/v3/users/f66d6cb93a04430384b58339d1f41e33` {{(pid=45600) log_request_info /opt/stack/keystone/keystone/server/flask/request_processing/req_logging.py:29}}
Oct 20 17:56:21 user devstack@keystone.service[45600]: DEBUG keystone.common.rbac_enforcer.enforcer [None req-c947dff9-91b2-4b14-a918-cab2af527e1a None admin] RBAC: Authorizing `identity:get_user(user_id=f66d6cb93a04430384b58339d1f41e33)` {{(pid=45600) enforce_call /opt/stack/keystone/keystone/common/rbac_enforcer/enforcer.py:449}}
Oct 20 17:56:21 user devstack@keystone.service[45600]: DEBUG keystone.common.rbac_enforcer.enforcer [None req-c947dff9-91b2-4b14-a918-cab2af527e1a None admin] RBAC: Authorization granted {{(pid=45600) enforce_call /opt/stack/keystone/keystone/common/rbac_enforcer/enforcer.py:457}}
Oct 20 17:56:21 user devstack@keystone.service[45600]: [pid: 45600|app: 0|req: 82/240] 10.0.0.210 () {56 vars in 1172 bytes} [Fri Oct 20 17:56:20 2023] GET /identity/v3/users/f66d6cb93a04430384b58339d1f41e33 => generated 292 bytes in 144 msecs (HTTP/1.1 200) 5 headers in 177 bytes (1 switches on core 0)
Oct 20 17:56:21 user devstack@keystone.service[45601]: DEBUG keystone.server.flask.request_processing.middleware.auth_context [None req-d608c303-f453-4857-944d-e6fd080bf042 None admin] Authenticating user token {{(pid=45601) process_request /opt/stack/data/venv/lib/python3.10/site-packages/keystonemiddleware/auth_token/__init__.py:406}}
Oct 20 17:56:21 user devstack@keystone.service[45601]: DEBUG keystone.server.flask.request_processing.middleware.auth_context [None req-d608c303-f453-4857-944d-e6fd080bf042 None admin] Validating token access rules against request {{(pid=45601) validate_allowed_request /opt/stack/data/venv/lib/python3.10/site-packages/keystonemiddleware/auth_token/__init__.py:544}}
Oct 20 17:56:21 user devstack@keystone.service[45601]: DEBUG keystone.server.flask.request_processing.middleware.auth_context [None req-a2541c22-4982-4f8e-8d90-c55d2800b08d None admin] RBAC: auth_context: {'token': , 'domain_id': None, 'trust_id': None, 'trustor_id': None, 'trustee_id': None, 'domain_name': None, 'group_ids': [], 'user_id': 'cdd85ba49e4a46288159cb5acfe6f0b8', 'user_domain_id': 'default', 'system_scope': 'all', 'project_id': None, 'project_domain_id': None, 'roles': ['admin', 'manager', 'member', 'reader'], 'is_admin_project': True, 'service_user_id': None, 'service_user_domain_id': None, 'service_project_id': None, 'service_project_domain_id': None, 'service_roles': []} {{(pid=45601) fill_context /opt/stack/keystone/keystone/server/flask/request_processing/middleware/auth_context.py:480}}
Oct 20 17:56:21 user devstack@keystone.service[45601]: DEBUG keystone.server.flask.request_processing.req_logging [None req-a2541c22-4982-4f8e-8d90-c55d2800b08d None admin] REQUEST_METHOD: `PUT` {{(pid=45601) log_request_info /opt/stack/keystone/keystone/server/flask/request_processing/req_logging.py:27}}
Oct 20 17:56:21 user devstack@keystone.service[45601]: DEBUG keystone.server.flask.request_processing.req_logging [None req-a2541c22-4982-4f8e-8d90-c55d2800b08d None admin] SCRIPT_NAME: `/identity` {{(pid=45601) log_request_info /opt/stack/keystone/keystone/server/flask/request_processing/req_logging.py:28}}
Oct 20 17:56:21 user devstack@keystone.service[45601]: DEBUG keystone.server.flask.request_processing.req_logging [None req-a2541c22-4982-4f8e-8d90-c55d2800b08d None admin] PATH_INFO: `/v3/system/users/f66d6cb93a04430384b58339d1f41e33/roles/55dedd64d1ae4e50afcab425ef476ece` {{(pid=45601) log_request_info /opt/stack/keystone/keystone/server/flask/request_processing/req_logging.py:29}}
Oct 20 17:56:21 user devstack@keystone.service[45601]: DEBUG keystone.common.rbac_enforcer.enforcer [None req-a2541c22-4982-4f8e-8d90-c55d2800b08d None admin] RBAC: Authorizing `identity:create_system_grant_for_user(user_id=f66d6cb93a04430384b58339d1f41e33, role_id=55dedd64d1ae4e50afcab425ef476ece)` {{(pid=45601) enforce_call /opt/stack/keystone/keystone/common/rbac_enforcer/enforcer.py:449}}
Oct 20 17:56:21 user devstack@keystone.service[45601]: DEBUG keystone.common.rbac_enforcer.enforcer [None req-a2541c22-4982-4f8e-8d90-c55d2800b08d None admin] RBAC: Authorization granted {{(pid=45601) enforce_call /opt/stack/keystone/keystone/common/rbac_enforcer/enforcer.py:457}}
Oct 20 17:56:21 user devstack@keystone.service[45601]: [pid: 45601|app: 0|req: 80/241] 10.0.0.210 () {58 vars in 1329 bytes} [Fri Oct 20 17:56:21 2023] PUT /identity/v3/system/users/f66d6cb93a04430384b58339d1f41e33/roles/55dedd64d1ae4e50afcab425ef476ece => generated 0 bytes in 182 msecs (HTTP/1.1 204) 3 headers in 132 bytes (0 switches on core 0)
Oct 20 17:56:22 user devstack@keystone.service[45599]: DEBUG keystone.server.flask.request_processing.req_logging [None req-539f9395-5a10-46a3-b0a2-458119607b7f None None] REQUEST_METHOD: `GET` {{(pid=45599) log_request_info /opt/stack/keystone/keystone/server/flask/request_processing/req_logging.py:27}}
Oct 20 17:56:22 user devstack@keystone.service[45599]: DEBUG keystone.server.flask.request_processing.req_logging [None req-539f9395-5a10-46a3-b0a2-458119607b7f None None] SCRIPT_NAME: `/identity` {{(pid=45599) log_request_info /opt/stack/keystone/keystone/server/flask/request_processing/req_logging.py:28}}
Oct 20 17:56:22 user devstack@keystone.service[45599]: DEBUG keystone.server.flask.request_processing.req_logging [None req-539f9395-5a10-46a3-b0a2-458119607b7f None None] PATH_INFO: `/` {{(pid=45599) log_request_info /opt/stack/keystone/keystone/server/flask/request_processing/req_logging.py:29}}
Oct 20 17:56:22 user devstack@keystone.service[45599]: [pid: 45599|app: 0|req: 80/242] 10.0.0.210 () {54 vars in 921 bytes} [Fri Oct 20 17:56:22 2023] GET /identity => generated 269 bytes in 4 msecs (HTTP/1.1 300) 6 headers in 233 bytes (1 switches on core 0)
Oct 20 17:56:22 user devstack@keystone.service[45600]: DEBUG keystone.server.flask.request_processing.req_logging [None req-caed848d-ff0c-489b-8deb-c125be4ff9dd None None] REQUEST_METHOD: `POST` {{(pid=45600) log_request_info /opt/stack/keystone/keystone/server/flask/request_processing/req_logging.py:27}}
Oct 20 17:56:22 user devstack@keystone.service[45600]: DEBUG keystone.server.flask.request_processing.req_logging [None req-caed848d-ff0c-489b-8deb-c125be4ff9dd None None] SCRIPT_NAME: `/identity` {{(pid=45600) log_request_info /opt/stack/keystone/keystone/server/flask/request_processing/req_logging.py:28}}
Oct 20 17:56:22 user devstack@keystone.service[45600]: DEBUG keystone.server.flask.request_processing.req_logging [None req-caed848d-ff0c-489b-8deb-c125be4ff9dd None None] PATH_INFO: `/v3/auth/tokens` {{(pid=45600) log_request_info /opt/stack/keystone/keystone/server/flask/request_processing/req_logging.py:29}}
Oct 20 17:56:22 user devstack@keystone.service[45600]: WARNING keystone.common.password_hashing [None req-caed848d-ff0c-489b-8deb-c125be4ff9dd None None] Truncating password to algorithm specific maximum length 72 characters.
Oct 20 17:56:22 user devstack@keystone.service[45600]: DEBUG keystone.auth.core [None req-caed848d-ff0c-489b-8deb-c125be4ff9dd None None] MFA Rules not processed for user `cdd85ba49e4a46288159cb5acfe6f0b8`. Rule list: `[]` (Enabled: `True`). {{(pid=45600) check_auth_methods_against_rules /opt/stack/keystone/keystone/auth/core.py:438}}
Oct 20 17:56:22 user devstack@keystone.service[45600]: DEBUG keystone.common.fernet_utils [None req-caed848d-ff0c-489b-8deb-c125be4ff9dd None None] Loaded 2 Fernet keys from /etc/keystone/fernet-keys/, but `[fernet_tokens] max_active_keys = 3`; perhaps there have not been enough key rotations to reach `max_active_keys` yet? {{(pid=45600) load_keys /opt/stack/keystone/keystone/common/fernet_utils.py:286}}
Oct 20 17:56:22 user devstack@keystone.service[45600]: [pid: 45600|app: 0|req: 83/243] 10.0.0.210 () {58 vars in 1018 bytes} [Fri Oct 20 17:56:22 2023] POST /identity/v3/auth/tokens => generated 861 bytes in 139 msecs (HTTP/1.1 201) 6 headers in 363 bytes (1 switches on core 0)
Oct 20 17:56:22 user devstack@keystone.service[45601]: DEBUG keystone.server.flask.request_processing.req_logging [None req-520c5e5c-cbe6-48cc-b9d6-cf2c13ba1703 None None] REQUEST_METHOD: `GET` {{(pid=45601) log_request_info /opt/stack/keystone/keystone/server/flask/request_processing/req_logging.py:27}}
Oct 20 17:56:22 user devstack@keystone.service[45601]: DEBUG keystone.server.flask.request_processing.req_logging [None req-520c5e5c-cbe6-48cc-b9d6-cf2c13ba1703 None None] SCRIPT_NAME: `/identity` {{(pid=45601) log_request_info /opt/stack/keystone/keystone/server/flask/request_processing/req_logging.py:28}}
Oct 20 17:56:22 user devstack@keystone.service[45601]: DEBUG keystone.server.flask.request_processing.req_logging [None req-520c5e5c-cbe6-48cc-b9d6-cf2c13ba1703 None None] PATH_INFO: `/` {{(pid=45601) log_request_info /opt/stack/keystone/keystone/server/flask/request_processing/req_logging.py:29}}
Oct 20 17:56:22 user devstack@keystone.service[45601]: [pid: 45601|app: 0|req: 81/244] 10.0.0.210 () {54 vars in 921 bytes} [Fri Oct 20 17:56:22 2023] GET /identity => generated 269 bytes in 3 msecs (HTTP/1.1 300) 6 headers in 233 bytes (1 switches on core 0)
Oct 20 17:56:22 user devstack@keystone.service[45599]: DEBUG keystone.server.flask.request_processing.req_logging [None req-ebb02ead-b07a-4e0b-8f14-1eb9a4b8d16b None None] REQUEST_METHOD: `POST` {{(pid=45599) log_request_info /opt/stack/keystone/keystone/server/flask/request_processing/req_logging.py:27}}
Oct 20 17:56:22 user devstack@keystone.service[45599]: DEBUG keystone.server.flask.request_processing.req_logging [None req-ebb02ead-b07a-4e0b-8f14-1eb9a4b8d16b None None] SCRIPT_NAME: `/identity` {{(pid=45599) log_request_info /opt/stack/keystone/keystone/server/flask/request_processing/req_logging.py:28}}
Oct 20 17:56:22 user devstack@keystone.service[45599]: DEBUG keystone.server.flask.request_processing.req_logging [None req-ebb02ead-b07a-4e0b-8f14-1eb9a4b8d16b None None] PATH_INFO: `/v3/auth/tokens` {{(pid=45599) log_request_info /opt/stack/keystone/keystone/server/flask/request_processing/req_logging.py:29}}
Oct 20 17:56:22 user devstack@keystone.service[45599]: WARNING keystone.common.password_hashing [None req-ebb02ead-b07a-4e0b-8f14-1eb9a4b8d16b None None] Truncating password to algorithm specific maximum length 72 characters.
Oct 20 17:56:22 user devstack@keystone.service[45599]: DEBUG keystone.auth.core [None req-ebb02ead-b07a-4e0b-8f14-1eb9a4b8d16b None None] MFA Rules not processed for user `cdd85ba49e4a46288159cb5acfe6f0b8`. Rule list: `[]` (Enabled: `True`). {{(pid=45599) check_auth_methods_against_rules /opt/stack/keystone/keystone/auth/core.py:438}}
Oct 20 17:56:22 user devstack@keystone.service[45599]: DEBUG keystone.common.fernet_utils [None req-ebb02ead-b07a-4e0b-8f14-1eb9a4b8d16b None None] Loaded 2 Fernet keys from /etc/keystone/fernet-keys/, but `[fernet_tokens] max_active_keys = 3`; perhaps there have not been enough key rotations to reach `max_active_keys` yet? {{(pid=45599) load_keys /opt/stack/keystone/keystone/common/fernet_utils.py:286}}
Oct 20 17:56:23 user devstack@keystone.service[45599]: [pid: 45599|app: 0|req: 81/245] 10.0.0.210 () {58 vars in 1018 bytes} [Fri Oct 20 17:56:22 2023] POST /identity/v3/auth/tokens => generated 861 bytes in 107 msecs (HTTP/1.1 201) 6 headers in 363 bytes (1 switches on core 0)
Oct 20 17:56:23 user devstack@keystone.service[45600]: DEBUG keystone.server.flask.request_processing.middleware.auth_context [None req-caed848d-ff0c-489b-8deb-c125be4ff9dd None None] Authenticating user token {{(pid=45600) process_request /opt/stack/data/venv/lib/python3.10/site-packages/keystonemiddleware/auth_token/__init__.py:406}}
Oct 20 17:56:23 user devstack@keystone.service[45601]: DEBUG keystone.server.flask.request_processing.req_logging [None req-7136874a-f646-4db1-93ed-6fe892c4ac89 None None] REQUEST_METHOD: `GET` {{(pid=45601) log_request_info /opt/stack/keystone/keystone/server/flask/request_processing/req_logging.py:27}}
Oct 20 17:56:23 user devstack@keystone.service[45601]: DEBUG keystone.server.flask.request_processing.req_logging [None req-7136874a-f646-4db1-93ed-6fe892c4ac89 None None] SCRIPT_NAME: `/identity` {{(pid=45601) log_request_info /opt/stack/keystone/keystone/server/flask/request_processing/req_logging.py:28}}
Oct 20 17:56:23 user devstack@keystone.service[45601]: DEBUG keystone.server.flask.request_processing.req_logging [None req-7136874a-f646-4db1-93ed-6fe892c4ac89 None None] PATH_INFO: `/` {{(pid=45601) log_request_info /opt/stack/keystone/keystone/server/flask/request_processing/req_logging.py:29}}
Oct 20 17:56:23 user devstack@keystone.service[45601]: [pid: 45601|app: 0|req: 82/246] 10.0.0.210 () {54 vars in 921 bytes} [Fri Oct 20 17:56:23 2023] GET /identity => generated 269 bytes in 3 msecs (HTTP/1.1 300) 6 headers in 233 bytes (1 switches on core 0)
Oct 20 17:56:23 user devstack@keystone.service[45599]: DEBUG keystone.server.flask.request_processing.req_logging [None req-7d3fe690-7c33-4df4-b7e9-23104f7803b8 None None] REQUEST_METHOD: `POST` {{(pid=45599) log_request_info /opt/stack/keystone/keystone/server/flask/request_processing/req_logging.py:27}}
Oct 20 17:56:23 user devstack@keystone.service[45599]: DEBUG keystone.server.flask.request_processing.req_logging [None req-7d3fe690-7c33-4df4-b7e9-23104f7803b8 None None] SCRIPT_NAME: `/identity` {{(pid=45599) log_request_info /opt/stack/keystone/keystone/server/flask/request_processing/req_logging.py:28}}
Oct 20 17:56:23 user devstack@keystone.service[45599]: DEBUG keystone.server.flask.request_processing.req_logging [None req-7d3fe690-7c33-4df4-b7e9-23104f7803b8 None None] PATH_INFO: `/v3/auth/tokens` {{(pid=45599) log_request_info /opt/stack/keystone/keystone/server/flask/request_processing/req_logging.py:29}}
Oct 20 17:56:23 user devstack@keystone.service[45599]: WARNING keystone.common.password_hashing [None req-7d3fe690-7c33-4df4-b7e9-23104f7803b8 None None] Truncating password to algorithm specific maximum length 72 characters.
Oct 20 17:56:23 user devstack@keystone.service[45599]: DEBUG keystone.auth.core [None req-7d3fe690-7c33-4df4-b7e9-23104f7803b8 None None] MFA Rules not processed for user `cdd85ba49e4a46288159cb5acfe6f0b8`. Rule list: `[]` (Enabled: `True`). {{(pid=45599) check_auth_methods_against_rules /opt/stack/keystone/keystone/auth/core.py:438}}
Oct 20 17:56:23 user devstack@keystone.service[45599]: DEBUG keystone.common.fernet_utils [None req-7d3fe690-7c33-4df4-b7e9-23104f7803b8 None None] Loaded 2 Fernet keys from /etc/keystone/fernet-keys/, but `[fernet_tokens] max_active_keys = 3`; perhaps there have not been enough key rotations to reach `max_active_keys` yet? {{(pid=45599) load_keys /opt/stack/keystone/keystone/common/fernet_utils.py:286}}
Oct 20 17:56:23 user devstack@keystone.service[45601]: DEBUG keystone.server.flask.request_processing.middleware.auth_context [None req-7136874a-f646-4db1-93ed-6fe892c4ac89 None None] Authenticating user token {{(pid=45601) process_request /opt/stack/data/venv/lib/python3.10/site-packages/keystonemiddleware/auth_token/__init__.py:406}}
Oct 20 17:56:23 user devstack@keystone.service[45599]: [pid: 45599|app: 0|req: 82/247] 10.0.0.210 () {58 vars in 1018 bytes} [Fri Oct 20 17:56:23 2023] POST /identity/v3/auth/tokens => generated 861 bytes in 137 msecs (HTTP/1.1 201) 6 headers in 363 bytes (1 switches on core 0)
Oct 20 17:56:23 user devstack@keystone.service[45600]: DEBUG keystone.server.flask.request_processing.middleware.auth_context [None req-caed848d-ff0c-489b-8deb-c125be4ff9dd None None] Validating token access rules against request {{(pid=45600) validate_allowed_request /opt/stack/data/venv/lib/python3.10/site-packages/keystonemiddleware/auth_token/__init__.py:544}}
Oct 20 17:56:23 user devstack@keystone.service[45600]: DEBUG keystone.server.flask.request_processing.middleware.auth_context [None req-0b202280-4251-4157-960e-3f0ec71d081a None admin] RBAC: auth_context: {'token': , 'domain_id': None, 'trust_id': None, 'trustor_id': None, 'trustee_id': None, 'domain_name': None, 'group_ids': [], 'user_id': 'cdd85ba49e4a46288159cb5acfe6f0b8', 'user_domain_id': 'default', 'system_scope': 'all', 'project_id': None, 'project_domain_id': None, 'roles': ['admin', 'manager', 'member', 'reader'], 'is_admin_project': True, 'service_user_id': None, 'service_user_domain_id': None, 'service_project_id': None, 'service_project_domain_id': None, 'service_roles': []} {{(pid=45600) fill_context /opt/stack/keystone/keystone/server/flask/request_processing/middleware/auth_context.py:480}}
Oct 20 17:56:23 user devstack@keystone.service[45600]: DEBUG keystone.server.flask.request_processing.req_logging [None req-0b202280-4251-4157-960e-3f0ec71d081a None admin] REQUEST_METHOD: `GET` {{(pid=45600) log_request_info /opt/stack/keystone/keystone/server/flask/request_processing/req_logging.py:27}}
Oct 20 17:56:23 user devstack@keystone.service[45600]: DEBUG keystone.server.flask.request_processing.req_logging [None req-0b202280-4251-4157-960e-3f0ec71d081a None admin] SCRIPT_NAME: `/identity` {{(pid=45600) log_request_info /opt/stack/keystone/keystone/server/flask/request_processing/req_logging.py:28}}
Oct 20 17:56:23 user devstack@keystone.service[45600]: DEBUG keystone.server.flask.request_processing.req_logging [None req-0b202280-4251-4157-960e-3f0ec71d081a None admin] PATH_INFO: `/v3/domains/default` {{(pid=45600) log_request_info /opt/stack/keystone/keystone/server/flask/request_processing/req_logging.py:29}}
Oct 20 17:56:23 user devstack@keystone.service[45600]: DEBUG keystone.common.rbac_enforcer.enforcer [None req-0b202280-4251-4157-960e-3f0ec71d081a None admin] RBAC: Authorizing `identity:get_domain(domain_id=default)` {{(pid=45600) enforce_call /opt/stack/keystone/keystone/common/rbac_enforcer/enforcer.py:449}}
Oct 20 17:56:23 user devstack@keystone.service[45600]: DEBUG keystone.common.rbac_enforcer.enforcer [None req-0b202280-4251-4157-960e-3f0ec71d081a None admin] RBAC: Authorization granted {{(pid=45600) enforce_call /opt/stack/keystone/keystone/common/rbac_enforcer/enforcer.py:457}}
Oct 20 17:56:23 user devstack@keystone.service[45600]: [pid: 45600|app: 0|req: 84/248] 10.0.0.210 () {56 vars in 1103 bytes} [Fri Oct 20 17:56:23 2023] GET /identity/v3/domains/default => generated 198 bytes in 231 msecs (HTTP/1.1 200) 5 headers in 177 bytes (1 switches on core 0)
Oct 20 17:56:23 user devstack@keystone.service[45599]: DEBUG keystone.server.flask.request_processing.middleware.auth_context [None req-7d3fe690-7c33-4df4-b7e9-23104f7803b8 None None] Authenticating user token {{(pid=45599) process_request /opt/stack/data/venv/lib/python3.10/site-packages/keystonemiddleware/auth_token/__init__.py:406}}
Oct 20 17:56:23 user devstack@keystone.service[45601]: DEBUG keystone.server.flask.request_processing.middleware.auth_context [None req-7136874a-f646-4db1-93ed-6fe892c4ac89 None None] Validating token access rules against request {{(pid=45601) validate_allowed_request /opt/stack/data/venv/lib/python3.10/site-packages/keystonemiddleware/auth_token/__init__.py:544}}
Oct 20 17:56:23 user devstack@keystone.service[45601]: DEBUG keystone.server.flask.request_processing.middleware.auth_context [None req-6ce4a98d-b484-4cf0-b565-74b8fe792efe None admin] RBAC: auth_context: {'token': , 'domain_id': None, 'trust_id': None, 'trustor_id': None, 'trustee_id': None, 'domain_name': None, 'group_ids': [], 'user_id': 'cdd85ba49e4a46288159cb5acfe6f0b8', 'user_domain_id': 'default', 'system_scope': 'all', 'project_id': None, 'project_domain_id': None, 'roles': ['admin', 'manager', 'member', 'reader'], 'is_admin_project': True, 'service_user_id': None, 'service_user_domain_id': None, 'service_project_id': None, 'service_project_domain_id': None, 'service_roles': []} {{(pid=45601) fill_context /opt/stack/keystone/keystone/server/flask/request_processing/middleware/auth_context.py:480}}
Oct 20 17:56:23 user devstack@keystone.service[45601]: DEBUG keystone.server.flask.request_processing.req_logging [None req-6ce4a98d-b484-4cf0-b565-74b8fe792efe None admin] REQUEST_METHOD: `GET` {{(pid=45601) log_request_info /opt/stack/keystone/keystone/server/flask/request_processing/req_logging.py:27}}
Oct 20 17:56:23 user devstack@keystone.service[45601]: DEBUG keystone.server.flask.request_processing.req_logging [None req-6ce4a98d-b484-4cf0-b565-74b8fe792efe None admin] SCRIPT_NAME: `/identity` {{(pid=45601) log_request_info /opt/stack/keystone/keystone/server/flask/request_processing/req_logging.py:28}}
Oct 20 17:56:23 user devstack@keystone.service[45601]: DEBUG keystone.server.flask.request_processing.req_logging [None req-6ce4a98d-b484-4cf0-b565-74b8fe792efe None admin] PATH_INFO: `/v3/roles/reader` {{(pid=45601) log_request_info /opt/stack/keystone/keystone/server/flask/request_processing/req_logging.py:29}}
Oct 20 17:56:23 user devstack@keystone.service[45601]: DEBUG keystone.common.rbac_enforcer.enforcer [None req-6ce4a98d-b484-4cf0-b565-74b8fe792efe None admin] Extracting inferred target data resulted in "NOT FOUND (404)". {{(pid=45601) enforce_call /opt/stack/keystone/keystone/common/rbac_enforcer/enforcer.py:409}}
Oct 20 17:56:23 user devstack@keystone.service[45601]: ERROR keystone.server.flask.application [None req-6ce4a98d-b484-4cf0-b565-74b8fe792efe None admin] Could not find role: reader.: keystone.exception.RoleNotFound: Could not find role: reader.
Oct 20 17:56:23 user devstack@keystone.service[45601]: ERROR keystone.server.flask.application
Traceback (most recent call last):
Oct 20 17:56:23 user devstack@keystone.service[45601]: ERROR keystone.server.flask.application
File "/opt/stack/data/venv/lib/python3.10/site-packages/flask/app.py", line 1823, in full_dispatch_request
Oct 20 17:56:23 user devstack@keystone.service[45601]: ERROR keystone.server.flask.application rv = self.dispatch_request()
Oct 20 17:56:23 user devstack@keystone.service[45601]: ERROR keystone.server.flask.application
File "/opt/stack/data/venv/lib/python3.10/site-packages/flask/app.py", line 1799, in dispatch_request
Oct 20 17:56:23 user devstack@keystone.service[45601]: ERROR keystone.server.flask.application return self.ensure_sync(self.view_functions[rule.endpoint])(**view_args)
Oct 20 17:56:23 user devstack@keystone.service[45601]: ERROR keystone.server.flask.application
File "/opt/stack/data/venv/lib/python3.10/site-packages/flask_restful/__init__.py", line 489, in wrapper
Oct 20 17:56:23 user devstack@keystone.service[45601]: ERROR keystone.server.flask.application resp = resource(*args, **kwargs)
Oct 20 17:56:23 user devstack@keystone.service[45601]: ERROR keystone.server.flask.application
File "/opt/stack/data/venv/lib/python3.10/site-packages/flask/views.py", line 107, in view
Oct 20 17:56:23 user devstack@keystone.service[45601]: ERROR keystone.server.flask.application return current_app.ensure_sync(self.dispatch_request)(**kwargs)
Oct 20 17:56:23 user devstack@keystone.service[45601]: ERROR keystone.server.flask.application
File "/opt/stack/data/venv/lib/python3.10/site-packages/flask_restful/__init__.py", line 604, in dispatch_request
Oct 20 17:56:23 user devstack@keystone.service[45601]: ERROR keystone.server.flask.application resp = meth(*args, **kwargs)
Oct 20 17:56:23 user devstack@keystone.service[45601]: ERROR keystone.server.flask.application
File "/opt/stack/keystone/keystone/api/roles.py", line 50, in get
Oct 20 17:56:23 user devstack@keystone.service[45601]: ERROR keystone.server.flask.application return self._get_role(role_id)
Oct 20 17:56:23 user devstack@keystone.service[45601]: ERROR keystone.server.flask.application
File "/opt/stack/keystone/keystone/api/roles.py", line 70, in _get_role
Oct 20 17:56:23 user devstack@keystone.service[45601]: ERROR keystone.server.flask.application ENFORCER.enforce_call(action='identity:get_role')
Oct 20 17:56:23 user devstack@keystone.service[45601]: ERROR keystone.server.flask.application
File "/opt/stack/keystone/keystone/common/rbac_enforcer/enforcer.py", line 402, in enforce_call
Oct 20 17:56:23 user devstack@keystone.service[45601]: ERROR keystone.server.flask.application policy_dict.update(cls._extract_member_target_data(
Oct 20 17:56:23 user devstack@keystone.service[45601]: ERROR keystone.server.flask.application
File "/opt/stack/keystone/keystone/common/rbac_enforcer/enforcer.py", line 234, in _extract_member_target_data
Oct 20 17:56:23 user devstack@keystone.service[45601]: ERROR keystone.server.flask.application member_name: func(flask.request.view_args[key])
Oct 20 17:56:23 user devstack@keystone.service[45601]: ERROR keystone.server.flask.application
File "/opt/stack/keystone/keystone/common/manager.py", line 115, in wrapped
Oct 20 17:56:23 user devstack@keystone.service[45601]: ERROR keystone.server.flask.application __ret_val = __f(*args, **kwargs)
Oct 20 17:56:23 user devstack@keystone.service[45601]: ERROR keystone.server.flask.application
File "/opt/stack/data/venv/lib/python3.10/site-packages/decorator.py", line 232, in fun
Oct 20 17:56:23 user devstack@keystone.service[45601]: ERROR keystone.server.flask.application return caller(func, *(extras + args), **kw)
Oct 20 17:56:23 user devstack@keystone.service[45601]: ERROR keystone.server.flask.application
File "/opt/stack/data/venv/lib/python3.10/site-packages/dogpile/cache/region.py", line 1594, in get_or_create_for_user_func
Oct 20 17:56:23 user devstack@keystone.service[45601]: ERROR keystone.server.flask.application return self.get_or_create(
Oct 20 17:56:23 user devstack@keystone.service[45601]: ERROR keystone.server.flask.application
File "/opt/stack/data/venv/lib/python3.10/site-packages/dogpile/cache/region.py", line 1054, in get_or_create
Oct 20 17:56:23 user devstack@keystone.service[45601]: ERROR keystone.server.flask.application with Lock(
Oct 20 17:56:23 user devstack@keystone.service[45601]: ERROR keystone.server.flask.application
File "/opt/stack/data/venv/lib/python3.10/site-packages/dogpile/lock.py", line 185, in __enter__
Oct 20 17:56:23 user devstack@keystone.service[45601]: ERROR keystone.server.flask.application return self._enter()
Oct 20 17:56:23 user devstack@keystone.service[45601]: ERROR keystone.server.flask.application
File "/opt/stack/data/venv/lib/python3.10/site-packages/dogpile/lock.py", line 94, in _enter
Oct 20 17:56:23 user devstack@keystone.service[45601]: ERROR keystone.server.flask.application generated = self._enter_create(value, createdtime)
Oct 20 17:56:23 user devstack@keystone.service[45601]: ERROR keystone.server.flask.application
File "/opt/stack/data/venv/lib/python3.10/site-packages/dogpile/lock.py", line 178, in _enter_create
Oct 20 17:56:23 user devstack@keystone.service[45601]: ERROR keystone.server.flask.application return self.creator()
Oct 20 17:56:23 user devstack@keystone.service[45601]: ERROR keystone.server.flask.application
File "/opt/stack/data/venv/lib/python3.10/site-packages/dogpile/cache/region.py", line 1007, in gen_value
Oct 20 17:56:23 user devstack@keystone.service[45601]: ERROR keystone.server.flask.application created_value = creator(
Oct 20 17:56:23 user devstack@keystone.service[45601]: ERROR keystone.server.flask.application
File "/opt/stack/keystone/keystone/assignment/core.py", line 1276, in get_role
Oct 20 17:56:23 user devstack@keystone.service[45601]: ERROR keystone.server.flask.application return self.driver.get_role(role_id)
Oct 20 17:56:23 user devstack@keystone.service[45601]: ERROR keystone.server.flask.application
File "/opt/stack/keystone/keystone/assignment/role_backends/sql.py", line 70, in get_role
Oct 20 17:56:23 user devstack@keystone.service[45601]: ERROR keystone.server.flask.application return self._get_role(session, role_id).to_dict()
Oct 20 17:56:23 user devstack@keystone.service[45601]: ERROR keystone.server.flask.application
File "/opt/stack/keystone/keystone/assignment/role_backends/sql.py", line 65, in _get_role
Oct 20 17:56:23 user devstack@keystone.service[45601]: ERROR keystone.server.flask.application raise exception.RoleNotFound(role_id=role_id)
Oct 20 17:56:23 user devstack@keystone.service[45601]: ERROR keystone.server.flask.application keystone.exception.RoleNotFound: Could not find role: reader.
Oct 20 17:56:23 user devstack@keystone.service[45601]: ERROR keystone.server.flask.application
Oct 20 17:56:23 user devstack@keystone.service[45601]: [pid: 45601|app: 0|req: 83/249] 10.0.0.210 () {56 vars in 1094 bytes} [Fri Oct 20 17:56:23 2023] GET /identity/v3/roles/reader => generated 84 bytes in 175 msecs (HTTP/1.1 404) 5 headers in 183 bytes (1 switches on core 0)
Oct 20 17:56:23 user devstack@keystone.service[45600]: DEBUG keystone.server.flask.request_processing.middleware.auth_context [None req-0b202280-4251-4157-960e-3f0ec71d081a None admin] Authenticating user token {{(pid=45600) process_request /opt/stack/data/venv/lib/python3.10/site-packages/keystonemiddleware/auth_token/__init__.py:406}}
Oct 20 17:56:23 user devstack@keystone.service[45599]: DEBUG keystone.server.flask.request_processing.middleware.auth_context [None req-7d3fe690-7c33-4df4-b7e9-23104f7803b8 None None] Validating token access rules against request {{(pid=45599) validate_allowed_request /opt/stack/data/venv/lib/python3.10/site-packages/keystonemiddleware/auth_token/__init__.py:544}}
Oct 20 17:56:23 user devstack@keystone.service[45599]: DEBUG keystone.server.flask.request_processing.middleware.auth_context [None req-4241a606-7fd1-4488-bba0-c5b49de205f5 None admin] RBAC: auth_context: {'token': , 'domain_id': None, 'trust_id': None, 'trustor_id': None, 'trustee_id': None, 'domain_name': None, 'group_ids': [], 'user_id': 'cdd85ba49e4a46288159cb5acfe6f0b8', 'user_domain_id': 'default', 'system_scope': 'all', 'project_id': None, 'project_domain_id': None, 'roles': ['admin', 'manager', 'member', 'reader'], 'is_admin_project': True, 'service_user_id': None, 'service_user_domain_id': None, 'service_project_id': None, 'service_project_domain_id': None, 'service_roles': []} {{(pid=45599) fill_context /opt/stack/keystone/keystone/server/flask/request_processing/middleware/auth_context.py:480}}
Oct 20 17:56:23 user devstack@keystone.service[45599]: DEBUG keystone.server.flask.request_processing.req_logging [None req-4241a606-7fd1-4488-bba0-c5b49de205f5 None admin] REQUEST_METHOD: `POST` {{(pid=45599) log_request_info /opt/stack/keystone/keystone/server/flask/request_processing/req_logging.py:27}}
Oct 20 17:56:23 user devstack@keystone.service[45599]: DEBUG keystone.server.flask.request_processing.req_logging [None req-4241a606-7fd1-4488-bba0-c5b49de205f5 None admin] SCRIPT_NAME: `/identity` {{(pid=45599) log_request_info /opt/stack/keystone/keystone/server/flask/request_processing/req_logging.py:28}}
Oct 20 17:56:23 user devstack@keystone.service[45599]: DEBUG keystone.server.flask.request_processing.req_logging [None req-4241a606-7fd1-4488-bba0-c5b49de205f5 None admin] PATH_INFO: `/v3/groups` {{(pid=45599) log_request_info /opt/stack/keystone/keystone/server/flask/request_processing/req_logging.py:29}}
Oct 20 17:56:23 user devstack@keystone.service[45599]: DEBUG keystone.common.rbac_enforcer.enforcer [None req-4241a606-7fd1-4488-bba0-c5b49de205f5 None admin] RBAC: Authorizing `identity:create_group()` {{(pid=45599) enforce_call /opt/stack/keystone/keystone/common/rbac_enforcer/enforcer.py:449}}
Oct 20 17:56:23 user devstack@keystone.service[45599]: DEBUG keystone.common.rbac_enforcer.enforcer [None req-4241a606-7fd1-4488-bba0-c5b49de205f5 None admin] RBAC: Authorization granted {{(pid=45599) enforce_call /opt/stack/keystone/keystone/common/rbac_enforcer/enforcer.py:457}}
Oct 20 17:56:23 user devstack@keystone.service[45599]: [pid: 45599|app: 0|req: 83/250] 10.0.0.210 () {60 vars in 1129 bytes} [Fri Oct 20 17:56:23 2023] POST /identity/v3/groups => generated 225 bytes in 193 msecs (HTTP/1.1 201) 5 headers in 182 bytes (1 switches on core 0)
Oct 20 17:56:23 user devstack@keystone.service[45600]: DEBUG keystone.server.flask.request_processing.middleware.auth_context [None req-0b202280-4251-4157-960e-3f0ec71d081a None admin] Validating token access rules against request {{(pid=45600) validate_allowed_request /opt/stack/data/venv/lib/python3.10/site-packages/keystonemiddleware/auth_token/__init__.py:544}}
Oct 20 17:56:23 user devstack@keystone.service[45600]: DEBUG keystone.server.flask.request_processing.middleware.auth_context [None req-62dcb636-b90e-4379-a4ef-77a32f3ed210 None admin] RBAC: auth_context: {'token': , 'domain_id': None, 'trust_id': None, 'trustor_id': None, 'trustee_id': None, 'domain_name': None, 'group_ids': [], 'user_id': 'cdd85ba49e4a46288159cb5acfe6f0b8', 'user_domain_id': 'default', 'system_scope': 'all', 'project_id': None, 'project_domain_id': None, 'roles': ['admin', 'manager', 'member', 'reader'], 'is_admin_project': True, 'service_user_id': None, 'service_user_domain_id': None, 'service_project_id': None, 'service_project_domain_id': None, 'service_roles': []} {{(pid=45600) fill_context /opt/stack/keystone/keystone/server/flask/request_processing/middleware/auth_context.py:480}}
