Nov 13 17:09:30 user devstack@keystone.service[46399]: [pid: 46399|app: 0|req: 29/91] 10.0.0.210 () {58 vars in 1277 bytes} [Mon Nov 13 17:09:30 2023] GET /identity/v3/auth/tokens => generated 861 bytes in 291 msecs (HTTP/1.1 200) 6 headers in 358 bytes (1 switches on core 0)
Nov 13 17:09:30 user devstack@keystone.service[46399]: DEBUG keystone.server.flask.request_processing.middleware.auth_context [None req-2c6e6c64-a3bb-46c6-8727-8699a215c37f None admin] Authenticating user token {{(pid=46399) process_request /opt/stack/data/venv/lib/python3.10/site-packages/keystonemiddleware/auth_token/__init__.py:406}}
Nov 13 17:09:30 user devstack@keystone.service[46401]: DEBUG keystone.server.flask.request_processing.middleware.auth_context [None req-23f8c70e-8488-4090-909f-cde004d8836b None admin] RBAC: auth_context: {'token': , 'domain_id': None, 'trust_id': None, 'trustor_id': None, 'trustee_id': None, 'domain_name': None, 'group_ids': [], 'user_id': '9174095148bc4a40894b8be2da0fc4cb', 'user_domain_id': 'default', 'system_scope': 'all', 'project_id': None, 'project_domain_id': None, 'roles': ['admin', 'manager', 'member', 'reader'], 'is_admin_project': True, 'service_user_id': None, 'service_user_domain_id': None, 'service_project_id': None, 'service_project_domain_id': None, 'service_roles': []} {{(pid=46401) fill_context /opt/stack/keystone/keystone/server/flask/request_processing/middleware/auth_context.py:480}}
Nov 13 17:09:30 user devstack@keystone.service[46401]: DEBUG keystone.server.flask.request_processing.req_logging [None req-23f8c70e-8488-4090-909f-cde004d8836b None admin] REQUEST_METHOD: `GET` {{(pid=46401) log_request_info /opt/stack/keystone/keystone/server/flask/request_processing/req_logging.py:27}}
Nov 13 17:09:30 user devstack@keystone.service[46401]: DEBUG keystone.server.flask.request_processing.req_logging [None req-23f8c70e-8488-4090-909f-cde004d8836b None admin] SCRIPT_NAME: `/identity` {{(pid=46401) log_request_info /opt/stack/keystone/keystone/server/flask/request_processing/req_logging.py:28}}
Nov 13 17:09:30 user devstack@keystone.service[46401]: DEBUG keystone.server.flask.request_processing.req_logging [None req-23f8c70e-8488-4090-909f-cde004d8836b None admin] PATH_INFO: `/v3/roles/member` {{(pid=46401) log_request_info /opt/stack/keystone/keystone/server/flask/request_processing/req_logging.py:29}}
Nov 13 17:09:30 user devstack@keystone.service[46401]: DEBUG keystone.common.rbac_enforcer.enforcer [None req-23f8c70e-8488-4090-909f-cde004d8836b None admin] Extracting inferred target data resulted in "NOT FOUND (404)". {{(pid=46401) enforce_call /opt/stack/keystone/keystone/common/rbac_enforcer/enforcer.py:409}}
Nov 13 17:09:30 user devstack@keystone.service[46401]: ERROR keystone.server.flask.application [None req-23f8c70e-8488-4090-909f-cde004d8836b None admin] Could not find role: member.: keystone.exception.RoleNotFound: Could not find role: member.
Nov 13 17:09:30 user devstack@keystone.service[46401]: ERROR keystone.server.flask.application
Traceback (most recent call last):
Nov 13 17:09:30 user devstack@keystone.service[46401]: ERROR keystone.server.flask.application
File "/opt/stack/data/venv/lib/python3.10/site-packages/flask/app.py", line 1823, in full_dispatch_request
Nov 13 17:09:30 user devstack@keystone.service[46401]: ERROR keystone.server.flask.application rv = self.dispatch_request()
Nov 13 17:09:30 user devstack@keystone.service[46401]: ERROR keystone.server.flask.application
File "/opt/stack/data/venv/lib/python3.10/site-packages/flask/app.py", line 1799, in dispatch_request
Nov 13 17:09:30 user devstack@keystone.service[46401]: ERROR keystone.server.flask.application return self.ensure_sync(self.view_functions[rule.endpoint])(**view_args)
Nov 13 17:09:30 user devstack@keystone.service[46401]: ERROR keystone.server.flask.application
File "/opt/stack/data/venv/lib/python3.10/site-packages/flask_restful/__init__.py", line 489, in wrapper
Nov 13 17:09:30 user devstack@keystone.service[46401]: ERROR keystone.server.flask.application resp = resource(*args, **kwargs)
Nov 13 17:09:30 user devstack@keystone.service[46401]: ERROR keystone.server.flask.application
File "/opt/stack/data/venv/lib/python3.10/site-packages/flask/views.py", line 107, in view
Nov 13 17:09:30 user devstack@keystone.service[46401]: ERROR keystone.server.flask.application return current_app.ensure_sync(self.dispatch_request)(**kwargs)
Nov 13 17:09:30 user devstack@keystone.service[46401]: ERROR keystone.server.flask.application
File "/opt/stack/data/venv/lib/python3.10/site-packages/flask_restful/__init__.py", line 604, in dispatch_request
Nov 13 17:09:30 user devstack@keystone.service[46401]: ERROR keystone.server.flask.application resp = meth(*args, **kwargs)
Nov 13 17:09:30 user devstack@keystone.service[46401]: ERROR keystone.server.flask.application
File "/opt/stack/keystone/keystone/api/roles.py", line 50, in get
Nov 13 17:09:30 user devstack@keystone.service[46401]: ERROR keystone.server.flask.application return self._get_role(role_id)
Nov 13 17:09:30 user devstack@keystone.service[46401]: ERROR keystone.server.flask.application
File "/opt/stack/keystone/keystone/api/roles.py", line 70, in _get_role
Nov 13 17:09:30 user devstack@keystone.service[46401]: ERROR keystone.server.flask.application ENFORCER.enforce_call(action='identity:get_role')
Nov 13 17:09:30 user devstack@keystone.service[46401]: ERROR keystone.server.flask.application
File "/opt/stack/keystone/keystone/common/rbac_enforcer/enforcer.py", line 402, in enforce_call
Nov 13 17:09:30 user devstack@keystone.service[46401]: ERROR keystone.server.flask.application policy_dict.update(cls._extract_member_target_data(
Nov 13 17:09:30 user devstack@keystone.service[46401]: ERROR keystone.server.flask.application
File "/opt/stack/keystone/keystone/common/rbac_enforcer/enforcer.py", line 234, in _extract_member_target_data
Nov 13 17:09:30 user devstack@keystone.service[46401]: ERROR keystone.server.flask.application member_name: func(flask.request.view_args[key])
Nov 13 17:09:30 user devstack@keystone.service[46401]: ERROR keystone.server.flask.application
File "/opt/stack/keystone/keystone/common/manager.py", line 115, in wrapped
Nov 13 17:09:30 user devstack@keystone.service[46401]: ERROR keystone.server.flask.application __ret_val = __f(*args, **kwargs)
Nov 13 17:09:30 user devstack@keystone.service[46401]: ERROR keystone.server.flask.application
File "/opt/stack/data/venv/lib/python3.10/site-packages/decorator.py", line 232, in fun
Nov 13 17:09:30 user devstack@keystone.service[46401]: ERROR keystone.server.flask.application return caller(func, *(extras + args), **kw)
Nov 13 17:09:30 user devstack@keystone.service[46401]: ERROR keystone.server.flask.application
File "/opt/stack/data/venv/lib/python3.10/site-packages/dogpile/cache/region.py", line 1594, in get_or_create_for_user_func
Nov 13 17:09:30 user devstack@keystone.service[46401]: ERROR keystone.server.flask.application return self.get_or_create(
Nov 13 17:09:30 user devstack@keystone.service[46401]: ERROR keystone.server.flask.application
File "/opt/stack/data/venv/lib/python3.10/site-packages/dogpile/cache/region.py", line 1054, in get_or_create
Nov 13 17:09:30 user devstack@keystone.service[46401]: ERROR keystone.server.flask.application with Lock(
Nov 13 17:09:30 user devstack@keystone.service[46401]: ERROR keystone.server.flask.application
File "/opt/stack/data/venv/lib/python3.10/site-packages/dogpile/lock.py", line 185, in __enter__
Nov 13 17:09:30 user devstack@keystone.service[46401]: ERROR keystone.server.flask.application return self._enter()
Nov 13 17:09:30 user devstack@keystone.service[46401]: ERROR keystone.server.flask.application
File "/opt/stack/data/venv/lib/python3.10/site-packages/dogpile/lock.py", line 94, in _enter
Nov 13 17:09:30 user devstack@keystone.service[46401]: ERROR keystone.server.flask.application generated = self._enter_create(value, createdtime)
Nov 13 17:09:30 user devstack@keystone.service[46401]: ERROR keystone.server.flask.application
File "/opt/stack/data/venv/lib/python3.10/site-packages/dogpile/lock.py", line 178, in _enter_create
Nov 13 17:09:30 user devstack@keystone.service[46401]: ERROR keystone.server.flask.application return self.creator()
Nov 13 17:09:30 user devstack@keystone.service[46401]: ERROR keystone.server.flask.application
File "/opt/stack/data/venv/lib/python3.10/site-packages/dogpile/cache/region.py", line 1007, in gen_value
Nov 13 17:09:30 user devstack@keystone.service[46401]: ERROR keystone.server.flask.application created_value = creator(
Nov 13 17:09:30 user devstack@keystone.service[46401]: ERROR keystone.server.flask.application
File "/opt/stack/keystone/keystone/assignment/core.py", line 1276, in get_role
Nov 13 17:09:30 user devstack@keystone.service[46401]: ERROR keystone.server.flask.application return self.driver.get_role(role_id)
Nov 13 17:09:30 user devstack@keystone.service[46401]: ERROR keystone.server.flask.application
File "/opt/stack/keystone/keystone/assignment/role_backends/sql.py", line 70, in get_role
Nov 13 17:09:30 user devstack@keystone.service[46401]: ERROR keystone.server.flask.application return self._get_role(session, role_id).to_dict()
Nov 13 17:09:30 user devstack@keystone.service[46401]: ERROR keystone.server.flask.application
File "/opt/stack/keystone/keystone/assignment/role_backends/sql.py", line 65, in _get_role
Nov 13 17:09:30 user devstack@keystone.service[46401]: ERROR keystone.server.flask.application raise exception.RoleNotFound(role_id=role_id)
Nov 13 17:09:30 user devstack@keystone.service[46401]: ERROR keystone.server.flask.application keystone.exception.RoleNotFound: Could not find role: member.
Nov 13 17:09:30 user devstack@keystone.service[46401]: ERROR keystone.server.flask.application
Nov 13 17:09:30 user devstack@keystone.service[46401]: [pid: 46401|app: 0|req: 31/92] 10.0.0.210 () {56 vars in 1094 bytes} [Mon Nov 13 17:09:30 2023] GET /identity/v3/roles/member => generated 84 bytes in 178 msecs (HTTP/1.1 404) 5 headers in 183 bytes (1 switches on core 0)
Nov 13 17:09:30 user devstack@keystone.service[46401]: DEBUG keystone.server.flask.request_processing.middleware.auth_context [None req-23f8c70e-8488-4090-909f-cde004d8836b None admin] Authenticating user token {{(pid=46401) process_request /opt/stack/data/venv/lib/python3.10/site-packages/keystonemiddleware/auth_token/__init__.py:406}}
Nov 13 17:09:30 user devstack@keystone.service[46399]: DEBUG keystone.server.flask.request_processing.middleware.auth_context [None req-2c6e6c64-a3bb-46c6-8727-8699a215c37f None admin] Validating token access rules against request {{(pid=46399) validate_allowed_request /opt/stack/data/venv/lib/python3.10/site-packages/keystonemiddleware/auth_token/__init__.py:544}}
Nov 13 17:09:30 user devstack@keystone.service[46401]: DEBUG keystone.server.flask.request_processing.middleware.auth_context [None req-23f8c70e-8488-4090-909f-cde004d8836b None admin] Validating token access rules against request {{(pid=46401) validate_allowed_request /opt/stack/data/venv/lib/python3.10/site-packages/keystonemiddleware/auth_token/__init__.py:544}}
Nov 13 17:09:30 user devstack@keystone.service[46399]: DEBUG keystone.server.flask.request_processing.middleware.auth_context [None req-c8ea563a-41d6-4242-9bcb-f2a600bc96a4 None admin] RBAC: auth_context: {'token': , 'domain_id': None, 'trust_id': None, 'trustor_id': None, 'trustee_id': None, 'domain_name': None, 'group_ids': [], 'user_id': '9174095148bc4a40894b8be2da0fc4cb', 'user_domain_id': 'default', 'system_scope': 'all', 'project_id': None, 'project_domain_id': None, 'roles': ['admin', 'manager', 'member', 'reader'], 'is_admin_project': True, 'service_user_id': None, 'service_user_domain_id': None, 'service_project_id': None, 'service_project_domain_id': None, 'service_roles': []} {{(pid=46399) fill_context /opt/stack/keystone/keystone/server/flask/request_processing/middleware/auth_context.py:480}}
Nov 13 17:09:30 user devstack@keystone.service[46399]: DEBUG keystone.server.flask.request_processing.req_logging [None req-c8ea563a-41d6-4242-9bcb-f2a600bc96a4 None admin] REQUEST_METHOD: `GET` {{(pid=46399) log_request_info /opt/stack/keystone/keystone/server/flask/request_processing/req_logging.py:27}}
Nov 13 17:09:30 user devstack@keystone.service[46399]: DEBUG keystone.server.flask.request_processing.req_logging [None req-c8ea563a-41d6-4242-9bcb-f2a600bc96a4 None admin] SCRIPT_NAME: `/identity` {{(pid=46399) log_request_info /opt/stack/keystone/keystone/server/flask/request_processing/req_logging.py:28}}
Nov 13 17:09:30 user devstack@keystone.service[46399]: DEBUG keystone.server.flask.request_processing.req_logging [None req-c8ea563a-41d6-4242-9bcb-f2a600bc96a4 None admin] PATH_INFO: `/v3/auth/tokens` {{(pid=46399) log_request_info /opt/stack/keystone/keystone/server/flask/request_processing/req_logging.py:29}}
Nov 13 17:09:30 user devstack@keystone.service[46401]: DEBUG keystone.server.flask.request_processing.middleware.auth_context [None req-15248bee-4f12-4046-8068-94a182f6583f None admin] RBAC: auth_context: {'token': , 'domain_id': None, 'trust_id': None, 'trustor_id': None, 'trustee_id': None, 'domain_name': None, 'group_ids': [], 'user_id': '9174095148bc4a40894b8be2da0fc4cb', 'user_domain_id': 'default', 'system_scope': 'all', 'project_id': None, 'project_domain_id': None, 'roles': ['admin', 'manager', 'member', 'reader'], 'is_admin_project': True, 'service_user_id': None, 'service_user_domain_id': None, 'service_project_id': None, 'service_project_domain_id': None, 'service_roles': []} {{(pid=46401) fill_context /opt/stack/keystone/keystone/server/flask/request_processing/middleware/auth_context.py:480}}
Nov 13 17:09:30 user devstack@keystone.service[46401]: DEBUG keystone.server.flask.request_processing.req_logging [None req-15248bee-4f12-4046-8068-94a182f6583f None admin] REQUEST_METHOD: `GET` {{(pid=46401) log_request_info /opt/stack/keystone/keystone/server/flask/request_processing/req_logging.py:27}}
Nov 13 17:09:30 user devstack@keystone.service[46401]: DEBUG keystone.server.flask.request_processing.req_logging [None req-15248bee-4f12-4046-8068-94a182f6583f None admin] SCRIPT_NAME: `/identity` {{(pid=46401) log_request_info /opt/stack/keystone/keystone/server/flask/request_processing/req_logging.py:28}}
Nov 13 17:09:30 user devstack@keystone.service[46401]: DEBUG keystone.server.flask.request_processing.req_logging [None req-15248bee-4f12-4046-8068-94a182f6583f None admin] PATH_INFO: `/v3/roles` {{(pid=46401) log_request_info /opt/stack/keystone/keystone/server/flask/request_processing/req_logging.py:29}}
Nov 13 17:09:30 user devstack@keystone.service[46401]: DEBUG keystone.common.rbac_enforcer.enforcer [None req-15248bee-4f12-4046-8068-94a182f6583f None admin] RBAC: Adding query filter params (name=reader) {{(pid=46401) _extract_filter_values /opt/stack/keystone/keystone/common/rbac_enforcer/enforcer.py:167}}
Nov 13 17:09:30 user devstack@keystone.service[46401]: DEBUG keystone.common.rbac_enforcer.enforcer [None req-15248bee-4f12-4046-8068-94a182f6583f None admin] RBAC: Authorizing `identity:list_roles()` {{(pid=46401) enforce_call /opt/stack/keystone/keystone/common/rbac_enforcer/enforcer.py:449}}
Nov 13 17:09:30 user devstack@keystone.service[46401]: DEBUG keystone.common.rbac_enforcer.enforcer [None req-15248bee-4f12-4046-8068-94a182f6583f None admin] RBAC: Authorization granted {{(pid=46401) enforce_call /opt/stack/keystone/keystone/common/rbac_enforcer/enforcer.py:457}}
Nov 13 17:09:30 user devstack@keystone.service[46401]: [pid: 46401|app: 0|req: 32/93] 10.0.0.210 () {56 vars in 1096 bytes} [Mon Nov 13 17:09:30 2023] GET /identity/v3/roles?name=reader => generated 339 bytes in 138 msecs (HTTP/1.1 200) 5 headers in 177 bytes (1 switches on core 0)
Nov 13 17:09:30 user devstack@keystone.service[46401]: DEBUG keystone.server.flask.request_processing.middleware.auth_context [None req-15248bee-4f12-4046-8068-94a182f6583f None admin] Authenticating user token {{(pid=46401) process_request /opt/stack/data/venv/lib/python3.10/site-packages/keystonemiddleware/auth_token/__init__.py:406}}
Nov 13 17:09:30 user devstack@keystone.service[46399]: DEBUG keystone.common.rbac_enforcer.enforcer [None req-c8ea563a-41d6-4242-9bcb-f2a600bc96a4 None admin] RBAC: Authorizing `identity:validate_token()` {{(pid=46399) enforce_call /opt/stack/keystone/keystone/common/rbac_enforcer/enforcer.py:449}}
Nov 13 17:09:30 user devstack@keystone.service[46399]: DEBUG keystone.common.rbac_enforcer.enforcer [None req-c8ea563a-41d6-4242-9bcb-f2a600bc96a4 None admin] RBAC: Authorization granted {{(pid=46399) enforce_call /opt/stack/keystone/keystone/common/rbac_enforcer/enforcer.py:457}}
Nov 13 17:09:30 user devstack@keystone.service[46400]: DEBUG keystone.server.flask.request_processing.middleware.auth_context [None req-fefa4526-47ba-4a5e-9aa4-03c04d1d8c7d None admin] Validating token access rules against request {{(pid=46400) validate_allowed_request /opt/stack/data/venv/lib/python3.10/site-packages/keystonemiddleware/auth_token/__init__.py:544}}
Nov 13 17:09:30 user devstack@keystone.service[46400]: DEBUG keystone.server.flask.request_processing.middleware.auth_context [None req-be7ccddf-79b3-4732-99b7-2c788aa12c6c None admin] RBAC: auth_context: {'token': , 'domain_id': None, 'trust_id': None, 'trustor_id': None, 'trustee_id': None, 'domain_name': None, 'group_ids': [], 'user_id': '9174095148bc4a40894b8be2da0fc4cb', 'user_domain_id': 'default', 'system_scope': 'all', 'project_id': None, 'project_domain_id': None, 'roles': ['admin', 'manager', 'member', 'reader'], 'is_admin_project': True, 'service_user_id': None, 'service_user_domain_id': None, 'service_project_id': None, 'service_project_domain_id': None, 'service_roles': []} {{(pid=46400) fill_context /opt/stack/keystone/keystone/server/flask/request_processing/middleware/auth_context.py:480}}
Nov 13 17:09:30 user devstack@keystone.service[46400]: DEBUG keystone.server.flask.request_processing.req_logging [None req-be7ccddf-79b3-4732-99b7-2c788aa12c6c None admin] REQUEST_METHOD: `GET` {{(pid=46400) log_request_info /opt/stack/keystone/keystone/server/flask/request_processing/req_logging.py:27}}
Nov 13 17:09:30 user devstack@keystone.service[46400]: DEBUG keystone.server.flask.request_processing.req_logging [None req-be7ccddf-79b3-4732-99b7-2c788aa12c6c None admin] SCRIPT_NAME: `/identity` {{(pid=46400) log_request_info /opt/stack/keystone/keystone/server/flask/request_processing/req_logging.py:28}}
Nov 13 17:09:30 user devstack@keystone.service[46400]: DEBUG keystone.server.flask.request_processing.req_logging [None req-be7ccddf-79b3-4732-99b7-2c788aa12c6c None admin] PATH_INFO: `/v3/domains/default` {{(pid=46400) log_request_info /opt/stack/keystone/keystone/server/flask/request_processing/req_logging.py:29}}
Nov 13 17:09:30 user devstack@keystone.service[46400]: DEBUG keystone.common.rbac_enforcer.enforcer [None req-be7ccddf-79b3-4732-99b7-2c788aa12c6c None admin] RBAC: Authorizing `identity:get_domain(domain_id=default)` {{(pid=46400) enforce_call /opt/stack/keystone/keystone/common/rbac_enforcer/enforcer.py:449}}
Nov 13 17:09:30 user devstack@keystone.service[46400]: DEBUG keystone.common.rbac_enforcer.enforcer [None req-be7ccddf-79b3-4732-99b7-2c788aa12c6c None admin] RBAC: Authorization granted {{(pid=46400) enforce_call /opt/stack/keystone/keystone/common/rbac_enforcer/enforcer.py:457}}
Nov 13 17:09:30 user devstack@keystone.service[46400]: [pid: 46400|app: 0|req: 33/94] 10.0.0.210 () {56 vars in 1103 bytes} [Mon Nov 13 17:09:30 2023] GET /identity/v3/domains/default => generated 198 bytes in 354 msecs (HTTP/1.1 200) 5 headers in 177 bytes (1 switches on core 0)
Nov 13 17:09:30 user devstack@keystone.service[46400]: DEBUG keystone.server.flask.request_processing.middleware.auth_context [None req-be7ccddf-79b3-4732-99b7-2c788aa12c6c None admin] Authenticating user token {{(pid=46400) process_request /opt/stack/data/venv/lib/python3.10/site-packages/keystonemiddleware/auth_token/__init__.py:406}}
Nov 13 17:09:30 user devstack@keystone.service[46401]: DEBUG keystone.server.flask.request_processing.middleware.auth_context [None req-15248bee-4f12-4046-8068-94a182f6583f None admin] Validating token access rules against request {{(pid=46401) validate_allowed_request /opt/stack/data/venv/lib/python3.10/site-packages/keystonemiddleware/auth_token/__init__.py:544}}
Nov 13 17:09:30 user devstack@keystone.service[46399]: [pid: 46399|app: 0|req: 30/95] 10.0.0.210 () {58 vars in 1277 bytes} [Mon Nov 13 17:09:30 2023] GET /identity/v3/auth/tokens => generated 861 bytes in 283 msecs (HTTP/1.1 200) 6 headers in 358 bytes (1 switches on core 0)
Nov 13 17:09:30 user devstack@keystone.service[46399]: DEBUG keystone.server.flask.request_processing.middleware.auth_context [None req-c8ea563a-41d6-4242-9bcb-f2a600bc96a4 None admin] Authenticating user token {{(pid=46399) process_request /opt/stack/data/venv/lib/python3.10/site-packages/keystonemiddleware/auth_token/__init__.py:406}}
Nov 13 17:09:30 user devstack@keystone.service[46401]: DEBUG keystone.server.flask.request_processing.middleware.auth_context [None req-48df745b-c4cf-40c4-9063-9948ed5bf331 None admin] RBAC: auth_context: {'token': , 'domain_id': None, 'trust_id': None, 'trustor_id': None, 'trustee_id': None, 'domain_name': None, 'group_ids': [], 'user_id': '9174095148bc4a40894b8be2da0fc4cb', 'user_domain_id': 'default', 'system_scope': 'all', 'project_id': None, 'project_domain_id': None, 'roles': ['admin', 'manager', 'member', 'reader'], 'is_admin_project': True, 'service_user_id': None, 'service_user_domain_id': None, 'service_project_id': None, 'service_project_domain_id': None, 'service_roles': []} {{(pid=46401) fill_context /opt/stack/keystone/keystone/server/flask/request_processing/middleware/auth_context.py:480}}
Nov 13 17:09:30 user devstack@keystone.service[46401]: DEBUG keystone.server.flask.request_processing.req_logging [None req-48df745b-c4cf-40c4-9063-9948ed5bf331 None admin] REQUEST_METHOD: `GET` {{(pid=46401) log_request_info /opt/stack/keystone/keystone/server/flask/request_processing/req_logging.py:27}}
Nov 13 17:09:30 user devstack@keystone.service[46401]: DEBUG keystone.server.flask.request_processing.req_logging [None req-48df745b-c4cf-40c4-9063-9948ed5bf331 None admin] SCRIPT_NAME: `/identity` {{(pid=46401) log_request_info /opt/stack/keystone/keystone/server/flask/request_processing/req_logging.py:28}}
Nov 13 17:09:30 user devstack@keystone.service[46401]: DEBUG keystone.server.flask.request_processing.req_logging [None req-48df745b-c4cf-40c4-9063-9948ed5bf331 None admin] PATH_INFO: `/v3/auth/tokens` {{(pid=46401) log_request_info /opt/stack/keystone/keystone/server/flask/request_processing/req_logging.py:29}}
Nov 13 17:09:30 user devstack@keystone.service[46400]: DEBUG keystone.server.flask.request_processing.middleware.auth_context [None req-be7ccddf-79b3-4732-99b7-2c788aa12c6c None admin] Validating token access rules against request {{(pid=46400) validate_allowed_request /opt/stack/data/venv/lib/python3.10/site-packages/keystonemiddleware/auth_token/__init__.py:544}}
Nov 13 17:09:30 user devstack@keystone.service[46401]: DEBUG keystone.common.rbac_enforcer.enforcer [None req-48df745b-c4cf-40c4-9063-9948ed5bf331 None admin] RBAC: Authorizing `identity:validate_token()` {{(pid=46401) enforce_call /opt/stack/keystone/keystone/common/rbac_enforcer/enforcer.py:449}}
Nov 13 17:09:30 user devstack@keystone.service[46401]: DEBUG keystone.common.rbac_enforcer.enforcer [None req-48df745b-c4cf-40c4-9063-9948ed5bf331 None admin] RBAC: Authorization granted {{(pid=46401) enforce_call /opt/stack/keystone/keystone/common/rbac_enforcer/enforcer.py:457}}
Nov 13 17:09:30 user devstack@keystone.service[46400]: DEBUG keystone.server.flask.request_processing.middleware.auth_context [None req-b194ce4b-aa20-483c-9eb9-848fce9c7e6d None admin] RBAC: auth_context: {'token': , 'domain_id': None, 'trust_id': None, 'trustor_id': None, 'trustee_id': None, 'domain_name': None, 'group_ids': [], 'user_id': '9174095148bc4a40894b8be2da0fc4cb', 'user_domain_id': 'default', 'system_scope': 'all', 'project_id': None, 'project_domain_id': None, 'roles': ['admin', 'manager', 'member', 'reader'], 'is_admin_project': True, 'service_user_id': None, 'service_user_domain_id': None, 'service_project_id': None, 'service_project_domain_id': None, 'service_roles': []} {{(pid=46400) fill_context /opt/stack/keystone/keystone/server/flask/request_processing/middleware/auth_context.py:480}}
Nov 13 17:09:30 user devstack@keystone.service[46400]: DEBUG keystone.server.flask.request_processing.req_logging [None req-b194ce4b-aa20-483c-9eb9-848fce9c7e6d None admin] REQUEST_METHOD: `GET` {{(pid=46400) log_request_info /opt/stack/keystone/keystone/server/flask/request_processing/req_logging.py:27}}
Nov 13 17:09:30 user devstack@keystone.service[46400]: DEBUG keystone.server.flask.request_processing.req_logging [None req-b194ce4b-aa20-483c-9eb9-848fce9c7e6d None admin] SCRIPT_NAME: `/identity` {{(pid=46400) log_request_info /opt/stack/keystone/keystone/server/flask/request_processing/req_logging.py:28}}
Nov 13 17:09:30 user devstack@keystone.service[46400]: DEBUG keystone.server.flask.request_processing.req_logging [None req-b194ce4b-aa20-483c-9eb9-848fce9c7e6d None admin] PATH_INFO: `/v3/projects/46d0e12f64ff400f8a45f588c6ea7995` {{(pid=46400) log_request_info /opt/stack/keystone/keystone/server/flask/request_processing/req_logging.py:29}}
Nov 13 17:09:30 user devstack@keystone.service[46400]: DEBUG keystone.common.rbac_enforcer.enforcer [None req-b194ce4b-aa20-483c-9eb9-848fce9c7e6d None admin] RBAC: Authorizing `identity:get_project(project_id=46d0e12f64ff400f8a45f588c6ea7995)` {{(pid=46400) enforce_call /opt/stack/keystone/keystone/common/rbac_enforcer/enforcer.py:449}}
Nov 13 17:09:30 user devstack@keystone.service[46400]: DEBUG keystone.common.rbac_enforcer.enforcer [None req-b194ce4b-aa20-483c-9eb9-848fce9c7e6d None admin] RBAC: Authorization granted {{(pid=46400) enforce_call /opt/stack/keystone/keystone/common/rbac_enforcer/enforcer.py:457}}
Nov 13 17:09:30 user devstack@keystone.service[46400]: [pid: 46400|app: 0|req: 34/96] 10.0.0.210 () {56 vars in 1181 bytes} [Mon Nov 13 17:09:30 2023] GET /identity/v3/projects/46d0e12f64ff400f8a45f588c6ea7995 => generated 297 bytes in 139 msecs (HTTP/1.1 200) 5 headers in 177 bytes (1 switches on core 0)
Nov 13 17:09:30 user devstack@keystone.service[46400]: DEBUG keystone.server.flask.request_processing.middleware.auth_context [None req-b194ce4b-aa20-483c-9eb9-848fce9c7e6d None admin] Authenticating user token {{(pid=46400) process_request /opt/stack/data/venv/lib/python3.10/site-packages/keystonemiddleware/auth_token/__init__.py:406}}
Nov 13 17:09:30 user devstack@keystone.service[46399]: DEBUG keystone.server.flask.request_processing.middleware.auth_context [None req-c8ea563a-41d6-4242-9bcb-f2a600bc96a4 None admin] Validating token access rules against request {{(pid=46399) validate_allowed_request /opt/stack/data/venv/lib/python3.10/site-packages/keystonemiddleware/auth_token/__init__.py:544}}
Nov 13 17:09:30 user devstack@keystone.service[46399]: DEBUG keystone.server.flask.request_processing.middleware.auth_context [None req-9bd37130-0aac-448a-8f63-fd0fb2696533 None admin] RBAC: auth_context: {'token': , 'domain_id': None, 'trust_id': None, 'trustor_id': None, 'trustee_id': None, 'domain_name': None, 'group_ids': [], 'user_id': '9174095148bc4a40894b8be2da0fc4cb', 'user_domain_id': 'default', 'system_scope': 'all', 'project_id': None, 'project_domain_id': None, 'roles': ['admin', 'manager', 'member', 'reader'], 'is_admin_project': True, 'service_user_id': None, 'service_user_domain_id': None, 'service_project_id': None, 'service_project_domain_id': None, 'service_roles': []} {{(pid=46399) fill_context /opt/stack/keystone/keystone/server/flask/request_processing/middleware/auth_context.py:480}}
Nov 13 17:09:30 user devstack@keystone.service[46399]: DEBUG keystone.server.flask.request_processing.req_logging [None req-9bd37130-0aac-448a-8f63-fd0fb2696533 None admin] REQUEST_METHOD: `GET` {{(pid=46399) log_request_info /opt/stack/keystone/keystone/server/flask/request_processing/req_logging.py:27}}
Nov 13 17:09:30 user devstack@keystone.service[46399]: DEBUG keystone.server.flask.request_processing.req_logging [None req-9bd37130-0aac-448a-8f63-fd0fb2696533 None admin] SCRIPT_NAME: `/identity` {{(pid=46399) log_request_info /opt/stack/keystone/keystone/server/flask/request_processing/req_logging.py:28}}
Nov 13 17:09:30 user devstack@keystone.service[46399]: DEBUG keystone.server.flask.request_processing.req_logging [None req-9bd37130-0aac-448a-8f63-fd0fb2696533 None admin] PATH_INFO: `/v3/roles` {{(pid=46399) log_request_info /opt/stack/keystone/keystone/server/flask/request_processing/req_logging.py:29}}
Nov 13 17:09:30 user devstack@keystone.service[46399]: DEBUG keystone.common.rbac_enforcer.enforcer [None req-9bd37130-0aac-448a-8f63-fd0fb2696533 None admin] RBAC: Adding query filter params (name=member) {{(pid=46399) _extract_filter_values /opt/stack/keystone/keystone/common/rbac_enforcer/enforcer.py:167}}
Nov 13 17:09:30 user devstack@keystone.service[46399]: DEBUG keystone.common.rbac_enforcer.enforcer [None req-9bd37130-0aac-448a-8f63-fd0fb2696533 None admin] RBAC: Authorizing `identity:list_roles()` {{(pid=46399) enforce_call /opt/stack/keystone/keystone/common/rbac_enforcer/enforcer.py:449}}
Nov 13 17:09:30 user devstack@keystone.service[46399]: DEBUG keystone.common.rbac_enforcer.enforcer [None req-9bd37130-0aac-448a-8f63-fd0fb2696533 None admin] RBAC: Authorization granted {{(pid=46399) enforce_call /opt/stack/keystone/keystone/common/rbac_enforcer/enforcer.py:457}}
Nov 13 17:09:30 user devstack@keystone.service[46399]: [pid: 46399|app: 0|req: 31/97] 10.0.0.210 () {56 vars in 1096 bytes} [Mon Nov 13 17:09:30 2023] GET /identity/v3/roles?name=member => generated 339 bytes in 157 msecs (HTTP/1.1 200) 5 headers in 177 bytes (1 switches on core 0)
Nov 13 17:09:30 user devstack@keystone.service[46399]: DEBUG keystone.server.flask.request_processing.middleware.auth_context [None req-9bd37130-0aac-448a-8f63-fd0fb2696533 None admin] Authenticating user token {{(pid=46399) process_request /opt/stack/data/venv/lib/python3.10/site-packages/keystonemiddleware/auth_token/__init__.py:406}}
Nov 13 17:09:30 user devstack@keystone.service[46401]: [pid: 46401|app: 0|req: 33/98] 10.0.0.210 () {58 vars in 1277 bytes} [Mon Nov 13 17:09:30 2023] GET /identity/v3/auth/tokens => generated 861 bytes in 277 msecs (HTTP/1.1 200) 6 headers in 358 bytes (1 switches on core 0)
Nov 13 17:09:30 user devstack@keystone.service[46401]: DEBUG keystone.server.flask.request_processing.middleware.auth_context [None req-48df745b-c4cf-40c4-9063-9948ed5bf331 None admin] Authenticating user token {{(pid=46401) process_request /opt/stack/data/venv/lib/python3.10/site-packages/keystonemiddleware/auth_token/__init__.py:406}}
Nov 13 17:09:30 user devstack@keystone.service[46400]: DEBUG keystone.server.flask.request_processing.middleware.auth_context [None req-b194ce4b-aa20-483c-9eb9-848fce9c7e6d None admin] Validating token access rules against request {{(pid=46400) validate_allowed_request /opt/stack/data/venv/lib/python3.10/site-packages/keystonemiddleware/auth_token/__init__.py:544}}
Nov 13 17:09:31 user devstack@keystone.service[46400]: DEBUG keystone.server.flask.request_processing.middleware.auth_context [None req-d664a363-56a2-4c52-8b03-59b9a9612422 None admin] RBAC: auth_context: {'token': , 'domain_id': None, 'trust_id': None, 'trustor_id': None, 'trustee_id': None, 'domain_name': None, 'group_ids': [], 'user_id': '9174095148bc4a40894b8be2da0fc4cb', 'user_domain_id': 'default', 'system_scope': 'all', 'project_id': None, 'project_domain_id': None, 'roles': ['admin', 'manager', 'member', 'reader'], 'is_admin_project': True, 'service_user_id': None, 'service_user_domain_id': None, 'service_project_id': None, 'service_project_domain_id': None, 'service_roles': []} {{(pid=46400) fill_context /opt/stack/keystone/keystone/server/flask/request_processing/middleware/auth_context.py:480}}
Nov 13 17:09:31 user devstack@keystone.service[46400]: DEBUG keystone.server.flask.request_processing.req_logging [None req-d664a363-56a2-4c52-8b03-59b9a9612422 None admin] REQUEST_METHOD: `GET` {{(pid=46400) log_request_info /opt/stack/keystone/keystone/server/flask/request_processing/req_logging.py:27}}
Nov 13 17:09:31 user devstack@keystone.service[46400]: DEBUG keystone.server.flask.request_processing.req_logging [None req-d664a363-56a2-4c52-8b03-59b9a9612422 None admin] SCRIPT_NAME: `/identity` {{(pid=46400) log_request_info /opt/stack/keystone/keystone/server/flask/request_processing/req_logging.py:28}}
Nov 13 17:09:31 user devstack@keystone.service[46400]: DEBUG keystone.server.flask.request_processing.req_logging [None req-d664a363-56a2-4c52-8b03-59b9a9612422 None admin] PATH_INFO: `/v3/users/0b454d301cf6436e902cdb4ace8709a5` {{(pid=46400) log_request_info /opt/stack/keystone/keystone/server/flask/request_processing/req_logging.py:29}}
Nov 13 17:09:31 user devstack@keystone.service[46400]: DEBUG keystone.common.rbac_enforcer.enforcer [None req-d664a363-56a2-4c52-8b03-59b9a9612422 None admin] RBAC: Authorizing `identity:get_user(user_id=0b454d301cf6436e902cdb4ace8709a5)` {{(pid=46400) enforce_call /opt/stack/keystone/keystone/common/rbac_enforcer/enforcer.py:449}}
Nov 13 17:09:31 user devstack@keystone.service[46400]: DEBUG keystone.common.rbac_enforcer.enforcer [None req-d664a363-56a2-4c52-8b03-59b9a9612422 None admin] RBAC: Authorization granted {{(pid=46400) enforce_call /opt/stack/keystone/keystone/common/rbac_enforcer/enforcer.py:457}}
Nov 13 17:09:31 user devstack@keystone.service[46400]: [pid: 46400|app: 0|req: 35/99] 10.0.0.210 () {56 vars in 1172 bytes} [Mon Nov 13 17:09:30 2023] GET /identity/v3/users/0b454d301cf6436e902cdb4ace8709a5 => generated 288 bytes in 144 msecs (HTTP/1.1 200) 5 headers in 177 bytes (1 switches on core 0)
Nov 13 17:09:31 user devstack@keystone.service[46400]: DEBUG keystone.server.flask.request_processing.middleware.auth_context [None req-d664a363-56a2-4c52-8b03-59b9a9612422 None admin] Authenticating user token {{(pid=46400) process_request /opt/stack/data/venv/lib/python3.10/site-packages/keystonemiddleware/auth_token/__init__.py:406}}
Nov 13 17:09:31 user devstack@keystone.service[46399]: DEBUG keystone.server.flask.request_processing.middleware.auth_context [None req-9bd37130-0aac-448a-8f63-fd0fb2696533 None admin] Validating token access rules against request {{(pid=46399) validate_allowed_request /opt/stack/data/venv/lib/python3.10/site-packages/keystonemiddleware/auth_token/__init__.py:544}}
Nov 13 17:09:31 user devstack@keystone.service[46401]: DEBUG keystone.server.flask.request_processing.middleware.auth_context [None req-48df745b-c4cf-40c4-9063-9948ed5bf331 None admin] Validating token access rules against request {{(pid=46401) validate_allowed_request /opt/stack/data/venv/lib/python3.10/site-packages/keystonemiddleware/auth_token/__init__.py:544}}
Nov 13 17:09:31 user devstack@keystone.service[46399]: DEBUG keystone.server.flask.request_processing.middleware.auth_context [None req-8fb7798d-3dcf-4ccc-ab3f-59a915bd2fe6 None admin] RBAC: auth_context: {'token': , 'domain_id': None, 'trust_id': None, 'trustor_id': None, 'trustee_id': None, 'domain_name': None, 'group_ids': [], 'user_id': '9174095148bc4a40894b8be2da0fc4cb', 'user_domain_id': 'default', 'system_scope': 'all', 'project_id': None, 'project_domain_id': None, 'roles': ['admin', 'manager', 'member', 'reader'], 'is_admin_project': True, 'service_user_id': None, 'service_user_domain_id': None, 'service_project_id': None, 'service_project_domain_id': None, 'service_roles': []} {{(pid=46399) fill_context /opt/stack/keystone/keystone/server/flask/request_processing/middleware/auth_context.py:480}}
Nov 13 17:09:31 user devstack@keystone.service[46399]: DEBUG keystone.server.flask.request_processing.req_logging [None req-8fb7798d-3dcf-4ccc-ab3f-59a915bd2fe6 None admin] REQUEST_METHOD: `POST` {{(pid=46399) log_request_info /opt/stack/keystone/keystone/server/flask/request_processing/req_logging.py:27}}
Nov 13 17:09:31 user devstack@keystone.service[46399]: DEBUG keystone.server.flask.request_processing.req_logging [None req-8fb7798d-3dcf-4ccc-ab3f-59a915bd2fe6 None admin] SCRIPT_NAME: `/identity` {{(pid=46399) log_request_info /opt/stack/keystone/keystone/server/flask/request_processing/req_logging.py:28}}
Nov 13 17:09:31 user devstack@keystone.service[46399]: DEBUG keystone.server.flask.request_processing.req_logging [None req-8fb7798d-3dcf-4ccc-ab3f-59a915bd2fe6 None admin] PATH_INFO: `/v3/projects` {{(pid=46399) log_request_info /opt/stack/keystone/keystone/server/flask/request_processing/req_logging.py:29}}
Nov 13 17:09:31 user devstack@keystone.service[46399]: DEBUG keystone.common.rbac_enforcer.enforcer [None req-8fb7798d-3dcf-4ccc-ab3f-59a915bd2fe6 None admin] RBAC: Authorizing `identity:create_project()` {{(pid=46399) enforce_call /opt/stack/keystone/keystone/common/rbac_enforcer/enforcer.py:449}}
Nov 13 17:09:31 user devstack@keystone.service[46399]: DEBUG keystone.common.rbac_enforcer.enforcer [None req-8fb7798d-3dcf-4ccc-ab3f-59a915bd2fe6 None admin] RBAC: Authorization granted {{(pid=46399) enforce_call /opt/stack/keystone/keystone/common/rbac_enforcer/enforcer.py:457}}
Nov 13 17:09:31 user devstack@keystone.service[46401]: DEBUG keystone.server.flask.request_processing.middleware.auth_context [None req-0d6319a3-1677-4453-b5fb-97514586cb37 None admin] RBAC: auth_context: {'token': , 'domain_id': None, 'trust_id': None, 'trustor_id': None, 'trustee_id': None, 'domain_name': None, 'group_ids': [], 'user_id': '9174095148bc4a40894b8be2da0fc4cb', 'user_domain_id': 'default', 'system_scope': 'all', 'project_id': None, 'project_domain_id': None, 'roles': ['admin', 'manager', 'member', 'reader'], 'is_admin_project': True, 'service_user_id': None, 'service_user_domain_id': None, 'service_project_id': None, 'service_project_domain_id': None, 'service_roles': []} {{(pid=46401) fill_context /opt/stack/keystone/keystone/server/flask/request_processing/middleware/auth_context.py:480}}
Nov 13 17:09:31 user devstack@keystone.service[46401]: DEBUG keystone.server.flask.request_processing.req_logging [None req-0d6319a3-1677-4453-b5fb-97514586cb37 None admin] REQUEST_METHOD: `GET` {{(pid=46401) log_request_info /opt/stack/keystone/keystone/server/flask/request_processing/req_logging.py:27}}
Nov 13 17:09:31 user devstack@keystone.service[46401]: DEBUG keystone.server.flask.request_processing.req_logging [None req-0d6319a3-1677-4453-b5fb-97514586cb37 None admin] SCRIPT_NAME: `/identity` {{(pid=46401) log_request_info /opt/stack/keystone/keystone/server/flask/request_processing/req_logging.py:28}}
Nov 13 17:09:31 user devstack@keystone.service[46401]: DEBUG keystone.server.flask.request_processing.req_logging [None req-0d6319a3-1677-4453-b5fb-97514586cb37 None admin] PATH_INFO: `/v3/projects/46d0e12f64ff400f8a45f588c6ea7995` {{(pid=46401) log_request_info /opt/stack/keystone/keystone/server/flask/request_processing/req_logging.py:29}}
Nov 13 17:09:31 user devstack@keystone.service[46401]: DEBUG keystone.common.rbac_enforcer.enforcer [None req-0d6319a3-1677-4453-b5fb-97514586cb37 None admin] RBAC: Authorizing `identity:get_project(project_id=46d0e12f64ff400f8a45f588c6ea7995)` {{(pid=46401) enforce_call /opt/stack/keystone/keystone/common/rbac_enforcer/enforcer.py:449}}
Nov 13 17:09:31 user devstack@keystone.service[46401]: DEBUG keystone.common.rbac_enforcer.enforcer [None req-0d6319a3-1677-4453-b5fb-97514586cb37 None admin] RBAC: Authorization granted {{(pid=46401) enforce_call /opt/stack/keystone/keystone/common/rbac_enforcer/enforcer.py:457}}
Nov 13 17:09:31 user devstack@keystone.service[46401]: [pid: 46401|app: 0|req: 34/100] 10.0.0.210 () {56 vars in 1181 bytes} [Mon Nov 13 17:09:30 2023] GET /identity/v3/projects/46d0e12f64ff400f8a45f588c6ea7995 => generated 297 bytes in 130 msecs (HTTP/1.1 200) 5 headers in 177 bytes (1 switches on core 0)
Nov 13 17:09:31 user devstack@keystone.service[46401]: DEBUG keystone.server.flask.request_processing.middleware.auth_context [None req-0d6319a3-1677-4453-b5fb-97514586cb37 None admin] Authenticating user token {{(pid=46401) process_request /opt/stack/data/venv/lib/python3.10/site-packages/keystonemiddleware/auth_token/__init__.py:406}}
Nov 13 17:09:31 user devstack@keystone.service[46399]: [pid: 46399|app: 0|req: 32/101] 10.0.0.210 () {60 vars in 1136 bytes} [Mon Nov 13 17:09:30 2023] POST /identity/v3/projects => generated 301 bytes in 153 msecs (HTTP/1.1 201) 5 headers in 182 bytes (1 switches on core 0)
Nov 13 17:09:31 user devstack@keystone.service[46399]: DEBUG keystone.server.flask.request_processing.middleware.auth_context [None req-8fb7798d-3dcf-4ccc-ab3f-59a915bd2fe6 None admin] Authenticating user token {{(pid=46399) process_request /opt/stack/data/venv/lib/python3.10/site-packages/keystonemiddleware/auth_token/__init__.py:406}}
Nov 13 17:09:31 user devstack@keystone.service[46400]: DEBUG keystone.server.flask.request_processing.middleware.auth_context [None req-d664a363-56a2-4c52-8b03-59b9a9612422 None admin] Validating token access rules against request {{(pid=46400) validate_allowed_request /opt/stack/data/venv/lib/python3.10/site-packages/keystonemiddleware/auth_token/__init__.py:544}}
Nov 13 17:09:31 user devstack@keystone.service[46400]: DEBUG keystone.server.flask.request_processing.middleware.auth_context [None req-b4fade88-d1a9-48a3-abe1-46214991faa0 None admin] RBAC: auth_context: {'token': , 'domain_id': None, 'trust_id': None, 'trustor_id': None, 'trustee_id': None, 'domain_name': None, 'group_ids': [], 'user_id': '9174095148bc4a40894b8be2da0fc4cb', 'user_domain_id': 'default', 'system_scope': 'all', 'project_id': None, 'project_domain_id': None, 'roles': ['admin', 'manager', 'member', 'reader'], 'is_admin_project': True, 'service_user_id': None, 'service_user_domain_id': None, 'service_project_id': None, 'service_project_domain_id': None, 'service_roles': []} {{(pid=46400) fill_context /opt/stack/keystone/keystone/server/flask/request_processing/middleware/auth_context.py:480}}
Nov 13 17:09:31 user devstack@keystone.service[46400]: DEBUG keystone.server.flask.request_processing.req_logging [None req-b4fade88-d1a9-48a3-abe1-46214991faa0 None admin] REQUEST_METHOD: `GET` {{(pid=46400) log_request_info /opt/stack/keystone/keystone/server/flask/request_processing/req_logging.py:27}}
Nov 13 17:09:31 user devstack@keystone.service[46400]: DEBUG keystone.server.flask.request_processing.req_logging [None req-b4fade88-d1a9-48a3-abe1-46214991faa0 None admin] SCRIPT_NAME: `/identity` {{(pid=46400) log_request_info /opt/stack/keystone/keystone/server/flask/request_processing/req_logging.py:28}}
Nov 13 17:09:31 user devstack@keystone.service[46400]: DEBUG keystone.server.flask.request_processing.req_logging [None req-b4fade88-d1a9-48a3-abe1-46214991faa0 None admin] PATH_INFO: `/v3/role_assignments` {{(pid=46400) log_request_info /opt/stack/keystone/keystone/server/flask/request_processing/req_logging.py:29}}
Nov 13 17:09:31 user devstack@keystone.service[46400]: DEBUG keystone.common.rbac_enforcer.enforcer [None req-b4fade88-d1a9-48a3-abe1-46214991faa0 None admin] RBAC: Adding query filter params (role.id=d91db7239e7f46c2a4609a6054a6e799, scope.project.id=46d0e12f64ff400f8a45f588c6ea7995, user.id=9174095148bc4a40894b8be2da0fc4cb) {{(pid=46400) _extract_filter_values /opt/stack/keystone/keystone/common/rbac_enforcer/enforcer.py:167}}
Nov 13 17:09:31 user devstack@keystone.service[46400]: DEBUG keystone.common.rbac_enforcer.enforcer [None req-b4fade88-d1a9-48a3-abe1-46214991faa0 None admin] RBAC: Authorizing `identity:list_role_assignments()` {{(pid=46400) enforce_call /opt/stack/keystone/keystone/common/rbac_enforcer/enforcer.py:449}}
Nov 13 17:09:31 user devstack@keystone.service[46400]: DEBUG keystone.common.rbac_enforcer.enforcer [None req-b4fade88-d1a9-48a3-abe1-46214991faa0 None admin] RBAC: Authorization granted {{(pid=46400) enforce_call /opt/stack/keystone/keystone/common/rbac_enforcer/enforcer.py:457}}
Nov 13 17:09:31 user devstack@keystone.service[46400]: [pid: 46400|app: 0|req: 36/102] 10.0.0.210 () {56 vars in 1369 bytes} [Mon Nov 13 17:09:31 2023] GET /identity/v3/role_assignments?user.id=9174095148bc4a40894b8be2da0fc4cb&scope.project.id=46d0e12f64ff400f8a45f588c6ea7995&role.id=d91db7239e7f46c2a4609a6054a6e799 => generated 606 bytes in 139 msecs (HTTP/1.1 200) 5 headers in 177 bytes (1 switches on core 0)
Nov 13 17:09:31 user devstack@keystone.service[46400]: DEBUG keystone.server.flask.request_processing.middleware.auth_context [None req-b4fade88-d1a9-48a3-abe1-46214991faa0 None admin] Authenticating user token {{(pid=46400) process_request /opt/stack/data/venv/lib/python3.10/site-packages/keystonemiddleware/auth_token/__init__.py:406}}
Nov 13 17:09:31 user devstack@keystone.service[46399]: DEBUG keystone.server.flask.request_processing.middleware.auth_context [None req-8fb7798d-3dcf-4ccc-ab3f-59a915bd2fe6 None admin] Validating token access rules against request {{(pid=46399) validate_allowed_request /opt/stack/data/venv/lib/python3.10/site-packages/keystonemiddleware/auth_token/__init__.py:544}}
Nov 13 17:09:31 user devstack@keystone.service[46401]: DEBUG keystone.server.flask.request_processing.middleware.auth_context [None req-0d6319a3-1677-4453-b5fb-97514586cb37 None admin] Validating token access rules against request {{(pid=46401) validate_allowed_request /opt/stack/data/venv/lib/python3.10/site-packages/keystonemiddleware/auth_token/__init__.py:544}}
Nov 13 17:09:31 user devstack@keystone.service[46399]: DEBUG keystone.server.flask.request_processing.middleware.auth_context [None req-a9d4b6b6-d63d-4d2d-9fe2-0843a151a880 None admin] RBAC: auth_context: {'token': , 'domain_id': None, 'trust_id': None, 'trustor_id': None, 'trustee_id': None, 'domain_name': None, 'group_ids': [], 'user_id': '9174095148bc4a40894b8be2da0fc4cb', 'user_domain_id': 'default', 'system_scope': 'all', 'project_id': None, 'project_domain_id': None, 'roles': ['admin', 'manager', 'member', 'reader'], 'is_admin_project': True, 'service_user_id': None, 'service_user_domain_id': None, 'service_project_id': None, 'service_project_domain_id': None, 'service_roles': []} {{(pid=46399) fill_context /opt/stack/keystone/keystone/server/flask/request_processing/middleware/auth_context.py:480}}
Nov 13 17:09:31 user devstack@keystone.service[46399]: DEBUG keystone.server.flask.request_processing.req_logging [None req-a9d4b6b6-d63d-4d2d-9fe2-0843a151a880 None admin] REQUEST_METHOD: `GET` {{(pid=46399) log_request_info /opt/stack/keystone/keystone/server/flask/request_processing/req_logging.py:27}}
Nov 13 17:09:31 user devstack@keystone.service[46399]: DEBUG keystone.server.flask.request_processing.req_logging [None req-a9d4b6b6-d63d-4d2d-9fe2-0843a151a880 None admin] SCRIPT_NAME: `/identity` {{(pid=46399) log_request_info /opt/stack/keystone/keystone/server/flask/request_processing/req_logging.py:28}}
Nov 13 17:09:31 user devstack@keystone.service[46399]: DEBUG keystone.server.flask.request_processing.req_logging [None req-a9d4b6b6-d63d-4d2d-9fe2-0843a151a880 None admin] PATH_INFO: `/v3/projects/46d0e12f64ff400f8a45f588c6ea7995` {{(pid=46399) log_request_info /opt/stack/keystone/keystone/server/flask/request_processing/req_logging.py:29}}
Nov 13 17:09:31 user devstack@keystone.service[46399]: DEBUG keystone.common.rbac_enforcer.enforcer [None req-a9d4b6b6-d63d-4d2d-9fe2-0843a151a880 None admin] RBAC: Authorizing `identity:get_project(project_id=46d0e12f64ff400f8a45f588c6ea7995)` {{(pid=46399) enforce_call /opt/stack/keystone/keystone/common/rbac_enforcer/enforcer.py:449}}
Nov 13 17:09:31 user devstack@keystone.service[46399]: DEBUG keystone.common.rbac_enforcer.enforcer [None req-a9d4b6b6-d63d-4d2d-9fe2-0843a151a880 None admin] RBAC: Authorization granted {{(pid=46399) enforce_call /opt/stack/keystone/keystone/common/rbac_enforcer/enforcer.py:457}}
Nov 13 17:09:31 user devstack@keystone.service[46399]: [pid: 46399|app: 0|req: 33/103] 10.0.0.210 () {56 vars in 1181 bytes} [Mon Nov 13 17:09:31 2023] GET /identity/v3/projects/46d0e12f64ff400f8a45f588c6ea7995 => generated 297 bytes in 127 msecs (HTTP/1.1 200) 5 headers in 177 bytes (1 switches on core 0)
Nov 13 17:09:31 user devstack@keystone.service[46399]: DEBUG keystone.server.flask.request_processing.middleware.auth_context [None req-a9d4b6b6-d63d-4d2d-9fe2-0843a151a880 None admin] Authenticating user token {{(pid=46399) process_request /opt/stack/data/venv/lib/python3.10/site-packages/keystonemiddleware/auth_token/__init__.py:406}}
Nov 13 17:09:31 user devstack@keystone.service[46401]: DEBUG keystone.server.flask.request_processing.middleware.auth_context [None req-25e3fd16-6fe8-4976-97a3-27e9f0c08a83 None admin] RBAC: auth_context: {'token': , 'domain_id': None, 'trust_id': None, 'trustor_id': None, 'trustee_id': None, 'domain_name': None, 'group_ids': [], 'user_id': '9174095148bc4a40894b8be2da0fc4cb', 'user_domain_id': 'default', 'system_scope': 'all', 'project_id': None, 'project_domain_id': None, 'roles': ['admin', 'manager', 'member', 'reader'], 'is_admin_project': True, 'service_user_id': None, 'service_user_domain_id': None, 'service_project_id': None, 'service_project_domain_id': None, 'service_roles': []} {{(pid=46401) fill_context /opt/stack/keystone/keystone/server/flask/request_processing/middleware/auth_context.py:480}}
Nov 13 17:09:31 user devstack@keystone.service[46401]: DEBUG keystone.server.flask.request_processing.req_logging [None req-25e3fd16-6fe8-4976-97a3-27e9f0c08a83 None admin] REQUEST_METHOD: `GET` {{(pid=46401) log_request_info /opt/stack/keystone/keystone/server/flask/request_processing/req_logging.py:27}}
