Nov 13 17:09:38 user devstack@keystone.service[46399]: DEBUG keystone.server.flask.request_processing.middleware.auth_context [None req-d379dba7-9cdc-4680-b610-8906a6c91192 None admin] Validating token access rules against request {{(pid=46399) validate_allowed_request /opt/stack/data/venv/lib/python3.10/site-packages/keystonemiddleware/auth_token/__init__.py:544}}
Nov 13 17:09:38 user devstack@keystone.service[46399]: DEBUG keystone.server.flask.request_processing.middleware.auth_context [None req-a489470d-f4a2-42b2-85c9-d3dcbe9f02b9 None admin] RBAC: auth_context: {'token': , 'domain_id': None, 'trust_id': None, 'trustor_id': None, 'trustee_id': None, 'domain_name': None, 'group_ids': [], 'user_id': '9174095148bc4a40894b8be2da0fc4cb', 'user_domain_id': 'default', 'system_scope': 'all', 'project_id': None, 'project_domain_id': None, 'roles': ['admin', 'manager', 'member', 'reader'], 'is_admin_project': True, 'service_user_id': None, 'service_user_domain_id': None, 'service_project_id': None, 'service_project_domain_id': None, 'service_roles': []} {{(pid=46399) fill_context /opt/stack/keystone/keystone/server/flask/request_processing/middleware/auth_context.py:480}}
Nov 13 17:09:38 user devstack@keystone.service[46399]: DEBUG keystone.server.flask.request_processing.req_logging [None req-a489470d-f4a2-42b2-85c9-d3dcbe9f02b9 None admin] REQUEST_METHOD: `GET` {{(pid=46399) log_request_info /opt/stack/keystone/keystone/server/flask/request_processing/req_logging.py:27}}
Nov 13 17:09:38 user devstack@keystone.service[46399]: DEBUG keystone.server.flask.request_processing.req_logging [None req-a489470d-f4a2-42b2-85c9-d3dcbe9f02b9 None admin] SCRIPT_NAME: `/identity` {{(pid=46399) log_request_info /opt/stack/keystone/keystone/server/flask/request_processing/req_logging.py:28}}
Nov 13 17:09:38 user devstack@keystone.service[46399]: DEBUG keystone.server.flask.request_processing.req_logging [None req-a489470d-f4a2-42b2-85c9-d3dcbe9f02b9 None admin] PATH_INFO: `/v3/projects/01b6b2b69a9b4d62a1314343cea3d681` {{(pid=46399) log_request_info /opt/stack/keystone/keystone/server/flask/request_processing/req_logging.py:29}}
Nov 13 17:09:38 user devstack@keystone.service[46399]: DEBUG keystone.common.rbac_enforcer.enforcer [None req-a489470d-f4a2-42b2-85c9-d3dcbe9f02b9 None admin] RBAC: Authorizing `identity:get_project(project_id=01b6b2b69a9b4d62a1314343cea3d681)` {{(pid=46399) enforce_call /opt/stack/keystone/keystone/common/rbac_enforcer/enforcer.py:449}}
Nov 13 17:09:38 user devstack@keystone.service[46399]: DEBUG keystone.common.rbac_enforcer.enforcer [None req-a489470d-f4a2-42b2-85c9-d3dcbe9f02b9 None admin] RBAC: Authorization granted {{(pid=46399) enforce_call /opt/stack/keystone/keystone/common/rbac_enforcer/enforcer.py:457}}
Nov 13 17:09:38 user devstack@keystone.service[46399]: [pid: 46399|app: 0|req: 51/154] 10.0.0.210 () {56 vars in 1181 bytes} [Mon Nov 13 17:09:38 2023] GET /identity/v3/projects/01b6b2b69a9b4d62a1314343cea3d681 => generated 301 bytes in 133 msecs (HTTP/1.1 200) 5 headers in 177 bytes (2 switches on core 0)
Nov 13 17:09:38 user devstack@keystone.service[46399]: DEBUG keystone.server.flask.request_processing.middleware.auth_context [None req-a489470d-f4a2-42b2-85c9-d3dcbe9f02b9 None admin] Authenticating user token {{(pid=46399) process_request /opt/stack/data/venv/lib/python3.10/site-packages/keystonemiddleware/auth_token/__init__.py:406}}
Nov 13 17:09:38 user devstack@keystone.service[46401]: [pid: 46401|app: 0|req: 53/155] 10.0.0.210 () {58 vars in 1277 bytes} [Mon Nov 13 17:09:38 2023] GET /identity/v3/auth/tokens => generated 861 bytes in 292 msecs (HTTP/1.1 200) 6 headers in 358 bytes (2 switches on core 0)
Nov 13 17:09:38 user devstack@keystone.service[46401]: DEBUG keystone.server.flask.request_processing.middleware.auth_context [None req-4a4bf94b-e3aa-4711-a384-462be8af419d None admin] Authenticating user token {{(pid=46401) process_request /opt/stack/data/venv/lib/python3.10/site-packages/keystonemiddleware/auth_token/__init__.py:406}}
Nov 13 17:09:38 user devstack@keystone.service[46400]: [pid: 46400|app: 0|req: 52/156] 10.0.0.210 () {58 vars in 1434 bytes} [Mon Nov 13 17:09:38 2023] PUT /identity/v3/projects/01b6b2b69a9b4d62a1314343cea3d681/users/05f371d135ad4f07aa5aa9cf0df502e2/roles/9e771fd79fda4aea94c0d59cc84faf08 => generated 0 bytes in 399 msecs (HTTP/1.1 204) 3 headers in 132 bytes (0 switches on core 0)
Nov 13 17:09:38 user devstack@keystone.service[46399]: DEBUG keystone.server.flask.request_processing.middleware.auth_context [None req-a489470d-f4a2-42b2-85c9-d3dcbe9f02b9 None admin] Validating token access rules against request {{(pid=46399) validate_allowed_request /opt/stack/data/venv/lib/python3.10/site-packages/keystonemiddleware/auth_token/__init__.py:544}}
Nov 13 17:09:38 user devstack@keystone.service[46399]: DEBUG keystone.server.flask.request_processing.middleware.auth_context [None req-258edc5d-30de-4f04-9d5f-797c68c53fbc None admin] RBAC: auth_context: {'token': , 'domain_id': None, 'trust_id': None, 'trustor_id': None, 'trustee_id': None, 'domain_name': None, 'group_ids': [], 'user_id': '9174095148bc4a40894b8be2da0fc4cb', 'user_domain_id': 'default', 'system_scope': 'all', 'project_id': None, 'project_domain_id': None, 'roles': ['admin', 'manager', 'member', 'reader'], 'is_admin_project': True, 'service_user_id': None, 'service_user_domain_id': None, 'service_project_id': None, 'service_project_domain_id': None, 'service_roles': []} {{(pid=46399) fill_context /opt/stack/keystone/keystone/server/flask/request_processing/middleware/auth_context.py:480}}
Nov 13 17:09:38 user devstack@keystone.service[46399]: DEBUG keystone.server.flask.request_processing.req_logging [None req-258edc5d-30de-4f04-9d5f-797c68c53fbc None admin] REQUEST_METHOD: `GET` {{(pid=46399) log_request_info /opt/stack/keystone/keystone/server/flask/request_processing/req_logging.py:27}}
Nov 13 17:09:38 user devstack@keystone.service[46399]: DEBUG keystone.server.flask.request_processing.req_logging [None req-258edc5d-30de-4f04-9d5f-797c68c53fbc None admin] SCRIPT_NAME: `/identity` {{(pid=46399) log_request_info /opt/stack/keystone/keystone/server/flask/request_processing/req_logging.py:28}}
Nov 13 17:09:38 user devstack@keystone.service[46399]: DEBUG keystone.server.flask.request_processing.req_logging [None req-258edc5d-30de-4f04-9d5f-797c68c53fbc None admin] PATH_INFO: `/v3/role_assignments` {{(pid=46399) log_request_info /opt/stack/keystone/keystone/server/flask/request_processing/req_logging.py:29}}
Nov 13 17:09:38 user devstack@keystone.service[46399]: DEBUG keystone.common.rbac_enforcer.enforcer [None req-258edc5d-30de-4f04-9d5f-797c68c53fbc None admin] RBAC: Adding query filter params (role.id=d91db7239e7f46c2a4609a6054a6e799, scope.project.id=01b6b2b69a9b4d62a1314343cea3d681, user.id=a04dff22676a405cb45eb2d5afa2bb03) {{(pid=46399) _extract_filter_values /opt/stack/keystone/keystone/common/rbac_enforcer/enforcer.py:167}}
Nov 13 17:09:38 user devstack@keystone.service[46399]: DEBUG keystone.common.rbac_enforcer.enforcer [None req-258edc5d-30de-4f04-9d5f-797c68c53fbc None admin] RBAC: Authorizing `identity:list_role_assignments()` {{(pid=46399) enforce_call /opt/stack/keystone/keystone/common/rbac_enforcer/enforcer.py:449}}
Nov 13 17:09:38 user devstack@keystone.service[46399]: DEBUG keystone.common.rbac_enforcer.enforcer [None req-258edc5d-30de-4f04-9d5f-797c68c53fbc None admin] RBAC: Authorization granted {{(pid=46399) enforce_call /opt/stack/keystone/keystone/common/rbac_enforcer/enforcer.py:457}}
Nov 13 17:09:38 user devstack@keystone.service[46399]: [pid: 46399|app: 0|req: 52/157] 10.0.0.210 () {56 vars in 1369 bytes} [Mon Nov 13 17:09:38 2023] GET /identity/v3/role_assignments?user.id=a04dff22676a405cb45eb2d5afa2bb03&scope.project.id=01b6b2b69a9b4d62a1314343cea3d681&role.id=d91db7239e7f46c2a4609a6054a6e799 => generated 606 bytes in 140 msecs (HTTP/1.1 200) 5 headers in 177 bytes (1 switches on core 0)
Nov 13 17:09:38 user devstack@keystone.service[46401]: DEBUG keystone.server.flask.request_processing.middleware.auth_context [None req-4a4bf94b-e3aa-4711-a384-462be8af419d None admin] Validating token access rules against request {{(pid=46401) validate_allowed_request /opt/stack/data/venv/lib/python3.10/site-packages/keystonemiddleware/auth_token/__init__.py:544}}
Nov 13 17:09:38 user devstack@keystone.service[46401]: DEBUG keystone.server.flask.request_processing.middleware.auth_context [None req-0219c3a8-8f8e-4ecc-9278-aea2d09c5fdc None admin] RBAC: auth_context: {'token': , 'domain_id': None, 'trust_id': None, 'trustor_id': None, 'trustee_id': None, 'domain_name': None, 'group_ids': [], 'user_id': '9174095148bc4a40894b8be2da0fc4cb', 'user_domain_id': 'default', 'system_scope': 'all', 'project_id': None, 'project_domain_id': None, 'roles': ['admin', 'manager', 'member', 'reader'], 'is_admin_project': True, 'service_user_id': None, 'service_user_domain_id': None, 'service_project_id': None, 'service_project_domain_id': None, 'service_roles': []} {{(pid=46401) fill_context /opt/stack/keystone/keystone/server/flask/request_processing/middleware/auth_context.py:480}}
Nov 13 17:09:38 user devstack@keystone.service[46401]: DEBUG keystone.server.flask.request_processing.req_logging [None req-0219c3a8-8f8e-4ecc-9278-aea2d09c5fdc None admin] REQUEST_METHOD: `GET` {{(pid=46401) log_request_info /opt/stack/keystone/keystone/server/flask/request_processing/req_logging.py:27}}
Nov 13 17:09:38 user devstack@keystone.service[46401]: DEBUG keystone.server.flask.request_processing.req_logging [None req-0219c3a8-8f8e-4ecc-9278-aea2d09c5fdc None admin] SCRIPT_NAME: `/identity` {{(pid=46401) log_request_info /opt/stack/keystone/keystone/server/flask/request_processing/req_logging.py:28}}
Nov 13 17:09:38 user devstack@keystone.service[46401]: DEBUG keystone.server.flask.request_processing.req_logging [None req-0219c3a8-8f8e-4ecc-9278-aea2d09c5fdc None admin] PATH_INFO: `/v3/projects/01b6b2b69a9b4d62a1314343cea3d681` {{(pid=46401) log_request_info /opt/stack/keystone/keystone/server/flask/request_processing/req_logging.py:29}}
Nov 13 17:09:38 user devstack@keystone.service[46401]: DEBUG keystone.common.rbac_enforcer.enforcer [None req-0219c3a8-8f8e-4ecc-9278-aea2d09c5fdc None admin] RBAC: Authorizing `identity:get_project(project_id=01b6b2b69a9b4d62a1314343cea3d681)` {{(pid=46401) enforce_call /opt/stack/keystone/keystone/common/rbac_enforcer/enforcer.py:449}}
Nov 13 17:09:38 user devstack@keystone.service[46401]: DEBUG keystone.common.rbac_enforcer.enforcer [None req-0219c3a8-8f8e-4ecc-9278-aea2d09c5fdc None admin] RBAC: Authorization granted {{(pid=46401) enforce_call /opt/stack/keystone/keystone/common/rbac_enforcer/enforcer.py:457}}
Nov 13 17:09:38 user devstack@keystone.service[46401]: [pid: 46401|app: 0|req: 54/158] 10.0.0.210 () {56 vars in 1181 bytes} [Mon Nov 13 17:09:38 2023] GET /identity/v3/projects/01b6b2b69a9b4d62a1314343cea3d681 => generated 301 bytes in 141 msecs (HTTP/1.1 200) 5 headers in 177 bytes (2 switches on core 0)
Nov 13 17:09:38 user devstack@keystone.service[46400]: DEBUG keystone.server.flask.request_processing.middleware.auth_context [None req-c37fc82d-e5cd-46da-b17b-5b1adc41355a None admin] Authenticating user token {{(pid=46400) process_request /opt/stack/data/venv/lib/python3.10/site-packages/keystonemiddleware/auth_token/__init__.py:406}}
Nov 13 17:09:39 user devstack@keystone.service[46400]: DEBUG keystone.server.flask.request_processing.middleware.auth_context [None req-c37fc82d-e5cd-46da-b17b-5b1adc41355a None admin] Validating token access rules against request {{(pid=46400) validate_allowed_request /opt/stack/data/venv/lib/python3.10/site-packages/keystonemiddleware/auth_token/__init__.py:544}}
Nov 13 17:09:39 user devstack@keystone.service[46400]: DEBUG keystone.server.flask.request_processing.middleware.auth_context [None req-60b1de07-d2dd-41de-b14b-a9021b2e8e5e None admin] RBAC: auth_context: {'token': , 'domain_id': None, 'trust_id': None, 'trustor_id': None, 'trustee_id': None, 'domain_name': None, 'group_ids': [], 'user_id': '9174095148bc4a40894b8be2da0fc4cb', 'user_domain_id': 'default', 'system_scope': 'all', 'project_id': None, 'project_domain_id': None, 'roles': ['admin', 'manager', 'member', 'reader'], 'is_admin_project': True, 'service_user_id': None, 'service_user_domain_id': None, 'service_project_id': None, 'service_project_domain_id': None, 'service_roles': []} {{(pid=46400) fill_context /opt/stack/keystone/keystone/server/flask/request_processing/middleware/auth_context.py:480}}
Nov 13 17:09:39 user devstack@keystone.service[46400]: DEBUG keystone.server.flask.request_processing.req_logging [None req-60b1de07-d2dd-41de-b14b-a9021b2e8e5e None admin] REQUEST_METHOD: `GET` {{(pid=46400) log_request_info /opt/stack/keystone/keystone/server/flask/request_processing/req_logging.py:27}}
Nov 13 17:09:39 user devstack@keystone.service[46400]: DEBUG keystone.server.flask.request_processing.req_logging [None req-60b1de07-d2dd-41de-b14b-a9021b2e8e5e None admin] SCRIPT_NAME: `/identity` {{(pid=46400) log_request_info /opt/stack/keystone/keystone/server/flask/request_processing/req_logging.py:28}}
Nov 13 17:09:39 user devstack@keystone.service[46400]: DEBUG keystone.server.flask.request_processing.req_logging [None req-60b1de07-d2dd-41de-b14b-a9021b2e8e5e None admin] PATH_INFO: `/v3/role_assignments` {{(pid=46400) log_request_info /opt/stack/keystone/keystone/server/flask/request_processing/req_logging.py:29}}
Nov 13 17:09:39 user devstack@keystone.service[46400]: DEBUG keystone.common.rbac_enforcer.enforcer [None req-60b1de07-d2dd-41de-b14b-a9021b2e8e5e None admin] RBAC: Adding query filter params (role.id=6e1f16e715654fda92f7c377b58ac7fe, scope.project.id=01b6b2b69a9b4d62a1314343cea3d681, user.id=a04dff22676a405cb45eb2d5afa2bb03) {{(pid=46400) _extract_filter_values /opt/stack/keystone/keystone/common/rbac_enforcer/enforcer.py:167}}
Nov 13 17:09:39 user devstack@keystone.service[46400]: DEBUG keystone.common.rbac_enforcer.enforcer [None req-60b1de07-d2dd-41de-b14b-a9021b2e8e5e None admin] RBAC: Authorizing `identity:list_role_assignments()` {{(pid=46400) enforce_call /opt/stack/keystone/keystone/common/rbac_enforcer/enforcer.py:449}}
Nov 13 17:09:39 user devstack@keystone.service[46400]: DEBUG keystone.common.rbac_enforcer.enforcer [None req-60b1de07-d2dd-41de-b14b-a9021b2e8e5e None admin] RBAC: Authorization granted {{(pid=46400) enforce_call /opt/stack/keystone/keystone/common/rbac_enforcer/enforcer.py:457}}
Nov 13 17:09:39 user devstack@keystone.service[46400]: [pid: 46400|app: 0|req: 53/159] 10.0.0.210 () {56 vars in 1369 bytes} [Mon Nov 13 17:09:38 2023] GET /identity/v3/role_assignments?user.id=a04dff22676a405cb45eb2d5afa2bb03&scope.project.id=01b6b2b69a9b4d62a1314343cea3d681&role.id=6e1f16e715654fda92f7c377b58ac7fe => generated 606 bytes in 168 msecs (HTTP/1.1 200) 5 headers in 177 bytes (1 switches on core 0)
Nov 13 17:09:40 user devstack@keystone.service[46399]: DEBUG keystone.server.flask.request_processing.req_logging [None req-ae211f6c-e1cd-43f7-8e9e-3cc3ae56d2d9 None None] REQUEST_METHOD: `GET` {{(pid=46399) log_request_info /opt/stack/keystone/keystone/server/flask/request_processing/req_logging.py:27}}
Nov 13 17:09:40 user devstack@keystone.service[46399]: DEBUG keystone.server.flask.request_processing.req_logging [None req-ae211f6c-e1cd-43f7-8e9e-3cc3ae56d2d9 None None] SCRIPT_NAME: `/identity` {{(pid=46399) log_request_info /opt/stack/keystone/keystone/server/flask/request_processing/req_logging.py:28}}
Nov 13 17:09:40 user devstack@keystone.service[46399]: DEBUG keystone.server.flask.request_processing.req_logging [None req-ae211f6c-e1cd-43f7-8e9e-3cc3ae56d2d9 None None] PATH_INFO: `/` {{(pid=46399) log_request_info /opt/stack/keystone/keystone/server/flask/request_processing/req_logging.py:29}}
Nov 13 17:09:40 user devstack@keystone.service[46399]: [pid: 46399|app: 0|req: 53/160] 10.0.0.210 () {54 vars in 921 bytes} [Mon Nov 13 17:09:40 2023] GET /identity => generated 269 bytes in 3 msecs (HTTP/1.1 300) 6 headers in 233 bytes (1 switches on core 0)
Nov 13 17:09:40 user devstack@keystone.service[46401]: DEBUG keystone.server.flask.request_processing.middleware.auth_context [None req-0219c3a8-8f8e-4ecc-9278-aea2d09c5fdc None admin] Authenticating user token {{(pid=46401) process_request /opt/stack/data/venv/lib/python3.10/site-packages/keystonemiddleware/auth_token/__init__.py:406}}
Nov 13 17:09:40 user devstack@keystone.service[46400]: DEBUG keystone.server.flask.request_processing.req_logging [None req-8a7ca848-8b3f-4b32-8496-7ba2a3ec5517 None None] REQUEST_METHOD: `GET` {{(pid=46400) log_request_info /opt/stack/keystone/keystone/server/flask/request_processing/req_logging.py:27}}
Nov 13 17:09:40 user devstack@keystone.service[46400]: DEBUG keystone.server.flask.request_processing.req_logging [None req-8a7ca848-8b3f-4b32-8496-7ba2a3ec5517 None None] SCRIPT_NAME: `/identity` {{(pid=46400) log_request_info /opt/stack/keystone/keystone/server/flask/request_processing/req_logging.py:28}}
Nov 13 17:09:40 user devstack@keystone.service[46400]: DEBUG keystone.server.flask.request_processing.req_logging [None req-8a7ca848-8b3f-4b32-8496-7ba2a3ec5517 None None] PATH_INFO: `/` {{(pid=46400) log_request_info /opt/stack/keystone/keystone/server/flask/request_processing/req_logging.py:29}}
Nov 13 17:09:40 user devstack@keystone.service[46400]: [pid: 46400|app: 0|req: 54/161] 10.0.0.210 () {54 vars in 921 bytes} [Mon Nov 13 17:09:40 2023] GET /identity => generated 269 bytes in 3 msecs (HTTP/1.1 300) 6 headers in 233 bytes (1 switches on core 0)
Nov 13 17:09:40 user devstack@keystone.service[46399]: DEBUG keystone.server.flask.request_processing.middleware.auth_context [None req-ae211f6c-e1cd-43f7-8e9e-3cc3ae56d2d9 None None] Authenticating user token {{(pid=46399) process_request /opt/stack/data/venv/lib/python3.10/site-packages/keystonemiddleware/auth_token/__init__.py:406}}
Nov 13 17:09:40 user devstack@keystone.service[46401]: DEBUG keystone.server.flask.request_processing.middleware.auth_context [None req-0219c3a8-8f8e-4ecc-9278-aea2d09c5fdc None admin] Validating token access rules against request {{(pid=46401) validate_allowed_request /opt/stack/data/venv/lib/python3.10/site-packages/keystonemiddleware/auth_token/__init__.py:544}}
Nov 13 17:09:40 user devstack@keystone.service[46401]: DEBUG keystone.server.flask.request_processing.middleware.auth_context [None req-5667f1f2-4bf1-4814-bae6-a3fde468549c None admin] RBAC: auth_context: {'token': , 'domain_id': None, 'trust_id': None, 'trustor_id': None, 'trustee_id': None, 'domain_name': None, 'group_ids': [], 'user_id': '9174095148bc4a40894b8be2da0fc4cb', 'user_domain_id': 'default', 'system_scope': 'all', 'project_id': None, 'project_domain_id': None, 'roles': ['admin', 'manager', 'member', 'reader'], 'is_admin_project': True, 'service_user_id': None, 'service_user_domain_id': None, 'service_project_id': None, 'service_project_domain_id': None, 'service_roles': []} {{(pid=46401) fill_context /opt/stack/keystone/keystone/server/flask/request_processing/middleware/auth_context.py:480}}
Nov 13 17:09:40 user devstack@keystone.service[46401]: DEBUG keystone.server.flask.request_processing.req_logging [None req-5667f1f2-4bf1-4814-bae6-a3fde468549c None admin] REQUEST_METHOD: `GET` {{(pid=46401) log_request_info /opt/stack/keystone/keystone/server/flask/request_processing/req_logging.py:27}}
Nov 13 17:09:40 user devstack@keystone.service[46401]: DEBUG keystone.server.flask.request_processing.req_logging [None req-5667f1f2-4bf1-4814-bae6-a3fde468549c None admin] SCRIPT_NAME: `/identity` {{(pid=46401) log_request_info /opt/stack/keystone/keystone/server/flask/request_processing/req_logging.py:28}}
Nov 13 17:09:40 user devstack@keystone.service[46401]: DEBUG keystone.server.flask.request_processing.req_logging [None req-5667f1f2-4bf1-4814-bae6-a3fde468549c None admin] PATH_INFO: `/v3/roles/reader` {{(pid=46401) log_request_info /opt/stack/keystone/keystone/server/flask/request_processing/req_logging.py:29}}
Nov 13 17:09:40 user devstack@keystone.service[46401]: DEBUG keystone.common.rbac_enforcer.enforcer [None req-5667f1f2-4bf1-4814-bae6-a3fde468549c None admin] Extracting inferred target data resulted in "NOT FOUND (404)". {{(pid=46401) enforce_call /opt/stack/keystone/keystone/common/rbac_enforcer/enforcer.py:409}}
Nov 13 17:09:40 user devstack@keystone.service[46401]: ERROR keystone.server.flask.application [None req-5667f1f2-4bf1-4814-bae6-a3fde468549c None admin] Could not find role: reader.: keystone.exception.RoleNotFound: Could not find role: reader.
Nov 13 17:09:40 user devstack@keystone.service[46401]: ERROR keystone.server.flask.application
Traceback (most recent call last):
Nov 13 17:09:40 user devstack@keystone.service[46401]: ERROR keystone.server.flask.application
File "/opt/stack/data/venv/lib/python3.10/site-packages/flask/app.py", line 1823, in full_dispatch_request
Nov 13 17:09:40 user devstack@keystone.service[46401]: ERROR keystone.server.flask.application rv = self.dispatch_request()
Nov 13 17:09:40 user devstack@keystone.service[46401]: ERROR keystone.server.flask.application
File "/opt/stack/data/venv/lib/python3.10/site-packages/flask/app.py", line 1799, in dispatch_request
Nov 13 17:09:40 user devstack@keystone.service[46401]: ERROR keystone.server.flask.application return self.ensure_sync(self.view_functions[rule.endpoint])(**view_args)
Nov 13 17:09:40 user devstack@keystone.service[46401]: ERROR keystone.server.flask.application
File "/opt/stack/data/venv/lib/python3.10/site-packages/flask_restful/__init__.py", line 489, in wrapper
Nov 13 17:09:40 user devstack@keystone.service[46401]: ERROR keystone.server.flask.application resp = resource(*args, **kwargs)
Nov 13 17:09:40 user devstack@keystone.service[46401]: ERROR keystone.server.flask.application
File "/opt/stack/data/venv/lib/python3.10/site-packages/flask/views.py", line 107, in view
Nov 13 17:09:40 user devstack@keystone.service[46401]: ERROR keystone.server.flask.application return current_app.ensure_sync(self.dispatch_request)(**kwargs)
Nov 13 17:09:40 user devstack@keystone.service[46401]: ERROR keystone.server.flask.application
File "/opt/stack/data/venv/lib/python3.10/site-packages/flask_restful/__init__.py", line 604, in dispatch_request
Nov 13 17:09:40 user devstack@keystone.service[46401]: ERROR keystone.server.flask.application resp = meth(*args, **kwargs)
Nov 13 17:09:40 user devstack@keystone.service[46401]: ERROR keystone.server.flask.application
File "/opt/stack/keystone/keystone/api/roles.py", line 50, in get
Nov 13 17:09:40 user devstack@keystone.service[46401]: ERROR keystone.server.flask.application return self._get_role(role_id)
Nov 13 17:09:40 user devstack@keystone.service[46401]: ERROR keystone.server.flask.application
File "/opt/stack/keystone/keystone/api/roles.py", line 70, in _get_role
Nov 13 17:09:40 user devstack@keystone.service[46401]: ERROR keystone.server.flask.application ENFORCER.enforce_call(action='identity:get_role')
Nov 13 17:09:40 user devstack@keystone.service[46401]: ERROR keystone.server.flask.application
File "/opt/stack/keystone/keystone/common/rbac_enforcer/enforcer.py", line 402, in enforce_call
Nov 13 17:09:40 user devstack@keystone.service[46401]: ERROR keystone.server.flask.application policy_dict.update(cls._extract_member_target_data(
Nov 13 17:09:40 user devstack@keystone.service[46401]: ERROR keystone.server.flask.application
File "/opt/stack/keystone/keystone/common/rbac_enforcer/enforcer.py", line 234, in _extract_member_target_data
Nov 13 17:09:40 user devstack@keystone.service[46401]: ERROR keystone.server.flask.application member_name: func(flask.request.view_args[key])
Nov 13 17:09:40 user devstack@keystone.service[46401]: ERROR keystone.server.flask.application
File "/opt/stack/keystone/keystone/common/manager.py", line 115, in wrapped
Nov 13 17:09:40 user devstack@keystone.service[46401]: ERROR keystone.server.flask.application __ret_val = __f(*args, **kwargs)
Nov 13 17:09:40 user devstack@keystone.service[46401]: ERROR keystone.server.flask.application
File "/opt/stack/data/venv/lib/python3.10/site-packages/decorator.py", line 232, in fun
Nov 13 17:09:40 user devstack@keystone.service[46401]: ERROR keystone.server.flask.application return caller(func, *(extras + args), **kw)
Nov 13 17:09:40 user devstack@keystone.service[46401]: ERROR keystone.server.flask.application
File "/opt/stack/data/venv/lib/python3.10/site-packages/dogpile/cache/region.py", line 1594, in get_or_create_for_user_func
Nov 13 17:09:40 user devstack@keystone.service[46401]: ERROR keystone.server.flask.application return self.get_or_create(
Nov 13 17:09:40 user devstack@keystone.service[46401]: ERROR keystone.server.flask.application
File "/opt/stack/data/venv/lib/python3.10/site-packages/dogpile/cache/region.py", line 1054, in get_or_create
Nov 13 17:09:40 user devstack@keystone.service[46401]: ERROR keystone.server.flask.application with Lock(
Nov 13 17:09:40 user devstack@keystone.service[46401]: ERROR keystone.server.flask.application
File "/opt/stack/data/venv/lib/python3.10/site-packages/dogpile/lock.py", line 185, in __enter__
Nov 13 17:09:40 user devstack@keystone.service[46401]: ERROR keystone.server.flask.application return self._enter()
Nov 13 17:09:40 user devstack@keystone.service[46401]: ERROR keystone.server.flask.application
File "/opt/stack/data/venv/lib/python3.10/site-packages/dogpile/lock.py", line 94, in _enter
Nov 13 17:09:40 user devstack@keystone.service[46401]: ERROR keystone.server.flask.application generated = self._enter_create(value, createdtime)
Nov 13 17:09:40 user devstack@keystone.service[46401]: ERROR keystone.server.flask.application
File "/opt/stack/data/venv/lib/python3.10/site-packages/dogpile/lock.py", line 178, in _enter_create
Nov 13 17:09:40 user devstack@keystone.service[46401]: ERROR keystone.server.flask.application return self.creator()
Nov 13 17:09:40 user devstack@keystone.service[46401]: ERROR keystone.server.flask.application
File "/opt/stack/data/venv/lib/python3.10/site-packages/dogpile/cache/region.py", line 1007, in gen_value
Nov 13 17:09:40 user devstack@keystone.service[46401]: ERROR keystone.server.flask.application created_value = creator(
Nov 13 17:09:40 user devstack@keystone.service[46401]: ERROR keystone.server.flask.application
File "/opt/stack/keystone/keystone/assignment/core.py", line 1276, in get_role
Nov 13 17:09:40 user devstack@keystone.service[46401]: ERROR keystone.server.flask.application return self.driver.get_role(role_id)
Nov 13 17:09:40 user devstack@keystone.service[46401]: ERROR keystone.server.flask.application
File "/opt/stack/keystone/keystone/assignment/role_backends/sql.py", line 70, in get_role
Nov 13 17:09:40 user devstack@keystone.service[46401]: ERROR keystone.server.flask.application return self._get_role(session, role_id).to_dict()
Nov 13 17:09:40 user devstack@keystone.service[46401]: ERROR keystone.server.flask.application
File "/opt/stack/keystone/keystone/assignment/role_backends/sql.py", line 65, in _get_role
Nov 13 17:09:40 user devstack@keystone.service[46401]: ERROR keystone.server.flask.application raise exception.RoleNotFound(role_id=role_id)
Nov 13 17:09:40 user devstack@keystone.service[46401]: ERROR keystone.server.flask.application keystone.exception.RoleNotFound: Could not find role: reader.
Nov 13 17:09:40 user devstack@keystone.service[46401]: ERROR keystone.server.flask.application
Nov 13 17:09:40 user devstack@keystone.service[46401]: [pid: 46401|app: 0|req: 55/162] 10.0.0.210 () {56 vars in 1094 bytes} [Mon Nov 13 17:09:40 2023] GET /identity/v3/roles/reader => generated 84 bytes in 142 msecs (HTTP/1.1 404) 5 headers in 183 bytes (1 switches on core 0)
Nov 13 17:09:40 user devstack@keystone.service[46400]: DEBUG keystone.server.flask.request_processing.middleware.auth_context [None req-8a7ca848-8b3f-4b32-8496-7ba2a3ec5517 None None] Authenticating user token {{(pid=46400) process_request /opt/stack/data/venv/lib/python3.10/site-packages/keystonemiddleware/auth_token/__init__.py:406}}
Nov 13 17:09:40 user devstack@keystone.service[46399]: DEBUG keystone.server.flask.request_processing.middleware.auth_context [None req-ae211f6c-e1cd-43f7-8e9e-3cc3ae56d2d9 None None] Validating token access rules against request {{(pid=46399) validate_allowed_request /opt/stack/data/venv/lib/python3.10/site-packages/keystonemiddleware/auth_token/__init__.py:544}}
Nov 13 17:09:40 user devstack@keystone.service[46399]: DEBUG keystone.server.flask.request_processing.middleware.auth_context [None req-1d2b8560-ae92-434b-95c6-6b6110e16bab None admin] RBAC: auth_context: {'token': , 'domain_id': None, 'trust_id': None, 'trustor_id': None, 'trustee_id': None, 'domain_name': None, 'group_ids': [], 'user_id': '9174095148bc4a40894b8be2da0fc4cb', 'user_domain_id': 'default', 'system_scope': 'all', 'project_id': None, 'project_domain_id': None, 'roles': ['admin', 'manager', 'member', 'reader'], 'is_admin_project': True, 'service_user_id': None, 'service_user_domain_id': None, 'service_project_id': None, 'service_project_domain_id': None, 'service_roles': []} {{(pid=46399) fill_context /opt/stack/keystone/keystone/server/flask/request_processing/middleware/auth_context.py:480}}
Nov 13 17:09:40 user devstack@keystone.service[46399]: DEBUG keystone.server.flask.request_processing.req_logging [None req-1d2b8560-ae92-434b-95c6-6b6110e16bab None admin] REQUEST_METHOD: `GET` {{(pid=46399) log_request_info /opt/stack/keystone/keystone/server/flask/request_processing/req_logging.py:27}}
Nov 13 17:09:40 user devstack@keystone.service[46399]: DEBUG keystone.server.flask.request_processing.req_logging [None req-1d2b8560-ae92-434b-95c6-6b6110e16bab None admin] SCRIPT_NAME: `/identity` {{(pid=46399) log_request_info /opt/stack/keystone/keystone/server/flask/request_processing/req_logging.py:28}}
Nov 13 17:09:40 user devstack@keystone.service[46399]: DEBUG keystone.server.flask.request_processing.req_logging [None req-1d2b8560-ae92-434b-95c6-6b6110e16bab None admin] PATH_INFO: `/v3/domains/default` {{(pid=46399) log_request_info /opt/stack/keystone/keystone/server/flask/request_processing/req_logging.py:29}}
Nov 13 17:09:40 user devstack@keystone.service[46399]: DEBUG keystone.common.rbac_enforcer.enforcer [None req-1d2b8560-ae92-434b-95c6-6b6110e16bab None admin] RBAC: Authorizing `identity:get_domain(domain_id=default)` {{(pid=46399) enforce_call /opt/stack/keystone/keystone/common/rbac_enforcer/enforcer.py:449}}
Nov 13 17:09:40 user devstack@keystone.service[46399]: DEBUG keystone.common.rbac_enforcer.enforcer [None req-1d2b8560-ae92-434b-95c6-6b6110e16bab None admin] RBAC: Authorization granted {{(pid=46399) enforce_call /opt/stack/keystone/keystone/common/rbac_enforcer/enforcer.py:457}}
Nov 13 17:09:40 user devstack@keystone.service[46399]: [pid: 46399|app: 0|req: 54/163] 10.0.0.210 () {56 vars in 1103 bytes} [Mon Nov 13 17:09:40 2023] GET /identity/v3/domains/default => generated 198 bytes in 156 msecs (HTTP/1.1 200) 5 headers in 177 bytes (1 switches on core 0)
Nov 13 17:09:40 user devstack@keystone.service[46401]: DEBUG keystone.server.flask.request_processing.middleware.auth_context [None req-5667f1f2-4bf1-4814-bae6-a3fde468549c None admin] Authenticating user token {{(pid=46401) process_request /opt/stack/data/venv/lib/python3.10/site-packages/keystonemiddleware/auth_token/__init__.py:406}}
Nov 13 17:09:40 user devstack@keystone.service[46400]: DEBUG keystone.server.flask.request_processing.middleware.auth_context [None req-8a7ca848-8b3f-4b32-8496-7ba2a3ec5517 None None] Validating token access rules against request {{(pid=46400) validate_allowed_request /opt/stack/data/venv/lib/python3.10/site-packages/keystonemiddleware/auth_token/__init__.py:544}}
Nov 13 17:09:40 user devstack@keystone.service[46400]: DEBUG keystone.server.flask.request_processing.middleware.auth_context [None req-41282891-787b-4441-bda2-6403d53523bd None admin] RBAC: auth_context: {'token': , 'domain_id': None, 'trust_id': None, 'trustor_id': None, 'trustee_id': None, 'domain_name': None, 'group_ids': [], 'user_id': '9174095148bc4a40894b8be2da0fc4cb', 'user_domain_id': 'default', 'system_scope': 'all', 'project_id': None, 'project_domain_id': None, 'roles': ['admin', 'manager', 'member', 'reader'], 'is_admin_project': True, 'service_user_id': None, 'service_user_domain_id': None, 'service_project_id': None, 'service_project_domain_id': None, 'service_roles': []} {{(pid=46400) fill_context /opt/stack/keystone/keystone/server/flask/request_processing/middleware/auth_context.py:480}}
Nov 13 17:09:40 user devstack@keystone.service[46400]: DEBUG keystone.server.flask.request_processing.req_logging [None req-41282891-787b-4441-bda2-6403d53523bd None admin] REQUEST_METHOD: `GET` {{(pid=46400) log_request_info /opt/stack/keystone/keystone/server/flask/request_processing/req_logging.py:27}}
Nov 13 17:09:40 user devstack@keystone.service[46400]: DEBUG keystone.server.flask.request_processing.req_logging [None req-41282891-787b-4441-bda2-6403d53523bd None admin] SCRIPT_NAME: `/identity` {{(pid=46400) log_request_info /opt/stack/keystone/keystone/server/flask/request_processing/req_logging.py:28}}
Nov 13 17:09:40 user devstack@keystone.service[46400]: DEBUG keystone.server.flask.request_processing.req_logging [None req-41282891-787b-4441-bda2-6403d53523bd None admin] PATH_INFO: `/v3/roles` {{(pid=46400) log_request_info /opt/stack/keystone/keystone/server/flask/request_processing/req_logging.py:29}}
Nov 13 17:09:40 user devstack@keystone.service[46400]: DEBUG keystone.common.rbac_enforcer.enforcer [None req-41282891-787b-4441-bda2-6403d53523bd None admin] RBAC: Adding query filter params (name=reader) {{(pid=46400) _extract_filter_values /opt/stack/keystone/keystone/common/rbac_enforcer/enforcer.py:167}}
Nov 13 17:09:40 user devstack@keystone.service[46400]: DEBUG keystone.common.rbac_enforcer.enforcer [None req-41282891-787b-4441-bda2-6403d53523bd None admin] RBAC: Authorizing `identity:list_roles()` {{(pid=46400) enforce_call /opt/stack/keystone/keystone/common/rbac_enforcer/enforcer.py:449}}
Nov 13 17:09:40 user devstack@keystone.service[46400]: DEBUG keystone.common.rbac_enforcer.enforcer [None req-41282891-787b-4441-bda2-6403d53523bd None admin] RBAC: Authorization granted {{(pid=46400) enforce_call /opt/stack/keystone/keystone/common/rbac_enforcer/enforcer.py:457}}
Nov 13 17:09:40 user devstack@keystone.service[46400]: [pid: 46400|app: 0|req: 55/164] 10.0.0.210 () {56 vars in 1096 bytes} [Mon Nov 13 17:09:40 2023] GET /identity/v3/roles?name=reader => generated 339 bytes in 176 msecs (HTTP/1.1 200) 5 headers in 177 bytes (1 switches on core 0)
Nov 13 17:09:40 user devstack@keystone.service[46399]: DEBUG keystone.server.flask.request_processing.middleware.auth_context [None req-1d2b8560-ae92-434b-95c6-6b6110e16bab None admin] Authenticating user token {{(pid=46399) process_request /opt/stack/data/venv/lib/python3.10/site-packages/keystonemiddleware/auth_token/__init__.py:406}}
Nov 13 17:09:40 user devstack@keystone.service[46401]: DEBUG keystone.server.flask.request_processing.middleware.auth_context [None req-5667f1f2-4bf1-4814-bae6-a3fde468549c None admin] Validating token access rules against request {{(pid=46401) validate_allowed_request /opt/stack/data/venv/lib/python3.10/site-packages/keystonemiddleware/auth_token/__init__.py:544}}
Nov 13 17:09:40 user devstack@keystone.service[46401]: DEBUG keystone.server.flask.request_processing.middleware.auth_context [None req-2a0e81ce-496f-41f5-92ff-c9e2f3adbb73 None admin] RBAC: auth_context: {'token': , 'domain_id': None, 'trust_id': None, 'trustor_id': None, 'trustee_id': None, 'domain_name': None, 'group_ids': [], 'user_id': '9174095148bc4a40894b8be2da0fc4cb', 'user_domain_id': 'default', 'system_scope': 'all', 'project_id': None, 'project_domain_id': None, 'roles': ['admin', 'manager', 'member', 'reader'], 'is_admin_project': True, 'service_user_id': None, 'service_user_domain_id': None, 'service_project_id': None, 'service_project_domain_id': None, 'service_roles': []} {{(pid=46401) fill_context /opt/stack/keystone/keystone/server/flask/request_processing/middleware/auth_context.py:480}}
Nov 13 17:09:40 user devstack@keystone.service[46401]: DEBUG keystone.server.flask.request_processing.req_logging [None req-2a0e81ce-496f-41f5-92ff-c9e2f3adbb73 None admin] REQUEST_METHOD: `POST` {{(pid=46401) log_request_info /opt/stack/keystone/keystone/server/flask/request_processing/req_logging.py:27}}
Nov 13 17:09:40 user devstack@keystone.service[46401]: DEBUG keystone.server.flask.request_processing.req_logging [None req-2a0e81ce-496f-41f5-92ff-c9e2f3adbb73 None admin] SCRIPT_NAME: `/identity` {{(pid=46401) log_request_info /opt/stack/keystone/keystone/server/flask/request_processing/req_logging.py:28}}
Nov 13 17:09:40 user devstack@keystone.service[46401]: DEBUG keystone.server.flask.request_processing.req_logging [None req-2a0e81ce-496f-41f5-92ff-c9e2f3adbb73 None admin] PATH_INFO: `/v3/users` {{(pid=46401) log_request_info /opt/stack/keystone/keystone/server/flask/request_processing/req_logging.py:29}}
Nov 13 17:09:40 user devstack@keystone.service[46401]: DEBUG keystone.common.rbac_enforcer.enforcer [None req-2a0e81ce-496f-41f5-92ff-c9e2f3adbb73 None admin] RBAC: Authorizing `identity:create_user()` {{(pid=46401) enforce_call /opt/stack/keystone/keystone/common/rbac_enforcer/enforcer.py:449}}
Nov 13 17:09:40 user devstack@keystone.service[46401]: DEBUG keystone.common.rbac_enforcer.enforcer [None req-2a0e81ce-496f-41f5-92ff-c9e2f3adbb73 None admin] RBAC: Authorization granted {{(pid=46401) enforce_call /opt/stack/keystone/keystone/common/rbac_enforcer/enforcer.py:457}}
Nov 13 17:09:40 user devstack@keystone.service[46401]: WARNING keystone.common.password_hashing [None req-2a0e81ce-496f-41f5-92ff-c9e2f3adbb73 None admin] Truncating password to algorithm specific maximum length 72 characters.
Nov 13 17:09:40 user devstack@keystone.service[46399]: DEBUG keystone.server.flask.request_processing.middleware.auth_context [None req-1d2b8560-ae92-434b-95c6-6b6110e16bab None admin] Validating token access rules against request {{(pid=46399) validate_allowed_request /opt/stack/data/venv/lib/python3.10/site-packages/keystonemiddleware/auth_token/__init__.py:544}}
Nov 13 17:09:40 user devstack@keystone.service[46401]: [pid: 46401|app: 0|req: 56/165] 10.0.0.210 () {60 vars in 1127 bytes} [Mon Nov 13 17:09:40 2023] POST /identity/v3/users => generated 292 bytes in 188 msecs (HTTP/1.1 201) 5 headers in 182 bytes (1 switches on core 0)
Nov 13 17:09:40 user devstack@keystone.service[46399]: DEBUG keystone.server.flask.request_processing.middleware.auth_context [None req-e50b6308-6966-4f56-8d83-92a136a8da21 None admin] RBAC: auth_context: {'token': , 'domain_id': None, 'trust_id': None, 'trustor_id': None, 'trustee_id': None, 'domain_name': None, 'group_ids': [], 'user_id': '9174095148bc4a40894b8be2da0fc4cb', 'user_domain_id': 'default', 'system_scope': 'all', 'project_id': None, 'project_domain_id': None, 'roles': ['admin', 'manager', 'member', 'reader'], 'is_admin_project': True, 'service_user_id': None, 'service_user_domain_id': None, 'service_project_id': None, 'service_project_domain_id': None, 'service_roles': []} {{(pid=46399) fill_context /opt/stack/keystone/keystone/server/flask/request_processing/middleware/auth_context.py:480}}
Nov 13 17:09:40 user devstack@keystone.service[46399]: DEBUG keystone.server.flask.request_processing.req_logging [None req-e50b6308-6966-4f56-8d83-92a136a8da21 None admin] REQUEST_METHOD: `GET` {{(pid=46399) log_request_info /opt/stack/keystone/keystone/server/flask/request_processing/req_logging.py:27}}
Nov 13 17:09:40 user devstack@keystone.service[46399]: DEBUG keystone.server.flask.request_processing.req_logging [None req-e50b6308-6966-4f56-8d83-92a136a8da21 None admin] SCRIPT_NAME: `/identity` {{(pid=46399) log_request_info /opt/stack/keystone/keystone/server/flask/request_processing/req_logging.py:28}}
Nov 13 17:09:40 user devstack@keystone.service[46399]: DEBUG keystone.server.flask.request_processing.req_logging [None req-e50b6308-6966-4f56-8d83-92a136a8da21 None admin] PATH_INFO: `/v3/users/0d8e6cc0595c4f87a6b7af073a18bb14` {{(pid=46399) log_request_info /opt/stack/keystone/keystone/server/flask/request_processing/req_logging.py:29}}
Nov 13 17:09:40 user devstack@keystone.service[46399]: DEBUG keystone.common.rbac_enforcer.enforcer [None req-e50b6308-6966-4f56-8d83-92a136a8da21 None admin] RBAC: Authorizing `identity:get_user(user_id=0d8e6cc0595c4f87a6b7af073a18bb14)` {{(pid=46399) enforce_call /opt/stack/keystone/keystone/common/rbac_enforcer/enforcer.py:449}}
Nov 13 17:09:40 user devstack@keystone.service[46399]: DEBUG keystone.common.rbac_enforcer.enforcer [None req-e50b6308-6966-4f56-8d83-92a136a8da21 None admin] RBAC: Authorization granted {{(pid=46399) enforce_call /opt/stack/keystone/keystone/common/rbac_enforcer/enforcer.py:457}}
Nov 13 17:09:40 user devstack@keystone.service[46399]: [pid: 46399|app: 0|req: 55/166] 10.0.0.210 () {56 vars in 1172 bytes} [Mon Nov 13 17:09:40 2023] GET /identity/v3/users/0d8e6cc0595c4f87a6b7af073a18bb14 => generated 296 bytes in 159 msecs (HTTP/1.1 200) 5 headers in 177 bytes (1 switches on core 0)
Nov 13 17:09:40 user devstack@keystone.service[46400]: DEBUG keystone.server.flask.request_processing.middleware.auth_context [None req-41282891-787b-4441-bda2-6403d53523bd None admin] Authenticating user token {{(pid=46400) process_request /opt/stack/data/venv/lib/python3.10/site-packages/keystonemiddleware/auth_token/__init__.py:406}}
Nov 13 17:09:40 user devstack@keystone.service[46400]: DEBUG keystone.server.flask.request_processing.middleware.auth_context [None req-41282891-787b-4441-bda2-6403d53523bd None admin] Validating token access rules against request {{(pid=46400) validate_allowed_request /opt/stack/data/venv/lib/python3.10/site-packages/keystonemiddleware/auth_token/__init__.py:544}}
Nov 13 17:09:40 user devstack@keystone.service[46400]: DEBUG keystone.server.flask.request_processing.middleware.auth_context [None req-4f614c99-bded-4bc8-aad6-8f64dadb8a9c None admin] RBAC: auth_context: {'token': , 'domain_id': None, 'trust_id': None, 'trustor_id': None, 'trustee_id': None, 'domain_name': None, 'group_ids': [], 'user_id': '9174095148bc4a40894b8be2da0fc4cb', 'user_domain_id': 'default', 'system_scope': 'all', 'project_id': None, 'project_domain_id': None, 'roles': ['admin', 'manager', 'member', 'reader'], 'is_admin_project': True, 'service_user_id': None, 'service_user_domain_id': None, 'service_project_id': None, 'service_project_domain_id': None, 'service_roles': []} {{(pid=46400) fill_context /opt/stack/keystone/keystone/server/flask/request_processing/middleware/auth_context.py:480}}
Nov 13 17:09:40 user devstack@keystone.service[46400]: DEBUG keystone.server.flask.request_processing.req_logging [None req-4f614c99-bded-4bc8-aad6-8f64dadb8a9c None admin] REQUEST_METHOD: `GET` {{(pid=46400) log_request_info /opt/stack/keystone/keystone/server/flask/request_processing/req_logging.py:27}}
Nov 13 17:09:40 user devstack@keystone.service[46400]: DEBUG keystone.server.flask.request_processing.req_logging [None req-4f614c99-bded-4bc8-aad6-8f64dadb8a9c None admin] SCRIPT_NAME: `/identity` {{(pid=46400) log_request_info /opt/stack/keystone/keystone/server/flask/request_processing/req_logging.py:28}}
Nov 13 17:09:40 user devstack@keystone.service[46400]: DEBUG keystone.server.flask.request_processing.req_logging [None req-4f614c99-bded-4bc8-aad6-8f64dadb8a9c None admin] PATH_INFO: `/v3/projects/01b6b2b69a9b4d62a1314343cea3d681` {{(pid=46400) log_request_info /opt/stack/keystone/keystone/server/flask/request_processing/req_logging.py:29}}
Nov 13 17:09:40 user devstack@keystone.service[46401]: DEBUG keystone.server.flask.request_processing.req_logging [None req-b1f1d435-3a27-4f0f-9ff9-72df69528005 None None] REQUEST_METHOD: `GET` {{(pid=46401) log_request_info /opt/stack/keystone/keystone/server/flask/request_processing/req_logging.py:27}}
Nov 13 17:09:40 user devstack@keystone.service[46401]: DEBUG keystone.server.flask.request_processing.req_logging [None req-b1f1d435-3a27-4f0f-9ff9-72df69528005 None None] SCRIPT_NAME: `/identity` {{(pid=46401) log_request_info /opt/stack/keystone/keystone/server/flask/request_processing/req_logging.py:28}}
Nov 13 17:09:40 user devstack@keystone.service[46401]: DEBUG keystone.server.flask.request_processing.req_logging [None req-b1f1d435-3a27-4f0f-9ff9-72df69528005 None None] PATH_INFO: `/` {{(pid=46401) log_request_info /opt/stack/keystone/keystone/server/flask/request_processing/req_logging.py:29}}
Nov 13 17:09:40 user devstack@keystone.service[46400]: DEBUG keystone.common.rbac_enforcer.enforcer [None req-4f614c99-bded-4bc8-aad6-8f64dadb8a9c None admin] RBAC: Authorizing `identity:get_project(project_id=01b6b2b69a9b4d62a1314343cea3d681)` {{(pid=46400) enforce_call /opt/stack/keystone/keystone/common/rbac_enforcer/enforcer.py:449}}
Nov 13 17:09:40 user devstack@keystone.service[46401]: [pid: 46401|app: 0|req: 57/167] 10.0.0.210 () {54 vars in 921 bytes} [Mon Nov 13 17:09:40 2023] GET /identity => generated 269 bytes in 4 msecs (HTTP/1.1 300) 6 headers in 233 bytes (1 switches on core 0)
Nov 13 17:09:40 user devstack@keystone.service[46400]: DEBUG keystone.common.rbac_enforcer.enforcer [None req-4f614c99-bded-4bc8-aad6-8f64dadb8a9c None admin] RBAC: Authorization granted {{(pid=46400) enforce_call /opt/stack/keystone/keystone/common/rbac_enforcer/enforcer.py:457}}
Nov 13 17:09:40 user devstack@keystone.service[46400]: [pid: 46400|app: 0|req: 56/168] 10.0.0.210 () {56 vars in 1181 bytes} [Mon Nov 13 17:09:40 2023] GET /identity/v3/projects/01b6b2b69a9b4d62a1314343cea3d681 => generated 301 bytes in 131 msecs (HTTP/1.1 200) 5 headers in 177 bytes (1 switches on core 0)
Nov 13 17:09:40 user devstack@keystone.service[46399]: DEBUG keystone.server.flask.request_processing.middleware.auth_context [None req-e50b6308-6966-4f56-8d83-92a136a8da21 None admin] Authenticating user token {{(pid=46399) process_request /opt/stack/data/venv/lib/python3.10/site-packages/keystonemiddleware/auth_token/__init__.py:406}}
Nov 13 17:09:40 user devstack@keystone.service[46401]: DEBUG keystone.server.flask.request_processing.middleware.auth_context [None req-b1f1d435-3a27-4f0f-9ff9-72df69528005 None None] Authenticating user token {{(pid=46401) process_request /opt/stack/data/venv/lib/python3.10/site-packages/keystonemiddleware/auth_token/__init__.py:406}}
Nov 13 17:09:40 user devstack@keystone.service[46399]: DEBUG keystone.server.flask.request_processing.middleware.auth_context [None req-e50b6308-6966-4f56-8d83-92a136a8da21 None admin] Validating token access rules against request {{(pid=46399) validate_allowed_request /opt/stack/data/venv/lib/python3.10/site-packages/keystonemiddleware/auth_token/__init__.py:544}}
Nov 13 17:09:40 user devstack@keystone.service[46401]: DEBUG keystone.server.flask.request_processing.middleware.auth_context [None req-b1f1d435-3a27-4f0f-9ff9-72df69528005 None None] Validating token access rules against request {{(pid=46401) validate_allowed_request /opt/stack/data/venv/lib/python3.10/site-packages/keystonemiddleware/auth_token/__init__.py:544}}
Nov 13 17:09:40 user devstack@keystone.service[46401]: DEBUG keystone.server.flask.request_processing.middleware.auth_context [None req-40dfae5f-8513-40e1-864a-02a206970d10 None admin] RBAC: auth_context: {'token': , 'domain_id': None, 'trust_id': None, 'trustor_id': None, 'trustee_id': None, 'domain_name': None, 'group_ids': [], 'user_id': '9174095148bc4a40894b8be2da0fc4cb', 'user_domain_id': 'default', 'system_scope': 'all', 'project_id': None, 'project_domain_id': None, 'roles': ['admin', 'manager', 'member', 'reader'], 'is_admin_project': True, 'service_user_id': None, 'service_user_domain_id': None, 'service_project_id': None, 'service_project_domain_id': None, 'service_roles': []} {{(pid=46401) fill_context /opt/stack/keystone/keystone/server/flask/request_processing/middleware/auth_context.py:480}}
Nov 13 17:09:40 user devstack@keystone.service[46401]: DEBUG keystone.server.flask.request_processing.req_logging [None req-40dfae5f-8513-40e1-864a-02a206970d10 None admin] REQUEST_METHOD: `PUT` {{(pid=46401) log_request_info /opt/stack/keystone/keystone/server/flask/request_processing/req_logging.py:27}}
Nov 13 17:09:40 user devstack@keystone.service[46401]: DEBUG keystone.server.flask.request_processing.req_logging [None req-40dfae5f-8513-40e1-864a-02a206970d10 None admin] SCRIPT_NAME: `/identity` {{(pid=46401) log_request_info /opt/stack/keystone/keystone/server/flask/request_processing/req_logging.py:28}}
Nov 13 17:09:40 user devstack@keystone.service[46401]: DEBUG keystone.server.flask.request_processing.req_logging [None req-40dfae5f-8513-40e1-864a-02a206970d10 None admin] PATH_INFO: `/v3/projects/01b6b2b69a9b4d62a1314343cea3d681/users/0d8e6cc0595c4f87a6b7af073a18bb14/roles/c9b773f7796c43a8b2ed0ef9d163d179` {{(pid=46401) log_request_info /opt/stack/keystone/keystone/server/flask/request_processing/req_logging.py:29}}
Nov 13 17:09:40 user devstack@keystone.service[46401]: DEBUG keystone.common.rbac_enforcer.enforcer [None req-40dfae5f-8513-40e1-864a-02a206970d10 None admin] RBAC: Authorizing `identity:create_grant(project_id=01b6b2b69a9b4d62a1314343cea3d681, user_id=0d8e6cc0595c4f87a6b7af073a18bb14, role_id=c9b773f7796c43a8b2ed0ef9d163d179)` {{(pid=46401) enforce_call /opt/stack/keystone/keystone/common/rbac_enforcer/enforcer.py:449}}
Nov 13 17:09:40 user devstack@keystone.service[46401]: DEBUG keystone.common.rbac_enforcer.enforcer [None req-40dfae5f-8513-40e1-864a-02a206970d10 None admin] RBAC: Authorization granted {{(pid=46401) enforce_call /opt/stack/keystone/keystone/common/rbac_enforcer/enforcer.py:457}}
