Aug 26 10:14:57 user devstack@placement-api.service[68129]: DEBUG placement.requestlog [req-91d31d38-9b4f-449f-bf52-e555a4575f9d req-246b5b97-1a1f-40e4-80df-cb58449fc6d3 None None] Starting request: 10.0.0.210 "GET /placement/allocations/bc56542d-af1f-4313-8555-1b2014ff35e7" {{(pid=68129) __call__ /opt/stack/placement/placement/requestlog.py:55}}
Aug 26 10:14:57 user devstack@placement-api.service[68129]: INFO placement.requestlog [req-91d31d38-9b4f-449f-bf52-e555a4575f9d req-246b5b97-1a1f-40e4-80df-cb58449fc6d3 service placement] 10.0.0.210 "GET /placement/allocations/bc56542d-af1f-4313-8555-1b2014ff35e7" status: 200 len: 258 microversion: 1.28
Aug 26 10:14:57 user devstack@placement-api.service[68129]: [pid: 68129|app: 0|req: 84/253] 10.0.0.210 () {64 vars in 1456 bytes} [Sat Aug 26 10:14:57 2023] GET /placement/allocations/bc56542d-af1f-4313-8555-1b2014ff35e7 => generated 258 bytes in 31 msecs (HTTP/1.1 200) 8 headers in 296 bytes (1 switches on core 0)
Aug 26 10:14:57 user devstack@placement-api.service[68130]: DEBUG placement.requestlog [req-91d31d38-9b4f-449f-bf52-e555a4575f9d req-a77190aa-d1c3-4412-9267-de155e5ae89f None None] Starting request: 10.0.0.210 "GET /placement/allocations/c225e50a-3760-43d4-b398-3a663b478873" {{(pid=68130) __call__ /opt/stack/placement/placement/requestlog.py:55}}
Aug 26 10:14:57 user devstack@placement-api.service[68130]: INFO placement.requestlog [req-91d31d38-9b4f-449f-bf52-e555a4575f9d req-a77190aa-d1c3-4412-9267-de155e5ae89f service placement] 10.0.0.210 "GET /placement/allocations/c225e50a-3760-43d4-b398-3a663b478873" status: 200 len: 258 microversion: 1.28
Aug 26 10:14:57 user devstack@placement-api.service[68130]: [pid: 68130|app: 0|req: 84/254] 10.0.0.210 () {64 vars in 1456 bytes} [Sat Aug 26 10:14:57 2023] GET /placement/allocations/c225e50a-3760-43d4-b398-3a663b478873 => generated 258 bytes in 17 msecs (HTTP/1.1 200) 8 headers in 296 bytes (1 switches on core 0)
Aug 26 10:14:57 user devstack@placement-api.service[68128]: DEBUG placement.requestlog [req-91d31d38-9b4f-449f-bf52-e555a4575f9d req-5b5c2baf-a5ff-4707-864b-beccc0529bcd None None] Starting request: 10.0.0.210 "GET /placement/allocations/0b140c11-1a26-4312-9cec-8054582d15f5" {{(pid=68128) __call__ /opt/stack/placement/placement/requestlog.py:55}}
Aug 26 10:14:57 user devstack@placement-api.service[68128]: INFO placement.requestlog [req-91d31d38-9b4f-449f-bf52-e555a4575f9d req-5b5c2baf-a5ff-4707-864b-beccc0529bcd service placement] 10.0.0.210 "GET /placement/allocations/0b140c11-1a26-4312-9cec-8054582d15f5" status: 200 len: 258 microversion: 1.28
Aug 26 10:14:57 user devstack@placement-api.service[68128]: [pid: 68128|app: 0|req: 87/255] 10.0.0.210 () {64 vars in 1456 bytes} [Sat Aug 26 10:14:57 2023] GET /placement/allocations/0b140c11-1a26-4312-9cec-8054582d15f5 => generated 258 bytes in 23 msecs (HTTP/1.1 200) 8 headers in 296 bytes (1 switches on core 0)
Aug 26 10:14:57 user devstack@placement-api.service[68129]: DEBUG placement.requestlog [req-91d31d38-9b4f-449f-bf52-e555a4575f9d req-90301efb-4e77-4106-85ae-db141cb6cee8 None None] Starting request: 10.0.0.210 "GET /placement/allocations/c555f971-b177-4c26-a38e-09e0e78bf7b9" {{(pid=68129) __call__ /opt/stack/placement/placement/requestlog.py:55}}
Aug 26 10:14:57 user devstack@placement-api.service[68129]: INFO placement.requestlog [req-91d31d38-9b4f-449f-bf52-e555a4575f9d req-90301efb-4e77-4106-85ae-db141cb6cee8 service placement] 10.0.0.210 "GET /placement/allocations/c555f971-b177-4c26-a38e-09e0e78bf7b9" status: 200 len: 258 microversion: 1.28
Aug 26 10:14:57 user devstack@placement-api.service[68129]: [pid: 68129|app: 0|req: 85/256] 10.0.0.210 () {64 vars in 1456 bytes} [Sat Aug 26 10:14:57 2023] GET /placement/allocations/c555f971-b177-4c26-a38e-09e0e78bf7b9 => generated 258 bytes in 15 msecs (HTTP/1.1 200) 8 headers in 296 bytes (1 switches on core 0)
Aug 26 10:14:58 user devstack@placement-api.service[68130]: DEBUG placement.requestlog [req-91d31d38-9b4f-449f-bf52-e555a4575f9d req-8a786c75-8ecc-4879-8884-4d9a2c3a8614 None None] Starting request: 10.0.0.210 "DELETE /placement/allocations/0b140c11-1a26-4312-9cec-8054582d15f5" {{(pid=68130) __call__ /opt/stack/placement/placement/requestlog.py:55}}
Aug 26 10:14:58 user devstack@placement-api.service[68130]: DEBUG placement.handlers.allocation [req-91d31d38-9b4f-449f-bf52-e555a4575f9d req-8a786c75-8ecc-4879-8884-4d9a2c3a8614 service placement] Successfully deleted allocations [, , ] {{(pid=68130) delete_allocations /opt/stack/placement/placement/handlers/allocation.py:627}}
Aug 26 10:14:58 user devstack@placement-api.service[68130]: INFO placement.requestlog [req-91d31d38-9b4f-449f-bf52-e555a4575f9d req-8a786c75-8ecc-4879-8884-4d9a2c3a8614 service placement] 10.0.0.210 "DELETE /placement/allocations/0b140c11-1a26-4312-9cec-8054582d15f5" status: 204 len: 0 microversion: 1.0
Aug 26 10:14:58 user devstack@placement-api.service[68130]: [pid: 68130|app: 0|req: 85/257] 10.0.0.210 () {64 vars in 1434 bytes} [Sat Aug 26 10:14:58 2023] DELETE /placement/allocations/0b140c11-1a26-4312-9cec-8054582d15f5 => generated 0 bytes in 35 msecs (HTTP/1.1 204) 5 headers in 198 bytes (1 switches on core 0)
Aug 26 10:15:03 user devstack@placement-api.service[68128]: DEBUG placement.requestlog [req-cbbce299-296b-42f3-9eb9-6fbcf7f7b709 req-ff387c5d-ee82-4eab-abe6-5d579776e14d None None] Starting request: 10.0.0.210 "GET /placement/resource_providers/e2cec974-59b2-4c77-a53d-a7f4e5a30d75/allocations" {{(pid=68128) __call__ /opt/stack/placement/placement/requestlog.py:55}}
Aug 26 10:15:03 user devstack@placement-api.service[68128]: INFO placement.requestlog [req-cbbce299-296b-42f3-9eb9-6fbcf7f7b709 req-ff387c5d-ee82-4eab-abe6-5d579776e14d service placement] 10.0.0.210 "GET /placement/resource_providers/e2cec974-59b2-4c77-a53d-a7f4e5a30d75/allocations" status: 200 len: 1039 microversion: 1.0
Aug 26 10:15:03 user devstack@placement-api.service[68128]: [pid: 68128|app: 0|req: 88/258] 10.0.0.210 () {62 vars in 1469 bytes} [Sat Aug 26 10:15:03 2023] GET /placement/resource_providers/e2cec974-59b2-4c77-a53d-a7f4e5a30d75/allocations => generated 1039 bytes in 56 msecs (HTTP/1.1 200) 6 headers in 225 bytes (1 switches on core 0)
Aug 26 10:15:03 user devstack@placement-api.service[68129]: DEBUG placement.requestlog [req-cbbce299-296b-42f3-9eb9-6fbcf7f7b709 req-1298514d-6c9a-4a01-b274-d56f412c336d None None] Starting request: 10.0.0.210 "GET /placement/allocations/c785b609-0068-442f-91f5-d26e888a993f" {{(pid=68129) __call__ /opt/stack/placement/placement/requestlog.py:55}}
Aug 26 10:15:03 user devstack@placement-api.service[68129]: INFO placement.requestlog [req-cbbce299-296b-42f3-9eb9-6fbcf7f7b709 req-1298514d-6c9a-4a01-b274-d56f412c336d service placement] 10.0.0.210 "GET /placement/allocations/c785b609-0068-442f-91f5-d26e888a993f" status: 200 len: 258 microversion: 1.28
Aug 26 10:15:03 user devstack@placement-api.service[68129]: [pid: 68129|app: 0|req: 86/259] 10.0.0.210 () {64 vars in 1456 bytes} [Sat Aug 26 10:15:03 2023] GET /placement/allocations/c785b609-0068-442f-91f5-d26e888a993f => generated 258 bytes in 20 msecs (HTTP/1.1 200) 8 headers in 296 bytes (2 switches on core 0)
Aug 26 10:15:03 user devstack@placement-api.service[68130]: DEBUG placement.requestlog [req-cbbce299-296b-42f3-9eb9-6fbcf7f7b709 req-682142b4-72ef-4f37-a59d-573bb0bb8596 None None] Starting request: 10.0.0.210 "GET /placement/allocations/83670c16-3566-4679-8e74-c6451c840315" {{(pid=68130) __call__ /opt/stack/placement/placement/requestlog.py:55}}
Aug 26 10:15:03 user devstack@placement-api.service[68130]: INFO placement.requestlog [req-cbbce299-296b-42f3-9eb9-6fbcf7f7b709 req-682142b4-72ef-4f37-a59d-573bb0bb8596 service placement] 10.0.0.210 "GET /placement/allocations/83670c16-3566-4679-8e74-c6451c840315" status: 200 len: 244 microversion: 1.28
Aug 26 10:15:03 user devstack@placement-api.service[68130]: [pid: 68130|app: 0|req: 86/260] 10.0.0.210 () {64 vars in 1456 bytes} [Sat Aug 26 10:15:03 2023] GET /placement/allocations/83670c16-3566-4679-8e74-c6451c840315 => generated 244 bytes in 19 msecs (HTTP/1.1 200) 8 headers in 296 bytes (1 switches on core 0)
Aug 26 10:15:03 user devstack@placement-api.service[68128]: DEBUG placement.requestlog [req-cbbce299-296b-42f3-9eb9-6fbcf7f7b709 req-d3c6ac4f-13fe-41af-a5b2-c5b4326b6c95 None None] Starting request: 10.0.0.210 "GET /placement/allocations/8302d6e7-aaf3-461c-a55e-f2e685d1800d" {{(pid=68128) __call__ /opt/stack/placement/placement/requestlog.py:55}}
Aug 26 10:15:03 user devstack@placement-api.service[68128]: INFO placement.requestlog [req-cbbce299-296b-42f3-9eb9-6fbcf7f7b709 req-d3c6ac4f-13fe-41af-a5b2-c5b4326b6c95 service placement] 10.0.0.210 "GET /placement/allocations/8302d6e7-aaf3-461c-a55e-f2e685d1800d" status: 200 len: 258 microversion: 1.28
Aug 26 10:15:03 user devstack@placement-api.service[68128]: [pid: 68128|app: 0|req: 89/261] 10.0.0.210 () {64 vars in 1456 bytes} [Sat Aug 26 10:15:03 2023] GET /placement/allocations/8302d6e7-aaf3-461c-a55e-f2e685d1800d => generated 258 bytes in 25 msecs (HTTP/1.1 200) 8 headers in 296 bytes (1 switches on core 0)
Aug 26 10:15:03 user devstack@placement-api.service[68129]: DEBUG placement.requestlog [req-cbbce299-296b-42f3-9eb9-6fbcf7f7b709 req-b38beac1-98b1-47cf-b3e3-33aee4576677 None None] Starting request: 10.0.0.210 "GET /placement/allocations/ee9bcbaa-25a6-4588-b757-2a2ae15b6cf8" {{(pid=68129) __call__ /opt/stack/placement/placement/requestlog.py:55}}
Aug 26 10:15:03 user devstack@placement-api.service[68129]: INFO placement.requestlog [req-cbbce299-296b-42f3-9eb9-6fbcf7f7b709 req-b38beac1-98b1-47cf-b3e3-33aee4576677 service placement] 10.0.0.210 "GET /placement/allocations/ee9bcbaa-25a6-4588-b757-2a2ae15b6cf8" status: 200 len: 258 microversion: 1.28
Aug 26 10:15:03 user devstack@placement-api.service[68129]: [pid: 68129|app: 0|req: 87/262] 10.0.0.210 () {64 vars in 1456 bytes} [Sat Aug 26 10:15:03 2023] GET /placement/allocations/ee9bcbaa-25a6-4588-b757-2a2ae15b6cf8 => generated 258 bytes in 18 msecs (HTTP/1.1 200) 8 headers in 296 bytes (1 switches on core 0)
Aug 26 10:15:03 user devstack@placement-api.service[68130]: DEBUG placement.requestlog [req-cbbce299-296b-42f3-9eb9-6fbcf7f7b709 req-07fc0376-a569-46e1-8051-e5895ca0ec30 None None] Starting request: 10.0.0.210 "GET /placement/allocations/d2a731d2-13ff-49e5-ab17-80686b622df7" {{(pid=68130) __call__ /opt/stack/placement/placement/requestlog.py:55}}
Aug 26 10:15:03 user devstack@placement-api.service[68130]: INFO placement.requestlog [req-cbbce299-296b-42f3-9eb9-6fbcf7f7b709 req-07fc0376-a569-46e1-8051-e5895ca0ec30 service placement] 10.0.0.210 "GET /placement/allocations/d2a731d2-13ff-49e5-ab17-80686b622df7" status: 200 len: 258 microversion: 1.28
Aug 26 10:15:03 user devstack@placement-api.service[68130]: [pid: 68130|app: 0|req: 87/263] 10.0.0.210 () {64 vars in 1456 bytes} [Sat Aug 26 10:15:03 2023] GET /placement/allocations/d2a731d2-13ff-49e5-ab17-80686b622df7 => generated 258 bytes in 25 msecs (HTTP/1.1 200) 8 headers in 296 bytes (1 switches on core 0)
Aug 26 10:15:03 user devstack@placement-api.service[68128]: DEBUG placement.requestlog [req-cbbce299-296b-42f3-9eb9-6fbcf7f7b709 req-ccfea391-c1ac-41e6-ac41-ca5b0a975df4 None None] Starting request: 10.0.0.210 "GET /placement/allocations/b3c0b9c1-4218-4d6e-acac-d5d1dcf4f1b8" {{(pid=68128) __call__ /opt/stack/placement/placement/requestlog.py:55}}
Aug 26 10:15:03 user devstack@placement-api.service[68128]: INFO placement.requestlog [req-cbbce299-296b-42f3-9eb9-6fbcf7f7b709 req-ccfea391-c1ac-41e6-ac41-ca5b0a975df4 service placement] 10.0.0.210 "GET /placement/allocations/b3c0b9c1-4218-4d6e-acac-d5d1dcf4f1b8" status: 200 len: 258 microversion: 1.28
Aug 26 10:15:03 user devstack@placement-api.service[68128]: [pid: 68128|app: 0|req: 90/264] 10.0.0.210 () {64 vars in 1456 bytes} [Sat Aug 26 10:15:03 2023] GET /placement/allocations/b3c0b9c1-4218-4d6e-acac-d5d1dcf4f1b8 => generated 258 bytes in 25 msecs (HTTP/1.1 200) 8 headers in 296 bytes (1 switches on core 0)
Aug 26 10:15:03 user devstack@placement-api.service[68129]: DEBUG placement.requestlog [req-cbbce299-296b-42f3-9eb9-6fbcf7f7b709 req-b00da38b-759e-4300-99a3-da30e695b03d None None] Starting request: 10.0.0.210 "GET /placement/allocations/32a28361-567b-4bd4-9f4f-d9cfac2c9388" {{(pid=68129) __call__ /opt/stack/placement/placement/requestlog.py:55}}
Aug 26 10:15:03 user devstack@placement-api.service[68129]: INFO placement.requestlog [req-cbbce299-296b-42f3-9eb9-6fbcf7f7b709 req-b00da38b-759e-4300-99a3-da30e695b03d service placement] 10.0.0.210 "GET /placement/allocations/32a28361-567b-4bd4-9f4f-d9cfac2c9388" status: 200 len: 258 microversion: 1.28
Aug 26 10:15:03 user devstack@placement-api.service[68129]: [pid: 68129|app: 0|req: 88/265] 10.0.0.210 () {64 vars in 1456 bytes} [Sat Aug 26 10:15:03 2023] GET /placement/allocations/32a28361-567b-4bd4-9f4f-d9cfac2c9388 => generated 258 bytes in 19 msecs (HTTP/1.1 200) 8 headers in 296 bytes (2 switches on core 0)
Aug 26 10:15:03 user devstack@placement-api.service[68130]: DEBUG placement.requestlog [req-cbbce299-296b-42f3-9eb9-6fbcf7f7b709 req-19889cd9-4da6-42d2-a58d-ce8356389777 None None] Starting request: 10.0.0.210 "GET /placement/allocations/bc56542d-af1f-4313-8555-1b2014ff35e7" {{(pid=68130) __call__ /opt/stack/placement/placement/requestlog.py:55}}
Aug 26 10:15:03 user devstack@placement-api.service[68130]: INFO placement.requestlog [req-cbbce299-296b-42f3-9eb9-6fbcf7f7b709 req-19889cd9-4da6-42d2-a58d-ce8356389777 service placement] 10.0.0.210 "GET /placement/allocations/bc56542d-af1f-4313-8555-1b2014ff35e7" status: 200 len: 258 microversion: 1.28
Aug 26 10:15:03 user devstack@placement-api.service[68130]: [pid: 68130|app: 0|req: 88/266] 10.0.0.210 () {64 vars in 1456 bytes} [Sat Aug 26 10:15:03 2023] GET /placement/allocations/bc56542d-af1f-4313-8555-1b2014ff35e7 => generated 258 bytes in 17 msecs (HTTP/1.1 200) 8 headers in 296 bytes (1 switches on core 0)
Aug 26 10:15:03 user devstack@placement-api.service[68128]: DEBUG placement.requestlog [req-cbbce299-296b-42f3-9eb9-6fbcf7f7b709 req-f454457f-5d65-44a4-822a-6ff6ba93d117 None None] Starting request: 10.0.0.210 "GET /placement/allocations/c225e50a-3760-43d4-b398-3a663b478873" {{(pid=68128) __call__ /opt/stack/placement/placement/requestlog.py:55}}
Aug 26 10:15:03 user devstack@placement-api.service[68128]: INFO placement.requestlog [req-cbbce299-296b-42f3-9eb9-6fbcf7f7b709 req-f454457f-5d65-44a4-822a-6ff6ba93d117 service placement] 10.0.0.210 "GET /placement/allocations/c225e50a-3760-43d4-b398-3a663b478873" status: 200 len: 258 microversion: 1.28
Aug 26 10:15:03 user devstack@placement-api.service[68128]: [pid: 68128|app: 0|req: 91/267] 10.0.0.210 () {64 vars in 1456 bytes} [Sat Aug 26 10:15:03 2023] GET /placement/allocations/c225e50a-3760-43d4-b398-3a663b478873 => generated 258 bytes in 17 msecs (HTTP/1.1 200) 8 headers in 296 bytes (1 switches on core 0)
Aug 26 10:15:03 user devstack@placement-api.service[68129]: DEBUG placement.requestlog [req-cbbce299-296b-42f3-9eb9-6fbcf7f7b709 req-4f6b9471-69b3-4e1b-9408-dd4dfbb76f88 None None] Starting request: 10.0.0.210 "GET /placement/allocations/c555f971-b177-4c26-a38e-09e0e78bf7b9" {{(pid=68129) __call__ /opt/stack/placement/placement/requestlog.py:55}}
Aug 26 10:15:03 user devstack@placement-api.service[68129]: INFO placement.requestlog [req-cbbce299-296b-42f3-9eb9-6fbcf7f7b709 req-4f6b9471-69b3-4e1b-9408-dd4dfbb76f88 service placement] 10.0.0.210 "GET /placement/allocations/c555f971-b177-4c26-a38e-09e0e78bf7b9" status: 200 len: 258 microversion: 1.28
Aug 26 10:15:03 user devstack@placement-api.service[68129]: [pid: 68129|app: 0|req: 89/268] 10.0.0.210 () {64 vars in 1456 bytes} [Sat Aug 26 10:15:03 2023] GET /placement/allocations/c555f971-b177-4c26-a38e-09e0e78bf7b9 => generated 258 bytes in 22 msecs (HTTP/1.1 200) 8 headers in 296 bytes (1 switches on core 0)
Aug 26 10:15:03 user devstack@placement-api.service[68130]: DEBUG placement.requestlog [req-cbbce299-296b-42f3-9eb9-6fbcf7f7b709 req-83d2d069-23b5-4d0c-b033-19cf993395bb None None] Starting request: 10.0.0.210 "DELETE /placement/allocations/c225e50a-3760-43d4-b398-3a663b478873" {{(pid=68130) __call__ /opt/stack/placement/placement/requestlog.py:55}}
Aug 26 10:15:03 user devstack@placement-api.service[68130]: DEBUG placement.handlers.allocation [req-cbbce299-296b-42f3-9eb9-6fbcf7f7b709 req-83d2d069-23b5-4d0c-b033-19cf993395bb service placement] Successfully deleted allocations [, , ] {{(pid=68130) delete_allocations /opt/stack/placement/placement/handlers/allocation.py:627}}
Aug 26 10:15:03 user devstack@placement-api.service[68130]: INFO placement.requestlog [req-cbbce299-296b-42f3-9eb9-6fbcf7f7b709 req-83d2d069-23b5-4d0c-b033-19cf993395bb service placement] 10.0.0.210 "DELETE /placement/allocations/c225e50a-3760-43d4-b398-3a663b478873" status: 204 len: 0 microversion: 1.0
Aug 26 10:15:03 user devstack@placement-api.service[68130]: [pid: 68130|app: 0|req: 89/269] 10.0.0.210 () {64 vars in 1434 bytes} [Sat Aug 26 10:15:03 2023] DELETE /placement/allocations/c225e50a-3760-43d4-b398-3a663b478873 => generated 0 bytes in 72 msecs (HTTP/1.1 204) 5 headers in 198 bytes (1 switches on core 0)
Aug 26 10:15:04 user devstack@placement-api.service[68128]: DEBUG placement.requestlog [req-07a7669f-fc82-4e47-bd24-d72f34e94d1e req-ac1be087-1f20-491a-a131-513a46156764 None None] Starting request: 10.0.0.210 "GET /placement/resource_providers/e2cec974-59b2-4c77-a53d-a7f4e5a30d75/allocations" {{(pid=68128) __call__ /opt/stack/placement/placement/requestlog.py:55}}
Aug 26 10:15:04 user devstack@placement-api.service[68128]: INFO placement.requestlog [req-07a7669f-fc82-4e47-bd24-d72f34e94d1e req-ac1be087-1f20-491a-a131-513a46156764 service placement] 10.0.0.210 "GET /placement/resource_providers/e2cec974-59b2-4c77-a53d-a7f4e5a30d75/allocations" status: 200 len: 939 microversion: 1.0
Aug 26 10:15:04 user devstack@placement-api.service[68128]: [pid: 68128|app: 0|req: 92/270] 10.0.0.210 () {62 vars in 1469 bytes} [Sat Aug 26 10:15:04 2023] GET /placement/resource_providers/e2cec974-59b2-4c77-a53d-a7f4e5a30d75/allocations => generated 939 bytes in 51 msecs (HTTP/1.1 200) 6 headers in 224 bytes (1 switches on core 0)
Aug 26 10:15:04 user devstack@placement-api.service[68129]: DEBUG placement.requestlog [req-07a7669f-fc82-4e47-bd24-d72f34e94d1e req-26e27d65-7728-4e73-9674-88d43b7122c9 None None] Starting request: 10.0.0.210 "GET /placement/allocations/c785b609-0068-442f-91f5-d26e888a993f" {{(pid=68129) __call__ /opt/stack/placement/placement/requestlog.py:55}}
Aug 26 10:15:04 user devstack@placement-api.service[68129]: INFO placement.requestlog [req-07a7669f-fc82-4e47-bd24-d72f34e94d1e req-26e27d65-7728-4e73-9674-88d43b7122c9 service placement] 10.0.0.210 "GET /placement/allocations/c785b609-0068-442f-91f5-d26e888a993f" status: 200 len: 258 microversion: 1.28
Aug 26 10:15:04 user devstack@placement-api.service[68129]: [pid: 68129|app: 0|req: 90/271] 10.0.0.210 () {64 vars in 1456 bytes} [Sat Aug 26 10:15:04 2023] GET /placement/allocations/c785b609-0068-442f-91f5-d26e888a993f => generated 258 bytes in 26 msecs (HTTP/1.1 200) 8 headers in 296 bytes (1 switches on core 0)
Aug 26 10:15:04 user devstack@placement-api.service[68130]: DEBUG placement.requestlog [req-07a7669f-fc82-4e47-bd24-d72f34e94d1e req-67a148d0-6ed5-40a4-ba69-9585025adb83 None None] Starting request: 10.0.0.210 "GET /placement/allocations/83670c16-3566-4679-8e74-c6451c840315" {{(pid=68130) __call__ /opt/stack/placement/placement/requestlog.py:55}}
Aug 26 10:15:04 user devstack@placement-api.service[68130]: INFO placement.requestlog [req-07a7669f-fc82-4e47-bd24-d72f34e94d1e req-67a148d0-6ed5-40a4-ba69-9585025adb83 service placement] 10.0.0.210 "GET /placement/allocations/83670c16-3566-4679-8e74-c6451c840315" status: 200 len: 244 microversion: 1.28
Aug 26 10:15:04 user devstack@placement-api.service[68130]: [pid: 68130|app: 0|req: 90/272] 10.0.0.210 () {64 vars in 1456 bytes} [Sat Aug 26 10:15:04 2023] GET /placement/allocations/83670c16-3566-4679-8e74-c6451c840315 => generated 244 bytes in 15 msecs (HTTP/1.1 200) 8 headers in 296 bytes (1 switches on core 0)
Aug 26 10:15:04 user devstack@placement-api.service[68128]: DEBUG placement.requestlog [req-07a7669f-fc82-4e47-bd24-d72f34e94d1e req-8200b816-cdde-4ed0-b2e8-07a4a0f07ac8 None None] Starting request: 10.0.0.210 "GET /placement/allocations/8302d6e7-aaf3-461c-a55e-f2e685d1800d" {{(pid=68128) __call__ /opt/stack/placement/placement/requestlog.py:55}}
Aug 26 10:15:04 user devstack@placement-api.service[68128]: INFO placement.requestlog [req-07a7669f-fc82-4e47-bd24-d72f34e94d1e req-8200b816-cdde-4ed0-b2e8-07a4a0f07ac8 service placement] 10.0.0.210 "GET /placement/allocations/8302d6e7-aaf3-461c-a55e-f2e685d1800d" status: 200 len: 258 microversion: 1.28
Aug 26 10:15:04 user devstack@placement-api.service[68128]: [pid: 68128|app: 0|req: 93/273] 10.0.0.210 () {64 vars in 1456 bytes} [Sat Aug 26 10:15:04 2023] GET /placement/allocations/8302d6e7-aaf3-461c-a55e-f2e685d1800d => generated 258 bytes in 18 msecs (HTTP/1.1 200) 8 headers in 296 bytes (1 switches on core 0)
Aug 26 10:15:04 user devstack@placement-api.service[68129]: DEBUG placement.requestlog [req-07a7669f-fc82-4e47-bd24-d72f34e94d1e req-cc384d82-444d-465b-85d1-85dbda0490c0 None None] Starting request: 10.0.0.210 "GET /placement/allocations/ee9bcbaa-25a6-4588-b757-2a2ae15b6cf8" {{(pid=68129) __call__ /opt/stack/placement/placement/requestlog.py:55}}
Aug 26 10:15:04 user devstack@placement-api.service[68129]: INFO placement.requestlog [req-07a7669f-fc82-4e47-bd24-d72f34e94d1e req-cc384d82-444d-465b-85d1-85dbda0490c0 service placement] 10.0.0.210 "GET /placement/allocations/ee9bcbaa-25a6-4588-b757-2a2ae15b6cf8" status: 200 len: 258 microversion: 1.28
Aug 26 10:15:04 user devstack@placement-api.service[68129]: [pid: 68129|app: 0|req: 91/274] 10.0.0.210 () {64 vars in 1456 bytes} [Sat Aug 26 10:15:04 2023] GET /placement/allocations/ee9bcbaa-25a6-4588-b757-2a2ae15b6cf8 => generated 258 bytes in 20 msecs (HTTP/1.1 200) 8 headers in 296 bytes (1 switches on core 0)
Aug 26 10:15:04 user devstack@placement-api.service[68130]: DEBUG placement.requestlog [req-07a7669f-fc82-4e47-bd24-d72f34e94d1e req-3dc2ff05-ac79-4c51-80ce-70bb7e331a67 None None] Starting request: 10.0.0.210 "GET /placement/allocations/d2a731d2-13ff-49e5-ab17-80686b622df7" {{(pid=68130) __call__ /opt/stack/placement/placement/requestlog.py:55}}
Aug 26 10:15:04 user devstack@placement-api.service[68130]: INFO placement.requestlog [req-07a7669f-fc82-4e47-bd24-d72f34e94d1e req-3dc2ff05-ac79-4c51-80ce-70bb7e331a67 service placement] 10.0.0.210 "GET /placement/allocations/d2a731d2-13ff-49e5-ab17-80686b622df7" status: 200 len: 258 microversion: 1.28
Aug 26 10:15:04 user devstack@placement-api.service[68130]: [pid: 68130|app: 0|req: 91/275] 10.0.0.210 () {64 vars in 1456 bytes} [Sat Aug 26 10:15:04 2023] GET /placement/allocations/d2a731d2-13ff-49e5-ab17-80686b622df7 => generated 258 bytes in 18 msecs (HTTP/1.1 200) 8 headers in 296 bytes (1 switches on core 0)
Aug 26 10:15:04 user devstack@placement-api.service[68128]: DEBUG placement.requestlog [req-07a7669f-fc82-4e47-bd24-d72f34e94d1e req-168970f4-f96a-4700-81ea-7fdfe377cd34 None None] Starting request: 10.0.0.210 "GET /placement/allocations/b3c0b9c1-4218-4d6e-acac-d5d1dcf4f1b8" {{(pid=68128) __call__ /opt/stack/placement/placement/requestlog.py:55}}
Aug 26 10:15:04 user devstack@placement-api.service[68128]: INFO placement.requestlog [req-07a7669f-fc82-4e47-bd24-d72f34e94d1e req-168970f4-f96a-4700-81ea-7fdfe377cd34 service placement] 10.0.0.210 "GET /placement/allocations/b3c0b9c1-4218-4d6e-acac-d5d1dcf4f1b8" status: 200 len: 258 microversion: 1.28
Aug 26 10:15:04 user devstack@placement-api.service[68128]: [pid: 68128|app: 0|req: 94/276] 10.0.0.210 () {64 vars in 1456 bytes} [Sat Aug 26 10:15:04 2023] GET /placement/allocations/b3c0b9c1-4218-4d6e-acac-d5d1dcf4f1b8 => generated 258 bytes in 32 msecs (HTTP/1.1 200) 8 headers in 296 bytes (1 switches on core 0)
Aug 26 10:15:04 user devstack@placement-api.service[68129]: DEBUG placement.requestlog [req-07a7669f-fc82-4e47-bd24-d72f34e94d1e req-91743d59-8587-4848-8c12-46aa6ba07fb9 None None] Starting request: 10.0.0.210 "GET /placement/allocations/32a28361-567b-4bd4-9f4f-d9cfac2c9388" {{(pid=68129) __call__ /opt/stack/placement/placement/requestlog.py:55}}
Aug 26 10:15:04 user devstack@placement-api.service[68129]: INFO placement.requestlog [req-07a7669f-fc82-4e47-bd24-d72f34e94d1e req-91743d59-8587-4848-8c12-46aa6ba07fb9 service placement] 10.0.0.210 "GET /placement/allocations/32a28361-567b-4bd4-9f4f-d9cfac2c9388" status: 200 len: 258 microversion: 1.28
Aug 26 10:15:04 user devstack@placement-api.service[68129]: [pid: 68129|app: 0|req: 92/277] 10.0.0.210 () {64 vars in 1456 bytes} [Sat Aug 26 10:15:04 2023] GET /placement/allocations/32a28361-567b-4bd4-9f4f-d9cfac2c9388 => generated 258 bytes in 21 msecs (HTTP/1.1 200) 8 headers in 296 bytes (1 switches on core 0)
Aug 26 10:15:04 user devstack@placement-api.service[68130]: DEBUG placement.requestlog [req-07a7669f-fc82-4e47-bd24-d72f34e94d1e req-2b38395c-1513-47bc-b96f-17c143f44c57 None None] Starting request: 10.0.0.210 "GET /placement/allocations/bc56542d-af1f-4313-8555-1b2014ff35e7" {{(pid=68130) __call__ /opt/stack/placement/placement/requestlog.py:55}}
Aug 26 10:15:04 user devstack@placement-api.service[68130]: INFO placement.requestlog [req-07a7669f-fc82-4e47-bd24-d72f34e94d1e req-2b38395c-1513-47bc-b96f-17c143f44c57 service placement] 10.0.0.210 "GET /placement/allocations/bc56542d-af1f-4313-8555-1b2014ff35e7" status: 200 len: 258 microversion: 1.28
Aug 26 10:15:04 user devstack@placement-api.service[68130]: [pid: 68130|app: 0|req: 92/278] 10.0.0.210 () {64 vars in 1456 bytes} [Sat Aug 26 10:15:04 2023] GET /placement/allocations/bc56542d-af1f-4313-8555-1b2014ff35e7 => generated 258 bytes in 66 msecs (HTTP/1.1 200) 8 headers in 296 bytes (1 switches on core 0)
Aug 26 10:15:04 user devstack@placement-api.service[68128]: DEBUG placement.requestlog [req-07a7669f-fc82-4e47-bd24-d72f34e94d1e req-5ccca284-45de-41a4-9bcc-34eb6dc9383b None None] Starting request: 10.0.0.210 "GET /placement/allocations/c555f971-b177-4c26-a38e-09e0e78bf7b9" {{(pid=68128) __call__ /opt/stack/placement/placement/requestlog.py:55}}
Aug 26 10:15:04 user devstack@placement-api.service[68128]: INFO placement.requestlog [req-07a7669f-fc82-4e47-bd24-d72f34e94d1e req-5ccca284-45de-41a4-9bcc-34eb6dc9383b service placement] 10.0.0.210 "GET /placement/allocations/c555f971-b177-4c26-a38e-09e0e78bf7b9" status: 200 len: 258 microversion: 1.28
Aug 26 10:15:04 user devstack@placement-api.service[68128]: [pid: 68128|app: 0|req: 95/279] 10.0.0.210 () {64 vars in 1456 bytes} [Sat Aug 26 10:15:04 2023] GET /placement/allocations/c555f971-b177-4c26-a38e-09e0e78bf7b9 => generated 258 bytes in 18 msecs (HTTP/1.1 200) 8 headers in 296 bytes (1 switches on core 0)
Aug 26 10:15:04 user devstack@placement-api.service[68129]: DEBUG placement.requestlog [req-07a7669f-fc82-4e47-bd24-d72f34e94d1e req-7b5572b4-159b-4c75-a57f-9862a1e6cde3 None None] Starting request: 10.0.0.210 "DELETE /placement/allocations/b3c0b9c1-4218-4d6e-acac-d5d1dcf4f1b8" {{(pid=68129) __call__ /opt/stack/placement/placement/requestlog.py:55}}
Aug 26 10:15:04 user devstack@placement-api.service[68129]: DEBUG placement.handlers.allocation [req-07a7669f-fc82-4e47-bd24-d72f34e94d1e req-7b5572b4-159b-4c75-a57f-9862a1e6cde3 service placement] Successfully deleted allocations [, , ] {{(pid=68129) delete_allocations /opt/stack/placement/placement/handlers/allocation.py:627}}
Aug 26 10:15:04 user devstack@placement-api.service[68129]: INFO placement.requestlog [req-07a7669f-fc82-4e47-bd24-d72f34e94d1e req-7b5572b4-159b-4c75-a57f-9862a1e6cde3 service placement] 10.0.0.210 "DELETE /placement/allocations/b3c0b9c1-4218-4d6e-acac-d5d1dcf4f1b8" status: 204 len: 0 microversion: 1.0
Aug 26 10:15:04 user devstack@placement-api.service[68129]: [pid: 68129|app: 0|req: 93/280] 10.0.0.210 () {64 vars in 1434 bytes} [Sat Aug 26 10:15:04 2023] DELETE /placement/allocations/b3c0b9c1-4218-4d6e-acac-d5d1dcf4f1b8 => generated 0 bytes in 32 msecs (HTTP/1.1 204) 5 headers in 198 bytes (1 switches on core 0)
Aug 26 10:15:10 user devstack@placement-api.service[68130]: DEBUG placement.requestlog [req-1e258a7f-6e52-41d1-bc86-d49c3d8692c9 req-eb95a1c5-9766-4284-9b5e-6299e8f2d430 None None] Starting request: 10.0.0.210 "GET /placement/allocation_candidates?limit=1000&resources=MEMORY_MB%3A512%2CVCPU%3A1&root_required=%21COMPUTE_STATUS_DISABLED" {{(pid=68130) __call__ /opt/stack/placement/placement/requestlog.py:55}}
Aug 26 10:15:10 user devstack@placement-api.service[68128]: DEBUG placement.requestlog [req-1dd0676a-6f86-4221-9e76-643ff0c83a03 req-eac06b06-79e4-4a29-8b9a-f695478de0ab None None] Starting request: 10.0.0.210 "GET /placement/allocation_candidates?limit=1000&resources=DISK_GB%3A1%2CMEMORY_MB%3A512%2CVCPU%3A1&root_required=%21COMPUTE_STATUS_DISABLED" {{(pid=68128) __call__ /opt/stack/placement/placement/requestlog.py:55}}
Aug 26 10:15:10 user devstack@placement-api.service[68130]: DEBUG placement.objects.research_context [req-1e258a7f-6e52-41d1-bc86-d49c3d8692c9 req-eb95a1c5-9766-4284-9b5e-6299e8f2d430 service placement] getting providers with 512 MEMORY_MB {{(pid=68130) __init__ /opt/stack/placement/placement/objects/research_context.py:136}}
Aug 26 10:15:10 user devstack@placement-api.service[68128]: DEBUG placement.objects.research_context [req-1dd0676a-6f86-4221-9e76-643ff0c83a03 req-eac06b06-79e4-4a29-8b9a-f695478de0ab service placement] getting providers with 1 DISK_GB {{(pid=68128) __init__ /opt/stack/placement/placement/objects/research_context.py:136}}
Aug 26 10:15:10 user devstack@placement-api.service[68130]: DEBUG placement.objects.research_context [req-1e258a7f-6e52-41d1-bc86-d49c3d8692c9 req-eb95a1c5-9766-4284-9b5e-6299e8f2d430 service placement] getting providers with 1 VCPU {{(pid=68130) __init__ /opt/stack/placement/placement/objects/research_context.py:136}}
Aug 26 10:15:10 user devstack@placement-api.service[68128]: DEBUG placement.objects.research_context [req-1dd0676a-6f86-4221-9e76-643ff0c83a03 req-eac06b06-79e4-4a29-8b9a-f695478de0ab service placement] getting providers with 512 MEMORY_MB {{(pid=68128) __init__ /opt/stack/placement/placement/objects/research_context.py:136}}
Aug 26 10:15:10 user devstack@placement-api.service[68130]: DEBUG placement.objects.research_context [req-1e258a7f-6e52-41d1-bc86-d49c3d8692c9 req-eb95a1c5-9766-4284-9b5e-6299e8f2d430 service placement] found 1 providers with available 512 MEMORY_MB {{(pid=68130) get_provider_ids_matching /opt/stack/placement/placement/objects/research_context.py:563}}
Aug 26 10:15:10 user devstack@placement-api.service[68130]: DEBUG placement.objects.research_context [req-1e258a7f-6e52-41d1-bc86-d49c3d8692c9 req-eb95a1c5-9766-4284-9b5e-6299e8f2d430 service placement] found 1 providers with available 1 VCPU {{(pid=68130) get_provider_ids_matching /opt/stack/placement/placement/objects/research_context.py:563}}
Aug 26 10:15:10 user devstack@placement-api.service[68130]: DEBUG placement.objects.research_context [req-1e258a7f-6e52-41d1-bc86-d49c3d8692c9 req-eb95a1c5-9766-4284-9b5e-6299e8f2d430 service placement] found 1 providers after filtering by previous result {{(pid=68130) get_provider_ids_matching /opt/stack/placement/placement/objects/research_context.py:594}}
Aug 26 10:15:10 user devstack@placement-api.service[68128]: DEBUG placement.objects.research_context [req-1dd0676a-6f86-4221-9e76-643ff0c83a03 req-eac06b06-79e4-4a29-8b9a-f695478de0ab service placement] getting providers with 1 VCPU {{(pid=68128) __init__ /opt/stack/placement/placement/objects/research_context.py:136}}
Aug 26 10:15:10 user devstack@placement-api.service[68128]: DEBUG placement.objects.research_context [req-1dd0676a-6f86-4221-9e76-643ff0c83a03 req-eac06b06-79e4-4a29-8b9a-f695478de0ab service placement] found 1 providers with available 1 DISK_GB {{(pid=68128) get_provider_ids_matching /opt/stack/placement/placement/objects/research_context.py:563}}
Aug 26 10:15:10 user devstack@placement-api.service[68128]: DEBUG placement.objects.research_context [req-1dd0676a-6f86-4221-9e76-643ff0c83a03 req-eac06b06-79e4-4a29-8b9a-f695478de0ab service placement] found 1 providers with available 512 MEMORY_MB {{(pid=68128) get_provider_ids_matching /opt/stack/placement/placement/objects/research_context.py:563}}
Aug 26 10:15:10 user devstack@placement-api.service[68128]: DEBUG placement.objects.research_context [req-1dd0676a-6f86-4221-9e76-643ff0c83a03 req-eac06b06-79e4-4a29-8b9a-f695478de0ab service placement] found 1 providers after filtering by previous result {{(pid=68128) get_provider_ids_matching /opt/stack/placement/placement/objects/research_context.py:594}}
Aug 26 10:15:10 user devstack@placement-api.service[68128]: DEBUG placement.objects.research_context [req-1dd0676a-6f86-4221-9e76-643ff0c83a03 req-eac06b06-79e4-4a29-8b9a-f695478de0ab service placement] found 1 providers with available 1 VCPU {{(pid=68128) get_provider_ids_matching /opt/stack/placement/placement/objects/research_context.py:563}}
Aug 26 10:15:10 user devstack@placement-api.service[68128]: DEBUG placement.objects.research_context [req-1dd0676a-6f86-4221-9e76-643ff0c83a03 req-eac06b06-79e4-4a29-8b9a-f695478de0ab service placement] found 1 providers after filtering by previous result {{(pid=68128) get_provider_ids_matching /opt/stack/placement/placement/objects/research_context.py:594}}
Aug 26 10:15:10 user devstack@placement-api.service[68130]: DEBUG placement.objects.allocation_candidate [req-1e258a7f-6e52-41d1-bc86-d49c3d8692c9 req-eb95a1c5-9766-4284-9b5e-6299e8f2d430 service placement] RequestGroup(use_same_provider=False, resources={MEMORY_MB:512, VCPU:1}, traits=(), aggregates=[]) (suffix '') returned 1 matches {{(pid=68130) _get_by_requests /opt/stack/placement/placement/objects/allocation_candidate.py:156}}
Aug 26 10:15:10 user devstack@placement-api.service[68130]: DEBUG placement.objects.allocation_candidate [req-1e258a7f-6e52-41d1-bc86-d49c3d8692c9 req-eb95a1c5-9766-4284-9b5e-6299e8f2d430 service placement] Merging candidates yields 1 allocation requests and 1 provider summaries {{(pid=68130) _merge_candidates /opt/stack/placement/placement/objects/allocation_candidate.py:809}}
Aug 26 10:15:10 user devstack@placement-api.service[68130]: INFO placement.requestlog [req-1e258a7f-6e52-41d1-bc86-d49c3d8692c9 req-eb95a1c5-9766-4284-9b5e-6299e8f2d430 service placement] 10.0.0.210 "GET /placement/allocation_candidates?limit=1000&resources=MEMORY_MB%3A512%2CVCPU%3A1&root_required=%21COMPUTE_STATUS_DISABLED" status: 200 len: 1831 microversion: 1.36
Aug 26 10:15:10 user devstack@placement-api.service[68130]: [pid: 68130|app: 0|req: 93/281] 10.0.0.210 () {64 vars in 1554 bytes} [Sat Aug 26 10:15:10 2023] GET /placement/allocation_candidates?limit=1000&resources=MEMORY_MB%3A512%2CVCPU%3A1&root_required=%21COMPUTE_STATUS_DISABLED => generated 1831 bytes in 115 msecs (HTTP/1.1 200) 8 headers in 297 bytes (1 switches on core 0)
Aug 26 10:15:10 user devstack@placement-api.service[68128]: DEBUG placement.objects.allocation_candidate [req-1dd0676a-6f86-4221-9e76-643ff0c83a03 req-eac06b06-79e4-4a29-8b9a-f695478de0ab service placement] RequestGroup(use_same_provider=False, resources={DISK_GB:1, MEMORY_MB:512, VCPU:1}, traits=(), aggregates=[]) (suffix '') returned 1 matches {{(pid=68128) _get_by_requests /opt/stack/placement/placement/objects/allocation_candidate.py:156}}
Aug 26 10:15:10 user devstack@placement-api.service[68128]: DEBUG placement.objects.allocation_candidate [req-1dd0676a-6f86-4221-9e76-643ff0c83a03 req-eac06b06-79e4-4a29-8b9a-f695478de0ab service placement] Merging candidates yields 1 allocation requests and 1 provider summaries {{(pid=68128) _merge_candidates /opt/stack/placement/placement/objects/allocation_candidate.py:809}}
Aug 26 10:15:10 user devstack@placement-api.service[68128]: INFO placement.requestlog [req-1dd0676a-6f86-4221-9e76-643ff0c83a03 req-eac06b06-79e4-4a29-8b9a-f695478de0ab service placement] 10.0.0.210 "GET /placement/allocation_candidates?limit=1000&resources=DISK_GB%3A1%2CMEMORY_MB%3A512%2CVCPU%3A1&root_required=%21COMPUTE_STATUS_DISABLED" status: 200 len: 1845 microversion: 1.36
Aug 26 10:15:10 user devstack@placement-api.service[68128]: [pid: 68128|app: 0|req: 96/282] 10.0.0.210 () {64 vars in 1582 bytes} [Sat Aug 26 10:15:10 2023] GET /placement/allocation_candidates?limit=1000&resources=DISK_GB%3A1%2CMEMORY_MB%3A512%2CVCPU%3A1&root_required=%21COMPUTE_STATUS_DISABLED => generated 1845 bytes in 99 msecs (HTTP/1.1 200) 8 headers in 297 bytes (1 switches on core 0)
Aug 26 10:15:10 user devstack@placement-api.service[68129]: DEBUG placement.requestlog [req-1e258a7f-6e52-41d1-bc86-d49c3d8692c9 req-8d3433ca-f3f8-4e82-8170-57b9ca2db47b None None] Starting request: 10.0.0.210 "GET /placement/allocations/14fab12e-52be-4fe6-8777-bc7ebf3c25f1" {{(pid=68129) __call__ /opt/stack/placement/placement/requestlog.py:55}}
Aug 26 10:15:10 user devstack@placement-api.service[68130]: DEBUG placement.requestlog [req-1dd0676a-6f86-4221-9e76-643ff0c83a03 req-715c6382-76f6-44bc-921d-cb4b7dcd3a6a None None] Starting request: 10.0.0.210 "GET /placement/allocations/00c47a06-2bf8-427d-bcb1-304688584511" {{(pid=68130) __call__ /opt/stack/placement/placement/requestlog.py:55}}
Aug 26 10:15:10 user devstack@placement-api.service[68129]: INFO placement.requestlog [req-1e258a7f-6e52-41d1-bc86-d49c3d8692c9 req-8d3433ca-f3f8-4e82-8170-57b9ca2db47b service placement] 10.0.0.210 "GET /placement/allocations/14fab12e-52be-4fe6-8777-bc7ebf3c25f1" status: 200 len: 19 microversion: 1.28
Aug 26 10:15:10 user devstack@placement-api.service[68129]: [pid: 68129|app: 0|req: 94/283] 10.0.0.210 () {64 vars in 1458 bytes} [Sat Aug 26 10:15:10 2023] GET /placement/allocations/14fab12e-52be-4fe6-8777-bc7ebf3c25f1 => generated 19 bytes in 16 msecs (HTTP/1.1 200) 8 headers in 295 bytes (1 switches on core 0)
Aug 26 10:15:10 user devstack@placement-api.service[68128]: DEBUG placement.requestlog [req-1e258a7f-6e52-41d1-bc86-d49c3d8692c9 req-14c5fec9-3054-4af5-a466-aeaca21be516 None None] Starting request: 10.0.0.210 "PUT /placement/allocations/14fab12e-52be-4fe6-8777-bc7ebf3c25f1" {{(pid=68128) __call__ /opt/stack/placement/placement/requestlog.py:55}}
Aug 26 10:15:10 user devstack@placement-api.service[68130]: INFO placement.requestlog [req-1dd0676a-6f86-4221-9e76-643ff0c83a03 req-715c6382-76f6-44bc-921d-cb4b7dcd3a6a service placement] 10.0.0.210 "GET /placement/allocations/00c47a06-2bf8-427d-bcb1-304688584511" status: 200 len: 19 microversion: 1.28
Aug 26 10:15:10 user devstack@placement-api.service[68130]: [pid: 68130|app: 0|req: 94/284] 10.0.0.210 () {64 vars in 1458 bytes} [Sat Aug 26 10:15:10 2023] GET /placement/allocations/00c47a06-2bf8-427d-bcb1-304688584511 => generated 19 bytes in 20 msecs (HTTP/1.1 200) 8 headers in 295 bytes (1 switches on core 0)
Aug 26 10:15:10 user devstack@placement-api.service[68129]: DEBUG placement.requestlog [req-1dd0676a-6f86-4221-9e76-643ff0c83a03 req-c5e7338c-5b1b-46d6-bebc-12bf937c6d9b None None] Starting request: 10.0.0.210 "PUT /placement/allocations/00c47a06-2bf8-427d-bcb1-304688584511" {{(pid=68129) __call__ /opt/stack/placement/placement/requestlog.py:55}}
Aug 26 10:15:10 user devstack@placement-api.service[68128]: DEBUG placement.handlers.allocation [req-1e258a7f-6e52-41d1-bc86-d49c3d8692c9 req-14c5fec9-3054-4af5-a466-aeaca21be516 service placement] Successfully wrote allocations [, ] {{(pid=68128) _update_consumers_and_create_allocations /opt/stack/placement/placement/handlers/allocation.py:462}}
Aug 26 10:15:10 user devstack@placement-api.service[68128]: INFO placement.requestlog [req-1e258a7f-6e52-41d1-bc86-d49c3d8692c9 req-14c5fec9-3054-4af5-a466-aeaca21be516 service placement] 10.0.0.210 "PUT /placement/allocations/14fab12e-52be-4fe6-8777-bc7ebf3c25f1" status: 204 len: 0 microversion: 1.36
Aug 26 10:15:10 user devstack@placement-api.service[68128]: [pid: 68128|app: 0|req: 97/285] 10.0.0.210 () {68 vars in 1511 bytes} [Sat Aug 26 10:15:10 2023] PUT /placement/allocations/14fab12e-52be-4fe6-8777-bc7ebf3c25f1 => generated 0 bytes in 90 msecs (HTTP/1.1 204) 5 headers in 199 bytes (2 switches on core 0)
Aug 26 10:15:10 user devstack@placement-api.service[68129]: DEBUG placement.handlers.allocation [req-1dd0676a-6f86-4221-9e76-643ff0c83a03 req-c5e7338c-5b1b-46d6-bebc-12bf937c6d9b service placement] Successfully wrote allocations [, , ] {{(pid=68129) _update_consumers_and_create_allocations /opt/stack/placement/placement/handlers/allocation.py:462}}
Aug 26 10:15:10 user devstack@placement-api.service[68129]: INFO placement.requestlog [req-1dd0676a-6f86-4221-9e76-643ff0c83a03 req-c5e7338c-5b1b-46d6-bebc-12bf937c6d9b service placement] 10.0.0.210 "PUT /placement/allocations/00c47a06-2bf8-427d-bcb1-304688584511" status: 204 len: 0 microversion: 1.36
Aug 26 10:15:10 user devstack@placement-api.service[68129]: [pid: 68129|app: 0|req: 95/286] 10.0.0.210 () {68 vars in 1511 bytes} [Sat Aug 26 10:15:10 2023] PUT /placement/allocations/00c47a06-2bf8-427d-bcb1-304688584511 => generated 0 bytes in 135 msecs (HTTP/1.1 204) 5 headers in 199 bytes (1 switches on core 0)
Aug 26 10:15:11 user devstack@placement-api.service[68130]: DEBUG placement.requestlog [req-1e258a7f-6e52-41d1-bc86-d49c3d8692c9 req-f4929338-cc33-4fd7-95b7-ee3a2efd0ba5 None None] Starting request: 10.0.0.210 "GET /placement/allocations/14fab12e-52be-4fe6-8777-bc7ebf3c25f1" {{(pid=68130) __call__ /opt/stack/placement/placement/requestlog.py:55}}
Aug 26 10:15:11 user devstack@placement-api.service[68130]: INFO placement.requestlog [req-1e258a7f-6e52-41d1-bc86-d49c3d8692c9 req-f4929338-cc33-4fd7-95b7-ee3a2efd0ba5 service placement] 10.0.0.210 "GET /placement/allocations/14fab12e-52be-4fe6-8777-bc7ebf3c25f1" status: 200 len: 244 microversion: 1.28
Aug 26 10:15:11 user devstack@placement-api.service[68130]: [pid: 68130|app: 0|req: 95/287] 10.0.0.210 () {64 vars in 1456 bytes} [Sat Aug 26 10:15:11 2023] GET /placement/allocations/14fab12e-52be-4fe6-8777-bc7ebf3c25f1 => generated 244 bytes in 26 msecs (HTTP/1.1 200) 8 headers in 296 bytes (1 switches on core 0)
Aug 26 10:15:11 user devstack@placement-api.service[68128]: DEBUG placement.requestlog [req-1dd0676a-6f86-4221-9e76-643ff0c83a03 req-93b65333-779c-4ce4-bb92-5f7ef92dd1b9 None None] Starting request: 10.0.0.210 "GET /placement/allocations/00c47a06-2bf8-427d-bcb1-304688584511" {{(pid=68128) __call__ /opt/stack/placement/placement/requestlog.py:55}}
Aug 26 10:15:11 user devstack@placement-api.service[68128]: INFO placement.requestlog [req-1dd0676a-6f86-4221-9e76-643ff0c83a03 req-93b65333-779c-4ce4-bb92-5f7ef92dd1b9 service placement] 10.0.0.210 "GET /placement/allocations/00c47a06-2bf8-427d-bcb1-304688584511" status: 200 len: 258 microversion: 1.28
Aug 26 10:15:11 user devstack@placement-api.service[68128]: [pid: 68128|app: 0|req: 98/288] 10.0.0.210 () {64 vars in 1456 bytes} [Sat Aug 26 10:15:11 2023] GET /placement/allocations/00c47a06-2bf8-427d-bcb1-304688584511 => generated 258 bytes in 24 msecs (HTTP/1.1 200) 8 headers in 296 bytes (1 switches on core 0)
Aug 26 10:15:11 user devstack@placement-api.service[68129]: DEBUG placement.requestlog [req-1e258a7f-6e52-41d1-bc86-d49c3d8692c9 req-2e1236f5-a3a6-41b0-8ee2-a8472fd363e8 None None] Starting request: 10.0.0.210 "GET /placement/resource_providers/e2cec974-59b2-4c77-a53d-a7f4e5a30d75/allocations" {{(pid=68129) __call__ /opt/stack/placement/placement/requestlog.py:55}}
Aug 26 10:15:11 user devstack@placement-api.service[68129]: INFO placement.requestlog [req-1e258a7f-6e52-41d1-bc86-d49c3d8692c9 req-2e1236f5-a3a6-41b0-8ee2-a8472fd363e8 service placement] 10.0.0.210 "GET /placement/resource_providers/e2cec974-59b2-4c77-a53d-a7f4e5a30d75/allocations" status: 200 len: 1025 microversion: 1.0
Aug 26 10:15:11 user devstack@placement-api.service[68129]: [pid: 68129|app: 0|req: 96/289] 10.0.0.210 () {62 vars in 1469 bytes} [Sat Aug 26 10:15:11 2023] GET /placement/resource_providers/e2cec974-59b2-4c77-a53d-a7f4e5a30d75/allocations => generated 1025 bytes in 40 msecs (HTTP/1.1 200) 6 headers in 225 bytes (1 switches on core 0)
Aug 26 10:15:11 user devstack@placement-api.service[68130]: DEBUG placement.requestlog [req-1e258a7f-6e52-41d1-bc86-d49c3d8692c9 req-660bd361-059b-4a24-bcee-c8e608aca461 None None] Starting request: 10.0.0.210 "GET /placement/allocations/c785b609-0068-442f-91f5-d26e888a993f" {{(pid=68130) __call__ /opt/stack/placement/placement/requestlog.py:55}}
Aug 26 10:15:11 user devstack@placement-api.service[68130]: INFO placement.requestlog [req-1e258a7f-6e52-41d1-bc86-d49c3d8692c9 req-660bd361-059b-4a24-bcee-c8e608aca461 service placement] 10.0.0.210 "GET /placement/allocations/c785b609-0068-442f-91f5-d26e888a993f" status: 200 len: 258 microversion: 1.28
Aug 26 10:15:11 user devstack@placement-api.service[68130]: [pid: 68130|app: 0|req: 96/290] 10.0.0.210 () {64 vars in 1456 bytes} [Sat Aug 26 10:15:11 2023] GET /placement/allocations/c785b609-0068-442f-91f5-d26e888a993f => generated 258 bytes in 36 msecs (HTTP/1.1 200) 8 headers in 296 bytes (1 switches on core 0)
Aug 26 10:15:11 user devstack@placement-api.service[68128]: DEBUG placement.requestlog [req-1e258a7f-6e52-41d1-bc86-d49c3d8692c9 req-42d3767f-ebf8-4351-ad49-102957d62a36 None None] Starting request: 10.0.0.210 "GET /placement/allocations/83670c16-3566-4679-8e74-c6451c840315" {{(pid=68128) __call__ /opt/stack/placement/placement/requestlog.py:55}}
Aug 26 10:15:11 user devstack@placement-api.service[68128]: INFO placement.requestlog [req-1e258a7f-6e52-41d1-bc86-d49c3d8692c9 req-42d3767f-ebf8-4351-ad49-102957d62a36 service placement] 10.0.0.210 "GET /placement/allocations/83670c16-3566-4679-8e74-c6451c840315" status: 200 len: 244 microversion: 1.28
Aug 26 10:15:11 user devstack@placement-api.service[68128]: [pid: 68128|app: 0|req: 99/291] 10.0.0.210 () {64 vars in 1456 bytes} [Sat Aug 26 10:15:11 2023] GET /placement/allocations/83670c16-3566-4679-8e74-c6451c840315 => generated 244 bytes in 22 msecs (HTTP/1.1 200) 8 headers in 296 bytes (1 switches on core 0)
Aug 26 10:15:11 user devstack@placement-api.service[68129]: DEBUG placement.requestlog [req-1e258a7f-6e52-41d1-bc86-d49c3d8692c9 req-a62baa4f-8a81-4048-b635-de4c6ac664b8 None None] Starting request: 10.0.0.210 "GET /placement/allocations/8302d6e7-aaf3-461c-a55e-f2e685d1800d" {{(pid=68129) __call__ /opt/stack/placement/placement/requestlog.py:55}}
Aug 26 10:15:11 user devstack@placement-api.service[68129]: INFO placement.requestlog [req-1e258a7f-6e52-41d1-bc86-d49c3d8692c9 req-a62baa4f-8a81-4048-b635-de4c6ac664b8 service placement] 10.0.0.210 "GET /placement/allocations/8302d6e7-aaf3-461c-a55e-f2e685d1800d" status: 200 len: 258 microversion: 1.28
Aug 26 10:15:11 user devstack@placement-api.service[68129]: [pid: 68129|app: 0|req: 97/292] 10.0.0.210 () {64 vars in 1456 bytes} [Sat Aug 26 10:15:11 2023] GET /placement/allocations/8302d6e7-aaf3-461c-a55e-f2e685d1800d => generated 258 bytes in 43 msecs (HTTP/1.1 200) 8 headers in 296 bytes (1 switches on core 0)
Aug 26 10:15:11 user devstack@placement-api.service[68130]: DEBUG placement.requestlog [req-1e258a7f-6e52-41d1-bc86-d49c3d8692c9 req-95583be6-65e0-47e1-8012-e65455caab28 None None] Starting request: 10.0.0.210 "GET /placement/allocations/ee9bcbaa-25a6-4588-b757-2a2ae15b6cf8" {{(pid=68130) __call__ /opt/stack/placement/placement/requestlog.py:55}}
Aug 26 10:15:11 user devstack@placement-api.service[68130]: INFO placement.requestlog [req-1e258a7f-6e52-41d1-bc86-d49c3d8692c9 req-95583be6-65e0-47e1-8012-e65455caab28 service placement] 10.0.0.210 "GET /placement/allocations/ee9bcbaa-25a6-4588-b757-2a2ae15b6cf8" status: 200 len: 258 microversion: 1.28
Aug 26 10:15:11 user devstack@placement-api.service[68130]: [pid: 68130|app: 0|req: 97/293] 10.0.0.210 () {64 vars in 1456 bytes} [Sat Aug 26 10:15:11 2023] GET /placement/allocations/ee9bcbaa-25a6-4588-b757-2a2ae15b6cf8 => generated 258 bytes in 39 msecs (HTTP/1.1 200) 8 headers in 296 bytes (1 switches on core 0)
Aug 26 10:15:11 user devstack@placement-api.service[68128]: DEBUG placement.requestlog [req-1e258a7f-6e52-41d1-bc86-d49c3d8692c9 req-af895e12-6b39-4f69-a1ad-0163e5671910 None None] Starting request: 10.0.0.210 "GET /placement/allocations/d2a731d2-13ff-49e5-ab17-80686b622df7" {{(pid=68128) __call__ /opt/stack/placement/placement/requestlog.py:55}}
Aug 26 10:15:11 user devstack@placement-api.service[68128]: INFO placement.requestlog [req-1e258a7f-6e52-41d1-bc86-d49c3d8692c9 req-af895e12-6b39-4f69-a1ad-0163e5671910 service placement] 10.0.0.210 "GET /placement/allocations/d2a731d2-13ff-49e5-ab17-80686b622df7" status: 200 len: 258 microversion: 1.28
Aug 26 10:15:11 user devstack@placement-api.service[68128]: [pid: 68128|app: 0|req: 100/294] 10.0.0.210 () {64 vars in 1456 bytes} [Sat Aug 26 10:15:11 2023] GET /placement/allocations/d2a731d2-13ff-49e5-ab17-80686b622df7 => generated 258 bytes in 37 msecs (HTTP/1.1 200) 8 headers in 296 bytes (1 switches on core 0)
Aug 26 10:15:11 user devstack@placement-api.service[68129]: DEBUG placement.requestlog [req-1e258a7f-6e52-41d1-bc86-d49c3d8692c9 req-41e91f88-3634-4c49-af54-1e524e2de6e7 None None] Starting request: 10.0.0.210 "GET /placement/allocations/32a28361-567b-4bd4-9f4f-d9cfac2c9388" {{(pid=68129) __call__ /opt/stack/placement/placement/requestlog.py:55}}
Aug 26 10:15:11 user devstack@placement-api.service[68129]: INFO placement.requestlog [req-1e258a7f-6e52-41d1-bc86-d49c3d8692c9 req-41e91f88-3634-4c49-af54-1e524e2de6e7 service placement] 10.0.0.210 "GET /placement/allocations/32a28361-567b-4bd4-9f4f-d9cfac2c9388" status: 200 len: 258 microversion: 1.28
