Apr 18 14:19:48 user devstack@keystone.service[42716]: DEBUG keystone.common.rbac_enforcer.enforcer [None req-461d84a9-992d-4eee-b79c-663e68a27d4c None admin] RBAC: Adding query filter params (role.id=0385370a4e0841d8b36ccb710ecbbb7f, user.id=5c8b3537eaa54ae9a8693fd9d402dc82, scope.system=all) {{(pid=42716) _extract_filter_values /opt/stack/keystone/keystone/common/rbac_enforcer/enforcer.py:167}}
Apr 18 14:19:48 user devstack@keystone.service[42716]: DEBUG keystone.common.rbac_enforcer.enforcer [None req-461d84a9-992d-4eee-b79c-663e68a27d4c None admin] RBAC: Authorizing `identity:list_role_assignments()` {{(pid=42716) enforce_call /opt/stack/keystone/keystone/common/rbac_enforcer/enforcer.py:449}}
Apr 18 14:19:48 user devstack@keystone.service[42716]: DEBUG keystone.common.rbac_enforcer.enforcer [None req-461d84a9-992d-4eee-b79c-663e68a27d4c None admin] RBAC: Authorization granted {{(pid=42716) enforce_call /opt/stack/keystone/keystone/common/rbac_enforcer/enforcer.py:457}}
Apr 18 14:19:48 user devstack@keystone.service[42715]: [pid: 42715|app: 0|req: 91/290] 10.0.0.210 () {56 vars in 1127 bytes} [Tue Apr 18 14:19:48 2023] GET /identity/v3/roles?name=anotherrole => generated 332 bytes in 32 msecs (HTTP/1.1 200) 5 headers in 177 bytes (2 switches on core 0)
Apr 18 14:19:48 user devstack@keystone.service[42717]: DEBUG keystone.server.flask.request_processing.middleware.auth_context [None req-4efcc67c-482d-4e85-a112-935c9d0adc1a admin admin] Validating token access rules against request {{(pid=42717) validate_allowed_request /usr/local/lib/python3.10/dist-packages/keystonemiddleware/auth_token/__init__.py:544}}
Apr 18 14:19:48 user devstack@keystone.service[42717]: DEBUG keystone.server.flask.request_processing.middleware.auth_context [None req-d116bfc3-75bc-4af1-b289-3e870fc6b96f admin admin] RBAC: auth_context: {'token': , 'domain_id': None, 'trust_id': None, 'trustor_id': None, 'trustee_id': None, 'domain_name': None, 'group_ids': [], 'user_id': '36408dce2f094226b6f773cc6e5e3963', 'user_domain_id': 'default', 'system_scope': None, 'project_id': 'e839ed9d641847bc91c3b533e75d2a93', 'project_domain_id': 'default', 'roles': ['reader', 'admin', 'member'], 'is_admin_project': True, 'service_user_id': None, 'service_user_domain_id': None, 'service_project_id': None, 'service_project_domain_id': None, 'service_roles': []} {{(pid=42717) fill_context /opt/stack/keystone/keystone/server/flask/request_processing/middleware/auth_context.py:478}}
Apr 18 14:19:48 user devstack@keystone.service[42715]: DEBUG keystone.server.flask.request_processing.middleware.auth_context [None req-6c220f53-d418-440b-b0ac-b94b62a39de8 admin admin] Authenticating user token {{(pid=42715) process_request /usr/local/lib/python3.10/dist-packages/keystonemiddleware/auth_token/__init__.py:406}}
Apr 18 14:19:48 user devstack@keystone.service[42717]: DEBUG keystone.server.flask.request_processing.req_logging [None req-d116bfc3-75bc-4af1-b289-3e870fc6b96f admin admin] REQUEST_METHOD: `GET` {{(pid=42717) log_request_info /opt/stack/keystone/keystone/server/flask/request_processing/req_logging.py:27}}
Apr 18 14:19:48 user devstack@keystone.service[42717]: DEBUG keystone.server.flask.request_processing.req_logging [None req-d116bfc3-75bc-4af1-b289-3e870fc6b96f admin admin] SCRIPT_NAME: `/identity` {{(pid=42717) log_request_info /opt/stack/keystone/keystone/server/flask/request_processing/req_logging.py:28}}
Apr 18 14:19:48 user devstack@keystone.service[42717]: DEBUG keystone.server.flask.request_processing.req_logging [None req-d116bfc3-75bc-4af1-b289-3e870fc6b96f admin admin] PATH_INFO: `/v3/projects/e839ed9d641847bc91c3b533e75d2a93` {{(pid=42717) log_request_info /opt/stack/keystone/keystone/server/flask/request_processing/req_logging.py:29}}
Apr 18 14:19:48 user devstack@keystone.service[42717]: DEBUG keystone.common.rbac_enforcer.enforcer [None req-d116bfc3-75bc-4af1-b289-3e870fc6b96f admin admin] RBAC: Authorizing `identity:get_project(project_id=e839ed9d641847bc91c3b533e75d2a93)` {{(pid=42717) enforce_call /opt/stack/keystone/keystone/common/rbac_enforcer/enforcer.py:449}}
Apr 18 14:19:48 user devstack@keystone.service[42717]: DEBUG keystone.common.rbac_enforcer.enforcer [None req-d116bfc3-75bc-4af1-b289-3e870fc6b96f admin admin] RBAC: Authorization granted {{(pid=42717) enforce_call /opt/stack/keystone/keystone/common/rbac_enforcer/enforcer.py:457}}
Apr 18 14:19:48 user devstack@keystone.service[42717]: [pid: 42717|app: 0|req: 103/291] 10.0.0.210 () {56 vars in 1202 bytes} [Tue Apr 18 14:19:48 2023] GET /identity/v3/projects/e839ed9d641847bc91c3b533e75d2a93 => generated 343 bytes in 21 msecs (HTTP/1.1 200) 5 headers in 177 bytes (1 switches on core 0)
Apr 18 14:19:48 user devstack@keystone.service[42716]: [pid: 42716|app: 0|req: 98/292] 10.0.0.210 () {56 vars in 1303 bytes} [Tue Apr 18 14:19:48 2023] GET /identity/v3/role_assignments?user.id=5c8b3537eaa54ae9a8693fd9d402dc82&scope.system=all&role.id=0385370a4e0841d8b36ccb710ecbbb7f => generated 508 bytes in 141 msecs (HTTP/1.1 200) 5 headers in 177 bytes (1 switches on core 0)
Apr 18 14:19:48 user devstack@keystone.service[42715]: DEBUG keystone.server.flask.request_processing.middleware.auth_context [None req-6c220f53-d418-440b-b0ac-b94b62a39de8 admin admin] Validating token access rules against request {{(pid=42715) validate_allowed_request /usr/local/lib/python3.10/dist-packages/keystonemiddleware/auth_token/__init__.py:544}}
Apr 18 14:19:48 user devstack@keystone.service[42717]: DEBUG keystone.server.flask.request_processing.middleware.auth_context [None req-d116bfc3-75bc-4af1-b289-3e870fc6b96f admin admin] Authenticating user token {{(pid=42717) process_request /usr/local/lib/python3.10/dist-packages/keystonemiddleware/auth_token/__init__.py:406}}
Apr 18 14:19:48 user devstack@keystone.service[42715]: DEBUG keystone.server.flask.request_processing.middleware.auth_context [None req-b5e9fc5b-8778-494f-ac83-01de137cfd81 admin admin] RBAC: auth_context: {'token': , 'domain_id': None, 'trust_id': None, 'trustor_id': None, 'trustee_id': None, 'domain_name': None, 'group_ids': [], 'user_id': '36408dce2f094226b6f773cc6e5e3963', 'user_domain_id': 'default', 'system_scope': None, 'project_id': 'e839ed9d641847bc91c3b533e75d2a93', 'project_domain_id': 'default', 'roles': ['reader', 'admin', 'member'], 'is_admin_project': True, 'service_user_id': None, 'service_user_domain_id': None, 'service_project_id': None, 'service_project_domain_id': None, 'service_roles': []} {{(pid=42715) fill_context /opt/stack/keystone/keystone/server/flask/request_processing/middleware/auth_context.py:478}}
Apr 18 14:19:48 user devstack@keystone.service[42715]: DEBUG keystone.server.flask.request_processing.req_logging [None req-b5e9fc5b-8778-494f-ac83-01de137cfd81 admin admin] REQUEST_METHOD: `GET` {{(pid=42715) log_request_info /opt/stack/keystone/keystone/server/flask/request_processing/req_logging.py:27}}
Apr 18 14:19:48 user devstack@keystone.service[42715]: DEBUG keystone.server.flask.request_processing.req_logging [None req-b5e9fc5b-8778-494f-ac83-01de137cfd81 admin admin] SCRIPT_NAME: `/identity` {{(pid=42715) log_request_info /opt/stack/keystone/keystone/server/flask/request_processing/req_logging.py:28}}
Apr 18 14:19:48 user devstack@keystone.service[42715]: DEBUG keystone.server.flask.request_processing.req_logging [None req-b5e9fc5b-8778-494f-ac83-01de137cfd81 admin admin] PATH_INFO: `/v3/groups/ee71911204e04e3590d48f05b109b9b2` {{(pid=42715) log_request_info /opt/stack/keystone/keystone/server/flask/request_processing/req_logging.py:29}}
Apr 18 14:19:48 user devstack@keystone.service[42715]: DEBUG keystone.common.rbac_enforcer.enforcer [None req-b5e9fc5b-8778-494f-ac83-01de137cfd81 admin admin] RBAC: Authorizing `identity:get_group(group_id=ee71911204e04e3590d48f05b109b9b2)` {{(pid=42715) enforce_call /opt/stack/keystone/keystone/common/rbac_enforcer/enforcer.py:449}}
Apr 18 14:19:48 user devstack@keystone.service[42715]: DEBUG keystone.common.rbac_enforcer.enforcer [None req-b5e9fc5b-8778-494f-ac83-01de137cfd81 admin admin] RBAC: Authorization granted {{(pid=42715) enforce_call /opt/stack/keystone/keystone/common/rbac_enforcer/enforcer.py:457}}
Apr 18 14:19:48 user devstack@keystone.service[42717]: DEBUG keystone.server.flask.request_processing.middleware.auth_context [None req-d116bfc3-75bc-4af1-b289-3e870fc6b96f admin admin] Validating token access rules against request {{(pid=42717) validate_allowed_request /usr/local/lib/python3.10/dist-packages/keystonemiddleware/auth_token/__init__.py:544}}
Apr 18 14:19:48 user devstack@keystone.service[42715]: [pid: 42715|app: 0|req: 92/293] 10.0.0.210 () {56 vars in 1196 bytes} [Tue Apr 18 14:19:48 2023] GET /identity/v3/groups/ee71911204e04e3590d48f05b109b9b2 => generated 225 bytes in 19 msecs (HTTP/1.1 200) 5 headers in 177 bytes (1 switches on core 0)
Apr 18 14:19:48 user devstack@keystone.service[42717]: DEBUG keystone.server.flask.request_processing.middleware.auth_context [None req-bec08e19-c8df-432f-9eee-bf70b0f89099 admin admin] RBAC: auth_context: {'token': , 'domain_id': None, 'trust_id': None, 'trustor_id': None, 'trustee_id': None, 'domain_name': None, 'group_ids': [], 'user_id': '36408dce2f094226b6f773cc6e5e3963', 'user_domain_id': 'default', 'system_scope': None, 'project_id': 'e839ed9d641847bc91c3b533e75d2a93', 'project_domain_id': 'default', 'roles': ['reader', 'admin', 'member'], 'is_admin_project': True, 'service_user_id': None, 'service_user_domain_id': None, 'service_project_id': None, 'service_project_domain_id': None, 'service_roles': []} {{(pid=42717) fill_context /opt/stack/keystone/keystone/server/flask/request_processing/middleware/auth_context.py:478}}
Apr 18 14:19:48 user devstack@keystone.service[42717]: DEBUG keystone.server.flask.request_processing.req_logging [None req-bec08e19-c8df-432f-9eee-bf70b0f89099 admin admin] REQUEST_METHOD: `PUT` {{(pid=42717) log_request_info /opt/stack/keystone/keystone/server/flask/request_processing/req_logging.py:27}}
Apr 18 14:19:48 user devstack@keystone.service[42717]: DEBUG keystone.server.flask.request_processing.req_logging [None req-bec08e19-c8df-432f-9eee-bf70b0f89099 admin admin] SCRIPT_NAME: `/identity` {{(pid=42717) log_request_info /opt/stack/keystone/keystone/server/flask/request_processing/req_logging.py:28}}
Apr 18 14:19:48 user devstack@keystone.service[42716]: DEBUG keystone.server.flask.request_processing.middleware.auth_context [None req-461d84a9-992d-4eee-b79c-663e68a27d4c None admin] Authenticating user token {{(pid=42716) process_request /usr/local/lib/python3.10/dist-packages/keystonemiddleware/auth_token/__init__.py:406}}
Apr 18 14:19:48 user devstack@keystone.service[42717]: DEBUG keystone.server.flask.request_processing.req_logging [None req-bec08e19-c8df-432f-9eee-bf70b0f89099 admin admin] PATH_INFO: `/v3/projects/e839ed9d641847bc91c3b533e75d2a93/groups/aa0e272f73f94a138ea320b0b73c4a95/roles/3b2454ac404c4177bb603d62c8c71dd2` {{(pid=42717) log_request_info /opt/stack/keystone/keystone/server/flask/request_processing/req_logging.py:29}}
Apr 18 14:19:48 user devstack@keystone.service[42717]: DEBUG keystone.common.rbac_enforcer.enforcer [None req-bec08e19-c8df-432f-9eee-bf70b0f89099 admin admin] RBAC: Authorizing `identity:create_grant(project_id=e839ed9d641847bc91c3b533e75d2a93, group_id=aa0e272f73f94a138ea320b0b73c4a95, role_id=3b2454ac404c4177bb603d62c8c71dd2)` {{(pid=42717) enforce_call /opt/stack/keystone/keystone/common/rbac_enforcer/enforcer.py:449}}
Apr 18 14:19:48 user devstack@keystone.service[42717]: WARNING py.warnings [None req-bec08e19-c8df-432f-9eee-bf70b0f89099 admin admin] /usr/local/lib/python3.10/dist-packages/oslo_policy/policy.py:1129: UserWarning: Policy "identity:create_grant": "(role:admin and system_scope:all) or ((role:admin and domain_id:%(target.user.domain_id)s and domain_id:%(target.project.domain_id)s) or (role:admin and domain_id:%(target.user.domain_id)s and domain_id:%(target.domain.id)s) or (role:admin and domain_id:%(target.group.domain_id)s and domain_id:%(target.project.domain_id)s) or (role:admin and domain_id:%(target.group.domain_id)s and domain_id:%(target.domain.id)s)) and (domain_id:%(target.role.domain_id)s or None:%(target.role.domain_id)s)" failed scope check. The token used to make the request was project scoped but the policy requires ['system', 'domain'] scope. This behavior may change in the future where using the intended scope is required
Apr 18 14:19:48 user devstack@keystone.service[42717]: warnings.warn(msg)
Apr 18 14:19:48 user devstack@keystone.service[42717]:
Apr 18 14:19:48 user devstack@keystone.service[42717]: DEBUG keystone.common.rbac_enforcer.enforcer [None req-bec08e19-c8df-432f-9eee-bf70b0f89099 admin admin] RBAC: Authorization granted {{(pid=42717) enforce_call /opt/stack/keystone/keystone/common/rbac_enforcer/enforcer.py:457}}
Apr 18 14:19:48 user devstack@keystone.service[42716]: DEBUG keystone.server.flask.request_processing.middleware.auth_context [None req-461d84a9-992d-4eee-b79c-663e68a27d4c None admin] Validating token access rules against request {{(pid=42716) validate_allowed_request /usr/local/lib/python3.10/dist-packages/keystonemiddleware/auth_token/__init__.py:544}}
Apr 18 14:19:48 user devstack@keystone.service[42716]: DEBUG keystone.server.flask.request_processing.middleware.auth_context [None req-ae50f979-d8f9-4cdc-b93f-274c6a80bafe admin admin] RBAC: auth_context: {'token': , 'domain_id': None, 'trust_id': None, 'trustor_id': None, 'trustee_id': None, 'domain_name': None, 'group_ids': [], 'user_id': '36408dce2f094226b6f773cc6e5e3963', 'user_domain_id': 'default', 'system_scope': None, 'project_id': 'e839ed9d641847bc91c3b533e75d2a93', 'project_domain_id': 'default', 'roles': ['reader', 'admin', 'member'], 'is_admin_project': True, 'service_user_id': None, 'service_user_domain_id': None, 'service_project_id': None, 'service_project_domain_id': None, 'service_roles': []} {{(pid=42716) fill_context /opt/stack/keystone/keystone/server/flask/request_processing/middleware/auth_context.py:478}}
Apr 18 14:19:48 user devstack@keystone.service[42716]: DEBUG keystone.server.flask.request_processing.req_logging [None req-ae50f979-d8f9-4cdc-b93f-274c6a80bafe admin admin] REQUEST_METHOD: `GET` {{(pid=42716) log_request_info /opt/stack/keystone/keystone/server/flask/request_processing/req_logging.py:27}}
Apr 18 14:19:48 user devstack@keystone.service[42716]: DEBUG keystone.server.flask.request_processing.req_logging [None req-ae50f979-d8f9-4cdc-b93f-274c6a80bafe admin admin] SCRIPT_NAME: `/identity` {{(pid=42716) log_request_info /opt/stack/keystone/keystone/server/flask/request_processing/req_logging.py:28}}
Apr 18 14:19:48 user devstack@keystone.service[42716]: DEBUG keystone.server.flask.request_processing.req_logging [None req-ae50f979-d8f9-4cdc-b93f-274c6a80bafe admin admin] PATH_INFO: `/v3/projects/cef6724e20734dc69e2f66b4d84870b9` {{(pid=42716) log_request_info /opt/stack/keystone/keystone/server/flask/request_processing/req_logging.py:29}}
Apr 18 14:19:48 user devstack@keystone.service[42716]: DEBUG keystone.common.rbac_enforcer.enforcer [None req-ae50f979-d8f9-4cdc-b93f-274c6a80bafe admin admin] RBAC: Authorizing `identity:get_project(project_id=cef6724e20734dc69e2f66b4d84870b9)` {{(pid=42716) enforce_call /opt/stack/keystone/keystone/common/rbac_enforcer/enforcer.py:449}}
Apr 18 14:19:48 user devstack@keystone.service[42717]: [pid: 42717|app: 0|req: 104/294] 10.0.0.210 () {58 vars in 1458 bytes} [Tue Apr 18 14:19:48 2023] PUT /identity/v3/projects/e839ed9d641847bc91c3b533e75d2a93/groups/aa0e272f73f94a138ea320b0b73c4a95/roles/3b2454ac404c4177bb603d62c8c71dd2 => generated 0 bytes in 31 msecs (HTTP/1.1 204) 3 headers in 132 bytes (0 switches on core 0)
Apr 18 14:19:48 user devstack@keystone.service[42716]: DEBUG keystone.common.rbac_enforcer.enforcer [None req-ae50f979-d8f9-4cdc-b93f-274c6a80bafe admin admin] RBAC: Authorization granted {{(pid=42716) enforce_call /opt/stack/keystone/keystone/common/rbac_enforcer/enforcer.py:457}}
Apr 18 14:19:48 user devstack@keystone.service[42716]: [pid: 42716|app: 0|req: 99/295] 10.0.0.210 () {56 vars in 1202 bytes} [Tue Apr 18 14:19:48 2023] GET /identity/v3/projects/cef6724e20734dc69e2f66b4d84870b9 => generated 301 bytes in 20 msecs (HTTP/1.1 200) 5 headers in 177 bytes (1 switches on core 0)
Apr 18 14:19:49 user devstack@keystone.service[42715]: DEBUG keystone.server.flask.request_processing.middleware.auth_context [None req-b5e9fc5b-8778-494f-ac83-01de137cfd81 admin admin] Authenticating user token {{(pid=42715) process_request /usr/local/lib/python3.10/dist-packages/keystonemiddleware/auth_token/__init__.py:406}}
Apr 18 14:19:49 user devstack@keystone.service[42715]: DEBUG keystone.server.flask.request_processing.middleware.auth_context [None req-b5e9fc5b-8778-494f-ac83-01de137cfd81 admin admin] Validating token access rules against request {{(pid=42715) validate_allowed_request /usr/local/lib/python3.10/dist-packages/keystonemiddleware/auth_token/__init__.py:544}}
Apr 18 14:19:49 user devstack@keystone.service[42715]: DEBUG keystone.server.flask.request_processing.middleware.auth_context [None req-04cf365a-953d-4625-86af-90a6f17c82b7 admin admin] RBAC: auth_context: {'token': , 'domain_id': None, 'trust_id': None, 'trustor_id': None, 'trustee_id': None, 'domain_name': None, 'group_ids': [], 'user_id': '36408dce2f094226b6f773cc6e5e3963', 'user_domain_id': 'default', 'system_scope': None, 'project_id': 'e839ed9d641847bc91c3b533e75d2a93', 'project_domain_id': 'default', 'roles': ['reader', 'admin', 'member'], 'is_admin_project': True, 'service_user_id': None, 'service_user_domain_id': None, 'service_project_id': None, 'service_project_domain_id': None, 'service_roles': []} {{(pid=42715) fill_context /opt/stack/keystone/keystone/server/flask/request_processing/middleware/auth_context.py:478}}
Apr 18 14:19:49 user devstack@keystone.service[42715]: DEBUG keystone.server.flask.request_processing.req_logging [None req-04cf365a-953d-4625-86af-90a6f17c82b7 admin admin] REQUEST_METHOD: `PUT` {{(pid=42715) log_request_info /opt/stack/keystone/keystone/server/flask/request_processing/req_logging.py:27}}
Apr 18 14:19:49 user devstack@keystone.service[42715]: DEBUG keystone.server.flask.request_processing.req_logging [None req-04cf365a-953d-4625-86af-90a6f17c82b7 admin admin] SCRIPT_NAME: `/identity` {{(pid=42715) log_request_info /opt/stack/keystone/keystone/server/flask/request_processing/req_logging.py:28}}
Apr 18 14:19:49 user devstack@keystone.service[42715]: DEBUG keystone.server.flask.request_processing.req_logging [None req-04cf365a-953d-4625-86af-90a6f17c82b7 admin admin] PATH_INFO: `/v3/projects/cef6724e20734dc69e2f66b4d84870b9/groups/ee71911204e04e3590d48f05b109b9b2/roles/c8f6bc349fa34413b4d81b69dcd3b60f` {{(pid=42715) log_request_info /opt/stack/keystone/keystone/server/flask/request_processing/req_logging.py:29}}
Apr 18 14:19:49 user devstack@keystone.service[42715]: DEBUG keystone.common.rbac_enforcer.enforcer [None req-04cf365a-953d-4625-86af-90a6f17c82b7 admin admin] RBAC: Authorizing `identity:create_grant(project_id=cef6724e20734dc69e2f66b4d84870b9, group_id=ee71911204e04e3590d48f05b109b9b2, role_id=c8f6bc349fa34413b4d81b69dcd3b60f)` {{(pid=42715) enforce_call /opt/stack/keystone/keystone/common/rbac_enforcer/enforcer.py:449}}
Apr 18 14:19:49 user devstack@keystone.service[42715]: DEBUG keystone.common.rbac_enforcer.enforcer [None req-04cf365a-953d-4625-86af-90a6f17c82b7 admin admin] RBAC: Authorization granted {{(pid=42715) enforce_call /opt/stack/keystone/keystone/common/rbac_enforcer/enforcer.py:457}}
Apr 18 14:19:49 user devstack@keystone.service[42715]: [pid: 42715|app: 0|req: 93/296] 10.0.0.210 () {58 vars in 1458 bytes} [Tue Apr 18 14:19:49 2023] PUT /identity/v3/projects/cef6724e20734dc69e2f66b4d84870b9/groups/ee71911204e04e3590d48f05b109b9b2/roles/c8f6bc349fa34413b4d81b69dcd3b60f => generated 0 bytes in 92 msecs (HTTP/1.1 204) 3 headers in 132 bytes (0 switches on core 0)
Apr 18 14:19:49 user devstack@keystone.service[42717]: DEBUG keystone.server.flask.request_processing.req_logging [None req-a016fceb-8cd0-424d-822a-529c59b939fd None None] REQUEST_METHOD: `GET` {{(pid=42717) log_request_info /opt/stack/keystone/keystone/server/flask/request_processing/req_logging.py:27}}
Apr 18 14:19:49 user devstack@keystone.service[42717]: DEBUG keystone.server.flask.request_processing.req_logging [None req-a016fceb-8cd0-424d-822a-529c59b939fd None None] SCRIPT_NAME: `/identity` {{(pid=42717) log_request_info /opt/stack/keystone/keystone/server/flask/request_processing/req_logging.py:28}}
Apr 18 14:19:49 user devstack@keystone.service[42717]: DEBUG keystone.server.flask.request_processing.req_logging [None req-a016fceb-8cd0-424d-822a-529c59b939fd None None] PATH_INFO: `/` {{(pid=42717) log_request_info /opt/stack/keystone/keystone/server/flask/request_processing/req_logging.py:29}}
Apr 18 14:19:49 user devstack@keystone.service[42717]: [pid: 42717|app: 0|req: 105/297] 10.0.0.210 () {54 vars in 920 bytes} [Tue Apr 18 14:19:49 2023] GET /identity => generated 269 bytes in 3 msecs (HTTP/1.1 300) 6 headers in 233 bytes (1 switches on core 0)
Apr 18 14:19:49 user devstack@keystone.service[42716]: DEBUG keystone.server.flask.request_processing.req_logging [None req-6297f809-2b45-4293-9a0c-7e9642d9d546 None None] REQUEST_METHOD: `POST` {{(pid=42716) log_request_info /opt/stack/keystone/keystone/server/flask/request_processing/req_logging.py:27}}
Apr 18 14:19:49 user devstack@keystone.service[42716]: DEBUG keystone.server.flask.request_processing.req_logging [None req-6297f809-2b45-4293-9a0c-7e9642d9d546 None None] SCRIPT_NAME: `/identity` {{(pid=42716) log_request_info /opt/stack/keystone/keystone/server/flask/request_processing/req_logging.py:28}}
Apr 18 14:19:49 user devstack@keystone.service[42716]: DEBUG keystone.server.flask.request_processing.req_logging [None req-6297f809-2b45-4293-9a0c-7e9642d9d546 None None] PATH_INFO: `/v3/auth/tokens` {{(pid=42716) log_request_info /opt/stack/keystone/keystone/server/flask/request_processing/req_logging.py:29}}
Apr 18 14:19:49 user devstack@keystone.service[42716]: WARNING keystone.common.password_hashing [None req-6297f809-2b45-4293-9a0c-7e9642d9d546 None None] Truncating password to algorithm specific maximum length 54 characters.
Apr 18 14:19:49 user devstack@keystone.service[42716]: DEBUG keystone.auth.core [None req-6297f809-2b45-4293-9a0c-7e9642d9d546 None None] MFA Rules not processed for user `36408dce2f094226b6f773cc6e5e3963`. Rule list: `[]` (Enabled: `True`). {{(pid=42716) check_auth_methods_against_rules /opt/stack/keystone/keystone/auth/core.py:438}}
Apr 18 14:19:49 user devstack@keystone.service[42716]: DEBUG keystone.common.fernet_utils [None req-6297f809-2b45-4293-9a0c-7e9642d9d546 None None] Loaded 2 Fernet keys from /etc/keystone/fernet-keys/, but `[fernet_tokens] max_active_keys = 3`; perhaps there have not been enough key rotations to reach `max_active_keys` yet? {{(pid=42716) load_keys /opt/stack/keystone/keystone/common/fernet_utils.py:286}}
Apr 18 14:19:50 user devstack@keystone.service[42716]: DEBUG dbcounter [-] [42716] Writing DB stats keystone:SELECT=100 {{(pid=42716) stat_writer /usr/local/lib/python3.10/dist-packages/dbcounter.py:117}}
Apr 18 14:19:50 user devstack@keystone.service[42716]: [pid: 42716|app: 0|req: 100/298] 10.0.0.210 () {58 vars in 1017 bytes} [Tue Apr 18 14:19:49 2023] POST /identity/v3/auth/tokens => generated 798 bytes in 106 msecs (HTTP/1.1 201) 6 headers in 363 bytes (1 switches on core 0)
Apr 18 14:19:50 user devstack@keystone.service[42715]: DEBUG keystone.server.flask.request_processing.req_logging [None req-a9830b75-a500-44b1-a199-02e54cef1706 None None] REQUEST_METHOD: `GET` {{(pid=42715) log_request_info /opt/stack/keystone/keystone/server/flask/request_processing/req_logging.py:27}}
Apr 18 14:19:50 user devstack@keystone.service[42715]: DEBUG keystone.server.flask.request_processing.req_logging [None req-a9830b75-a500-44b1-a199-02e54cef1706 None None] SCRIPT_NAME: `/identity` {{(pid=42715) log_request_info /opt/stack/keystone/keystone/server/flask/request_processing/req_logging.py:28}}
Apr 18 14:19:50 user devstack@keystone.service[42715]: DEBUG keystone.server.flask.request_processing.req_logging [None req-a9830b75-a500-44b1-a199-02e54cef1706 None None] PATH_INFO: `/` {{(pid=42715) log_request_info /opt/stack/keystone/keystone/server/flask/request_processing/req_logging.py:29}}
Apr 18 14:19:50 user devstack@keystone.service[42715]: [pid: 42715|app: 0|req: 94/299] 10.0.0.210 () {54 vars in 920 bytes} [Tue Apr 18 14:19:50 2023] GET /identity => generated 269 bytes in 3 msecs (HTTP/1.1 300) 6 headers in 233 bytes (1 switches on core 0)
Apr 18 14:19:50 user devstack@keystone.service[42717]: DEBUG keystone.server.flask.request_processing.req_logging [None req-8b2cfe5d-c893-4048-86e1-538b19ce0467 None None] REQUEST_METHOD: `POST` {{(pid=42717) log_request_info /opt/stack/keystone/keystone/server/flask/request_processing/req_logging.py:27}}
Apr 18 14:19:50 user devstack@keystone.service[42717]: DEBUG keystone.server.flask.request_processing.req_logging [None req-8b2cfe5d-c893-4048-86e1-538b19ce0467 None None] SCRIPT_NAME: `/identity` {{(pid=42717) log_request_info /opt/stack/keystone/keystone/server/flask/request_processing/req_logging.py:28}}
Apr 18 14:19:50 user devstack@keystone.service[42717]: DEBUG keystone.server.flask.request_processing.req_logging [None req-8b2cfe5d-c893-4048-86e1-538b19ce0467 None None] PATH_INFO: `/v3/auth/tokens` {{(pid=42717) log_request_info /opt/stack/keystone/keystone/server/flask/request_processing/req_logging.py:29}}
Apr 18 14:19:50 user devstack@keystone.service[42717]: WARNING keystone.common.password_hashing [None req-8b2cfe5d-c893-4048-86e1-538b19ce0467 None None] Truncating password to algorithm specific maximum length 54 characters.
Apr 18 14:19:50 user devstack@keystone.service[42717]: DEBUG keystone.auth.core [None req-8b2cfe5d-c893-4048-86e1-538b19ce0467 None None] MFA Rules not processed for user `36408dce2f094226b6f773cc6e5e3963`. Rule list: `[]` (Enabled: `True`). {{(pid=42717) check_auth_methods_against_rules /opt/stack/keystone/keystone/auth/core.py:438}}
Apr 18 14:19:50 user devstack@keystone.service[42717]: DEBUG keystone.common.fernet_utils [None req-8b2cfe5d-c893-4048-86e1-538b19ce0467 None None] Loaded 2 Fernet keys from /etc/keystone/fernet-keys/, but `[fernet_tokens] max_active_keys = 3`; perhaps there have not been enough key rotations to reach `max_active_keys` yet? {{(pid=42717) load_keys /opt/stack/keystone/keystone/common/fernet_utils.py:286}}
Apr 18 14:19:50 user devstack@keystone.service[42717]: DEBUG dbcounter [-] [42717] Writing DB stats keystone:SELECT=99,keystone:INSERT=1 {{(pid=42717) stat_writer /usr/local/lib/python3.10/dist-packages/dbcounter.py:117}}
Apr 18 14:19:50 user devstack@keystone.service[42716]: DEBUG keystone.server.flask.request_processing.middleware.auth_context [None req-6297f809-2b45-4293-9a0c-7e9642d9d546 None None] Authenticating user token {{(pid=42716) process_request /usr/local/lib/python3.10/dist-packages/keystonemiddleware/auth_token/__init__.py:406}}
Apr 18 14:19:50 user devstack@keystone.service[42717]: [pid: 42717|app: 0|req: 106/300] 10.0.0.210 () {58 vars in 1017 bytes} [Tue Apr 18 14:19:50 2023] POST /identity/v3/auth/tokens => generated 798 bytes in 82 msecs (HTTP/1.1 201) 6 headers in 363 bytes (1 switches on core 0)
Apr 18 14:19:50 user devstack@keystone.service[42716]: DEBUG keystone.server.flask.request_processing.middleware.auth_context [None req-6297f809-2b45-4293-9a0c-7e9642d9d546 None None] Validating token access rules against request {{(pid=42716) validate_allowed_request /usr/local/lib/python3.10/dist-packages/keystonemiddleware/auth_token/__init__.py:544}}
Apr 18 14:19:50 user devstack@keystone.service[42715]: DEBUG keystone.server.flask.request_processing.req_logging [None req-a2573f2f-8944-4700-9f5e-94844ea81c80 None None] REQUEST_METHOD: `GET` {{(pid=42715) log_request_info /opt/stack/keystone/keystone/server/flask/request_processing/req_logging.py:27}}
Apr 18 14:19:50 user devstack@keystone.service[42715]: DEBUG keystone.server.flask.request_processing.req_logging [None req-a2573f2f-8944-4700-9f5e-94844ea81c80 None None] SCRIPT_NAME: `/identity` {{(pid=42715) log_request_info /opt/stack/keystone/keystone/server/flask/request_processing/req_logging.py:28}}
Apr 18 14:19:50 user devstack@keystone.service[42715]: DEBUG keystone.server.flask.request_processing.req_logging [None req-a2573f2f-8944-4700-9f5e-94844ea81c80 None None] PATH_INFO: `/` {{(pid=42715) log_request_info /opt/stack/keystone/keystone/server/flask/request_processing/req_logging.py:29}}
Apr 18 14:19:50 user devstack@keystone.service[42715]: [pid: 42715|app: 0|req: 95/301] 10.0.0.210 () {54 vars in 920 bytes} [Tue Apr 18 14:19:50 2023] GET /identity => generated 269 bytes in 3 msecs (HTTP/1.1 300) 6 headers in 233 bytes (1 switches on core 0)
Apr 18 14:19:50 user devstack@keystone.service[42717]: DEBUG keystone.server.flask.request_processing.req_logging [None req-36fa9c97-97ec-4a7b-9e69-d48b557927c4 None None] REQUEST_METHOD: `POST` {{(pid=42717) log_request_info /opt/stack/keystone/keystone/server/flask/request_processing/req_logging.py:27}}
Apr 18 14:19:50 user devstack@keystone.service[42717]: DEBUG keystone.server.flask.request_processing.req_logging [None req-36fa9c97-97ec-4a7b-9e69-d48b557927c4 None None] SCRIPT_NAME: `/identity` {{(pid=42717) log_request_info /opt/stack/keystone/keystone/server/flask/request_processing/req_logging.py:28}}
Apr 18 14:19:50 user devstack@keystone.service[42717]: DEBUG keystone.server.flask.request_processing.req_logging [None req-36fa9c97-97ec-4a7b-9e69-d48b557927c4 None None] PATH_INFO: `/v3/auth/tokens` {{(pid=42717) log_request_info /opt/stack/keystone/keystone/server/flask/request_processing/req_logging.py:29}}
Apr 18 14:19:50 user devstack@keystone.service[42716]: DEBUG keystone.server.flask.request_processing.middleware.auth_context [None req-f72ed43c-83ce-42e7-ad5a-dea1b6d1cd51 None admin] RBAC: auth_context: {'token': , 'domain_id': None, 'trust_id': None, 'trustor_id': None, 'trustee_id': None, 'domain_name': None, 'group_ids': [], 'user_id': '36408dce2f094226b6f773cc6e5e3963', 'user_domain_id': 'default', 'system_scope': 'all', 'project_id': None, 'project_domain_id': None, 'roles': ['admin', 'member', 'reader'], 'is_admin_project': True, 'service_user_id': None, 'service_user_domain_id': None, 'service_project_id': None, 'service_project_domain_id': None, 'service_roles': []} {{(pid=42716) fill_context /opt/stack/keystone/keystone/server/flask/request_processing/middleware/auth_context.py:478}}
Apr 18 14:19:50 user devstack@keystone.service[42716]: DEBUG keystone.server.flask.request_processing.req_logging [None req-f72ed43c-83ce-42e7-ad5a-dea1b6d1cd51 None admin] REQUEST_METHOD: `GET` {{(pid=42716) log_request_info /opt/stack/keystone/keystone/server/flask/request_processing/req_logging.py:27}}
Apr 18 14:19:50 user devstack@keystone.service[42716]: DEBUG keystone.server.flask.request_processing.req_logging [None req-f72ed43c-83ce-42e7-ad5a-dea1b6d1cd51 None admin] SCRIPT_NAME: `/identity` {{(pid=42716) log_request_info /opt/stack/keystone/keystone/server/flask/request_processing/req_logging.py:28}}
Apr 18 14:19:50 user devstack@keystone.service[42716]: DEBUG keystone.server.flask.request_processing.req_logging [None req-f72ed43c-83ce-42e7-ad5a-dea1b6d1cd51 None admin] PATH_INFO: `/v3/roles/member` {{(pid=42716) log_request_info /opt/stack/keystone/keystone/server/flask/request_processing/req_logging.py:29}}
Apr 18 14:19:50 user devstack@keystone.service[42717]: WARNING keystone.common.password_hashing [None req-36fa9c97-97ec-4a7b-9e69-d48b557927c4 None None] Truncating password to algorithm specific maximum length 54 characters.
Apr 18 14:19:50 user devstack@keystone.service[42716]: DEBUG keystone.common.rbac_enforcer.enforcer [None req-f72ed43c-83ce-42e7-ad5a-dea1b6d1cd51 None admin] Extracting inferred target data resulted in "NOT FOUND (404)". {{(pid=42716) enforce_call /opt/stack/keystone/keystone/common/rbac_enforcer/enforcer.py:409}}
Apr 18 14:19:50 user devstack@keystone.service[42717]: DEBUG keystone.auth.core [None req-36fa9c97-97ec-4a7b-9e69-d48b557927c4 None None] MFA Rules not processed for user `36408dce2f094226b6f773cc6e5e3963`. Rule list: `[]` (Enabled: `True`). {{(pid=42717) check_auth_methods_against_rules /opt/stack/keystone/keystone/auth/core.py:438}}
Apr 18 14:19:50 user devstack@keystone.service[42717]: DEBUG keystone.common.fernet_utils [None req-36fa9c97-97ec-4a7b-9e69-d48b557927c4 None None] Loaded 2 Fernet keys from /etc/keystone/fernet-keys/, but `[fernet_tokens] max_active_keys = 3`; perhaps there have not been enough key rotations to reach `max_active_keys` yet? {{(pid=42717) load_keys /opt/stack/keystone/keystone/common/fernet_utils.py:286}}
Apr 18 14:19:50 user devstack@keystone.service[42716]: ERROR keystone.server.flask.application [None req-f72ed43c-83ce-42e7-ad5a-dea1b6d1cd51 None admin] Could not find role: member.: keystone.exception.RoleNotFound: Could not find role: member.
Apr 18 14:19:50 user devstack@keystone.service[42716]: ERROR keystone.server.flask.application
Traceback (most recent call last):
Apr 18 14:19:50 user devstack@keystone.service[42716]: ERROR keystone.server.flask.application
File "/usr/local/lib/python3.10/dist-packages/flask/app.py", line 1823, in full_dispatch_request
Apr 18 14:19:50 user devstack@keystone.service[42716]: ERROR keystone.server.flask.application rv = self.dispatch_request()
Apr 18 14:19:50 user devstack@keystone.service[42716]: ERROR keystone.server.flask.application
File "/usr/local/lib/python3.10/dist-packages/flask/app.py", line 1799, in dispatch_request
Apr 18 14:19:50 user devstack@keystone.service[42716]: ERROR keystone.server.flask.application return self.ensure_sync(self.view_functions[rule.endpoint])(**view_args)
Apr 18 14:19:50 user devstack@keystone.service[42716]: ERROR keystone.server.flask.application
File "/usr/local/lib/python3.10/dist-packages/flask_restful/__init__.py", line 467, in wrapper
Apr 18 14:19:50 user devstack@keystone.service[42716]: ERROR keystone.server.flask.application resp = resource(*args, **kwargs)
Apr 18 14:19:50 user devstack@keystone.service[42716]: ERROR keystone.server.flask.application
File "/usr/local/lib/python3.10/dist-packages/flask/views.py", line 107, in view
Apr 18 14:19:50 user devstack@keystone.service[42716]: ERROR keystone.server.flask.application return current_app.ensure_sync(self.dispatch_request)(**kwargs)
Apr 18 14:19:50 user devstack@keystone.service[42716]: ERROR keystone.server.flask.application
File "/usr/local/lib/python3.10/dist-packages/flask_restful/__init__.py", line 582, in dispatch_request
Apr 18 14:19:50 user devstack@keystone.service[42716]: ERROR keystone.server.flask.application resp = meth(*args, **kwargs)
Apr 18 14:19:50 user devstack@keystone.service[42716]: ERROR keystone.server.flask.application
File "/opt/stack/keystone/keystone/api/roles.py", line 50, in get
Apr 18 14:19:50 user devstack@keystone.service[42716]: ERROR keystone.server.flask.application return self._get_role(role_id)
Apr 18 14:19:50 user devstack@keystone.service[42716]: ERROR keystone.server.flask.application
File "/opt/stack/keystone/keystone/api/roles.py", line 70, in _get_role
Apr 18 14:19:50 user devstack@keystone.service[42716]: ERROR keystone.server.flask.application ENFORCER.enforce_call(action='identity:get_role')
Apr 18 14:19:50 user devstack@keystone.service[42716]: ERROR keystone.server.flask.application
File "/opt/stack/keystone/keystone/common/rbac_enforcer/enforcer.py", line 402, in enforce_call
Apr 18 14:19:50 user devstack@keystone.service[42716]: ERROR keystone.server.flask.application policy_dict.update(cls._extract_member_target_data(
Apr 18 14:19:50 user devstack@keystone.service[42716]: ERROR keystone.server.flask.application
File "/opt/stack/keystone/keystone/common/rbac_enforcer/enforcer.py", line 234, in _extract_member_target_data
Apr 18 14:19:50 user devstack@keystone.service[42716]: ERROR keystone.server.flask.application member_name: func(flask.request.view_args[key])
Apr 18 14:19:50 user devstack@keystone.service[42716]: ERROR keystone.server.flask.application
File "/opt/stack/keystone/keystone/common/manager.py", line 115, in wrapped
Apr 18 14:19:50 user devstack@keystone.service[42716]: ERROR keystone.server.flask.application __ret_val = __f(*args, **kwargs)
Apr 18 14:19:50 user devstack@keystone.service[42716]: ERROR keystone.server.flask.application
File "/usr/local/lib/python3.10/dist-packages/decorator.py", line 232, in fun
Apr 18 14:19:50 user devstack@keystone.service[42716]: ERROR keystone.server.flask.application return caller(func, *(extras + args), **kw)
Apr 18 14:19:50 user devstack@keystone.service[42716]: ERROR keystone.server.flask.application
File "/usr/local/lib/python3.10/dist-packages/dogpile/cache/region.py", line 1577, in get_or_create_for_user_func
Apr 18 14:19:50 user devstack@keystone.service[42716]: ERROR keystone.server.flask.application return self.get_or_create(
Apr 18 14:19:50 user devstack@keystone.service[42716]: ERROR keystone.server.flask.application
File "/usr/local/lib/python3.10/dist-packages/dogpile/cache/region.py", line 1042, in get_or_create
Apr 18 14:19:50 user devstack@keystone.service[42716]: ERROR keystone.server.flask.application with Lock(
Apr 18 14:19:50 user devstack@keystone.service[42716]: ERROR keystone.server.flask.application
File "/usr/local/lib/python3.10/dist-packages/dogpile/lock.py", line 185, in __enter__
Apr 18 14:19:50 user devstack@keystone.service[42716]: ERROR keystone.server.flask.application return self._enter()
Apr 18 14:19:50 user devstack@keystone.service[42716]: ERROR keystone.server.flask.application
File "/usr/local/lib/python3.10/dist-packages/dogpile/lock.py", line 94, in _enter
Apr 18 14:19:50 user devstack@keystone.service[42716]: ERROR keystone.server.flask.application generated = self._enter_create(value, createdtime)
Apr 18 14:19:50 user devstack@keystone.service[42716]: ERROR keystone.server.flask.application
File "/usr/local/lib/python3.10/dist-packages/dogpile/lock.py", line 178, in _enter_create
Apr 18 14:19:50 user devstack@keystone.service[42716]: ERROR keystone.server.flask.application return self.creator()
Apr 18 14:19:50 user devstack@keystone.service[42716]: ERROR keystone.server.flask.application
File "/usr/local/lib/python3.10/dist-packages/dogpile/cache/region.py", line 995, in gen_value
Apr 18 14:19:50 user devstack@keystone.service[42716]: ERROR keystone.server.flask.application created_value = creator(
Apr 18 14:19:50 user devstack@keystone.service[42716]: ERROR keystone.server.flask.application
File "/opt/stack/keystone/keystone/assignment/core.py", line 1276, in get_role
Apr 18 14:19:50 user devstack@keystone.service[42716]: ERROR keystone.server.flask.application return self.driver.get_role(role_id)
Apr 18 14:19:50 user devstack@keystone.service[42716]: ERROR keystone.server.flask.application
File "/opt/stack/keystone/keystone/assignment/role_backends/sql.py", line 70, in get_role
Apr 18 14:19:50 user devstack@keystone.service[42716]: ERROR keystone.server.flask.application return self._get_role(session, role_id).to_dict()
Apr 18 14:19:50 user devstack@keystone.service[42716]: ERROR keystone.server.flask.application
File "/opt/stack/keystone/keystone/assignment/role_backends/sql.py", line 65, in _get_role
Apr 18 14:19:50 user devstack@keystone.service[42716]: ERROR keystone.server.flask.application raise exception.RoleNotFound(role_id=role_id)
Apr 18 14:19:50 user devstack@keystone.service[42716]: ERROR keystone.server.flask.application keystone.exception.RoleNotFound: Could not find role: member.
Apr 18 14:19:50 user devstack@keystone.service[42716]: ERROR keystone.server.flask.application
Apr 18 14:19:50 user devstack@keystone.service[42716]: [pid: 42716|app: 0|req: 101/302] 10.0.0.210 () {56 vars in 1094 bytes} [Tue Apr 18 14:19:50 2023] GET /identity/v3/roles/member => generated 84 bytes in 135 msecs (HTTP/1.1 404) 5 headers in 183 bytes (1 switches on core 0)
Apr 18 14:19:50 user devstack@keystone.service[42715]: DEBUG keystone.server.flask.request_processing.middleware.auth_context [None req-a2573f2f-8944-4700-9f5e-94844ea81c80 None None] Authenticating user token {{(pid=42715) process_request /usr/local/lib/python3.10/dist-packages/keystonemiddleware/auth_token/__init__.py:406}}
Apr 18 14:19:50 user devstack@keystone.service[42717]: [pid: 42717|app: 0|req: 107/303] 10.0.0.210 () {58 vars in 1017 bytes} [Tue Apr 18 14:19:50 2023] POST /identity/v3/auth/tokens => generated 798 bytes in 76 msecs (HTTP/1.1 201) 6 headers in 363 bytes (1 switches on core 0)
Apr 18 14:19:50 user devstack@keystone.service[42716]: DEBUG keystone.server.flask.request_processing.middleware.auth_context [None req-f72ed43c-83ce-42e7-ad5a-dea1b6d1cd51 None admin] Authenticating user token {{(pid=42716) process_request /usr/local/lib/python3.10/dist-packages/keystonemiddleware/auth_token/__init__.py:406}}
Apr 18 14:19:50 user devstack@keystone.service[42715]: DEBUG keystone.server.flask.request_processing.middleware.auth_context [None req-a2573f2f-8944-4700-9f5e-94844ea81c80 None None] Validating token access rules against request {{(pid=42715) validate_allowed_request /usr/local/lib/python3.10/dist-packages/keystonemiddleware/auth_token/__init__.py:544}}
Apr 18 14:19:50 user devstack@keystone.service[42715]: DEBUG dbcounter [-] [42715] Writing DB stats keystone:SELECT=99,keystone:INSERT=1 {{(pid=42715) stat_writer /usr/local/lib/python3.10/dist-packages/dbcounter.py:117}}
Apr 18 14:19:50 user devstack@keystone.service[42716]: DEBUG dbcounter [-] [42716] Writing DB stats keystone:SELECT=100 {{(pid=42716) stat_writer /usr/local/lib/python3.10/dist-packages/dbcounter.py:117}}
Apr 18 14:19:50 user devstack@keystone.service[42715]: DEBUG keystone.server.flask.request_processing.middleware.auth_context [None req-8951844e-08eb-4735-99ee-a5351dfbbe62 None admin] RBAC: auth_context: {'token': , 'domain_id': None, 'trust_id': None, 'trustor_id': None, 'trustee_id': None, 'domain_name': None, 'group_ids': [], 'user_id': '36408dce2f094226b6f773cc6e5e3963', 'user_domain_id': 'default', 'system_scope': 'all', 'project_id': None, 'project_domain_id': None, 'roles': ['admin', 'member', 'reader'], 'is_admin_project': True, 'service_user_id': None, 'service_user_domain_id': None, 'service_project_id': None, 'service_project_domain_id': None, 'service_roles': []} {{(pid=42715) fill_context /opt/stack/keystone/keystone/server/flask/request_processing/middleware/auth_context.py:478}}
Apr 18 14:19:50 user devstack@keystone.service[42715]: DEBUG keystone.server.flask.request_processing.req_logging [None req-8951844e-08eb-4735-99ee-a5351dfbbe62 None admin] REQUEST_METHOD: `GET` {{(pid=42715) log_request_info /opt/stack/keystone/keystone/server/flask/request_processing/req_logging.py:27}}
Apr 18 14:19:50 user devstack@keystone.service[42715]: DEBUG keystone.server.flask.request_processing.req_logging [None req-8951844e-08eb-4735-99ee-a5351dfbbe62 None admin] SCRIPT_NAME: `/identity` {{(pid=42715) log_request_info /opt/stack/keystone/keystone/server/flask/request_processing/req_logging.py:28}}
Apr 18 14:19:50 user devstack@keystone.service[42715]: DEBUG keystone.server.flask.request_processing.req_logging [None req-8951844e-08eb-4735-99ee-a5351dfbbe62 None admin] PATH_INFO: `/v3/roles` {{(pid=42715) log_request_info /opt/stack/keystone/keystone/server/flask/request_processing/req_logging.py:29}}
Apr 18 14:19:50 user devstack@keystone.service[42715]: DEBUG keystone.common.rbac_enforcer.enforcer [None req-8951844e-08eb-4735-99ee-a5351dfbbe62 None admin] RBAC: Adding query filter params (name=member) {{(pid=42715) _extract_filter_values /opt/stack/keystone/keystone/common/rbac_enforcer/enforcer.py:167}}
Apr 18 14:19:50 user devstack@keystone.service[42715]: DEBUG keystone.common.rbac_enforcer.enforcer [None req-8951844e-08eb-4735-99ee-a5351dfbbe62 None admin] RBAC: Authorizing `identity:list_roles()` {{(pid=42715) enforce_call /opt/stack/keystone/keystone/common/rbac_enforcer/enforcer.py:449}}
Apr 18 14:19:50 user devstack@keystone.service[42715]: DEBUG keystone.common.rbac_enforcer.enforcer [None req-8951844e-08eb-4735-99ee-a5351dfbbe62 None admin] RBAC: Authorization granted {{(pid=42715) enforce_call /opt/stack/keystone/keystone/common/rbac_enforcer/enforcer.py:457}}
Apr 18 14:19:50 user devstack@keystone.service[42715]: [pid: 42715|app: 0|req: 96/304] 10.0.0.210 () {56 vars in 1096 bytes} [Tue Apr 18 14:19:50 2023] GET /identity/v3/roles?name=member => generated 339 bytes in 132 msecs (HTTP/1.1 200) 5 headers in 177 bytes (1 switches on core 0)
Apr 18 14:19:50 user devstack@keystone.service[42717]: DEBUG keystone.server.flask.request_processing.middleware.auth_context [None req-36fa9c97-97ec-4a7b-9e69-d48b557927c4 None None] Authenticating user token {{(pid=42717) process_request /usr/local/lib/python3.10/dist-packages/keystonemiddleware/auth_token/__init__.py:406}}
Apr 18 14:19:50 user devstack@keystone.service[42716]: DEBUG keystone.server.flask.request_processing.middleware.auth_context [None req-f72ed43c-83ce-42e7-ad5a-dea1b6d1cd51 None admin] Validating token access rules against request {{(pid=42716) validate_allowed_request /usr/local/lib/python3.10/dist-packages/keystonemiddleware/auth_token/__init__.py:544}}
Apr 18 14:19:50 user devstack@keystone.service[42716]: DEBUG keystone.server.flask.request_processing.middleware.auth_context [None req-4a06105a-da68-4daf-b9fa-89abaf83ab2d None admin] RBAC: auth_context: {'token': , 'domain_id': None, 'trust_id': None, 'trustor_id': None, 'trustee_id': None, 'domain_name': None, 'group_ids': [], 'user_id': '36408dce2f094226b6f773cc6e5e3963', 'user_domain_id': 'default', 'system_scope': 'all', 'project_id': None, 'project_domain_id': None, 'roles': ['admin', 'member', 'reader'], 'is_admin_project': True, 'service_user_id': None, 'service_user_domain_id': None, 'service_project_id': None, 'service_project_domain_id': None, 'service_roles': []} {{(pid=42716) fill_context /opt/stack/keystone/keystone/server/flask/request_processing/middleware/auth_context.py:478}}
Apr 18 14:19:50 user devstack@keystone.service[42716]: DEBUG keystone.server.flask.request_processing.req_logging [None req-4a06105a-da68-4daf-b9fa-89abaf83ab2d None admin] REQUEST_METHOD: `GET` {{(pid=42716) log_request_info /opt/stack/keystone/keystone/server/flask/request_processing/req_logging.py:27}}
Apr 18 14:19:50 user devstack@keystone.service[42716]: DEBUG keystone.server.flask.request_processing.req_logging [None req-4a06105a-da68-4daf-b9fa-89abaf83ab2d None admin] SCRIPT_NAME: `/identity` {{(pid=42716) log_request_info /opt/stack/keystone/keystone/server/flask/request_processing/req_logging.py:28}}
Apr 18 14:19:50 user devstack@keystone.service[42716]: DEBUG keystone.server.flask.request_processing.req_logging [None req-4a06105a-da68-4daf-b9fa-89abaf83ab2d None admin] PATH_INFO: `/v3/roles/anotherrole` {{(pid=42716) log_request_info /opt/stack/keystone/keystone/server/flask/request_processing/req_logging.py:29}}
Apr 18 14:19:50 user devstack@keystone.service[42716]: DEBUG keystone.common.rbac_enforcer.enforcer [None req-4a06105a-da68-4daf-b9fa-89abaf83ab2d None admin] Extracting inferred target data resulted in "NOT FOUND (404)". {{(pid=42716) enforce_call /opt/stack/keystone/keystone/common/rbac_enforcer/enforcer.py:409}}
Apr 18 14:19:50 user devstack@keystone.service[42716]: ERROR keystone.server.flask.application [None req-4a06105a-da68-4daf-b9fa-89abaf83ab2d None admin] Could not find role: anotherrole.: keystone.exception.RoleNotFound: Could not find role: anotherrole.
Apr 18 14:19:50 user devstack@keystone.service[42716]: ERROR keystone.server.flask.application
Traceback (most recent call last):
Apr 18 14:19:50 user devstack@keystone.service[42716]: ERROR keystone.server.flask.application
File "/usr/local/lib/python3.10/dist-packages/flask/app.py", line 1823, in full_dispatch_request
Apr 18 14:19:50 user devstack@keystone.service[42716]: ERROR keystone.server.flask.application rv = self.dispatch_request()
Apr 18 14:19:50 user devstack@keystone.service[42716]: ERROR keystone.server.flask.application
File "/usr/local/lib/python3.10/dist-packages/flask/app.py", line 1799, in dispatch_request
Apr 18 14:19:50 user devstack@keystone.service[42716]: ERROR keystone.server.flask.application return self.ensure_sync(self.view_functions[rule.endpoint])(**view_args)
Apr 18 14:19:50 user devstack@keystone.service[42716]: ERROR keystone.server.flask.application
File "/usr/local/lib/python3.10/dist-packages/flask_restful/__init__.py", line 467, in wrapper
Apr 18 14:19:50 user devstack@keystone.service[42716]: ERROR keystone.server.flask.application resp = resource(*args, **kwargs)
Apr 18 14:19:50 user devstack@keystone.service[42716]: ERROR keystone.server.flask.application
File "/usr/local/lib/python3.10/dist-packages/flask/views.py", line 107, in view
Apr 18 14:19:50 user devstack@keystone.service[42716]: ERROR keystone.server.flask.application return current_app.ensure_sync(self.dispatch_request)(**kwargs)
Apr 18 14:19:50 user devstack@keystone.service[42716]: ERROR keystone.server.flask.application
File "/usr/local/lib/python3.10/dist-packages/flask_restful/__init__.py", line 582, in dispatch_request
Apr 18 14:19:50 user devstack@keystone.service[42716]: ERROR keystone.server.flask.application resp = meth(*args, **kwargs)
Apr 18 14:19:50 user devstack@keystone.service[42716]: ERROR keystone.server.flask.application
File "/opt/stack/keystone/keystone/api/roles.py", line 50, in get
Apr 18 14:19:50 user devstack@keystone.service[42716]: ERROR keystone.server.flask.application return self._get_role(role_id)
