Aug 17 03:53:18 user devstack@g-api.service[75594]: DEBUG glance.common.config [None req-685634f1-6f44-4ea1-a590-d3f060f7606f None None] oslo_messaging_rabbit.rabbit_qos_prefetch_count = 0 {{(pid=75594) log_opt_values /opt/stack/data/venv/lib/python3.10/site-packages/oslo_config/cfg.py:2609}}
Aug 17 03:53:18 user devstack@g-api.service[75594]: DEBUG glance.common.config [None req-685634f1-6f44-4ea1-a590-d3f060f7606f None None] oslo_messaging_rabbit.rabbit_quorum_delivery_limit = 0 {{(pid=75594) log_opt_values /opt/stack/data/venv/lib/python3.10/site-packages/oslo_config/cfg.py:2609}}
Aug 17 03:53:18 user devstack@g-api.service[75594]: DEBUG glance.common.config [None req-685634f1-6f44-4ea1-a590-d3f060f7606f None None] oslo_messaging_rabbit.rabbit_quorum_max_memory_bytes = 0 {{(pid=75594) log_opt_values /opt/stack/data/venv/lib/python3.10/site-packages/oslo_config/cfg.py:2609}}
Aug 17 03:53:18 user devstack@g-api.service[75594]: DEBUG glance.common.config [None req-685634f1-6f44-4ea1-a590-d3f060f7606f None None] oslo_messaging_rabbit.rabbit_quorum_max_memory_length = 0 {{(pid=75594) log_opt_values /opt/stack/data/venv/lib/python3.10/site-packages/oslo_config/cfg.py:2609}}
Aug 17 03:53:18 user devstack@g-api.service[75595]: DEBUG glance.api.v2.cached_images [None req-bcfe3fae-c6b6-448f-8251-7f0cd65a161c None None] Started cache worker thread {{(pid=75595) __init__ /opt/stack/glance/glance/api/v2/cached_images.py:69}}
Aug 17 03:53:18 user devstack@g-api.service[75594]: DEBUG glance.common.config [None req-685634f1-6f44-4ea1-a590-d3f060f7606f None None] oslo_messaging_rabbit.rabbit_quorum_queue = False {{(pid=75594) log_opt_values /opt/stack/data/venv/lib/python3.10/site-packages/oslo_config/cfg.py:2609}}
Aug 17 03:53:18 user devstack@g-api.service[75594]: DEBUG glance.common.config [None req-685634f1-6f44-4ea1-a590-d3f060f7606f None None] oslo_messaging_rabbit.rabbit_retry_backoff = 2 {{(pid=75594) log_opt_values /opt/stack/data/venv/lib/python3.10/site-packages/oslo_config/cfg.py:2609}}
Aug 17 03:53:18 user devstack@g-api.service[75594]: DEBUG glance.common.config [None req-685634f1-6f44-4ea1-a590-d3f060f7606f None None] oslo_messaging_rabbit.rabbit_retry_interval = 1 {{(pid=75594) log_opt_values /opt/stack/data/venv/lib/python3.10/site-packages/oslo_config/cfg.py:2609}}
Aug 17 03:53:18 user devstack@g-api.service[75594]: DEBUG glance.common.config [None req-685634f1-6f44-4ea1-a590-d3f060f7606f None None] oslo_messaging_rabbit.rabbit_transient_queues_ttl = 1800 {{(pid=75594) log_opt_values /opt/stack/data/venv/lib/python3.10/site-packages/oslo_config/cfg.py:2609}}
Aug 17 03:53:18 user devstack@g-api.service[75594]: DEBUG glance.common.config [None req-685634f1-6f44-4ea1-a590-d3f060f7606f None None] oslo_messaging_rabbit.rpc_conn_pool_size = 30 {{(pid=75594) log_opt_values /opt/stack/data/venv/lib/python3.10/site-packages/oslo_config/cfg.py:2609}}
Aug 17 03:53:18 user devstack@g-api.service[75595]: INFO glance.image_cache [None req-bcfe3fae-c6b6-448f-8251-7f0cd65a161c None None] Image cache loaded driver 'sqlite'.
Aug 17 03:53:18 user devstack@g-api.service[75594]: DEBUG glance.common.config [None req-685634f1-6f44-4ea1-a590-d3f060f7606f None None] oslo_messaging_rabbit.ssl = False {{(pid=75594) log_opt_values /opt/stack/data/venv/lib/python3.10/site-packages/oslo_config/cfg.py:2609}}
Aug 17 03:53:18 user devstack@g-api.service[75595]: DEBUG oslo_concurrency.lockutils [None req-bcfe3fae-c6b6-448f-8251-7f0cd65a161c None None] Acquiring lock "image_cache_db_init" by "glance.image_cache.drivers.sqlite.Driver.initialize_db..create_db" {{(pid=75595) inner /opt/stack/data/venv/lib/python3.10/site-packages/oslo_concurrency/lockutils.py:404}}
Aug 17 03:53:18 user devstack@g-api.service[75594]: DEBUG glance.common.config [None req-685634f1-6f44-4ea1-a590-d3f060f7606f None None] oslo_messaging_rabbit.ssl_ca_file = {{(pid=75594) log_opt_values /opt/stack/data/venv/lib/python3.10/site-packages/oslo_config/cfg.py:2609}}
Aug 17 03:53:18 user devstack@g-api.service[75594]: DEBUG glance.common.config [None req-685634f1-6f44-4ea1-a590-d3f060f7606f None None] oslo_messaging_rabbit.ssl_cert_file = {{(pid=75594) log_opt_values /opt/stack/data/venv/lib/python3.10/site-packages/oslo_config/cfg.py:2609}}
Aug 17 03:53:18 user devstack@g-api.service[75593]: DEBUG glance.common.config [None req-0aa11413-5f95-4829-8fdd-0350dab92fbe None None] ******************************************************************************** {{(pid=75593) log_opt_values /opt/stack/data/venv/lib/python3.10/site-packages/oslo_config/cfg.py:2589}}
Aug 17 03:53:18 user devstack@g-api.service[75594]: DEBUG glance.common.config [None req-685634f1-6f44-4ea1-a590-d3f060f7606f None None] oslo_messaging_rabbit.ssl_enforce_fips_mode = False {{(pid=75594) log_opt_values /opt/stack/data/venv/lib/python3.10/site-packages/oslo_config/cfg.py:2609}}
Aug 17 03:53:18 user devstack@g-api.service[75593]: DEBUG glance.common.config [None req-0aa11413-5f95-4829-8fdd-0350dab92fbe None None] Configuration options gathered from: {{(pid=75593) log_opt_values /opt/stack/data/venv/lib/python3.10/site-packages/oslo_config/cfg.py:2590}}
Aug 17 03:53:18 user devstack@g-api.service[75595]: DEBUG oslo_concurrency.lockutils [None req-bcfe3fae-c6b6-448f-8251-7f0cd65a161c None None] Lock "image_cache_db_init" acquired by "glance.image_cache.drivers.sqlite.Driver.initialize_db..create_db" :: waited 0.001s {{(pid=75595) inner /opt/stack/data/venv/lib/python3.10/site-packages/oslo_concurrency/lockutils.py:409}}
Aug 17 03:53:18 user devstack@g-api.service[75594]: DEBUG glance.common.config [None req-685634f1-6f44-4ea1-a590-d3f060f7606f None None] oslo_messaging_rabbit.ssl_key_file = {{(pid=75594) log_opt_values /opt/stack/data/venv/lib/python3.10/site-packages/oslo_config/cfg.py:2609}}
Aug 17 03:53:18 user devstack@g-api.service[75594]: DEBUG glance.common.config [None req-685634f1-6f44-4ea1-a590-d3f060f7606f None None] oslo_messaging_rabbit.ssl_version = {{(pid=75594) log_opt_values /opt/stack/data/venv/lib/python3.10/site-packages/oslo_config/cfg.py:2609}}
Aug 17 03:53:18 user devstack@g-api.service[75593]: DEBUG glance.common.config [None req-0aa11413-5f95-4829-8fdd-0350dab92fbe None None] command line args: [] {{(pid=75593) log_opt_values /opt/stack/data/venv/lib/python3.10/site-packages/oslo_config/cfg.py:2591}}
Aug 17 03:53:18 user devstack@g-api.service[75595]: DEBUG oslo_concurrency.lockutils [None req-bcfe3fae-c6b6-448f-8251-7f0cd65a161c None None] Lock "image_cache_db_init" "released" by "glance.image_cache.drivers.sqlite.Driver.initialize_db..create_db" :: held 0.001s {{(pid=75595) inner /opt/stack/data/venv/lib/python3.10/site-packages/oslo_concurrency/lockutils.py:423}}
Aug 17 03:53:18 user devstack@g-api.service[75594]: DEBUG glance.common.config [None req-685634f1-6f44-4ea1-a590-d3f060f7606f None None] key_manager.backend = barbican {{(pid=75594) log_opt_values /opt/stack/data/venv/lib/python3.10/site-packages/oslo_config/cfg.py:2609}}
Aug 17 03:53:18 user devstack@g-api.service[75593]: DEBUG glance.common.config [None req-0aa11413-5f95-4829-8fdd-0350dab92fbe None None] config files: ['/etc/glance/glance-api-paste.ini', '/etc/glance/glance-image-import.conf', '/etc/glance/glance-api.conf'] {{(pid=75593) log_opt_values /opt/stack/data/venv/lib/python3.10/site-packages/oslo_config/cfg.py:2592}}
Aug 17 03:53:18 user devstack@g-api.service[75594]: DEBUG glance.common.config [None req-685634f1-6f44-4ea1-a590-d3f060f7606f None None] key_manager.fixed_key = None {{(pid=75594) log_opt_values /opt/stack/data/venv/lib/python3.10/site-packages/oslo_config/cfg.py:2609}}
Aug 17 03:53:18 user devstack@g-api.service[75593]: DEBUG glance.common.config [None req-0aa11413-5f95-4829-8fdd-0350dab92fbe None None] ================================================================================ {{(pid=75593) log_opt_values /opt/stack/data/venv/lib/python3.10/site-packages/oslo_config/cfg.py:2594}}
Aug 17 03:53:18 user devstack@g-api.service[75594]: DEBUG glance.common.config [None req-685634f1-6f44-4ea1-a590-d3f060f7606f None None] barbican.auth_endpoint = http://localhost/identity/v3 {{(pid=75594) log_opt_values /opt/stack/data/venv/lib/python3.10/site-packages/oslo_config/cfg.py:2609}}
Aug 17 03:53:18 user devstack@g-api.service[75593]: DEBUG glance.common.config [None req-0aa11413-5f95-4829-8fdd-0350dab92fbe None None] allow_additional_image_properties = True {{(pid=75593) log_opt_values /opt/stack/data/venv/lib/python3.10/site-packages/oslo_config/cfg.py:2602}}
Aug 17 03:53:18 user devstack@g-api.service[75594]: DEBUG glance.common.config [None req-685634f1-6f44-4ea1-a590-d3f060f7606f None None] barbican.barbican_api_version = None {{(pid=75594) log_opt_values /opt/stack/data/venv/lib/python3.10/site-packages/oslo_config/cfg.py:2609}}
Aug 17 03:53:18 user devstack@g-api.service[75593]: DEBUG glance.common.config [None req-0aa11413-5f95-4829-8fdd-0350dab92fbe None None] allow_anonymous_access = False {{(pid=75593) log_opt_values /opt/stack/data/venv/lib/python3.10/site-packages/oslo_config/cfg.py:2602}}
Aug 17 03:53:18 user devstack@g-api.service[75594]: DEBUG glance.common.config [None req-685634f1-6f44-4ea1-a590-d3f060f7606f None None] barbican.barbican_endpoint = None {{(pid=75594) log_opt_values /opt/stack/data/venv/lib/python3.10/site-packages/oslo_config/cfg.py:2609}}
Aug 17 03:53:18 user devstack@g-api.service[75593]: DEBUG glance.common.config [None req-0aa11413-5f95-4829-8fdd-0350dab92fbe None None] api_limit_max = 1000 {{(pid=75593) log_opt_values /opt/stack/data/venv/lib/python3.10/site-packages/oslo_config/cfg.py:2602}}
Aug 17 03:53:18 user devstack@g-api.service[75594]: DEBUG glance.common.config [None req-685634f1-6f44-4ea1-a590-d3f060f7606f None None] barbican.barbican_endpoint_type = public {{(pid=75594) log_opt_values /opt/stack/data/venv/lib/python3.10/site-packages/oslo_config/cfg.py:2609}}
Aug 17 03:53:18 user devstack@g-api.service[75593]: DEBUG glance.common.config [None req-0aa11413-5f95-4829-8fdd-0350dab92fbe None None] backlog = 4096 {{(pid=75593) log_opt_values /opt/stack/data/venv/lib/python3.10/site-packages/oslo_config/cfg.py:2602}}
Aug 17 03:53:18 user devstack@g-api.service[75594]: DEBUG glance.common.config [None req-685634f1-6f44-4ea1-a590-d3f060f7606f None None] barbican.barbican_region_name = None {{(pid=75594) log_opt_values /opt/stack/data/venv/lib/python3.10/site-packages/oslo_config/cfg.py:2609}}
Aug 17 03:53:18 user devstack@g-api.service[75593]: DEBUG glance.common.config [None req-0aa11413-5f95-4829-8fdd-0350dab92fbe None None] bind_host = 0.0.0.0 {{(pid=75593) log_opt_values /opt/stack/data/venv/lib/python3.10/site-packages/oslo_config/cfg.py:2602}}
Aug 17 03:53:18 user devstack@g-api.service[75594]: DEBUG glance.common.config [None req-685634f1-6f44-4ea1-a590-d3f060f7606f None None] barbican.cafile = None {{(pid=75594) log_opt_values /opt/stack/data/venv/lib/python3.10/site-packages/oslo_config/cfg.py:2609}}
Aug 17 03:53:18 user devstack@g-api.service[75593]: DEBUG glance.common.config [None req-0aa11413-5f95-4829-8fdd-0350dab92fbe None None] bind_port = None {{(pid=75593) log_opt_values /opt/stack/data/venv/lib/python3.10/site-packages/oslo_config/cfg.py:2602}}
Aug 17 03:53:18 user devstack@g-api.service[75594]: DEBUG glance.common.config [None req-685634f1-6f44-4ea1-a590-d3f060f7606f None None] barbican.certfile = None {{(pid=75594) log_opt_values /opt/stack/data/venv/lib/python3.10/site-packages/oslo_config/cfg.py:2609}}
Aug 17 03:53:18 user devstack@g-api.service[75593]: DEBUG glance.common.config [None req-0aa11413-5f95-4829-8fdd-0350dab92fbe None None] client_socket_timeout = 900 {{(pid=75593) log_opt_values /opt/stack/data/venv/lib/python3.10/site-packages/oslo_config/cfg.py:2602}}
Aug 17 03:53:18 user devstack@g-api.service[75594]: DEBUG glance.common.config [None req-685634f1-6f44-4ea1-a590-d3f060f7606f None None] barbican.collect_timing = False {{(pid=75594) log_opt_values /opt/stack/data/venv/lib/python3.10/site-packages/oslo_config/cfg.py:2609}}
Aug 17 03:53:18 user devstack@g-api.service[75593]: DEBUG glance.common.config [None req-0aa11413-5f95-4829-8fdd-0350dab92fbe None None] config_dir = [] {{(pid=75593) log_opt_values /opt/stack/data/venv/lib/python3.10/site-packages/oslo_config/cfg.py:2602}}
Aug 17 03:53:18 user devstack@g-api.service[75594]: DEBUG glance.common.config [None req-685634f1-6f44-4ea1-a590-d3f060f7606f None None] barbican.insecure = False {{(pid=75594) log_opt_values /opt/stack/data/venv/lib/python3.10/site-packages/oslo_config/cfg.py:2609}}
Aug 17 03:53:18 user devstack@g-api.service[75593]: DEBUG glance.common.config [None req-0aa11413-5f95-4829-8fdd-0350dab92fbe None None] config_file = ['/etc/glance/glance-api-paste.ini', '/etc/glance/glance-image-import.conf', '/etc/glance/glance-api.conf'] {{(pid=75593) log_opt_values /opt/stack/data/venv/lib/python3.10/site-packages/oslo_config/cfg.py:2602}}
Aug 17 03:53:18 user devstack@g-api.service[75594]: DEBUG glance.common.config [None req-685634f1-6f44-4ea1-a590-d3f060f7606f None None] barbican.keyfile = None {{(pid=75594) log_opt_values /opt/stack/data/venv/lib/python3.10/site-packages/oslo_config/cfg.py:2609}}
Aug 17 03:53:18 user devstack@g-api.service[75593]: DEBUG glance.common.config [None req-0aa11413-5f95-4829-8fdd-0350dab92fbe None None] config_source = [] {{(pid=75593) log_opt_values /opt/stack/data/venv/lib/python3.10/site-packages/oslo_config/cfg.py:2602}}
Aug 17 03:53:18 user devstack@g-api.service[75594]: DEBUG glance.common.config [None req-685634f1-6f44-4ea1-a590-d3f060f7606f None None] barbican.number_of_retries = 60 {{(pid=75594) log_opt_values /opt/stack/data/venv/lib/python3.10/site-packages/oslo_config/cfg.py:2609}}
Aug 17 03:53:18 user devstack@g-api.service[75593]: DEBUG glance.common.config [None req-0aa11413-5f95-4829-8fdd-0350dab92fbe None None] control_exchange = glance {{(pid=75593) log_opt_values /opt/stack/data/venv/lib/python3.10/site-packages/oslo_config/cfg.py:2602}}
Aug 17 03:53:18 user devstack@g-api.service[75594]: DEBUG glance.common.config [None req-685634f1-6f44-4ea1-a590-d3f060f7606f None None] barbican.retry_delay = 1 {{(pid=75594) log_opt_values /opt/stack/data/venv/lib/python3.10/site-packages/oslo_config/cfg.py:2609}}
Aug 17 03:53:18 user devstack@g-api.service[75593]: DEBUG glance.common.config [None req-0aa11413-5f95-4829-8fdd-0350dab92fbe None None] debug = True {{(pid=75593) log_opt_values /opt/stack/data/venv/lib/python3.10/site-packages/oslo_config/cfg.py:2602}}
Aug 17 03:53:18 user devstack@g-api.service[75594]: DEBUG glance.common.config [None req-685634f1-6f44-4ea1-a590-d3f060f7606f None None] barbican.send_service_user_token = False {{(pid=75594) log_opt_values /opt/stack/data/venv/lib/python3.10/site-packages/oslo_config/cfg.py:2609}}
Aug 17 03:53:18 user devstack@g-api.service[75594]: DEBUG glance.common.config [None req-685634f1-6f44-4ea1-a590-d3f060f7606f None None] barbican.split_loggers = False {{(pid=75594) log_opt_values /opt/stack/data/venv/lib/python3.10/site-packages/oslo_config/cfg.py:2609}}
Aug 17 03:53:18 user devstack@g-api.service[75593]: DEBUG glance.common.config [None req-0aa11413-5f95-4829-8fdd-0350dab92fbe None None] default_log_levels = ['amqp=WARN', 'amqplib=WARN', 'boto=WARN', 'qpid=WARN', 'sqlalchemy=WARN', 'suds=INFO', 'oslo.messaging=INFO', 'oslo_messaging=INFO', 'iso8601=WARN', 'requests.packages.urllib3.connectionpool=WARN', 'urllib3.connectionpool=WARN', 'websocket=WARN', 'requests.packages.urllib3.util.retry=WARN', 'urllib3.util.retry=WARN', 'keystonemiddleware=WARN', 'routes.middleware=WARN', 'stevedore=WARN', 'taskflow=WARN', 'keystoneauth=WARN', 'oslo.cache=INFO', 'oslo_policy=INFO', 'dogpile.core.dogpile=INFO'] {{(pid=75593) log_opt_values /opt/stack/data/venv/lib/python3.10/site-packages/oslo_config/cfg.py:2602}}
Aug 17 03:53:18 user devstack@g-api.service[75594]: DEBUG glance.common.config [None req-685634f1-6f44-4ea1-a590-d3f060f7606f None None] barbican.timeout = None {{(pid=75594) log_opt_values /opt/stack/data/venv/lib/python3.10/site-packages/oslo_config/cfg.py:2609}}
Aug 17 03:53:18 user devstack@g-api.service[75593]: DEBUG glance.common.config [None req-0aa11413-5f95-4829-8fdd-0350dab92fbe None None] default_publisher_id = image.localhost {{(pid=75593) log_opt_values /opt/stack/data/venv/lib/python3.10/site-packages/oslo_config/cfg.py:2602}}
Aug 17 03:53:18 user devstack@g-api.service[75594]: DEBUG glance.common.config [None req-685634f1-6f44-4ea1-a590-d3f060f7606f None None] barbican.verify_ssl = True {{(pid=75594) log_opt_values /opt/stack/data/venv/lib/python3.10/site-packages/oslo_config/cfg.py:2609}}
Aug 17 03:53:18 user devstack@g-api.service[75593]: DEBUG glance.common.config [None req-0aa11413-5f95-4829-8fdd-0350dab92fbe None None] delayed_delete = False {{(pid=75593) log_opt_values /opt/stack/data/venv/lib/python3.10/site-packages/oslo_config/cfg.py:2602}}
Aug 17 03:53:18 user devstack@g-api.service[75594]: DEBUG glance.common.config [None req-685634f1-6f44-4ea1-a590-d3f060f7606f None None] barbican.verify_ssl_path = None {{(pid=75594) log_opt_values /opt/stack/data/venv/lib/python3.10/site-packages/oslo_config/cfg.py:2609}}
Aug 17 03:53:18 user devstack@g-api.service[75593]: DEBUG glance.common.config [None req-0aa11413-5f95-4829-8fdd-0350dab92fbe None None] digest_algorithm = sha256 {{(pid=75593) log_opt_values /opt/stack/data/venv/lib/python3.10/site-packages/oslo_config/cfg.py:2602}}
Aug 17 03:53:18 user devstack@g-api.service[75594]: DEBUG glance.common.config [None req-685634f1-6f44-4ea1-a590-d3f060f7606f None None] barbican_service_user.auth_section = None {{(pid=75594) log_opt_values /opt/stack/data/venv/lib/python3.10/site-packages/oslo_config/cfg.py:2609}}
Aug 17 03:53:18 user devstack@g-api.service[75593]: DEBUG glance.common.config [None req-0aa11413-5f95-4829-8fdd-0350dab92fbe None None] disabled_notifications = [] {{(pid=75593) log_opt_values /opt/stack/data/venv/lib/python3.10/site-packages/oslo_config/cfg.py:2602}}
Aug 17 03:53:18 user devstack@g-api.service[75594]: DEBUG glance.common.config [None req-685634f1-6f44-4ea1-a590-d3f060f7606f None None] barbican_service_user.auth_type = None {{(pid=75594) log_opt_values /opt/stack/data/venv/lib/python3.10/site-packages/oslo_config/cfg.py:2609}}
Aug 17 03:53:18 user devstack@g-api.service[75593]: DEBUG glance.common.config [None req-0aa11413-5f95-4829-8fdd-0350dab92fbe None None] enabled_backends = None {{(pid=75593) log_opt_values /opt/stack/data/venv/lib/python3.10/site-packages/oslo_config/cfg.py:2602}}
Aug 17 03:53:18 user devstack@g-api.service[75594]: DEBUG glance.common.config [None req-685634f1-6f44-4ea1-a590-d3f060f7606f None None] barbican_service_user.cafile = None {{(pid=75594) log_opt_values /opt/stack/data/venv/lib/python3.10/site-packages/oslo_config/cfg.py:2609}}
Aug 17 03:53:18 user devstack@g-api.service[75593]: DEBUG glance.common.config [None req-0aa11413-5f95-4829-8fdd-0350dab92fbe None None] enabled_import_methods = ['glance-direct', 'web-download', 'copy-image'] {{(pid=75593) log_opt_values /opt/stack/data/venv/lib/python3.10/site-packages/oslo_config/cfg.py:2602}}
Aug 17 03:53:18 user devstack@g-api.service[75594]: DEBUG glance.common.config [None req-685634f1-6f44-4ea1-a590-d3f060f7606f None None] barbican_service_user.certfile = None {{(pid=75594) log_opt_values /opt/stack/data/venv/lib/python3.10/site-packages/oslo_config/cfg.py:2609}}
Aug 17 03:53:18 user devstack@g-api.service[75593]: DEBUG glance.common.config [None req-0aa11413-5f95-4829-8fdd-0350dab92fbe None None] hashing_algorithm = sha512 {{(pid=75593) log_opt_values /opt/stack/data/venv/lib/python3.10/site-packages/oslo_config/cfg.py:2602}}
Aug 17 03:53:18 user devstack@g-api.service[75594]: DEBUG glance.common.config [None req-685634f1-6f44-4ea1-a590-d3f060f7606f None None] barbican_service_user.collect_timing = False {{(pid=75594) log_opt_values /opt/stack/data/venv/lib/python3.10/site-packages/oslo_config/cfg.py:2609}}
Aug 17 03:53:18 user devstack@g-api.service[75593]: DEBUG glance.common.config [None req-0aa11413-5f95-4829-8fdd-0350dab92fbe None None] http_keepalive = True {{(pid=75593) log_opt_values /opt/stack/data/venv/lib/python3.10/site-packages/oslo_config/cfg.py:2602}}
Aug 17 03:53:18 user devstack@g-api.service[75594]: DEBUG glance.common.config [None req-685634f1-6f44-4ea1-a590-d3f060f7606f None None] barbican_service_user.insecure = False {{(pid=75594) log_opt_values /opt/stack/data/venv/lib/python3.10/site-packages/oslo_config/cfg.py:2609}}
Aug 17 03:53:18 user devstack@g-api.service[75593]: DEBUG glance.common.config [None req-0aa11413-5f95-4829-8fdd-0350dab92fbe None None] image_cache_dir = /opt/stack/data/glance/cache/ {{(pid=75593) log_opt_values /opt/stack/data/venv/lib/python3.10/site-packages/oslo_config/cfg.py:2602}}
Aug 17 03:53:18 user devstack@g-api.service[75594]: DEBUG glance.common.config [None req-685634f1-6f44-4ea1-a590-d3f060f7606f None None] barbican_service_user.keyfile = None {{(pid=75594) log_opt_values /opt/stack/data/venv/lib/python3.10/site-packages/oslo_config/cfg.py:2609}}
Aug 17 03:53:18 user devstack@g-api.service[75593]: DEBUG glance.common.config [None req-0aa11413-5f95-4829-8fdd-0350dab92fbe None None] image_cache_driver = sqlite {{(pid=75593) log_opt_values /opt/stack/data/venv/lib/python3.10/site-packages/oslo_config/cfg.py:2602}}
Aug 17 03:53:18 user devstack@g-api.service[75594]: DEBUG glance.common.config [None req-685634f1-6f44-4ea1-a590-d3f060f7606f None None] barbican_service_user.split_loggers = False {{(pid=75594) log_opt_values /opt/stack/data/venv/lib/python3.10/site-packages/oslo_config/cfg.py:2609}}
Aug 17 03:53:18 user devstack@g-api.service[75593]: DEBUG glance.common.config [None req-0aa11413-5f95-4829-8fdd-0350dab92fbe None None] image_cache_max_size = 10737418240 {{(pid=75593) log_opt_values /opt/stack/data/venv/lib/python3.10/site-packages/oslo_config/cfg.py:2602}}
Aug 17 03:53:18 user devstack@g-api.service[75594]: DEBUG glance.common.config [None req-685634f1-6f44-4ea1-a590-d3f060f7606f None None] barbican_service_user.timeout = None {{(pid=75594) log_opt_values /opt/stack/data/venv/lib/python3.10/site-packages/oslo_config/cfg.py:2609}}
Aug 17 03:53:18 user devstack@g-api.service[75593]: DEBUG glance.common.config [None req-0aa11413-5f95-4829-8fdd-0350dab92fbe None None] image_cache_sqlite_db = cache.db {{(pid=75593) log_opt_values /opt/stack/data/venv/lib/python3.10/site-packages/oslo_config/cfg.py:2602}}
Aug 17 03:53:18 user devstack@g-api.service[75594]: DEBUG glance.common.config [None req-685634f1-6f44-4ea1-a590-d3f060f7606f None None] healthcheck.backends = ['disable_by_file'] {{(pid=75594) log_opt_values /opt/stack/data/venv/lib/python3.10/site-packages/oslo_config/cfg.py:2609}}
Aug 17 03:53:18 user devstack@g-api.service[75593]: DEBUG glance.common.config [None req-0aa11413-5f95-4829-8fdd-0350dab92fbe None None] image_cache_stall_time = 86400 {{(pid=75593) log_opt_values /opt/stack/data/venv/lib/python3.10/site-packages/oslo_config/cfg.py:2602}}
Aug 17 03:53:18 user devstack@g-api.service[75594]: DEBUG glance.common.config [None req-685634f1-6f44-4ea1-a590-d3f060f7606f None None] healthcheck.detailed = False {{(pid=75594) log_opt_values /opt/stack/data/venv/lib/python3.10/site-packages/oslo_config/cfg.py:2609}}
Aug 17 03:53:18 user devstack@g-api.service[75593]: DEBUG glance.common.config [None req-0aa11413-5f95-4829-8fdd-0350dab92fbe None None] image_location_quota = 10 {{(pid=75593) log_opt_values /opt/stack/data/venv/lib/python3.10/site-packages/oslo_config/cfg.py:2602}}
Aug 17 03:53:18 user devstack@g-api.service[75594]: DEBUG glance.common.config [None req-685634f1-6f44-4ea1-a590-d3f060f7606f None None] healthcheck.disable_by_file_path = None {{(pid=75594) log_opt_values /opt/stack/data/venv/lib/python3.10/site-packages/oslo_config/cfg.py:2609}}
Aug 17 03:53:18 user devstack@g-api.service[75593]: DEBUG glance.common.config [None req-0aa11413-5f95-4829-8fdd-0350dab92fbe None None] image_member_quota = 128 {{(pid=75593) log_opt_values /opt/stack/data/venv/lib/python3.10/site-packages/oslo_config/cfg.py:2602}}
Aug 17 03:53:18 user devstack@g-api.service[75594]: DEBUG glance.common.config [None req-685634f1-6f44-4ea1-a590-d3f060f7606f None None] healthcheck.path = /healthcheck {{(pid=75594) log_opt_values /opt/stack/data/venv/lib/python3.10/site-packages/oslo_config/cfg.py:2609}}
Aug 17 03:53:18 user devstack@g-api.service[75593]: DEBUG glance.common.config [None req-0aa11413-5f95-4829-8fdd-0350dab92fbe None None] image_property_quota = 128 {{(pid=75593) log_opt_values /opt/stack/data/venv/lib/python3.10/site-packages/oslo_config/cfg.py:2602}}
Aug 17 03:53:18 user devstack@g-api.service[75594]: DEBUG glance.common.config [None req-685634f1-6f44-4ea1-a590-d3f060f7606f None None] ******************************************************************************** {{(pid=75594) log_opt_values /opt/stack/data/venv/lib/python3.10/site-packages/oslo_config/cfg.py:2613}}
Aug 17 03:53:18 user devstack@g-api.service[75594]: WSGI app 0 (mountpoint='') ready in 4 seconds on interpreter 0x55666be030a0 pid: 75594 (default app)
Aug 17 03:53:18 user devstack@g-api.service[75593]: DEBUG glance.common.config [None req-0aa11413-5f95-4829-8fdd-0350dab92fbe None None] image_size_cap = 1099511627776 {{(pid=75593) log_opt_values /opt/stack/data/venv/lib/python3.10/site-packages/oslo_config/cfg.py:2602}}
Aug 17 03:53:18 user devstack@g-api.service[75593]: DEBUG glance.common.config [None req-0aa11413-5f95-4829-8fdd-0350dab92fbe None None] image_tag_quota = 128 {{(pid=75593) log_opt_values /opt/stack/data/venv/lib/python3.10/site-packages/oslo_config/cfg.py:2602}}
Aug 17 03:53:18 user devstack@g-api.service[75593]: DEBUG glance.common.config [None req-0aa11413-5f95-4829-8fdd-0350dab92fbe None None] instance_format = [instance: %(uuid)s] {{(pid=75593) log_opt_values /opt/stack/data/venv/lib/python3.10/site-packages/oslo_config/cfg.py:2602}}
Aug 17 03:53:18 user devstack@g-api.service[75594]: DEBUG glance.api.middleware.version_negotiation [None req-685634f1-6f44-4ea1-a590-d3f060f7606f None None] Determining version of request: GET / Accept: */* {{(pid=75594) process_request /opt/stack/glance/glance/api/middleware/version_negotiation.py:44}}
Aug 17 03:53:18 user devstack@g-api.service[75593]: DEBUG glance.common.config [None req-0aa11413-5f95-4829-8fdd-0350dab92fbe None None] instance_uuid_format = [instance: %(uuid)s] {{(pid=75593) log_opt_values /opt/stack/data/venv/lib/python3.10/site-packages/oslo_config/cfg.py:2602}}
Aug 17 03:53:18 user devstack@g-api.service[75593]: DEBUG glance.common.config [None req-0aa11413-5f95-4829-8fdd-0350dab92fbe None None] limit_param_default = 25 {{(pid=75593) log_opt_values /opt/stack/data/venv/lib/python3.10/site-packages/oslo_config/cfg.py:2602}}
Aug 17 03:53:18 user devstack@g-api.service[75594]: DEBUG glance.api.middleware.version_negotiation [None req-685634f1-6f44-4ea1-a590-d3f060f7606f None None] Using url versioning {{(pid=75594) process_request /opt/stack/glance/glance/api/middleware/version_negotiation.py:57}}
Aug 17 03:53:18 user devstack@g-api.service[75593]: DEBUG glance.common.config [None req-0aa11413-5f95-4829-8fdd-0350dab92fbe None None] location_strategy = location_order {{(pid=75593) log_opt_values /opt/stack/data/venv/lib/python3.10/site-packages/oslo_config/cfg.py:2602}}
Aug 17 03:53:18 user devstack@g-api.service[75594]: DEBUG glance.api.middleware.version_negotiation [None req-685634f1-6f44-4ea1-a590-d3f060f7606f None None] Unknown version. Returning version choices. {{(pid=75594) process_request /opt/stack/glance/glance/api/middleware/version_negotiation.py:64}}
Aug 17 03:53:18 user devstack@g-api.service[75593]: DEBUG glance.common.config [None req-0aa11413-5f95-4829-8fdd-0350dab92fbe None None] log_config_append = None {{(pid=75593) log_opt_values /opt/stack/data/venv/lib/python3.10/site-packages/oslo_config/cfg.py:2602}}
Aug 17 03:53:18 user devstack@g-api.service[75593]: DEBUG glance.common.config [None req-0aa11413-5f95-4829-8fdd-0350dab92fbe None None] log_date_format = %Y-%m-%d %H:%M:%S {{(pid=75593) log_opt_values /opt/stack/data/venv/lib/python3.10/site-packages/oslo_config/cfg.py:2602}}
Aug 17 03:53:18 user devstack@g-api.service[75593]: DEBUG glance.common.config [None req-0aa11413-5f95-4829-8fdd-0350dab92fbe None None] log_dir = None {{(pid=75593) log_opt_values /opt/stack/data/venv/lib/python3.10/site-packages/oslo_config/cfg.py:2602}}
Aug 17 03:53:18 user devstack@g-api.service[75593]: DEBUG glance.common.config [None req-0aa11413-5f95-4829-8fdd-0350dab92fbe None None] log_file = None {{(pid=75593) log_opt_values /opt/stack/data/venv/lib/python3.10/site-packages/oslo_config/cfg.py:2602}}
Aug 17 03:53:18 user devstack@g-api.service[75593]: DEBUG glance.common.config [None req-0aa11413-5f95-4829-8fdd-0350dab92fbe None None] log_rotate_interval = 1 {{(pid=75593) log_opt_values /opt/stack/data/venv/lib/python3.10/site-packages/oslo_config/cfg.py:2602}}
Aug 17 03:53:18 user devstack@g-api.service[75594]: [pid: 75594|app: 0|req: 1/1] 127.0.0.1 () {32 vars in 382 bytes} [Thu Aug 17 03:53:18 2023] GET / => generated 1287 bytes in 2 msecs (HTTP/1.1 300) 3 headers in 106 bytes (1 switches on core 0)
Aug 17 03:53:18 user devstack@g-api.service[75593]: DEBUG glance.common.config [None req-0aa11413-5f95-4829-8fdd-0350dab92fbe None None] log_rotate_interval_type = days {{(pid=75593) log_opt_values /opt/stack/data/venv/lib/python3.10/site-packages/oslo_config/cfg.py:2602}}
Aug 17 03:53:18 user devstack@g-api.service[75593]: DEBUG glance.common.config [None req-0aa11413-5f95-4829-8fdd-0350dab92fbe None None] log_rotation_type = none {{(pid=75593) log_opt_values /opt/stack/data/venv/lib/python3.10/site-packages/oslo_config/cfg.py:2602}}
Aug 17 03:53:18 user devstack@g-api.service[75593]: DEBUG glance.common.config [None req-0aa11413-5f95-4829-8fdd-0350dab92fbe None None] logging_context_format_string = %(color)s%(levelname)s %(name)s [%(global_request_id)s %(request_id)s %(project_name)s %(user_name)s%(color)s] %(instance)s%(color)s%(message)s {{(pid=75593) log_opt_values /opt/stack/data/venv/lib/python3.10/site-packages/oslo_config/cfg.py:2602}}
Aug 17 03:53:18 user devstack@g-api.service[75593]: DEBUG glance.common.config [None req-0aa11413-5f95-4829-8fdd-0350dab92fbe None None] logging_debug_format_suffix = {{(pid=%(process)d) %(funcName)s %(pathname)s:%(lineno)d}} {{(pid=75593) log_opt_values /opt/stack/data/venv/lib/python3.10/site-packages/oslo_config/cfg.py:2602}}
Aug 17 03:53:18 user devstack@g-api.service[75595]: INFO glance.api.middleware.cache_manage [None req-bcfe3fae-c6b6-448f-8251-7f0cd65a161c None None] Initialized image cache management middleware
Aug 17 03:53:18 user devstack@g-api.service[75593]: DEBUG glance.common.config [None req-0aa11413-5f95-4829-8fdd-0350dab92fbe None None] logging_default_format_string = %(color)s%(levelname)s %(name)s [-%(color)s] %(instance)s%(color)s%(message)s {{(pid=75593) log_opt_values /opt/stack/data/venv/lib/python3.10/site-packages/oslo_config/cfg.py:2602}}
Aug 17 03:53:18 user devstack@g-api.service[75593]: DEBUG glance.common.config [None req-0aa11413-5f95-4829-8fdd-0350dab92fbe None None] logging_exception_prefix = ERROR %(name)s %(instance)s {{(pid=75593) log_opt_values /opt/stack/data/venv/lib/python3.10/site-packages/oslo_config/cfg.py:2602}}
Aug 17 03:53:18 user devstack@g-api.service[75595]: INFO glance.image_cache [None req-bcfe3fae-c6b6-448f-8251-7f0cd65a161c None None] Image cache loaded driver 'sqlite'.
Aug 17 03:53:18 user devstack@g-api.service[75593]: DEBUG glance.common.config [None req-0aa11413-5f95-4829-8fdd-0350dab92fbe None None] logging_user_identity_format = %(user)s %(project)s %(domain)s %(system_scope)s %(user_domain)s %(project_domain)s {{(pid=75593) log_opt_values /opt/stack/data/venv/lib/python3.10/site-packages/oslo_config/cfg.py:2602}}
Aug 17 03:53:18 user devstack@g-api.service[75593]: DEBUG glance.common.config [None req-0aa11413-5f95-4829-8fdd-0350dab92fbe None None] max_header_line = 16384 {{(pid=75593) log_opt_values /opt/stack/data/venv/lib/python3.10/site-packages/oslo_config/cfg.py:2602}}
Aug 17 03:53:18 user devstack@g-api.service[75595]: DEBUG oslo_concurrency.lockutils [None req-bcfe3fae-c6b6-448f-8251-7f0cd65a161c None None] Acquiring lock "image_cache_db_init" by "glance.image_cache.drivers.sqlite.Driver.initialize_db..create_db" {{(pid=75595) inner /opt/stack/data/venv/lib/python3.10/site-packages/oslo_concurrency/lockutils.py:404}}
Aug 17 03:53:18 user devstack@g-api.service[75593]: DEBUG glance.common.config [None req-0aa11413-5f95-4829-8fdd-0350dab92fbe None None] max_logfile_count = 30 {{(pid=75593) log_opt_values /opt/stack/data/venv/lib/python3.10/site-packages/oslo_config/cfg.py:2602}}
Aug 17 03:53:18 user devstack@g-api.service[75593]: DEBUG glance.common.config [None req-0aa11413-5f95-4829-8fdd-0350dab92fbe None None] max_logfile_size_mb = 200 {{(pid=75593) log_opt_values /opt/stack/data/venv/lib/python3.10/site-packages/oslo_config/cfg.py:2602}}
Aug 17 03:53:18 user devstack@g-api.service[75595]: DEBUG oslo_concurrency.lockutils [None req-bcfe3fae-c6b6-448f-8251-7f0cd65a161c None None] Lock "image_cache_db_init" acquired by "glance.image_cache.drivers.sqlite.Driver.initialize_db..create_db" :: waited 0.001s {{(pid=75595) inner /opt/stack/data/venv/lib/python3.10/site-packages/oslo_concurrency/lockutils.py:409}}
Aug 17 03:53:18 user devstack@g-api.service[75593]: DEBUG glance.common.config [None req-0aa11413-5f95-4829-8fdd-0350dab92fbe None None] max_request_id_length = 64 {{(pid=75593) log_opt_values /opt/stack/data/venv/lib/python3.10/site-packages/oslo_config/cfg.py:2602}}
Aug 17 03:53:18 user devstack@g-api.service[75593]: DEBUG glance.common.config [None req-0aa11413-5f95-4829-8fdd-0350dab92fbe None None] metadata_encryption_key = **** {{(pid=75593) log_opt_values /opt/stack/data/venv/lib/python3.10/site-packages/oslo_config/cfg.py:2602}}
Aug 17 03:53:18 user devstack@g-api.service[75593]: DEBUG glance.common.config [None req-0aa11413-5f95-4829-8fdd-0350dab92fbe None None] node_staging_uri = file:///tmp/staging/ {{(pid=75593) log_opt_values /opt/stack/data/venv/lib/python3.10/site-packages/oslo_config/cfg.py:2602}}
Aug 17 03:53:18 user devstack@g-api.service[75595]: DEBUG oslo_concurrency.lockutils [None req-bcfe3fae-c6b6-448f-8251-7f0cd65a161c None None] Lock "image_cache_db_init" "released" by "glance.image_cache.drivers.sqlite.Driver.initialize_db..create_db" :: held 0.001s {{(pid=75595) inner /opt/stack/data/venv/lib/python3.10/site-packages/oslo_concurrency/lockutils.py:423}}
Aug 17 03:53:18 user devstack@g-api.service[75593]: DEBUG glance.common.config [None req-0aa11413-5f95-4829-8fdd-0350dab92fbe None None] property_protection_file = None {{(pid=75593) log_opt_values /opt/stack/data/venv/lib/python3.10/site-packages/oslo_config/cfg.py:2602}}
Aug 17 03:53:18 user devstack@g-api.service[75593]: DEBUG glance.common.config [None req-0aa11413-5f95-4829-8fdd-0350dab92fbe None None] property_protection_rule_format = roles {{(pid=75593) log_opt_values /opt/stack/data/venv/lib/python3.10/site-packages/oslo_config/cfg.py:2602}}
Aug 17 03:53:18 user devstack@g-api.service[75593]: DEBUG glance.common.config [None req-0aa11413-5f95-4829-8fdd-0350dab92fbe None None] public_endpoint = http://10.0.0.210/image {{(pid=75593) log_opt_values /opt/stack/data/venv/lib/python3.10/site-packages/oslo_config/cfg.py:2602}}
Aug 17 03:53:18 user devstack@g-api.service[75593]: DEBUG glance.common.config [None req-0aa11413-5f95-4829-8fdd-0350dab92fbe None None] publish_errors = False {{(pid=75593) log_opt_values /opt/stack/data/venv/lib/python3.10/site-packages/oslo_config/cfg.py:2602}}
Aug 17 03:53:18 user devstack@g-api.service[75593]: DEBUG glance.common.config [None req-0aa11413-5f95-4829-8fdd-0350dab92fbe None None] pydev_worker_debug_host = None {{(pid=75593) log_opt_values /opt/stack/data/venv/lib/python3.10/site-packages/oslo_config/cfg.py:2602}}
Aug 17 03:53:18 user devstack@g-api.service[75593]: DEBUG glance.common.config [None req-0aa11413-5f95-4829-8fdd-0350dab92fbe None None] pydev_worker_debug_port = 5678 {{(pid=75593) log_opt_values /opt/stack/data/venv/lib/python3.10/site-packages/oslo_config/cfg.py:2602}}
Aug 17 03:53:18 user devstack@g-api.service[75593]: DEBUG glance.common.config [None req-0aa11413-5f95-4829-8fdd-0350dab92fbe None None] rate_limit_burst = 0 {{(pid=75593) log_opt_values /opt/stack/data/venv/lib/python3.10/site-packages/oslo_config/cfg.py:2602}}
Aug 17 03:53:18 user devstack@g-api.service[75593]: DEBUG glance.common.config [None req-0aa11413-5f95-4829-8fdd-0350dab92fbe None None] rate_limit_except_level = CRITICAL {{(pid=75593) log_opt_values /opt/stack/data/venv/lib/python3.10/site-packages/oslo_config/cfg.py:2602}}
Aug 17 03:53:18 user devstack@g-api.service[75593]: DEBUG glance.common.config [None req-0aa11413-5f95-4829-8fdd-0350dab92fbe None None] rate_limit_interval = 0 {{(pid=75593) log_opt_values /opt/stack/data/venv/lib/python3.10/site-packages/oslo_config/cfg.py:2602}}
Aug 17 03:53:18 user devstack@g-api.service[75593]: DEBUG glance.common.config [None req-0aa11413-5f95-4829-8fdd-0350dab92fbe None None] scrub_pool_size = 1 {{(pid=75593) log_opt_values /opt/stack/data/venv/lib/python3.10/site-packages/oslo_config/cfg.py:2602}}
Aug 17 03:53:18 user devstack@g-api.service[75593]: DEBUG glance.common.config [None req-0aa11413-5f95-4829-8fdd-0350dab92fbe None None] scrub_time = 0 {{(pid=75593) log_opt_values /opt/stack/data/venv/lib/python3.10/site-packages/oslo_config/cfg.py:2602}}
Aug 17 03:53:18 user devstack@g-api.service[75593]: DEBUG glance.common.config [None req-0aa11413-5f95-4829-8fdd-0350dab92fbe None None] show_image_direct_url = False {{(pid=75593) log_opt_values /opt/stack/data/venv/lib/python3.10/site-packages/oslo_config/cfg.py:2602}}
Aug 17 03:53:18 user devstack@g-api.service[75593]: WARNING oslo_config.cfg [None req-0aa11413-5f95-4829-8fdd-0350dab92fbe None None] Deprecated: Option "show_multiple_locations" from group "DEFAULT" is deprecated for removal (Use of this option, deprecated since Newton, is a security risk and will be removed once we figure out a way to satisfy those use cases that currently require it. An earlier announcement that the same functionality can be achieved with greater granularity by using policies is incorrect. You cannot work around this option via policy configuration at the present time, though that is the direction we believe the fix will take. Please keep an eye on the Glance release notes to stay up to date on progress in addressing this issue.). Its value may be silently ignored in the future.
Aug 17 03:53:18 user devstack@g-api.service[75593]: DEBUG glance.common.config [None req-0aa11413-5f95-4829-8fdd-0350dab92fbe None None] show_multiple_locations = False {{(pid=75593) log_opt_values /opt/stack/data/venv/lib/python3.10/site-packages/oslo_config/cfg.py:2602}}
Aug 17 03:53:18 user devstack@g-api.service[75593]: DEBUG glance.common.config [None req-0aa11413-5f95-4829-8fdd-0350dab92fbe None None] syslog_log_facility = LOG_USER {{(pid=75593) log_opt_values /opt/stack/data/venv/lib/python3.10/site-packages/oslo_config/cfg.py:2602}}
Aug 17 03:53:18 user devstack@g-api.service[75593]: DEBUG glance.common.config [None req-0aa11413-5f95-4829-8fdd-0350dab92fbe None None] tcp_keepidle = 600 {{(pid=75593) log_opt_values /opt/stack/data/venv/lib/python3.10/site-packages/oslo_config/cfg.py:2602}}
Aug 17 03:53:18 user devstack@g-api.service[75593]: DEBUG glance.common.config [None req-0aa11413-5f95-4829-8fdd-0350dab92fbe None None] transport_url = **** {{(pid=75593) log_opt_values /opt/stack/data/venv/lib/python3.10/site-packages/oslo_config/cfg.py:2602}}
Aug 17 03:53:18 user devstack@g-api.service[75593]: DEBUG glance.common.config [None req-0aa11413-5f95-4829-8fdd-0350dab92fbe None None] use_eventlog = False {{(pid=75593) log_opt_values /opt/stack/data/venv/lib/python3.10/site-packages/oslo_config/cfg.py:2602}}
Aug 17 03:53:18 user devstack@g-api.service[75593]: DEBUG glance.common.config [None req-0aa11413-5f95-4829-8fdd-0350dab92fbe None None] use_journal = False {{(pid=75593) log_opt_values /opt/stack/data/venv/lib/python3.10/site-packages/oslo_config/cfg.py:2602}}
Aug 17 03:53:18 user devstack@g-api.service[75593]: DEBUG glance.common.config [None req-0aa11413-5f95-4829-8fdd-0350dab92fbe None None] use_json = False {{(pid=75593) log_opt_values /opt/stack/data/venv/lib/python3.10/site-packages/oslo_config/cfg.py:2602}}
Aug 17 03:53:18 user devstack@g-api.service[75593]: DEBUG glance.common.config [None req-0aa11413-5f95-4829-8fdd-0350dab92fbe None None] use_keystone_limits = True {{(pid=75593) log_opt_values /opt/stack/data/venv/lib/python3.10/site-packages/oslo_config/cfg.py:2602}}
Aug 17 03:53:18 user devstack@g-api.service[75593]: DEBUG glance.common.config [None req-0aa11413-5f95-4829-8fdd-0350dab92fbe None None] use_stderr = False {{(pid=75593) log_opt_values /opt/stack/data/venv/lib/python3.10/site-packages/oslo_config/cfg.py:2602}}
Aug 17 03:53:18 user devstack@g-api.service[75593]: DEBUG glance.common.config [None req-0aa11413-5f95-4829-8fdd-0350dab92fbe None None] use_syslog = False {{(pid=75593) log_opt_values /opt/stack/data/venv/lib/python3.10/site-packages/oslo_config/cfg.py:2602}}
Aug 17 03:53:18 user devstack@g-api.service[75593]: DEBUG glance.common.config [None req-0aa11413-5f95-4829-8fdd-0350dab92fbe None None] user_storage_quota = 0 {{(pid=75593) log_opt_values /opt/stack/data/venv/lib/python3.10/site-packages/oslo_config/cfg.py:2602}}
Aug 17 03:53:18 user devstack@g-api.service[75593]: DEBUG glance.common.config [None req-0aa11413-5f95-4829-8fdd-0350dab92fbe None None] watch_log_file = False {{(pid=75593) log_opt_values /opt/stack/data/venv/lib/python3.10/site-packages/oslo_config/cfg.py:2602}}
Aug 17 03:53:18 user devstack@g-api.service[75593]: DEBUG glance.common.config [None req-0aa11413-5f95-4829-8fdd-0350dab92fbe None None] worker_self_reference_url = http://127.0.0.1:60999 {{(pid=75593) log_opt_values /opt/stack/data/venv/lib/python3.10/site-packages/oslo_config/cfg.py:2602}}
Aug 17 03:53:18 user devstack@g-api.service[75593]: DEBUG glance.common.config [None req-0aa11413-5f95-4829-8fdd-0350dab92fbe None None] workers = None {{(pid=75593) log_opt_values /opt/stack/data/venv/lib/python3.10/site-packages/oslo_config/cfg.py:2602}}
Aug 17 03:53:18 user devstack@g-api.service[75593]: DEBUG glance.common.config [None req-0aa11413-5f95-4829-8fdd-0350dab92fbe None None] oslo_concurrency.disable_process_locking = False {{(pid=75593) log_opt_values /opt/stack/data/venv/lib/python3.10/site-packages/oslo_config/cfg.py:2609}}
Aug 17 03:53:18 user devstack@g-api.service[75593]: DEBUG glance.common.config [None req-0aa11413-5f95-4829-8fdd-0350dab92fbe None None] oslo_concurrency.lock_path = /opt/stack/data/glance/locks {{(pid=75593) log_opt_values /opt/stack/data/venv/lib/python3.10/site-packages/oslo_config/cfg.py:2609}}
Aug 17 03:53:18 user devstack@g-api.service[75593]: DEBUG glance.common.config [None req-0aa11413-5f95-4829-8fdd-0350dab92fbe None None] oslo_middleware.enable_proxy_headers_parsing = False {{(pid=75593) log_opt_values /opt/stack/data/venv/lib/python3.10/site-packages/oslo_config/cfg.py:2609}}
Aug 17 03:53:18 user devstack@g-api.service[75593]: DEBUG glance.common.config [None req-0aa11413-5f95-4829-8fdd-0350dab92fbe None None] oslo_middleware.http_basic_auth_user_file = /etc/htpasswd {{(pid=75593) log_opt_values /opt/stack/data/venv/lib/python3.10/site-packages/oslo_config/cfg.py:2609}}
Aug 17 03:53:18 user devstack@g-api.service[75593]: DEBUG glance.common.config [None req-0aa11413-5f95-4829-8fdd-0350dab92fbe None None] paste_deploy.config_file = None {{(pid=75593) log_opt_values /opt/stack/data/venv/lib/python3.10/site-packages/oslo_config/cfg.py:2609}}
Aug 17 03:53:18 user devstack@g-api.service[75593]: DEBUG glance.common.config [None req-0aa11413-5f95-4829-8fdd-0350dab92fbe None None] paste_deploy.flavor = keystone+cachemanagement {{(pid=75593) log_opt_values /opt/stack/data/venv/lib/python3.10/site-packages/oslo_config/cfg.py:2609}}
Aug 17 03:53:18 user devstack@g-api.service[75593]: DEBUG glance.common.config [None req-0aa11413-5f95-4829-8fdd-0350dab92fbe None None] image_format.container_formats = ['ami', 'ari', 'aki', 'bare', 'ovf', 'ova', 'docker', 'compressed'] {{(pid=75593) log_opt_values /opt/stack/data/venv/lib/python3.10/site-packages/oslo_config/cfg.py:2609}}
Aug 17 03:53:18 user devstack@g-api.service[75593]: DEBUG glance.common.config [None req-0aa11413-5f95-4829-8fdd-0350dab92fbe None None] image_format.disk_formats = ['ami', 'ari', 'aki', 'vhd', 'vhdx', 'vmdk', 'raw', 'qcow2', 'vdi', 'iso', 'ploop'] {{(pid=75593) log_opt_values /opt/stack/data/venv/lib/python3.10/site-packages/oslo_config/cfg.py:2609}}
Aug 17 03:53:18 user devstack@g-api.service[75595]: INFO glance.api.middleware.cache [None req-bcfe3fae-c6b6-448f-8251-7f0cd65a161c None None] Initialized image cache middleware
Aug 17 03:53:18 user devstack@g-api.service[75593]: DEBUG glance.common.config [None req-0aa11413-5f95-4829-8fdd-0350dab92fbe None None] image_format.vmdk_allowed_types = ['streamOptimized', 'monolithicSparse'] {{(pid=75593) log_opt_values /opt/stack/data/venv/lib/python3.10/site-packages/oslo_config/cfg.py:2609}}
Aug 17 03:53:18 user devstack@g-api.service[75593]: DEBUG glance.common.config [None req-0aa11413-5f95-4829-8fdd-0350dab92fbe None None] task.task_executor = taskflow {{(pid=75593) log_opt_values /opt/stack/data/venv/lib/python3.10/site-packages/oslo_config/cfg.py:2609}}
Aug 17 03:53:18 user devstack@g-api.service[75593]: DEBUG glance.common.config [None req-0aa11413-5f95-4829-8fdd-0350dab92fbe None None] task.task_time_to_live = 48 {{(pid=75593) log_opt_values /opt/stack/data/venv/lib/python3.10/site-packages/oslo_config/cfg.py:2609}}
Aug 17 03:53:18 user devstack@g-api.service[75593]: DEBUG glance.common.config [None req-0aa11413-5f95-4829-8fdd-0350dab92fbe None None] task.work_dir = None {{(pid=75593) log_opt_values /opt/stack/data/venv/lib/python3.10/site-packages/oslo_config/cfg.py:2609}}
Aug 17 03:53:18 user devstack@g-api.service[75593]: DEBUG glance.common.config [None req-0aa11413-5f95-4829-8fdd-0350dab92fbe None None] wsgi.python_interpreter = None {{(pid=75593) log_opt_values /opt/stack/data/venv/lib/python3.10/site-packages/oslo_config/cfg.py:2609}}
Aug 17 03:53:18 user devstack@g-api.service[75593]: DEBUG glance.common.config [None req-0aa11413-5f95-4829-8fdd-0350dab92fbe None None] wsgi.task_pool_threads = 16 {{(pid=75593) log_opt_values /opt/stack/data/venv/lib/python3.10/site-packages/oslo_config/cfg.py:2609}}
Aug 17 03:53:18 user devstack@g-api.service[75593]: DEBUG glance.common.config [None req-0aa11413-5f95-4829-8fdd-0350dab92fbe None None] oslo_policy.enforce_new_defaults = True {{(pid=75593) log_opt_values /opt/stack/data/venv/lib/python3.10/site-packages/oslo_config/cfg.py:2609}}
Aug 17 03:53:18 user devstack@g-api.service[75593]: DEBUG glance.common.config [None req-0aa11413-5f95-4829-8fdd-0350dab92fbe None None] oslo_policy.enforce_scope = True {{(pid=75593) log_opt_values /opt/stack/data/venv/lib/python3.10/site-packages/oslo_config/cfg.py:2609}}
Aug 17 03:53:18 user devstack@g-api.service[75593]: DEBUG glance.common.config [None req-0aa11413-5f95-4829-8fdd-0350dab92fbe None None] oslo_policy.policy_default_rule = default {{(pid=75593) log_opt_values /opt/stack/data/venv/lib/python3.10/site-packages/oslo_config/cfg.py:2609}}
Aug 17 03:53:18 user devstack@g-api.service[75593]: DEBUG glance.common.config [None req-0aa11413-5f95-4829-8fdd-0350dab92fbe None None] oslo_policy.policy_dirs = ['policy.d'] {{(pid=75593) log_opt_values /opt/stack/data/venv/lib/python3.10/site-packages/oslo_config/cfg.py:2609}}
Aug 17 03:53:18 user devstack@g-api.service[75593]: DEBUG glance.common.config [None req-0aa11413-5f95-4829-8fdd-0350dab92fbe None None] oslo_policy.policy_file = policy.yaml {{(pid=75593) log_opt_values /opt/stack/data/venv/lib/python3.10/site-packages/oslo_config/cfg.py:2609}}
Aug 17 03:53:18 user devstack@g-api.service[75593]: DEBUG glance.common.config [None req-0aa11413-5f95-4829-8fdd-0350dab92fbe None None] oslo_policy.remote_content_type = application/x-www-form-urlencoded {{(pid=75593) log_opt_values /opt/stack/data/venv/lib/python3.10/site-packages/oslo_config/cfg.py:2609}}
Aug 17 03:53:18 user devstack@g-api.service[75593]: DEBUG glance.common.config [None req-0aa11413-5f95-4829-8fdd-0350dab92fbe None None] oslo_policy.remote_ssl_ca_crt_file = None {{(pid=75593) log_opt_values /opt/stack/data/venv/lib/python3.10/site-packages/oslo_config/cfg.py:2609}}
Aug 17 03:53:18 user devstack@g-api.service[75593]: DEBUG glance.common.config [None req-0aa11413-5f95-4829-8fdd-0350dab92fbe None None] oslo_policy.remote_ssl_client_crt_file = None {{(pid=75593) log_opt_values /opt/stack/data/venv/lib/python3.10/site-packages/oslo_config/cfg.py:2609}}
Aug 17 03:53:18 user devstack@g-api.service[75593]: DEBUG glance.common.config [None req-0aa11413-5f95-4829-8fdd-0350dab92fbe None None] oslo_policy.remote_ssl_client_key_file = None {{(pid=75593) log_opt_values /opt/stack/data/venv/lib/python3.10/site-packages/oslo_config/cfg.py:2609}}
Aug 17 03:53:18 user devstack@g-api.service[75593]: DEBUG glance.common.config [None req-0aa11413-5f95-4829-8fdd-0350dab92fbe None None] oslo_policy.remote_ssl_verify_server_crt = False {{(pid=75593) log_opt_values /opt/stack/data/venv/lib/python3.10/site-packages/oslo_config/cfg.py:2609}}
Aug 17 03:53:18 user devstack@g-api.service[75593]: DEBUG glance.common.config [None req-0aa11413-5f95-4829-8fdd-0350dab92fbe None None] store_type_location_strategy.store_type_preference = [] {{(pid=75593) log_opt_values /opt/stack/data/venv/lib/python3.10/site-packages/oslo_config/cfg.py:2609}}
