Nov 22 15:52:53 user devstack@c-api.service[76558]: DEBUG cinder.api.openstack.wsgi [None req-5a5a08ee-8061-4d3e-acca-4a7cc4be72cc tempest-SnapshotsActionsTest-188177203 tempest-SnapshotsActionsTest-188177203-project-member] Calling method 'delete' {{(pid=76558) _process_stack /opt/stack/cinder/cinder/api/openstack/wsgi.py:868}}
Nov 22 15:52:53 user devstack@c-api.service[76558]: INFO cinder.api.v2.snapshots [None req-5a5a08ee-8061-4d3e-acca-4a7cc4be72cc tempest-SnapshotsActionsTest-188177203 tempest-SnapshotsActionsTest-188177203-project-member] Delete snapshot with id: 4f5af82f-c2b5-4068-8637-2afdea385da2
Nov 22 15:52:53 user devstack@c-api.service[76558]: INFO cinder.api.openstack.wsgi [None req-5a5a08ee-8061-4d3e-acca-4a7cc4be72cc tempest-SnapshotsActionsTest-188177203 tempest-SnapshotsActionsTest-188177203-project-member] http://10.0.0.210/volume/v3/443a3b8b919246309b339b408716f9ec/snapshots/4f5af82f-c2b5-4068-8637-2afdea385da2 returned with HTTP 404
Nov 22 15:52:53 user devstack@c-api.service[76558]: [pid: 76558|app: 0|req: 48/141] 10.0.0.210 () {62 vars in 1411 bytes} [Wed Nov 22 15:52:53 2023] DELETE /volume/v3/443a3b8b919246309b339b408716f9ec/snapshots/4f5af82f-c2b5-4068-8637-2afdea385da2 => generated 111 bytes in 29 msecs (HTTP/1.1 404) 7 headers in 292 bytes (1 switches on core 0)
Nov 22 15:52:53 user devstack@c-api.service[76559]: DEBUG cinder.api.middleware.request_id [None req-3aa97af8-9c25-46c9-aad9-8ca57a6b811d None None] RequestId filter calling following filter/app {{(pid=76559) _context_setter /opt/stack/cinder/cinder/api/middleware/request_id.py:62}}
Nov 22 15:52:53 user devstack@c-api.service[76559]: INFO cinder.api.openstack.wsgi [None req-3aa97af8-9c25-46c9-aad9-8ca57a6b811d tempest-SnapshotsActionsTest-188177203 tempest-SnapshotsActionsTest-188177203-project-member] POST http://10.0.0.210/volume/v3/443a3b8b919246309b339b408716f9ec/snapshots
Nov 22 15:52:53 user devstack@c-api.service[76559]: DEBUG cinder.api.openstack.wsgi [None req-3aa97af8-9c25-46c9-aad9-8ca57a6b811d tempest-SnapshotsActionsTest-188177203 tempest-SnapshotsActionsTest-188177203-project-member] Action: 'create', calling method: create, body: {"snapshot": {"volume_id": "4dd028a3-ab36-4541-a579-f08138761bf9", "name": "tempest-SnapshotsActionsTest-Snapshot-912470364"}} {{(pid=76559) _process_stack /opt/stack/cinder/cinder/api/openstack/wsgi.py:866}}
Nov 22 15:52:53 user devstack@c-api.service[76559]: /opt/stack/data/venv/lib/python3.10/site-packages/oslo_context/context.py:100: DeprecationWarning: Policy enforcement is depending on the value of is_admin. This key is deprecated. Please update your policy file to use the standard policy values.
Nov 22 15:52:53 user devstack@c-api.service[76559]: warnings.warn('Policy enforcement is depending on the value of '
Nov 22 15:52:53 user devstack@c-api.service[76559]: INFO cinder.volume.api [None req-3aa97af8-9c25-46c9-aad9-8ca57a6b811d tempest-SnapshotsActionsTest-188177203 tempest-SnapshotsActionsTest-188177203-project-member] Volume info retrieved successfully.
Nov 22 15:52:53 user devstack@c-api.service[76559]: INFO cinder.api.v3.snapshots [None req-3aa97af8-9c25-46c9-aad9-8ca57a6b811d tempest-SnapshotsActionsTest-188177203 tempest-SnapshotsActionsTest-188177203-project-member] Create snapshot from volume 4dd028a3-ab36-4541-a579-f08138761bf9
Nov 22 15:52:53 user devstack@c-api.service[76559]: DEBUG cinder.quota [None req-3aa97af8-9c25-46c9-aad9-8ca57a6b811d tempest-SnapshotsActionsTest-188177203 tempest-SnapshotsActionsTest-188177203-project-member] Created reservations ['46346e0d-d158-4794-84f4-adc2a366f562', '1da10b18-b1d6-487a-a4ce-a0aa1977a475', 'a9d85bb9-3787-4056-a8e2-bbbd11453ec6', '9e646510-3dbc-413e-8b93-422a21b60066'] {{(pid=76559) reserve /opt/stack/cinder/cinder/quota.py:755}}
Nov 22 15:52:53 user devstack@c-api.service[76559]: INFO cinder.volume.api [None req-3aa97af8-9c25-46c9-aad9-8ca57a6b811d tempest-SnapshotsActionsTest-188177203 tempest-SnapshotsActionsTest-188177203-project-member] Snapshot create request issued successfully.
Nov 22 15:52:53 user devstack@c-api.service[76559]: INFO cinder.api.openstack.wsgi [None req-3aa97af8-9c25-46c9-aad9-8ca57a6b811d tempest-SnapshotsActionsTest-188177203 tempest-SnapshotsActionsTest-188177203-project-member] http://10.0.0.210/volume/v3/443a3b8b919246309b339b408716f9ec/snapshots returned with HTTP 202
Nov 22 15:52:53 user devstack@c-api.service[76559]: [pid: 76559|app: 0|req: 48/142] 10.0.0.210 () {64 vars in 1319 bytes} [Wed Nov 22 15:52:53 2023] POST /volume/v3/443a3b8b919246309b339b408716f9ec/snapshots => generated 306 bytes in 173 msecs (HTTP/1.1 202) 7 headers in 291 bytes (1 switches on core 0)
Nov 22 15:52:53 user devstack@c-api.service[76560]: DEBUG cinder.api.middleware.request_id [None req-684769e2-b43c-4559-9502-46a8ef2503c1 None None] RequestId filter calling following filter/app {{(pid=76560) _context_setter /opt/stack/cinder/cinder/api/middleware/request_id.py:62}}
Nov 22 15:52:53 user devstack@c-api.service[76560]: INFO cinder.api.openstack.wsgi [None req-684769e2-b43c-4559-9502-46a8ef2503c1 tempest-SnapshotsActionsTest-188177203 tempest-SnapshotsActionsTest-188177203-project-member] GET http://10.0.0.210/volume/v3/443a3b8b919246309b339b408716f9ec/snapshots/f226fa7b-f069-4763-96eb-85088d7cc084
Nov 22 15:52:53 user devstack@c-api.service[76560]: DEBUG cinder.api.openstack.wsgi [None req-684769e2-b43c-4559-9502-46a8ef2503c1 tempest-SnapshotsActionsTest-188177203 tempest-SnapshotsActionsTest-188177203-project-member] Empty body provided in request {{(pid=76560) get_body /opt/stack/cinder/cinder/api/openstack/wsgi.py:715}}
Nov 22 15:52:53 user devstack@c-api.service[76560]: DEBUG cinder.api.openstack.wsgi [None req-684769e2-b43c-4559-9502-46a8ef2503c1 tempest-SnapshotsActionsTest-188177203 tempest-SnapshotsActionsTest-188177203-project-member] Calling method 'show' {{(pid=76560) _process_stack /opt/stack/cinder/cinder/api/openstack/wsgi.py:868}}
Nov 22 15:52:53 user devstack@c-api.service[76560]: /opt/stack/data/venv/lib/python3.10/site-packages/oslo_context/context.py:100: DeprecationWarning: Policy enforcement is depending on the value of is_admin. This key is deprecated. Please update your policy file to use the standard policy values.
Nov 22 15:52:53 user devstack@c-api.service[76560]: warnings.warn('Policy enforcement is depending on the value of '
Nov 22 15:52:53 user devstack@c-api.service[76560]: INFO cinder.volume.api [None req-684769e2-b43c-4559-9502-46a8ef2503c1 tempest-SnapshotsActionsTest-188177203 tempest-SnapshotsActionsTest-188177203-project-member] Snapshot retrieved successfully.
Nov 22 15:52:53 user devstack@c-api.service[76560]: INFO cinder.api.openstack.wsgi [None req-684769e2-b43c-4559-9502-46a8ef2503c1 tempest-SnapshotsActionsTest-188177203 tempest-SnapshotsActionsTest-188177203-project-member] http://10.0.0.210/volume/v3/443a3b8b919246309b339b408716f9ec/snapshots/f226fa7b-f069-4763-96eb-85088d7cc084 returned with HTTP 200
Nov 22 15:52:53 user devstack@c-api.service[76560]: [pid: 76560|app: 0|req: 47/143] 10.0.0.210 () {62 vars in 1408 bytes} [Wed Nov 22 15:52:53 2023] GET /volume/v3/443a3b8b919246309b339b408716f9ec/snapshots/f226fa7b-f069-4763-96eb-85088d7cc084 => generated 438 bytes in 35 msecs (HTTP/1.1 200) 7 headers in 285 bytes (1 switches on core 0)
Nov 22 15:52:53 user devstack@c-api.service[76558]: DEBUG cinder.api.middleware.request_id [None req-955f6eab-c234-4a48-baeb-ae857cf25e89 None None] RequestId filter calling following filter/app {{(pid=76558) _context_setter /opt/stack/cinder/cinder/api/middleware/request_id.py:62}}
Nov 22 15:52:53 user devstack@c-api.service[76558]: INFO cinder.api.openstack.wsgi [None req-955f6eab-c234-4a48-baeb-ae857cf25e89 tempest-GroupSnapshotsTest-244451816 tempest-GroupSnapshotsTest-244451816-project-member] GET http://10.0.0.210/volume/v3/959da70adba843039b9c828e483943ad/group_snapshots/75fbf00b-3d22-474d-9231-47b69708c839
Nov 22 15:52:53 user devstack@c-api.service[76558]: DEBUG cinder.api.openstack.wsgi [None req-955f6eab-c234-4a48-baeb-ae857cf25e89 tempest-GroupSnapshotsTest-244451816 tempest-GroupSnapshotsTest-244451816-project-member] Empty body provided in request {{(pid=76558) get_body /opt/stack/cinder/cinder/api/openstack/wsgi.py:715}}
Nov 22 15:52:53 user devstack@c-api.service[76558]: DEBUG cinder.api.openstack.wsgi [None req-955f6eab-c234-4a48-baeb-ae857cf25e89 tempest-GroupSnapshotsTest-244451816 tempest-GroupSnapshotsTest-244451816-project-member] Calling method 'version_select' {{(pid=76558) _process_stack /opt/stack/cinder/cinder/api/openstack/wsgi.py:868}}
Nov 22 15:52:53 user devstack@c-api.service[76558]: DEBUG cinder.api.v3.group_snapshots [None req-955f6eab-c234-4a48-baeb-ae857cf25e89 tempest-GroupSnapshotsTest-244451816 tempest-GroupSnapshotsTest-244451816-project-member] show called for member 75fbf00b-3d22-474d-9231-47b69708c839 {{(pid=76558) show /opt/stack/cinder/cinder/api/v3/group_snapshots.py:58}}
Nov 22 15:52:53 user devstack@c-api.service[76558]: /opt/stack/data/venv/lib/python3.10/site-packages/oslo_context/context.py:100: DeprecationWarning: Policy enforcement is depending on the value of is_admin. This key is deprecated. Please update your policy file to use the standard policy values.
Nov 22 15:52:53 user devstack@c-api.service[76558]: warnings.warn('Policy enforcement is depending on the value of '
Nov 22 15:52:53 user devstack@c-api.service[76558]: INFO cinder.api.openstack.wsgi [None req-955f6eab-c234-4a48-baeb-ae857cf25e89 tempest-GroupSnapshotsTest-244451816 tempest-GroupSnapshotsTest-244451816-project-member] http://10.0.0.210/volume/v3/959da70adba843039b9c828e483943ad/group_snapshots/75fbf00b-3d22-474d-9231-47b69708c839 returned with HTTP 200
Nov 22 15:52:53 user devstack@c-api.service[76558]: [pid: 76558|app: 0|req: 49/144] 10.0.0.210 () {64 vars in 1467 bytes} [Wed Nov 22 15:52:53 2023] GET /volume/v3/959da70adba843039b9c828e483943ad/group_snapshots/75fbf00b-3d22-474d-9231-47b69708c839 => generated 307 bytes in 30 msecs (HTTP/1.1 200) 7 headers in 286 bytes (1 switches on core 0)
Nov 22 15:52:53 user devstack@c-api.service[76559]: DEBUG cinder.api.middleware.request_id [None req-01cb848b-de1e-489a-a342-7ba30585823c None None] RequestId filter calling following filter/app {{(pid=76559) _context_setter /opt/stack/cinder/cinder/api/middleware/request_id.py:62}}
Nov 22 15:52:53 user devstack@c-api.service[76559]: INFO cinder.api.openstack.wsgi [None req-01cb848b-de1e-489a-a342-7ba30585823c tempest-GroupSnapshotsTest-244451816 tempest-GroupSnapshotsTest-244451816-project-member] GET http://10.0.0.210/volume/v3/959da70adba843039b9c828e483943ad/snapshots/detail
Nov 22 15:52:53 user devstack@c-api.service[76559]: DEBUG cinder.api.openstack.wsgi [None req-01cb848b-de1e-489a-a342-7ba30585823c tempest-GroupSnapshotsTest-244451816 tempest-GroupSnapshotsTest-244451816-project-member] Empty body provided in request {{(pid=76559) get_body /opt/stack/cinder/cinder/api/openstack/wsgi.py:715}}
Nov 22 15:52:53 user devstack@c-api.service[76559]: DEBUG cinder.api.openstack.wsgi [None req-01cb848b-de1e-489a-a342-7ba30585823c tempest-GroupSnapshotsTest-244451816 tempest-GroupSnapshotsTest-244451816-project-member] Calling method 'detail' {{(pid=76559) _process_stack /opt/stack/cinder/cinder/api/openstack/wsgi.py:868}}
Nov 22 15:52:53 user devstack@c-api.service[76559]: DEBUG cinder.api.api_utils [None req-01cb848b-de1e-489a-a342-7ba30585823c tempest-GroupSnapshotsTest-244451816 tempest-GroupSnapshotsTest-244451816-project-member] Removing options '' from query. {{(pid=76559) remove_invalid_filter_options /opt/stack/cinder/cinder/api/api_utils.py:83}}
Nov 22 15:52:53 user devstack@c-api.service[76559]: /opt/stack/data/venv/lib/python3.10/site-packages/oslo_context/context.py:100: DeprecationWarning: Policy enforcement is depending on the value of is_admin. This key is deprecated. Please update your policy file to use the standard policy values.
Nov 22 15:52:53 user devstack@c-api.service[76559]: warnings.warn('Policy enforcement is depending on the value of '
Nov 22 15:52:53 user devstack@c-api.service[76559]: DEBUG cinder.db.sqlalchemy.api [None req-01cb848b-de1e-489a-a342-7ba30585823c tempest-GroupSnapshotsTest-244451816 tempest-GroupSnapshotsTest-244451816-project-member] Building query based on filter {{(pid=76559) _process_snaps_filters /opt/stack/cinder/cinder/db/sqlalchemy/api.py:3914}}
Nov 22 15:52:53 user devstack@c-api.service[76559]: INFO cinder.volume.api [None req-01cb848b-de1e-489a-a342-7ba30585823c tempest-GroupSnapshotsTest-244451816 tempest-GroupSnapshotsTest-244451816-project-member] Get all snapshots completed successfully.
Nov 22 15:52:53 user devstack@c-api.service[76559]: /opt/stack/data/venv/lib/python3.10/site-packages/oslo_context/context.py:100: DeprecationWarning: Policy enforcement is depending on the value of is_admin. This key is deprecated. Please update your policy file to use the standard policy values.
Nov 22 15:52:53 user devstack@c-api.service[76559]: warnings.warn('Policy enforcement is depending on the value of '
Nov 22 15:52:53 user devstack@c-api.service[76559]: INFO cinder.api.openstack.wsgi [None req-01cb848b-de1e-489a-a342-7ba30585823c tempest-GroupSnapshotsTest-244451816 tempest-GroupSnapshotsTest-244451816-project-member] http://10.0.0.210/volume/v3/959da70adba843039b9c828e483943ad/snapshots/detail returned with HTTP 200
Nov 22 15:52:53 user devstack@c-api.service[76559]: [pid: 76559|app: 0|req: 49/145] 10.0.0.210 () {62 vars in 1318 bytes} [Wed Nov 22 15:52:53 2023] GET /volume/v3/959da70adba843039b9c828e483943ad/snapshots/detail => generated 453 bytes in 40 msecs (HTTP/1.1 200) 7 headers in 285 bytes (1 switches on core 0)
Nov 22 15:52:53 user devstack@c-api.service[76560]: DEBUG cinder.api.middleware.request_id [None req-a918e665-f8cb-4d1c-b070-ff1e44234011 None None] RequestId filter calling following filter/app {{(pid=76560) _context_setter /opt/stack/cinder/cinder/api/middleware/request_id.py:62}}
Nov 22 15:52:53 user devstack@c-api.service[76560]: INFO cinder.api.openstack.wsgi [None req-a918e665-f8cb-4d1c-b070-ff1e44234011 tempest-GroupSnapshotsTest-244451816 tempest-GroupSnapshotsTest-244451816-project-member] GET http://10.0.0.210/volume/v3/959da70adba843039b9c828e483943ad/snapshots/a12bf6a0-ca4e-4049-b49f-364cd87fed27
Nov 22 15:52:53 user devstack@c-api.service[76560]: DEBUG cinder.api.openstack.wsgi [None req-a918e665-f8cb-4d1c-b070-ff1e44234011 tempest-GroupSnapshotsTest-244451816 tempest-GroupSnapshotsTest-244451816-project-member] Empty body provided in request {{(pid=76560) get_body /opt/stack/cinder/cinder/api/openstack/wsgi.py:715}}
Nov 22 15:52:53 user devstack@c-api.service[76560]: DEBUG cinder.api.openstack.wsgi [None req-a918e665-f8cb-4d1c-b070-ff1e44234011 tempest-GroupSnapshotsTest-244451816 tempest-GroupSnapshotsTest-244451816-project-member] Calling method 'show' {{(pid=76560) _process_stack /opt/stack/cinder/cinder/api/openstack/wsgi.py:868}}
Nov 22 15:52:53 user devstack@c-api.service[76560]: /opt/stack/data/venv/lib/python3.10/site-packages/oslo_context/context.py:100: DeprecationWarning: Policy enforcement is depending on the value of is_admin. This key is deprecated. Please update your policy file to use the standard policy values.
Nov 22 15:52:53 user devstack@c-api.service[76560]: warnings.warn('Policy enforcement is depending on the value of '
Nov 22 15:52:53 user devstack@c-api.service[76560]: INFO cinder.volume.api [None req-a918e665-f8cb-4d1c-b070-ff1e44234011 tempest-GroupSnapshotsTest-244451816 tempest-GroupSnapshotsTest-244451816-project-member] Snapshot retrieved successfully.
Nov 22 15:52:53 user devstack@c-api.service[76560]: INFO cinder.api.openstack.wsgi [None req-a918e665-f8cb-4d1c-b070-ff1e44234011 tempest-GroupSnapshotsTest-244451816 tempest-GroupSnapshotsTest-244451816-project-member] http://10.0.0.210/volume/v3/959da70adba843039b9c828e483943ad/snapshots/a12bf6a0-ca4e-4049-b49f-364cd87fed27 returned with HTTP 200
Nov 22 15:52:53 user devstack@c-api.service[76560]: [pid: 76560|app: 0|req: 48/146] 10.0.0.210 () {62 vars in 1408 bytes} [Wed Nov 22 15:52:53 2023] GET /volume/v3/959da70adba843039b9c828e483943ad/snapshots/a12bf6a0-ca4e-4049-b49f-364cd87fed27 => generated 450 bytes in 23 msecs (HTTP/1.1 200) 7 headers in 285 bytes (1 switches on core 0)
Nov 22 15:52:53 user devstack@c-api.service[76558]: DEBUG cinder.api.middleware.request_id [None req-fde23e92-9711-4510-a9cf-5c5e7f108536 None None] RequestId filter calling following filter/app {{(pid=76558) _context_setter /opt/stack/cinder/cinder/api/middleware/request_id.py:62}}
Nov 22 15:52:53 user devstack@c-api.service[76558]: INFO cinder.api.openstack.wsgi [None req-fde23e92-9711-4510-a9cf-5c5e7f108536 tempest-GroupSnapshotsTest-244451816 tempest-GroupSnapshotsTest-244451816-project-member] POST http://10.0.0.210/volume/v3/959da70adba843039b9c828e483943ad/groups/action
Nov 22 15:52:53 user devstack@c-api.service[76558]: DEBUG cinder.api.openstack.wsgi [None req-fde23e92-9711-4510-a9cf-5c5e7f108536 tempest-GroupSnapshotsTest-244451816 tempest-GroupSnapshotsTest-244451816-project-member] Action body: b'{"create-from-src": {"group_snapshot_id": "75fbf00b-3d22-474d-9231-47b69708c839", "name": "tempest-Group_from_snap-1430027043"}}' {{(pid=76558) get_method /opt/stack/cinder/cinder/api/openstack/wsgi.py:983}}
Nov 22 15:52:53 user devstack@c-api.service[76558]: DEBUG cinder.api.openstack.wsgi [None req-fde23e92-9711-4510-a9cf-5c5e7f108536 tempest-GroupSnapshotsTest-244451816 tempest-GroupSnapshotsTest-244451816-project-member] Action: 'action', calling method: version_select, body: {"create-from-src": {"group_snapshot_id": "75fbf00b-3d22-474d-9231-47b69708c839", "name": "tempest-Group_from_snap-1430027043"}} {{(pid=76558) _process_stack /opt/stack/cinder/cinder/api/openstack/wsgi.py:866}}
Nov 22 15:52:53 user devstack@c-api.service[76558]: DEBUG cinder.api.v3.groups [None req-fde23e92-9711-4510-a9cf-5c5e7f108536 tempest-GroupSnapshotsTest-244451816 tempest-GroupSnapshotsTest-244451816-project-member] Creating new group {'create-from-src': {'group_snapshot_id': '75fbf00b-3d22-474d-9231-47b69708c839', 'name': 'tempest-Group_from_snap-1430027043'}}. {{(pid=76558) create_from_src /opt/stack/cinder/cinder/api/v3/groups.py:236}}
Nov 22 15:52:53 user devstack@c-api.service[76558]: INFO cinder.api.v3.groups [None req-fde23e92-9711-4510-a9cf-5c5e7f108536 tempest-GroupSnapshotsTest-244451816 tempest-GroupSnapshotsTest-244451816-project-member] Creating group tempest-Group_from_snap-1430027043 from group_snapshot 75fbf00b-3d22-474d-9231-47b69708c839.
Nov 22 15:52:53 user devstack@c-api.service[76558]: /opt/stack/data/venv/lib/python3.10/site-packages/oslo_context/context.py:100: DeprecationWarning: Policy enforcement is depending on the value of is_admin. This key is deprecated. Please update your policy file to use the standard policy values.
Nov 22 15:52:53 user devstack@c-api.service[76558]: warnings.warn('Policy enforcement is depending on the value of '
Nov 22 15:52:53 user devstack@c-api.service[76560]: DEBUG cinder.api.middleware.request_id [None req-491642bf-bb19-42dc-8485-4bbb555c6864 None None] RequestId filter calling following filter/app {{(pid=76560) _context_setter /opt/stack/cinder/cinder/api/middleware/request_id.py:62}}
Nov 22 15:52:53 user devstack@c-api.service[76559]: DEBUG cinder.api.middleware.request_id [None req-90dbbb12-a090-4ee0-9ee4-50f3c6a61c57 None None] RequestId filter calling following filter/app {{(pid=76559) _context_setter /opt/stack/cinder/cinder/api/middleware/request_id.py:62}}
Nov 22 15:52:53 user devstack@c-api.service[76560]: INFO cinder.api.openstack.wsgi [None req-491642bf-bb19-42dc-8485-4bbb555c6864 tempest-VolumeRetypeWithoutMigrationTest-1190926292 tempest-VolumeRetypeWithoutMigrationTest-1190926292-project-member] GET http://10.0.0.210/volume/v3/0552d69198444434886666cbc74e673c/volumes/3ab899ce-ad6e-470f-b7ce-8d9df9820237
Nov 22 15:52:53 user devstack@c-api.service[76559]: INFO cinder.api.openstack.wsgi [None req-90dbbb12-a090-4ee0-9ee4-50f3c6a61c57 tempest-SnapshotMetadataTestJSON-889872949 tempest-SnapshotMetadataTestJSON-889872949-project-member] GET http://10.0.0.210/volume/v3/8cfbb8314bf845b099774bd0a4c58c67/volumes/6fe39cb8-5b4a-432d-a272-b26cfd6c0127
Nov 22 15:52:53 user devstack@c-api.service[76559]: DEBUG cinder.api.openstack.wsgi [None req-90dbbb12-a090-4ee0-9ee4-50f3c6a61c57 tempest-SnapshotMetadataTestJSON-889872949 tempest-SnapshotMetadataTestJSON-889872949-project-member] Empty body provided in request {{(pid=76559) get_body /opt/stack/cinder/cinder/api/openstack/wsgi.py:715}}
Nov 22 15:52:53 user devstack@c-api.service[76560]: DEBUG cinder.api.openstack.wsgi [None req-491642bf-bb19-42dc-8485-4bbb555c6864 tempest-VolumeRetypeWithoutMigrationTest-1190926292 tempest-VolumeRetypeWithoutMigrationTest-1190926292-project-member] Empty body provided in request {{(pid=76560) get_body /opt/stack/cinder/cinder/api/openstack/wsgi.py:715}}
Nov 22 15:52:53 user devstack@c-api.service[76559]: DEBUG cinder.api.openstack.wsgi [None req-90dbbb12-a090-4ee0-9ee4-50f3c6a61c57 tempest-SnapshotMetadataTestJSON-889872949 tempest-SnapshotMetadataTestJSON-889872949-project-member] Calling method 'show' {{(pid=76559) _process_stack /opt/stack/cinder/cinder/api/openstack/wsgi.py:868}}
Nov 22 15:52:53 user devstack@c-api.service[76560]: DEBUG cinder.api.openstack.wsgi [None req-491642bf-bb19-42dc-8485-4bbb555c6864 tempest-VolumeRetypeWithoutMigrationTest-1190926292 tempest-VolumeRetypeWithoutMigrationTest-1190926292-project-member] Calling method 'show' {{(pid=76560) _process_stack /opt/stack/cinder/cinder/api/openstack/wsgi.py:868}}
Nov 22 15:52:53 user devstack@c-api.service[76558]: /opt/stack/data/venv/lib/python3.10/site-packages/oslo_context/context.py:100: DeprecationWarning: Policy enforcement is depending on the value of is_admin. This key is deprecated. Please update your policy file to use the standard policy values.
Nov 22 15:52:53 user devstack@c-api.service[76558]: warnings.warn('Policy enforcement is depending on the value of '
Nov 22 15:52:53 user devstack@c-api.service[76558]: /opt/stack/data/venv/lib/python3.10/site-packages/oslo_context/context.py:100: DeprecationWarning: Policy enforcement is depending on the value of is_admin. This key is deprecated. Please update your policy file to use the standard policy values.
Nov 22 15:52:53 user devstack@c-api.service[76558]: warnings.warn('Policy enforcement is depending on the value of '
Nov 22 15:52:53 user devstack@c-api.service[76559]: /opt/stack/data/venv/lib/python3.10/site-packages/oslo_context/context.py:100: DeprecationWarning: Policy enforcement is depending on the value of is_admin. This key is deprecated. Please update your policy file to use the standard policy values.
Nov 22 15:52:53 user devstack@c-api.service[76559]: warnings.warn('Policy enforcement is depending on the value of '
Nov 22 15:52:53 user devstack@c-api.service[76560]: /opt/stack/data/venv/lib/python3.10/site-packages/oslo_context/context.py:100: DeprecationWarning: Policy enforcement is depending on the value of is_admin. This key is deprecated. Please update your policy file to use the standard policy values.
Nov 22 15:52:53 user devstack@c-api.service[76560]: warnings.warn('Policy enforcement is depending on the value of '
Nov 22 15:52:53 user devstack@c-api.service[76560]: INFO cinder.volume.api [None req-491642bf-bb19-42dc-8485-4bbb555c6864 tempest-VolumeRetypeWithoutMigrationTest-1190926292 tempest-VolumeRetypeWithoutMigrationTest-1190926292-project-member] Volume info retrieved successfully.
Nov 22 15:52:53 user devstack@c-api.service[76559]: INFO cinder.volume.api [None req-90dbbb12-a090-4ee0-9ee4-50f3c6a61c57 tempest-SnapshotMetadataTestJSON-889872949 tempest-SnapshotMetadataTestJSON-889872949-project-member] Volume info retrieved successfully.
Nov 22 15:52:53 user devstack@c-api.service[76559]: INFO cinder.api.openstack.wsgi [None req-90dbbb12-a090-4ee0-9ee4-50f3c6a61c57 tempest-SnapshotMetadataTestJSON-889872949 tempest-SnapshotMetadataTestJSON-889872949-project-member] http://10.0.0.210/volume/v3/8cfbb8314bf845b099774bd0a4c58c67/volumes/6fe39cb8-5b4a-432d-a272-b26cfd6c0127 returned with HTTP 200
Nov 22 15:52:53 user devstack@c-api.service[76559]: [pid: 76559|app: 0|req: 50/147] 10.0.0.210 () {62 vars in 1402 bytes} [Wed Nov 22 15:52:53 2023] GET /volume/v3/8cfbb8314bf845b099774bd0a4c58c67/volumes/6fe39cb8-5b4a-432d-a272-b26cfd6c0127 => generated 914 bytes in 71 msecs (HTTP/1.1 200) 7 headers in 285 bytes (1 switches on core 0)
Nov 22 15:52:53 user devstack@c-api.service[76560]: INFO cinder.api.openstack.wsgi [None req-491642bf-bb19-42dc-8485-4bbb555c6864 tempest-VolumeRetypeWithoutMigrationTest-1190926292 tempest-VolumeRetypeWithoutMigrationTest-1190926292-project-member] http://10.0.0.210/volume/v3/0552d69198444434886666cbc74e673c/volumes/3ab899ce-ad6e-470f-b7ce-8d9df9820237 returned with HTTP 200
Nov 22 15:52:53 user devstack@c-api.service[76560]: [pid: 76560|app: 0|req: 49/148] 10.0.0.210 () {62 vars in 1402 bytes} [Wed Nov 22 15:52:53 2023] GET /volume/v3/0552d69198444434886666cbc74e673c/volumes/3ab899ce-ad6e-470f-b7ce-8d9df9820237 => generated 924 bytes in 73 msecs (HTTP/1.1 200) 7 headers in 285 bytes (1 switches on core 0)
Nov 22 15:52:53 user devstack@c-api.service[76559]: DEBUG cinder.api.middleware.request_id [None req-a2d9ec9c-8e5b-4b78-aa05-0666696c9617 None None] RequestId filter calling following filter/app {{(pid=76559) _context_setter /opt/stack/cinder/cinder/api/middleware/request_id.py:62}}
Nov 22 15:52:53 user devstack@c-api.service[76559]: INFO cinder.api.openstack.wsgi [None req-a2d9ec9c-8e5b-4b78-aa05-0666696c9617 tempest-SnapshotMetadataTestJSON-889872949 tempest-SnapshotMetadataTestJSON-889872949-project-member] POST http://10.0.0.210/volume/v3/8cfbb8314bf845b099774bd0a4c58c67/snapshots
Nov 22 15:52:53 user devstack@c-api.service[76559]: DEBUG cinder.api.openstack.wsgi [None req-a2d9ec9c-8e5b-4b78-aa05-0666696c9617 tempest-SnapshotMetadataTestJSON-889872949 tempest-SnapshotMetadataTestJSON-889872949-project-member] Action: 'create', calling method: create, body: {"snapshot": {"volume_id": "6fe39cb8-5b4a-432d-a272-b26cfd6c0127", "name": "tempest-SnapshotMetadataTestJSON-Snapshot-648738567"}} {{(pid=76559) _process_stack /opt/stack/cinder/cinder/api/openstack/wsgi.py:866}}
Nov 22 15:52:53 user devstack@c-api.service[76558]: DEBUG cinder.quota [None req-fde23e92-9711-4510-a9cf-5c5e7f108536 tempest-GroupSnapshotsTest-244451816 tempest-GroupSnapshotsTest-244451816-project-member] Created reservations ['75a8696d-628a-4b3a-a17e-a37338f8ebe4'] {{(pid=76558) reserve /opt/stack/cinder/cinder/quota.py:755}}
Nov 22 15:52:53 user devstack@c-api.service[76559]: /opt/stack/data/venv/lib/python3.10/site-packages/oslo_context/context.py:100: DeprecationWarning: Policy enforcement is depending on the value of is_admin. This key is deprecated. Please update your policy file to use the standard policy values.
Nov 22 15:52:53 user devstack@c-api.service[76559]: warnings.warn('Policy enforcement is depending on the value of '
Nov 22 15:52:53 user devstack@c-api.service[76559]: INFO cinder.volume.api [None req-a2d9ec9c-8e5b-4b78-aa05-0666696c9617 tempest-SnapshotMetadataTestJSON-889872949 tempest-SnapshotMetadataTestJSON-889872949-project-member] Volume info retrieved successfully.
Nov 22 15:52:53 user devstack@c-api.service[76559]: INFO cinder.api.v3.snapshots [None req-a2d9ec9c-8e5b-4b78-aa05-0666696c9617 tempest-SnapshotMetadataTestJSON-889872949 tempest-SnapshotMetadataTestJSON-889872949-project-member] Create snapshot from volume 6fe39cb8-5b4a-432d-a272-b26cfd6c0127
Nov 22 15:52:54 user devstack@c-api.service[76559]: DEBUG cinder.quota [None req-a2d9ec9c-8e5b-4b78-aa05-0666696c9617 tempest-SnapshotMetadataTestJSON-889872949 tempest-SnapshotMetadataTestJSON-889872949-project-member] Created reservations ['645e3083-1072-486e-bb14-0bad70eddfc5', 'b2d45b0c-8b78-4941-9608-9d023f465243', '07a59343-3b0c-4460-8a49-0d4a94a72848', 'c0eec63a-6c2b-41a2-b0bf-c5c6ad38b3b3'] {{(pid=76559) reserve /opt/stack/cinder/cinder/quota.py:755}}
Nov 22 15:52:54 user devstack@c-api.service[76558]: INFO cinder.group.api [None req-fde23e92-9711-4510-a9cf-5c5e7f108536 tempest-GroupSnapshotsTest-244451816 tempest-GroupSnapshotsTest-244451816-project-member] A mapping entry already exists for group 591874bc-b5c6-49b5-a894-d7682f14ddac and volume type ae3941ec-abd9-4c64-9505-ffefdec1fd8d. Do not need to create again.
Nov 22 15:52:54 user devstack@c-api.service[76558]: /opt/stack/data/venv/lib/python3.10/site-packages/oslo_context/context.py:100: DeprecationWarning: Policy enforcement is depending on the value of is_admin. This key is deprecated. Please update your policy file to use the standard policy values.
Nov 22 15:52:54 user devstack@c-api.service[76558]: warnings.warn('Policy enforcement is depending on the value of '
Nov 22 15:52:54 user devstack@c-api.service[76558]: DEBUG cinder.volume.api [None req-fde23e92-9711-4510-a9cf-5c5e7f108536 tempest-GroupSnapshotsTest-244451816 tempest-GroupSnapshotsTest-244451816-project-member] Availability zone cache updated, next update will occur around 2023-11-22 16:52:54.284031. {{(pid=76558) list_availability_zones /opt/stack/cinder/cinder/volume/api.py:155}}
Nov 22 15:52:54 user devstack@c-api.service[76558]: INFO cinder.volume.api [None req-fde23e92-9711-4510-a9cf-5c5e7f108536 tempest-GroupSnapshotsTest-244451816 tempest-GroupSnapshotsTest-244451816-project-member] Availability Zones retrieved successfully.
Nov 22 15:52:54 user devstack@c-api.service[76558]: DEBUG cinder.volume.api [None req-fde23e92-9711-4510-a9cf-5c5e7f108536 tempest-GroupSnapshotsTest-244451816 tempest-GroupSnapshotsTest-244451816-project-member] Flow 'volume_create_api' (6153ba20-aec6-408f-897d-cfcf77ffbeca) transitioned into state 'RUNNING' from state 'PENDING' {{(pid=76558) _flow_receiver /opt/stack/data/venv/lib/python3.10/site-packages/taskflow/listeners/logging.py:141}}
Nov 22 15:52:54 user devstack@c-api.service[76558]: DEBUG cinder.volume.api [None req-fde23e92-9711-4510-a9cf-5c5e7f108536 tempest-GroupSnapshotsTest-244451816 tempest-GroupSnapshotsTest-244451816-project-member] Task 'cinder.volume.flows.api.create_volume.ExtractVolumeRequestTask;volume:create' (c0b610b9-a075-4e55-b047-001a653d473f) transitioned into state 'RUNNING' from state 'PENDING' {{(pid=76558) _task_receiver /opt/stack/data/venv/lib/python3.10/site-packages/taskflow/listeners/logging.py:190}}
Nov 22 15:52:54 user devstack@c-api.service[76558]: DEBUG cinder.volume.flows.api.create_volume [None req-fde23e92-9711-4510-a9cf-5c5e7f108536 tempest-GroupSnapshotsTest-244451816 tempest-GroupSnapshotsTest-244451816-project-member] Validating volume size '1' using validate_int, validate_snap_size {{(pid=76558) _extract_size /opt/stack/cinder/cinder/volume/flows/api/create_volume.py:228}}
Nov 22 15:52:54 user devstack@c-api.service[76558]: DEBUG cinder.volume.api [None req-fde23e92-9711-4510-a9cf-5c5e7f108536 tempest-GroupSnapshotsTest-244451816 tempest-GroupSnapshotsTest-244451816-project-member] Task 'cinder.volume.flows.api.create_volume.ExtractVolumeRequestTask;volume:create' (c0b610b9-a075-4e55-b047-001a653d473f) transitioned into state 'SUCCESS' from state 'RUNNING' with result '{'size': 1, 'snapshot_id': 'a12bf6a0-ca4e-4049-b49f-364cd87fed27', 'source_volid': None, 'volume_type': VolumeType(created_at=2023-11-22T15:52:46Z,deleted=False,deleted_at=None,description=None,extra_specs={},id=ae3941ec-abd9-4c64-9505-ffefdec1fd8d,is_public=True,name='tempest-GroupSnapshotsTest-volume-type-954499650',projects=[],qos_specs=,qos_specs_id=None,updated_at=None), 'volume_type_id': 'ae3941ec-abd9-4c64-9505-ffefdec1fd8d', 'encryption_key_id': None, 'qos_specs': None, 'consistencygroup_id': None, 'cgsnapshot_id': None, 'group_id': '591874bc-b5c6-49b5-a894-d7682f14ddac', 'replication_status': 'disabled', 'refresh_az': False, 'backup_id': None, 'multiattach': False, 'availability_zones': ['nova']}' {{(pid=76558) _task_receiver /opt/stack/data/venv/lib/python3.10/site-packages/taskflow/listeners/logging.py:178}}
Nov 22 15:52:54 user devstack@c-api.service[76558]: DEBUG cinder.volume.api [None req-fde23e92-9711-4510-a9cf-5c5e7f108536 tempest-GroupSnapshotsTest-244451816 tempest-GroupSnapshotsTest-244451816-project-member] Task 'cinder.volume.flows.api.create_volume.QuotaReserveTask;volume:create' (52c9f96d-7c9a-4721-870e-c901d5490f46) transitioned into state 'RUNNING' from state 'PENDING' {{(pid=76558) _task_receiver /opt/stack/data/venv/lib/python3.10/site-packages/taskflow/listeners/logging.py:190}}
Nov 22 15:52:54 user devstack@c-api.service[76559]: INFO cinder.volume.api [None req-a2d9ec9c-8e5b-4b78-aa05-0666696c9617 tempest-SnapshotMetadataTestJSON-889872949 tempest-SnapshotMetadataTestJSON-889872949-project-member] Snapshot create request issued successfully.
Nov 22 15:52:54 user devstack@c-api.service[76559]: INFO cinder.api.openstack.wsgi [None req-a2d9ec9c-8e5b-4b78-aa05-0666696c9617 tempest-SnapshotMetadataTestJSON-889872949 tempest-SnapshotMetadataTestJSON-889872949-project-member] http://10.0.0.210/volume/v3/8cfbb8314bf845b099774bd0a4c58c67/snapshots returned with HTTP 202
Nov 22 15:52:54 user devstack@c-api.service[76559]: [pid: 76559|app: 0|req: 51/149] 10.0.0.210 () {64 vars in 1319 bytes} [Wed Nov 22 15:52:53 2023] POST /volume/v3/8cfbb8314bf845b099774bd0a4c58c67/snapshots => generated 310 bytes in 518 msecs (HTTP/1.1 202) 7 headers in 291 bytes (1 switches on core 0)
Nov 22 15:52:54 user devstack@c-api.service[76560]: DEBUG cinder.api.middleware.request_id [None req-21e7aec3-f2fa-4443-a694-e1c2af3b7f22 None None] RequestId filter calling following filter/app {{(pid=76560) _context_setter /opt/stack/cinder/cinder/api/middleware/request_id.py:62}}
Nov 22 15:52:54 user devstack@c-api.service[76560]: INFO cinder.api.openstack.wsgi [None req-21e7aec3-f2fa-4443-a694-e1c2af3b7f22 tempest-SnapshotMetadataTestJSON-889872949 tempest-SnapshotMetadataTestJSON-889872949-project-member] GET http://10.0.0.210/volume/v3/8cfbb8314bf845b099774bd0a4c58c67/snapshots/9b5d72ae-5fa0-4bd4-9209-d5a7db4db9cd
Nov 22 15:52:54 user devstack@c-api.service[76560]: DEBUG cinder.api.openstack.wsgi [None req-21e7aec3-f2fa-4443-a694-e1c2af3b7f22 tempest-SnapshotMetadataTestJSON-889872949 tempest-SnapshotMetadataTestJSON-889872949-project-member] Empty body provided in request {{(pid=76560) get_body /opt/stack/cinder/cinder/api/openstack/wsgi.py:715}}
Nov 22 15:52:54 user devstack@c-api.service[76560]: DEBUG cinder.api.openstack.wsgi [None req-21e7aec3-f2fa-4443-a694-e1c2af3b7f22 tempest-SnapshotMetadataTestJSON-889872949 tempest-SnapshotMetadataTestJSON-889872949-project-member] Calling method 'show' {{(pid=76560) _process_stack /opt/stack/cinder/cinder/api/openstack/wsgi.py:868}}
Nov 22 15:52:54 user devstack@c-api.service[76558]: WARNING cinder.quota [None req-fde23e92-9711-4510-a9cf-5c5e7f108536 tempest-GroupSnapshotsTest-244451816 tempest-GroupSnapshotsTest-244451816-project-member] Deprecated: Default quota for resource: volumes_tempest-GroupSnapshotsTest-volume-type-954499650 is set by the default quota flag: quota_volumes_tempest-GroupSnapshotsTest-volume-type-954499650, it is now deprecated. Please use the default quota class for default quota.
Nov 22 15:52:54 user devstack@c-api.service[76560]: /opt/stack/data/venv/lib/python3.10/site-packages/oslo_context/context.py:100: DeprecationWarning: Policy enforcement is depending on the value of is_admin. This key is deprecated. Please update your policy file to use the standard policy values.
Nov 22 15:52:54 user devstack@c-api.service[76560]: warnings.warn('Policy enforcement is depending on the value of '
Nov 22 15:52:54 user devstack@c-api.service[76560]: INFO cinder.volume.api [None req-21e7aec3-f2fa-4443-a694-e1c2af3b7f22 tempest-SnapshotMetadataTestJSON-889872949 tempest-SnapshotMetadataTestJSON-889872949-project-member] Snapshot retrieved successfully.
Nov 22 15:52:54 user devstack@c-api.service[76560]: INFO cinder.api.openstack.wsgi [None req-21e7aec3-f2fa-4443-a694-e1c2af3b7f22 tempest-SnapshotMetadataTestJSON-889872949 tempest-SnapshotMetadataTestJSON-889872949-project-member] http://10.0.0.210/volume/v3/8cfbb8314bf845b099774bd0a4c58c67/snapshots/9b5d72ae-5fa0-4bd4-9209-d5a7db4db9cd returned with HTTP 200
Nov 22 15:52:54 user devstack@c-api.service[76560]: [pid: 76560|app: 0|req: 50/150] 10.0.0.210 () {62 vars in 1408 bytes} [Wed Nov 22 15:52:54 2023] GET /volume/v3/8cfbb8314bf845b099774bd0a4c58c67/snapshots/9b5d72ae-5fa0-4bd4-9209-d5a7db4db9cd => generated 442 bytes in 35 msecs (HTTP/1.1 200) 7 headers in 285 bytes (1 switches on core 0)
Nov 22 15:52:54 user devstack@c-api.service[76558]: DEBUG cinder.quota [None req-fde23e92-9711-4510-a9cf-5c5e7f108536 tempest-GroupSnapshotsTest-244451816 tempest-GroupSnapshotsTest-244451816-project-member] Created reservations ['2ffb40da-ec8c-4b05-85c1-3974a83ae459', 'f4f8ef68-7a35-4d50-8378-1fbc96f9d1d0'] {{(pid=76558) reserve /opt/stack/cinder/cinder/quota.py:755}}
Nov 22 15:52:54 user devstack@c-api.service[76558]: DEBUG cinder.volume.api [None req-fde23e92-9711-4510-a9cf-5c5e7f108536 tempest-GroupSnapshotsTest-244451816 tempest-GroupSnapshotsTest-244451816-project-member] Task 'cinder.volume.flows.api.create_volume.QuotaReserveTask;volume:create' (52c9f96d-7c9a-4721-870e-c901d5490f46) transitioned into state 'SUCCESS' from state 'RUNNING' with result '{'reservations': ['2ffb40da-ec8c-4b05-85c1-3974a83ae459', 'f4f8ef68-7a35-4d50-8378-1fbc96f9d1d0']}' {{(pid=76558) _task_receiver /opt/stack/data/venv/lib/python3.10/site-packages/taskflow/listeners/logging.py:178}}
Nov 22 15:52:54 user devstack@c-api.service[76558]: DEBUG cinder.volume.api [None req-fde23e92-9711-4510-a9cf-5c5e7f108536 tempest-GroupSnapshotsTest-244451816 tempest-GroupSnapshotsTest-244451816-project-member] Task 'cinder.volume.flows.api.create_volume.EntryCreateTask;volume:create' (13b2b938-3dc9-49e9-85e7-0f6d2aa7dc68) transitioned into state 'RUNNING' from state 'PENDING' {{(pid=76558) _task_receiver /opt/stack/data/venv/lib/python3.10/site-packages/taskflow/listeners/logging.py:190}}
Nov 22 15:52:54 user devstack@c-api.service[76558]: DEBUG cinder.volume.api [None req-fde23e92-9711-4510-a9cf-5c5e7f108536 tempest-GroupSnapshotsTest-244451816 tempest-GroupSnapshotsTest-244451816-project-member] Task 'cinder.volume.flows.api.create_volume.EntryCreateTask;volume:create' (13b2b938-3dc9-49e9-85e7-0f6d2aa7dc68) transitioned into state 'SUCCESS' from state 'RUNNING' with result '{'volume_id': 'e6b81b41-d6e3-4dc1-bbef-32c7c7301b44', 'volume_properties': VolumeProperties(attach_status='detached',availability_zone='nova',cgsnapshot_id=None,consistencygroup_id=None,display_description=None,display_name=None,encryption_key_id=None,group_id=591874bc-b5c6-49b5-a894-d7682f14ddac,group_type_id=,metadata={},multiattach=False,project_id='959da70adba843039b9c828e483943ad',qos_specs=None,replication_status=,reservations=['2ffb40da-ec8c-4b05-85c1-3974a83ae459','f4f8ef68-7a35-4d50-8378-1fbc96f9d1d0'],size=1,snapshot_id=a12bf6a0-ca4e-4049-b49f-364cd87fed27,source_replicaid=,source_volid=None,status='creating',user_id='d65b64422a09485da24ffba2c77e410a',volume_type_id=ae3941ec-abd9-4c64-9505-ffefdec1fd8d), 'volume': Volume(_name_id=None,admin_metadata=,attach_status='detached',availability_zone='nova',bootable=False,cluster=,cluster_name=None,consistencygroup=,consistencygroup_id=None,created_at=2023-11-22T15:52:54Z,deleted=False,deleted_at=None,display_description=None,display_name=None,ec2_id=None,encryption_key_id=None,glance_metadata=,group=,group_id=591874bc-b5c6-49b5-a894-d7682f14ddac,host=None,id=e6b81b41-d6e3-4dc1-bbef-32c7c7301b44,launched_at=None,metadata={},migration_status=None,multiattach=False,previous_status=None,project_id='959da70adba843039b9c828e483943ad',provider_auth=None,provider_geometry=None,provider_id=None,provider_location=None,replication_driver_data=None,replication_extended_status=None,replication_status=None,scheduled_at=None,service_uuid=None,shared_targets=True,size=1,snapshot_id=a12bf6a0-ca4e-4049-b49f-364cd87fed27,snapshots=,source_volid=None,status='creating',terminated_at=None,updated_at=None,use_quota=True,user_id='d65b64422a09485da24ffba2c77e410a',volume_attachment=VolumeAttachmentList,volume_type=VolumeType(ae3941ec-abd9-4c64-9505-ffefdec1fd8d),volume_type_id=ae3941ec-abd9-4c64-9505-ffefdec1fd8d)}' {{(pid=76558) _task_receiver /opt/stack/data/venv/lib/python3.10/site-packages/taskflow/listeners/logging.py:178}}
Nov 22 15:52:54 user devstack@c-api.service[76558]: DEBUG cinder.volume.api [None req-fde23e92-9711-4510-a9cf-5c5e7f108536 tempest-GroupSnapshotsTest-244451816 tempest-GroupSnapshotsTest-244451816-project-member] Task 'cinder.volume.flows.api.create_volume.QuotaCommitTask;volume:create' (556519be-3398-469d-a611-9b759574d05a) transitioned into state 'RUNNING' from state 'PENDING' {{(pid=76558) _task_receiver /opt/stack/data/venv/lib/python3.10/site-packages/taskflow/listeners/logging.py:190}}
Nov 22 15:52:54 user devstack@c-api.service[76558]: DEBUG cinder.volume.api [None req-fde23e92-9711-4510-a9cf-5c5e7f108536 tempest-GroupSnapshotsTest-244451816 tempest-GroupSnapshotsTest-244451816-project-member] Task 'cinder.volume.flows.api.create_volume.QuotaCommitTask;volume:create' (556519be-3398-469d-a611-9b759574d05a) transitioned into state 'SUCCESS' from state 'RUNNING' with result '{'volume_properties': VolumeProperties(attach_status='detached',availability_zone='nova',cgsnapshot_id=None,consistencygroup_id=None,display_description=None,display_name=None,encryption_key_id=None,group_id=591874bc-b5c6-49b5-a894-d7682f14ddac,group_type_id=,metadata={},multiattach=False,project_id='959da70adba843039b9c828e483943ad',qos_specs=None,replication_status=,reservations=['2ffb40da-ec8c-4b05-85c1-3974a83ae459','f4f8ef68-7a35-4d50-8378-1fbc96f9d1d0'],size=1,snapshot_id=a12bf6a0-ca4e-4049-b49f-364cd87fed27,source_replicaid=,source_volid=None,status='creating',user_id='d65b64422a09485da24ffba2c77e410a',volume_type_id=ae3941ec-abd9-4c64-9505-ffefdec1fd8d)}' {{(pid=76558) _task_receiver /opt/stack/data/venv/lib/python3.10/site-packages/taskflow/listeners/logging.py:178}}
Nov 22 15:52:54 user devstack@c-api.service[76558]: DEBUG cinder.volume.api [None req-fde23e92-9711-4510-a9cf-5c5e7f108536 tempest-GroupSnapshotsTest-244451816 tempest-GroupSnapshotsTest-244451816-project-member] Flow 'volume_create_api' (6153ba20-aec6-408f-897d-cfcf77ffbeca) transitioned into state 'SUCCESS' from state 'RUNNING' {{(pid=76558) _flow_receiver /opt/stack/data/venv/lib/python3.10/site-packages/taskflow/listeners/logging.py:141}}
Nov 22 15:52:54 user devstack@c-api.service[76558]: INFO cinder.volume.api [None req-fde23e92-9711-4510-a9cf-5c5e7f108536 tempest-GroupSnapshotsTest-244451816 tempest-GroupSnapshotsTest-244451816-project-member] Create volume request issued successfully.
Nov 22 15:52:54 user devstack@c-api.service[76558]: INFO cinder.api.openstack.wsgi [None req-fde23e92-9711-4510-a9cf-5c5e7f108536 tempest-GroupSnapshotsTest-244451816 tempest-GroupSnapshotsTest-244451816-project-member] http://10.0.0.210/volume/v3/959da70adba843039b9c828e483943ad/groups/action returned with HTTP 202
Nov 22 15:52:54 user devstack@c-api.service[76558]: [pid: 76558|app: 0|req: 50/151] 10.0.0.210 () {66 vars in 1372 bytes} [Wed Nov 22 15:52:53 2023] POST /volume/v3/959da70adba843039b9c828e483943ad/groups/action => generated 103 bytes in 818 msecs (HTTP/1.1 202) 7 headers in 292 bytes (1 switches on core 0)
Nov 22 15:52:54 user devstack@c-api.service[76559]: DEBUG cinder.api.middleware.request_id [None req-9d1394b9-38a1-4c1e-bb0c-1b1fe21dfcdd None None] RequestId filter calling following filter/app {{(pid=76559) _context_setter /opt/stack/cinder/cinder/api/middleware/request_id.py:62}}
Nov 22 15:52:54 user devstack@c-api.service[76560]: DEBUG cinder.api.middleware.request_id [None req-ae1ec83e-982c-47c2-a6f9-07afc85107ce None None] RequestId filter calling following filter/app {{(pid=76560) _context_setter /opt/stack/cinder/cinder/api/middleware/request_id.py:62}}
Nov 22 15:52:54 user devstack@c-api.service[76559]: INFO cinder.api.openstack.wsgi [None req-9d1394b9-38a1-4c1e-bb0c-1b1fe21dfcdd tempest-SnapshotsActionsTest-188177203 tempest-SnapshotsActionsTest-188177203-project-member] GET http://10.0.0.210/volume/v3/443a3b8b919246309b339b408716f9ec/snapshots/f226fa7b-f069-4763-96eb-85088d7cc084
Nov 22 15:52:54 user devstack@c-api.service[76559]: DEBUG cinder.api.openstack.wsgi [None req-9d1394b9-38a1-4c1e-bb0c-1b1fe21dfcdd tempest-SnapshotsActionsTest-188177203 tempest-SnapshotsActionsTest-188177203-project-member] Empty body provided in request {{(pid=76559) get_body /opt/stack/cinder/cinder/api/openstack/wsgi.py:715}}
Nov 22 15:52:54 user devstack@c-api.service[76559]: DEBUG cinder.api.openstack.wsgi [None req-9d1394b9-38a1-4c1e-bb0c-1b1fe21dfcdd tempest-SnapshotsActionsTest-188177203 tempest-SnapshotsActionsTest-188177203-project-member] Calling method 'show' {{(pid=76559) _process_stack /opt/stack/cinder/cinder/api/openstack/wsgi.py:868}}
Nov 22 15:52:54 user devstack@c-api.service[76560]: INFO cinder.api.openstack.wsgi [None req-ae1ec83e-982c-47c2-a6f9-07afc85107ce tempest-GroupSnapshotsTest-244451816 tempest-GroupSnapshotsTest-244451816-project-member] GET http://10.0.0.210/volume/v3/959da70adba843039b9c828e483943ad/volumes/detail
Nov 22 15:52:54 user devstack@c-api.service[76560]: DEBUG cinder.api.openstack.wsgi [None req-ae1ec83e-982c-47c2-a6f9-07afc85107ce tempest-GroupSnapshotsTest-244451816 tempest-GroupSnapshotsTest-244451816-project-member] Empty body provided in request {{(pid=76560) get_body /opt/stack/cinder/cinder/api/openstack/wsgi.py:715}}
Nov 22 15:52:54 user devstack@c-api.service[76560]: DEBUG cinder.api.openstack.wsgi [None req-ae1ec83e-982c-47c2-a6f9-07afc85107ce tempest-GroupSnapshotsTest-244451816 tempest-GroupSnapshotsTest-244451816-project-member] Calling method 'detail' {{(pid=76560) _process_stack /opt/stack/cinder/cinder/api/openstack/wsgi.py:868}}
Nov 22 15:52:54 user devstack@c-api.service[76560]: DEBUG cinder.api.api_utils [None req-ae1ec83e-982c-47c2-a6f9-07afc85107ce tempest-GroupSnapshotsTest-244451816 tempest-GroupSnapshotsTest-244451816-project-member] Removing options '' from query. {{(pid=76560) remove_invalid_filter_options /opt/stack/cinder/cinder/api/api_utils.py:83}}
Nov 22 15:52:54 user devstack@c-api.service[76560]: DEBUG cinder.volume.api [None req-ae1ec83e-982c-47c2-a6f9-07afc85107ce tempest-GroupSnapshotsTest-244451816 tempest-GroupSnapshotsTest-244451816-project-member] Searching by: MultiDict([('no_migration_targets', True)]). {{(pid=76560) get_all /opt/stack/cinder/cinder/volume/api.py:664}}
Nov 22 15:52:54 user devstack@c-api.service[76559]: /opt/stack/data/venv/lib/python3.10/site-packages/oslo_context/context.py:100: DeprecationWarning: Policy enforcement is depending on the value of is_admin. This key is deprecated. Please update your policy file to use the standard policy values.
Nov 22 15:52:54 user devstack@c-api.service[76559]: warnings.warn('Policy enforcement is depending on the value of '
Nov 22 15:52:54 user devstack@c-api.service[76559]: INFO cinder.volume.api [None req-9d1394b9-38a1-4c1e-bb0c-1b1fe21dfcdd tempest-SnapshotsActionsTest-188177203 tempest-SnapshotsActionsTest-188177203-project-member] Snapshot retrieved successfully.
Nov 22 15:52:54 user devstack@c-api.service[76559]: INFO cinder.api.openstack.wsgi [None req-9d1394b9-38a1-4c1e-bb0c-1b1fe21dfcdd tempest-SnapshotsActionsTest-188177203 tempest-SnapshotsActionsTest-188177203-project-member] http://10.0.0.210/volume/v3/443a3b8b919246309b339b408716f9ec/snapshots/f226fa7b-f069-4763-96eb-85088d7cc084 returned with HTTP 200
Nov 22 15:52:54 user devstack@c-api.service[76559]: [pid: 76559|app: 0|req: 52/152] 10.0.0.210 () {62 vars in 1408 bytes} [Wed Nov 22 15:52:54 2023] GET /volume/v3/443a3b8b919246309b339b408716f9ec/snapshots/f226fa7b-f069-4763-96eb-85088d7cc084 => generated 438 bytes in 24 msecs (HTTP/1.1 200) 7 headers in 285 bytes (1 switches on core 0)
Nov 22 15:52:54 user devstack@c-api.service[76560]: INFO cinder.volume.api [None req-ae1ec83e-982c-47c2-a6f9-07afc85107ce tempest-GroupSnapshotsTest-244451816 tempest-GroupSnapshotsTest-244451816-project-member] Get all volumes completed successfully.
Nov 22 15:52:54 user devstack@c-api.service[76560]: WARNING stevedore.named [None req-ae1ec83e-982c-47c2-a6f9-07afc85107ce tempest-GroupSnapshotsTest-244451816 tempest-GroupSnapshotsTest-244451816-project-member] Could not load cinder.keymgr.conf_key_mgr.ConfKeyManager
Nov 22 15:52:54 user devstack@c-api.service[76560]: WARNING castellan.key_manager [None req-ae1ec83e-982c-47c2-a6f9-07afc85107ce tempest-GroupSnapshotsTest-244451816 tempest-GroupSnapshotsTest-244451816-project-member] Deprecation Warning : cinder.keymgr.conf_key_mgr.ConfKeyManager is not a stevedore based driver, trying to load it as a class: stevedore.exception.NoMatches: No 'castellan.drivers' driver found, looking for 'cinder.keymgr.conf_key_mgr.ConfKeyManager'
Nov 22 15:52:54 user devstack@c-api.service[76560]: DEBUG oslo_db.sqlalchemy.engines [None req-ae1ec83e-982c-47c2-a6f9-07afc85107ce tempest-GroupSnapshotsTest-244451816 tempest-GroupSnapshotsTest-244451816-project-member] MySQL server mode set to STRICT_TRANS_TABLES,STRICT_ALL_TABLES,NO_ZERO_IN_DATE,NO_ZERO_DATE,ERROR_FOR_DIVISION_BY_ZERO,TRADITIONAL,NO_ENGINE_SUBSTITUTION {{(pid=76560) _check_effective_sql_mode /opt/stack/data/venv/lib/python3.10/site-packages/oslo_db/sqlalchemy/engines.py:342}}
Nov 22 15:52:54 user devstack@c-api.service[76560]: /opt/stack/data/venv/lib/python3.10/site-packages/oslo_context/context.py:100: DeprecationWarning: Policy enforcement is depending on the value of is_admin. This key is deprecated. Please update your policy file to use the standard policy values.
