Nov 22 15:53:05 user devstack@c-api.service[76560]: INFO cinder.api.openstack.wsgi [None req-2480af01-c2aa-4c06-94cf-6ae710885e64 tempest-VolumeTypesNegativeTest-458844625 tempest-VolumeTypesNegativeTest-458844625-project-admin] POST http://10.0.0.210/volume/v3/7b620fff94494239bc4c9fdba10efb26/types
Nov 22 15:53:05 user devstack@c-api.service[76560]: DEBUG cinder.api.openstack.wsgi [None req-2480af01-c2aa-4c06-94cf-6ae710885e64 tempest-VolumeTypesNegativeTest-458844625 tempest-VolumeTypesNegativeTest-458844625-project-admin] Action: 'create', calling method: _create, body: {"volume_type": {"name": "tempest-VolumeTypesNegativeTest-volume-type-2095927390", "os-volume-type-access:is_public": false}} {{(pid=76560) _process_stack /opt/stack/cinder/cinder/api/openstack/wsgi.py:866}}
Nov 22 15:53:05 user devstack@c-api.service[76559]: INFO cinder.api.openstack.wsgi [None req-5c2c9b05-24dd-4d55-9453-569c51cbf9bf tempest-SnapshotMetadataTestJSON-889872949 tempest-SnapshotMetadataTestJSON-889872949-project-member] http://10.0.0.210/volume/v3/8cfbb8314bf845b099774bd0a4c58c67/volumes/6fe39cb8-5b4a-432d-a272-b26cfd6c0127 returned with HTTP 404
Nov 22 15:53:05 user devstack@c-api.service[76559]: [pid: 76559|app: 0|req: 86/248] 10.0.0.210 () {62 vars in 1402 bytes} [Wed Nov 22 15:53:05 2023] GET /volume/v3/8cfbb8314bf845b099774bd0a4c58c67/volumes/6fe39cb8-5b4a-432d-a272-b26cfd6c0127 => generated 109 bytes in 63 msecs (HTTP/1.1 404) 7 headers in 292 bytes (1 switches on core 0)
Nov 22 15:53:05 user devstack@c-api.service[76560]: INFO cinder.api.openstack.wsgi [None req-2480af01-c2aa-4c06-94cf-6ae710885e64 tempest-VolumeTypesNegativeTest-458844625 tempest-VolumeTypesNegativeTest-458844625-project-admin] http://10.0.0.210/volume/v3/7b620fff94494239bc4c9fdba10efb26/types returned with HTTP 200
Nov 22 15:53:05 user devstack@c-api.service[76560]: [pid: 76560|app: 0|req: 84/249] 10.0.0.210 () {64 vars in 1307 bytes} [Wed Nov 22 15:53:05 2023] POST /volume/v3/7b620fff94494239bc4c9fdba10efb26/types => generated 231 bytes in 61 msecs (HTTP/1.1 200) 7 headers in 285 bytes (1 switches on core 0)
Nov 22 15:53:05 user devstack@c-api.service[76558]: DEBUG cinder.api.middleware.request_id [None req-193d4a33-821f-4a3e-9758-643ef6c48dd5 None None] RequestId filter calling following filter/app {{(pid=76558) _context_setter /opt/stack/cinder/cinder/api/middleware/request_id.py:62}}
Nov 22 15:53:05 user devstack@c-api.service[76559]: DEBUG cinder.api.middleware.request_id [None req-8ed9d44e-3db4-4294-80dd-4453c9485da5 None None] RequestId filter calling following filter/app {{(pid=76559) _context_setter /opt/stack/cinder/cinder/api/middleware/request_id.py:62}}
Nov 22 15:53:05 user devstack@c-api.service[76559]: INFO cinder.api.openstack.wsgi [None req-8ed9d44e-3db4-4294-80dd-4453c9485da5 tempest-TestVolumeSwap-535208830 tempest-TestVolumeSwap-535208830-project-member] GET http://10.0.0.210/volume/v3/68bb98a544c0407bb4629239134c9404/volumes/609d12e6-0cdd-43b1-8917-f28605476935
Nov 22 15:53:05 user devstack@c-api.service[76559]: DEBUG cinder.api.openstack.wsgi [None req-8ed9d44e-3db4-4294-80dd-4453c9485da5 tempest-TestVolumeSwap-535208830 tempest-TestVolumeSwap-535208830-project-member] Empty body provided in request {{(pid=76559) get_body /opt/stack/cinder/cinder/api/openstack/wsgi.py:715}}
Nov 22 15:53:05 user devstack@c-api.service[76559]: DEBUG cinder.api.openstack.wsgi [None req-8ed9d44e-3db4-4294-80dd-4453c9485da5 tempest-TestVolumeSwap-535208830 tempest-TestVolumeSwap-535208830-project-member] Calling method 'show' {{(pid=76559) _process_stack /opt/stack/cinder/cinder/api/openstack/wsgi.py:868}}
Nov 22 15:53:05 user devstack@c-api.service[76560]: DEBUG cinder.api.middleware.request_id [None req-2a50f9b8-0979-40c9-b845-464f899baf86 None None] RequestId filter calling following filter/app {{(pid=76560) _context_setter /opt/stack/cinder/cinder/api/middleware/request_id.py:62}}
Nov 22 15:53:05 user devstack@c-api.service[76560]: INFO cinder.api.openstack.wsgi [None req-2a50f9b8-0979-40c9-b845-464f899baf86 tempest-GroupSnapshotsTest-244451816 tempest-GroupSnapshotsTest-244451816-project-member] GET http://10.0.0.210/volume/v3/959da70adba843039b9c828e483943ad/volumes/db782bc8-1f56-4489-ac7f-a393ab778120
Nov 22 15:53:05 user devstack@c-api.service[76560]: DEBUG cinder.api.openstack.wsgi [None req-2a50f9b8-0979-40c9-b845-464f899baf86 tempest-GroupSnapshotsTest-244451816 tempest-GroupSnapshotsTest-244451816-project-member] Empty body provided in request {{(pid=76560) get_body /opt/stack/cinder/cinder/api/openstack/wsgi.py:715}}
Nov 22 15:53:05 user devstack@c-api.service[76560]: DEBUG cinder.api.openstack.wsgi [None req-2a50f9b8-0979-40c9-b845-464f899baf86 tempest-GroupSnapshotsTest-244451816 tempest-GroupSnapshotsTest-244451816-project-member] Calling method 'show' {{(pid=76560) _process_stack /opt/stack/cinder/cinder/api/openstack/wsgi.py:868}}
Nov 22 15:53:05 user devstack@c-api.service[76560]: /opt/stack/data/venv/lib/python3.10/site-packages/oslo_context/context.py:100: DeprecationWarning: Policy enforcement is depending on the value of is_admin. This key is deprecated. Please update your policy file to use the standard policy values.
Nov 22 15:53:05 user devstack@c-api.service[76560]: warnings.warn('Policy enforcement is depending on the value of '
Nov 22 15:53:05 user devstack@c-api.service[76559]: /opt/stack/data/venv/lib/python3.10/site-packages/oslo_context/context.py:100: DeprecationWarning: Policy enforcement is depending on the value of is_admin. This key is deprecated. Please update your policy file to use the standard policy values.
Nov 22 15:53:05 user devstack@c-api.service[76559]: warnings.warn('Policy enforcement is depending on the value of '
Nov 22 15:53:05 user devstack@c-api.service[76560]: INFO cinder.volume.api [None req-2a50f9b8-0979-40c9-b845-464f899baf86 tempest-GroupSnapshotsTest-244451816 tempest-GroupSnapshotsTest-244451816-project-member] Volume info retrieved successfully.
Nov 22 15:53:05 user devstack@c-api.service[76560]: WARNING stevedore.named [None req-2a50f9b8-0979-40c9-b845-464f899baf86 tempest-GroupSnapshotsTest-244451816 tempest-GroupSnapshotsTest-244451816-project-member] Could not load cinder.keymgr.conf_key_mgr.ConfKeyManager
Nov 22 15:53:05 user devstack@c-api.service[76560]: WARNING castellan.key_manager [None req-2a50f9b8-0979-40c9-b845-464f899baf86 tempest-GroupSnapshotsTest-244451816 tempest-GroupSnapshotsTest-244451816-project-member] Deprecation Warning : cinder.keymgr.conf_key_mgr.ConfKeyManager is not a stevedore based driver, trying to load it as a class: stevedore.exception.NoMatches: No 'castellan.drivers' driver found, looking for 'cinder.keymgr.conf_key_mgr.ConfKeyManager'
Nov 22 15:53:05 user devstack@c-api.service[76559]: INFO cinder.volume.api [None req-8ed9d44e-3db4-4294-80dd-4453c9485da5 tempest-TestVolumeSwap-535208830 tempest-TestVolumeSwap-535208830-project-member] Volume info retrieved successfully.
Nov 22 15:53:05 user devstack@c-api.service[76559]: INFO cinder.api.openstack.wsgi [None req-8ed9d44e-3db4-4294-80dd-4453c9485da5 tempest-TestVolumeSwap-535208830 tempest-TestVolumeSwap-535208830-project-member] http://10.0.0.210/volume/v3/68bb98a544c0407bb4629239134c9404/volumes/609d12e6-0cdd-43b1-8917-f28605476935 returned with HTTP 200
Nov 22 15:53:05 user devstack@c-api.service[76560]: DEBUG oslo_db.sqlalchemy.engines [None req-2a50f9b8-0979-40c9-b845-464f899baf86 tempest-GroupSnapshotsTest-244451816 tempest-GroupSnapshotsTest-244451816-project-member] MySQL server mode set to STRICT_TRANS_TABLES,STRICT_ALL_TABLES,NO_ZERO_IN_DATE,NO_ZERO_DATE,ERROR_FOR_DIVISION_BY_ZERO,TRADITIONAL,NO_ENGINE_SUBSTITUTION {{(pid=76560) _check_effective_sql_mode /opt/stack/data/venv/lib/python3.10/site-packages/oslo_db/sqlalchemy/engines.py:342}}
Nov 22 15:53:05 user devstack@c-api.service[76559]: [pid: 76559|app: 0|req: 87/250] 10.0.0.210 () {62 vars in 1402 bytes} [Wed Nov 22 15:53:05 2023] GET /volume/v3/68bb98a544c0407bb4629239134c9404/volumes/609d12e6-0cdd-43b1-8917-f28605476935 => generated 904 bytes in 89 msecs (HTTP/1.1 200) 7 headers in 285 bytes (1 switches on core 0)
Nov 22 15:53:05 user devstack@c-api.service[76560]: /opt/stack/data/venv/lib/python3.10/site-packages/oslo_context/context.py:100: DeprecationWarning: Policy enforcement is depending on the value of is_admin. This key is deprecated. Please update your policy file to use the standard policy values.
Nov 22 15:53:05 user devstack@c-api.service[76560]: warnings.warn('Policy enforcement is depending on the value of '
Nov 22 15:53:05 user devstack@c-api.service[76559]: DEBUG cinder.api.middleware.request_id [None req-9fad82dd-6703-493d-a8af-2fa29f349a9e None None] RequestId filter calling following filter/app {{(pid=76559) _context_setter /opt/stack/cinder/cinder/api/middleware/request_id.py:62}}
Nov 22 15:53:05 user devstack@c-api.service[76560]: INFO cinder.api.openstack.wsgi [None req-2a50f9b8-0979-40c9-b845-464f899baf86 tempest-GroupSnapshotsTest-244451816 tempest-GroupSnapshotsTest-244451816-project-member] http://10.0.0.210/volume/v3/959da70adba843039b9c828e483943ad/volumes/db782bc8-1f56-4489-ac7f-a393ab778120 returned with HTTP 200
Nov 22 15:53:05 user devstack@c-api.service[76560]: [pid: 76560|app: 0|req: 85/251] 10.0.0.210 () {64 vars in 1443 bytes} [Wed Nov 22 15:53:05 2023] GET /volume/v3/959da70adba843039b9c828e483943ad/volumes/db782bc8-1f56-4489-ac7f-a393ab778120 => generated 978 bytes in 126 msecs (HTTP/1.1 200) 7 headers in 286 bytes (1 switches on core 0)
Nov 22 15:53:05 user devstack@c-api.service[76559]: INFO cinder.api.openstack.wsgi [None req-9fad82dd-6703-493d-a8af-2fa29f349a9e tempest-TestVolumeSwap-535208830 tempest-TestVolumeSwap-535208830-project-member] POST http://10.0.0.210/volume/v3/68bb98a544c0407bb4629239134c9404/volumes
Nov 22 15:53:05 user devstack@c-api.service[76559]: DEBUG cinder.api.openstack.wsgi [None req-9fad82dd-6703-493d-a8af-2fa29f349a9e tempest-TestVolumeSwap-535208830 tempest-TestVolumeSwap-535208830-project-member] Action: 'create', calling method: create, body: {"volume": {"size": 1, "display_name": "tempest-TestVolumeSwap-volume-2002794728"}} {{(pid=76559) _process_stack /opt/stack/cinder/cinder/api/openstack/wsgi.py:866}}
Nov 22 15:53:05 user devstack@c-api.service[76559]: DEBUG cinder.api.v3.volumes [None req-9fad82dd-6703-493d-a8af-2fa29f349a9e tempest-TestVolumeSwap-535208830 tempest-TestVolumeSwap-535208830-project-member] Create volume request body: {'volume': {'size': 1, 'display_name': 'tempest-TestVolumeSwap-volume-2002794728'}} {{(pid=76559) create /opt/stack/cinder/cinder/api/v3/volumes.py:297}}
Nov 22 15:53:05 user devstack@c-api.service[76559]: INFO cinder.api.v3.volumes [None req-9fad82dd-6703-493d-a8af-2fa29f349a9e tempest-TestVolumeSwap-535208830 tempest-TestVolumeSwap-535208830-project-member] Create volume of 1 GB
Nov 22 15:53:05 user devstack@c-api.service[76559]: INFO cinder.volume.api [None req-9fad82dd-6703-493d-a8af-2fa29f349a9e tempest-TestVolumeSwap-535208830 tempest-TestVolumeSwap-535208830-project-member] Availability Zones retrieved successfully.
Nov 22 15:53:06 user devstack@c-api.service[76558]: INFO cinder.api.openstack.wsgi [None req-193d4a33-821f-4a3e-9758-643ef6c48dd5 tempest-VolumeTypesNegativeTest-5864751 tempest-VolumeTypesNegativeTest-5864751-project-member] POST http://10.0.0.210/volume/v3/fec2279da513451793fbba9e86806edf/volumes
Nov 22 15:53:06 user devstack@c-api.service[76558]: DEBUG cinder.api.openstack.wsgi [None req-193d4a33-821f-4a3e-9758-643ef6c48dd5 tempest-VolumeTypesNegativeTest-5864751 tempest-VolumeTypesNegativeTest-5864751-project-member] Action: 'create', calling method: create, body: {"volume": {"volume_type": "aa031a91-e132-4694-b553-a770b7ffe4c3", "size": 1, "name": "tempest-VolumeTypesNegativeTest-Volume-422422976"}} {{(pid=76558) _process_stack /opt/stack/cinder/cinder/api/openstack/wsgi.py:866}}
Nov 22 15:53:06 user devstack@c-api.service[76560]: DEBUG cinder.api.middleware.request_id [None req-894cdc00-ca9e-4c4e-8c31-5918434901e3 None None] RequestId filter calling following filter/app {{(pid=76560) _context_setter /opt/stack/cinder/cinder/api/middleware/request_id.py:62}}
Nov 22 15:53:06 user devstack@c-api.service[76558]: DEBUG cinder.api.v3.volumes [None req-193d4a33-821f-4a3e-9758-643ef6c48dd5 tempest-VolumeTypesNegativeTest-5864751 tempest-VolumeTypesNegativeTest-5864751-project-member] Create volume request body: {'volume': {'volume_type': 'aa031a91-e132-4694-b553-a770b7ffe4c3', 'size': 1, 'name': 'tempest-VolumeTypesNegativeTest-Volume-422422976'}} {{(pid=76558) create /opt/stack/cinder/cinder/api/v3/volumes.py:297}}
Nov 22 15:53:06 user devstack@c-api.service[76560]: INFO cinder.api.openstack.wsgi [None req-894cdc00-ca9e-4c4e-8c31-5918434901e3 tempest-SnapshotsActionsTest-188177203 tempest-SnapshotsActionsTest-188177203-project-member] GET http://10.0.0.210/volume/v3/443a3b8b919246309b339b408716f9ec/snapshots/09298e88-6deb-458d-aee8-f5de513552b6
Nov 22 15:53:06 user devstack@c-api.service[76560]: DEBUG cinder.api.openstack.wsgi [None req-894cdc00-ca9e-4c4e-8c31-5918434901e3 tempest-SnapshotsActionsTest-188177203 tempest-SnapshotsActionsTest-188177203-project-member] Empty body provided in request {{(pid=76560) get_body /opt/stack/cinder/cinder/api/openstack/wsgi.py:715}}
Nov 22 15:53:06 user devstack@c-api.service[76560]: DEBUG cinder.api.openstack.wsgi [None req-894cdc00-ca9e-4c4e-8c31-5918434901e3 tempest-SnapshotsActionsTest-188177203 tempest-SnapshotsActionsTest-188177203-project-member] Calling method 'show' {{(pid=76560) _process_stack /opt/stack/cinder/cinder/api/openstack/wsgi.py:868}}
Nov 22 15:53:06 user devstack@c-api.service[76559]: DEBUG cinder.volume.api [None req-9fad82dd-6703-493d-a8af-2fa29f349a9e tempest-TestVolumeSwap-535208830 tempest-TestVolumeSwap-535208830-project-member] Flow 'volume_create_api' (2e167d80-6336-4861-b277-c8fd49e6b5a4) transitioned into state 'RUNNING' from state 'PENDING' {{(pid=76559) _flow_receiver /opt/stack/data/venv/lib/python3.10/site-packages/taskflow/listeners/logging.py:141}}
Nov 22 15:53:06 user devstack@c-api.service[76559]: DEBUG cinder.volume.api [None req-9fad82dd-6703-493d-a8af-2fa29f349a9e tempest-TestVolumeSwap-535208830 tempest-TestVolumeSwap-535208830-project-member] Task 'cinder.volume.flows.api.create_volume.ExtractVolumeRequestTask;volume:create' (b0b8f0d3-b138-43c4-8df9-523e47ebb59f) transitioned into state 'RUNNING' from state 'PENDING' {{(pid=76559) _task_receiver /opt/stack/data/venv/lib/python3.10/site-packages/taskflow/listeners/logging.py:190}}
Nov 22 15:53:06 user devstack@c-api.service[76559]: DEBUG cinder.volume.flows.api.create_volume [None req-9fad82dd-6703-493d-a8af-2fa29f349a9e tempest-TestVolumeSwap-535208830 tempest-TestVolumeSwap-535208830-project-member] Validating volume size '1' using validate_int {{(pid=76559) _extract_size /opt/stack/cinder/cinder/volume/flows/api/create_volume.py:228}}
Nov 22 15:53:06 user devstack@c-api.service[76560]: /opt/stack/data/venv/lib/python3.10/site-packages/oslo_context/context.py:100: DeprecationWarning: Policy enforcement is depending on the value of is_admin. This key is deprecated. Please update your policy file to use the standard policy values.
Nov 22 15:53:06 user devstack@c-api.service[76560]: warnings.warn('Policy enforcement is depending on the value of '
Nov 22 15:53:06 user devstack@c-api.service[76560]: INFO cinder.volume.api [None req-894cdc00-ca9e-4c4e-8c31-5918434901e3 tempest-SnapshotsActionsTest-188177203 tempest-SnapshotsActionsTest-188177203-project-member] Snapshot retrieved successfully.
Nov 22 15:53:06 user devstack@c-api.service[76558]: INFO cinder.api.openstack.wsgi [None req-193d4a33-821f-4a3e-9758-643ef6c48dd5 tempest-VolumeTypesNegativeTest-5864751 tempest-VolumeTypesNegativeTest-5864751-project-member] http://10.0.0.210/volume/v3/fec2279da513451793fbba9e86806edf/volumes returned with HTTP 404
Nov 22 15:53:06 user devstack@c-api.service[76560]: INFO cinder.api.openstack.wsgi [None req-894cdc00-ca9e-4c4e-8c31-5918434901e3 tempest-SnapshotsActionsTest-188177203 tempest-SnapshotsActionsTest-188177203-project-member] http://10.0.0.210/volume/v3/443a3b8b919246309b339b408716f9ec/snapshots/09298e88-6deb-458d-aee8-f5de513552b6 returned with HTTP 200
Nov 22 15:53:06 user devstack@c-api.service[76560]: [pid: 76560|app: 0|req: 86/252] 10.0.0.210 () {62 vars in 1408 bytes} [Wed Nov 22 15:53:06 2023] GET /volume/v3/443a3b8b919246309b339b408716f9ec/snapshots/09298e88-6deb-458d-aee8-f5de513552b6 => generated 464 bytes in 65 msecs (HTTP/1.1 200) 7 headers in 285 bytes (2 switches on core 0)
Nov 22 15:53:06 user devstack@c-api.service[76558]: [pid: 76558|app: 0|req: 80/253] 10.0.0.210 () {64 vars in 1313 bytes} [Wed Nov 22 15:53:05 2023] POST /volume/v3/fec2279da513451793fbba9e86806edf/volumes => generated 114 bytes in 262 msecs (HTTP/1.1 404) 7 headers in 292 bytes (1 switches on core 0)
Nov 22 15:53:06 user devstack@c-api.service[76560]: DEBUG cinder.api.middleware.request_id [None req-ff4306f9-599c-43f8-a4c7-8ee1e8582d7f None None] RequestId filter calling following filter/app {{(pid=76560) _context_setter /opt/stack/cinder/cinder/api/middleware/request_id.py:62}}
Nov 22 15:53:06 user devstack@c-api.service[76560]: INFO cinder.api.openstack.wsgi [None req-ff4306f9-599c-43f8-a4c7-8ee1e8582d7f tempest-VolumeTypesNegativeTest-458844625 tempest-VolumeTypesNegativeTest-458844625-project-admin] DELETE http://10.0.0.210/volume/v3/7b620fff94494239bc4c9fdba10efb26/types/aa031a91-e132-4694-b553-a770b7ffe4c3
Nov 22 15:53:06 user devstack@c-api.service[76560]: DEBUG cinder.api.openstack.wsgi [None req-ff4306f9-599c-43f8-a4c7-8ee1e8582d7f tempest-VolumeTypesNegativeTest-458844625 tempest-VolumeTypesNegativeTest-458844625-project-admin] Empty body provided in request {{(pid=76560) get_body /opt/stack/cinder/cinder/api/openstack/wsgi.py:715}}
Nov 22 15:53:06 user devstack@c-api.service[76560]: DEBUG cinder.api.openstack.wsgi [None req-ff4306f9-599c-43f8-a4c7-8ee1e8582d7f tempest-VolumeTypesNegativeTest-458844625 tempest-VolumeTypesNegativeTest-458844625-project-admin] Calling method '_delete' {{(pid=76560) _process_stack /opt/stack/cinder/cinder/api/openstack/wsgi.py:868}}
Nov 22 15:53:06 user devstack@c-api.service[76559]: DEBUG cinder.volume.api [None req-9fad82dd-6703-493d-a8af-2fa29f349a9e tempest-TestVolumeSwap-535208830 tempest-TestVolumeSwap-535208830-project-member] Task 'cinder.volume.flows.api.create_volume.ExtractVolumeRequestTask;volume:create' (b0b8f0d3-b138-43c4-8df9-523e47ebb59f) transitioned into state 'SUCCESS' from state 'RUNNING' with result '{'size': 1, 'snapshot_id': None, 'source_volid': None, 'volume_type': VolumeType(created_at=2023-11-22T15:48:51Z,deleted=False,deleted_at=None,description=None,extra_specs={volume_backend_name='joviandss-2'},id=e308df5e-23c9-44f1-9998-80c06f9a4f77,is_public=True,name='joviandss-2',projects=[],qos_specs=,qos_specs_id=None,updated_at=None), 'volume_type_id': 'e308df5e-23c9-44f1-9998-80c06f9a4f77', 'encryption_key_id': None, 'qos_specs': None, 'consistencygroup_id': None, 'cgsnapshot_id': None, 'group_id': None, 'replication_status': 'disabled', 'refresh_az': False, 'backup_id': None, 'multiattach': False, 'availability_zones': ['nova']}' {{(pid=76559) _task_receiver /opt/stack/data/venv/lib/python3.10/site-packages/taskflow/listeners/logging.py:178}}
Nov 22 15:53:06 user devstack@c-api.service[76559]: DEBUG cinder.volume.api [None req-9fad82dd-6703-493d-a8af-2fa29f349a9e tempest-TestVolumeSwap-535208830 tempest-TestVolumeSwap-535208830-project-member] Task 'cinder.volume.flows.api.create_volume.QuotaReserveTask;volume:create' (22ecdfd6-e634-4eb4-a262-42a0aa14f66e) transitioned into state 'RUNNING' from state 'PENDING' {{(pid=76559) _task_receiver /opt/stack/data/venv/lib/python3.10/site-packages/taskflow/listeners/logging.py:190}}
Nov 22 15:53:06 user devstack@c-api.service[76560]: INFO cinder.api.openstack.wsgi [None req-ff4306f9-599c-43f8-a4c7-8ee1e8582d7f tempest-VolumeTypesNegativeTest-458844625 tempest-VolumeTypesNegativeTest-458844625-project-admin] http://10.0.0.210/volume/v3/7b620fff94494239bc4c9fdba10efb26/types/aa031a91-e132-4694-b553-a770b7ffe4c3 returned with HTTP 202
Nov 22 15:53:06 user devstack@c-api.service[76560]: [pid: 76560|app: 0|req: 87/254] 10.0.0.210 () {62 vars in 1399 bytes} [Wed Nov 22 15:53:06 2023] DELETE /volume/v3/7b620fff94494239bc4c9fdba10efb26/types/aa031a91-e132-4694-b553-a770b7ffe4c3 => generated 0 bytes in 97 msecs (HTTP/1.1 202) 6 headers in 233 bytes (1 switches on core 0)
Nov 22 15:53:06 user devstack@c-api.service[76558]: DEBUG cinder.api.middleware.request_id [None req-38a62915-0a38-4fba-b7a9-2ed7d8872a55 None None] RequestId filter calling following filter/app {{(pid=76558) _context_setter /opt/stack/cinder/cinder/api/middleware/request_id.py:62}}
Nov 22 15:53:06 user devstack@c-api.service[76558]: INFO cinder.api.openstack.wsgi [None req-38a62915-0a38-4fba-b7a9-2ed7d8872a55 tempest-VolumeTypesNegativeTest-458844625 tempest-VolumeTypesNegativeTest-458844625-project-admin] GET http://10.0.0.210/volume/v3/7b620fff94494239bc4c9fdba10efb26/types/aa031a91-e132-4694-b553-a770b7ffe4c3
Nov 22 15:53:06 user devstack@c-api.service[76558]: DEBUG cinder.api.openstack.wsgi [None req-38a62915-0a38-4fba-b7a9-2ed7d8872a55 tempest-VolumeTypesNegativeTest-458844625 tempest-VolumeTypesNegativeTest-458844625-project-admin] Empty body provided in request {{(pid=76558) get_body /opt/stack/cinder/cinder/api/openstack/wsgi.py:715}}
Nov 22 15:53:06 user devstack@c-api.service[76558]: DEBUG cinder.api.openstack.wsgi [None req-38a62915-0a38-4fba-b7a9-2ed7d8872a55 tempest-VolumeTypesNegativeTest-458844625 tempest-VolumeTypesNegativeTest-458844625-project-admin] Calling method 'show' {{(pid=76558) _process_stack /opt/stack/cinder/cinder/api/openstack/wsgi.py:868}}
Nov 22 15:53:06 user devstack@c-api.service[76558]: INFO cinder.api.openstack.wsgi [None req-38a62915-0a38-4fba-b7a9-2ed7d8872a55 tempest-VolumeTypesNegativeTest-458844625 tempest-VolumeTypesNegativeTest-458844625-project-admin] http://10.0.0.210/volume/v3/7b620fff94494239bc4c9fdba10efb26/types/aa031a91-e132-4694-b553-a770b7ffe4c3 returned with HTTP 404
Nov 22 15:53:06 user devstack@c-api.service[76558]: [pid: 76558|app: 0|req: 81/255] 10.0.0.210 () {62 vars in 1396 bytes} [Wed Nov 22 15:53:06 2023] GET /volume/v3/7b620fff94494239bc4c9fdba10efb26/types/aa031a91-e132-4694-b553-a770b7ffe4c3 => generated 114 bytes in 12 msecs (HTTP/1.1 404) 7 headers in 292 bytes (1 switches on core 0)
Nov 22 15:53:06 user devstack@c-api.service[76559]: DEBUG cinder.quota [None req-9fad82dd-6703-493d-a8af-2fa29f349a9e tempest-TestVolumeSwap-535208830 tempest-TestVolumeSwap-535208830-project-member] Created reservations ['12335309-64ec-44ff-89e4-0978fb0f6ee4', 'b7ab1493-616d-4884-92b6-0214748ea50a', 'd87d6407-7714-4a71-beb8-95565c39c2ef', '26322883-da38-4f47-87ee-4884fca48a03'] {{(pid=76559) reserve /opt/stack/cinder/cinder/quota.py:755}}
Nov 22 15:53:06 user devstack@c-api.service[76559]: DEBUG cinder.volume.api [None req-9fad82dd-6703-493d-a8af-2fa29f349a9e tempest-TestVolumeSwap-535208830 tempest-TestVolumeSwap-535208830-project-member] Task 'cinder.volume.flows.api.create_volume.QuotaReserveTask;volume:create' (22ecdfd6-e634-4eb4-a262-42a0aa14f66e) transitioned into state 'SUCCESS' from state 'RUNNING' with result '{'reservations': ['12335309-64ec-44ff-89e4-0978fb0f6ee4', 'b7ab1493-616d-4884-92b6-0214748ea50a', 'd87d6407-7714-4a71-beb8-95565c39c2ef', '26322883-da38-4f47-87ee-4884fca48a03']}' {{(pid=76559) _task_receiver /opt/stack/data/venv/lib/python3.10/site-packages/taskflow/listeners/logging.py:178}}
Nov 22 15:53:06 user devstack@c-api.service[76560]: DEBUG cinder.api.middleware.request_id [None req-99932333-e428-4669-b538-612053b8c77a None None] RequestId filter calling following filter/app {{(pid=76560) _context_setter /opt/stack/cinder/cinder/api/middleware/request_id.py:62}}
Nov 22 15:53:06 user devstack@c-api.service[76559]: DEBUG cinder.volume.api [None req-9fad82dd-6703-493d-a8af-2fa29f349a9e tempest-TestVolumeSwap-535208830 tempest-TestVolumeSwap-535208830-project-member] Task 'cinder.volume.flows.api.create_volume.EntryCreateTask;volume:create' (52e25611-b343-46da-860a-90bf1e26cc14) transitioned into state 'RUNNING' from state 'PENDING' {{(pid=76559) _task_receiver /opt/stack/data/venv/lib/python3.10/site-packages/taskflow/listeners/logging.py:190}}
Nov 22 15:53:06 user devstack@c-api.service[76560]: INFO cinder.api.openstack.wsgi [None req-99932333-e428-4669-b538-612053b8c77a tempest-VolumeTypesNegativeTest-458844625 tempest-VolumeTypesNegativeTest-458844625-project-admin] POST http://10.0.0.210/volume/v3/7b620fff94494239bc4c9fdba10efb26/types
Nov 22 15:53:06 user devstack@c-api.service[76560]: DEBUG cinder.api.openstack.wsgi [None req-99932333-e428-4669-b538-612053b8c77a tempest-VolumeTypesNegativeTest-458844625 tempest-VolumeTypesNegativeTest-458844625-project-admin] Action: 'create', calling method: _create, body: {"volume_type": {"name": ""}} {{(pid=76560) _process_stack /opt/stack/cinder/cinder/api/openstack/wsgi.py:866}}
Nov 22 15:53:06 user devstack@c-api.service[76560]: INFO cinder.api.openstack.wsgi [None req-99932333-e428-4669-b538-612053b8c77a tempest-VolumeTypesNegativeTest-458844625 tempest-VolumeTypesNegativeTest-458844625-project-admin] http://10.0.0.210/volume/v3/7b620fff94494239bc4c9fdba10efb26/types returned with HTTP 400
Nov 22 15:53:06 user devstack@c-api.service[76560]: [pid: 76560|app: 0|req: 88/256] 10.0.0.210 () {64 vars in 1306 bytes} [Wed Nov 22 15:53:06 2023] POST /volume/v3/7b620fff94494239bc4c9fdba10efb26/types => generated 108 bytes in 11 msecs (HTTP/1.1 400) 7 headers in 294 bytes (1 switches on core 0)
Nov 22 15:53:06 user devstack@c-api.service[76558]: DEBUG cinder.api.middleware.request_id [None req-55310982-3f7d-4c41-a345-4981ca8a0b81 None None] RequestId filter calling following filter/app {{(pid=76558) _context_setter /opt/stack/cinder/cinder/api/middleware/request_id.py:62}}
Nov 22 15:53:06 user devstack@c-api.service[76558]: INFO cinder.api.openstack.wsgi [None req-55310982-3f7d-4c41-a345-4981ca8a0b81 tempest-VolumeTypesNegativeTest-458844625 tempest-VolumeTypesNegativeTest-458844625-project-admin] POST http://10.0.0.210/volume/v3/7b620fff94494239bc4c9fdba10efb26/types
Nov 22 15:53:06 user devstack@c-api.service[76558]: DEBUG cinder.api.openstack.wsgi [None req-55310982-3f7d-4c41-a345-4981ca8a0b81 tempest-VolumeTypesNegativeTest-458844625 tempest-VolumeTypesNegativeTest-458844625-project-admin] Action: 'create', calling method: _create, body: {"volume_type": {"name": "tempest-VolumeTypesNegativeTest-volume-type-1596284373"}} {{(pid=76558) _process_stack /opt/stack/cinder/cinder/api/openstack/wsgi.py:866}}
Nov 22 15:53:06 user devstack@c-api.service[76559]: DEBUG cinder.volume.api [None req-9fad82dd-6703-493d-a8af-2fa29f349a9e tempest-TestVolumeSwap-535208830 tempest-TestVolumeSwap-535208830-project-member] Task 'cinder.volume.flows.api.create_volume.EntryCreateTask;volume:create' (52e25611-b343-46da-860a-90bf1e26cc14) transitioned into state 'SUCCESS' from state 'RUNNING' with result '{'volume_id': '8b43355b-44de-4c94-a8fe-6e262576b260', 'volume_properties': VolumeProperties(attach_status='detached',availability_zone='nova',cgsnapshot_id=None,consistencygroup_id=None,display_description=None,display_name='tempest-TestVolumeSwap-volume-2002794728',encryption_key_id=None,group_id=None,group_type_id=,metadata={},multiattach=False,project_id='68bb98a544c0407bb4629239134c9404',qos_specs=None,replication_status=,reservations=['12335309-64ec-44ff-89e4-0978fb0f6ee4','b7ab1493-616d-4884-92b6-0214748ea50a','d87d6407-7714-4a71-beb8-95565c39c2ef','26322883-da38-4f47-87ee-4884fca48a03'],size=1,snapshot_id=None,source_replicaid=,source_volid=None,status='creating',user_id='1d666933fdf74e4e8fad7a7112d1eecb',volume_type_id=e308df5e-23c9-44f1-9998-80c06f9a4f77), 'volume': Volume(_name_id=None,admin_metadata=,attach_status='detached',availability_zone='nova',bootable=False,cluster=,cluster_name=None,consistencygroup=,consistencygroup_id=None,created_at=2023-11-22T15:53:06Z,deleted=False,deleted_at=None,display_description=None,display_name='tempest-TestVolumeSwap-volume-2002794728',ec2_id=None,encryption_key_id=None,glance_metadata=,group=,group_id=None,host=None,id=8b43355b-44de-4c94-a8fe-6e262576b260,launched_at=None,metadata={},migration_status=None,multiattach=False,previous_status=None,project_id='68bb98a544c0407bb4629239134c9404',provider_auth=None,provider_geometry=None,provider_id=None,provider_location=None,replication_driver_data=None,replication_extended_status=None,replication_status=None,scheduled_at=None,service_uuid=None,shared_targets=True,size=1,snapshot_id=None,snapshots=,source_volid=None,status='creating',terminated_at=None,updated_at=None,use_quota=True,user_id='1d666933fdf74e4e8fad7a7112d1eecb',volume_attachment=VolumeAttachmentList,volume_type=VolumeType(e308df5e-23c9-44f1-9998-80c06f9a4f77),volume_type_id=e308df5e-23c9-44f1-9998-80c06f9a4f77)}' {{(pid=76559) _task_receiver /opt/stack/data/venv/lib/python3.10/site-packages/taskflow/listeners/logging.py:178}}
Nov 22 15:53:06 user devstack@c-api.service[76559]: DEBUG cinder.volume.api [None req-9fad82dd-6703-493d-a8af-2fa29f349a9e tempest-TestVolumeSwap-535208830 tempest-TestVolumeSwap-535208830-project-member] Task 'cinder.volume.flows.api.create_volume.QuotaCommitTask;volume:create' (066c2bda-5079-4406-9b21-8a20c8102adf) transitioned into state 'RUNNING' from state 'PENDING' {{(pid=76559) _task_receiver /opt/stack/data/venv/lib/python3.10/site-packages/taskflow/listeners/logging.py:190}}
Nov 22 15:53:06 user devstack@c-api.service[76558]: INFO cinder.api.openstack.wsgi [None req-55310982-3f7d-4c41-a345-4981ca8a0b81 tempest-VolumeTypesNegativeTest-458844625 tempest-VolumeTypesNegativeTest-458844625-project-admin] http://10.0.0.210/volume/v3/7b620fff94494239bc4c9fdba10efb26/types returned with HTTP 200
Nov 22 15:53:06 user devstack@c-api.service[76558]: [pid: 76558|app: 0|req: 82/257] 10.0.0.210 () {64 vars in 1306 bytes} [Wed Nov 22 15:53:06 2023] POST /volume/v3/7b620fff94494239bc4c9fdba10efb26/types => generated 229 bytes in 49 msecs (HTTP/1.1 200) 7 headers in 285 bytes (1 switches on core 0)
Nov 22 15:53:06 user devstack@c-api.service[76560]: DEBUG cinder.api.middleware.request_id [None req-e1c4eba2-f519-45fb-b1ab-4d13f6c54b27 None None] RequestId filter calling following filter/app {{(pid=76560) _context_setter /opt/stack/cinder/cinder/api/middleware/request_id.py:62}}
Nov 22 15:53:06 user devstack@c-api.service[76560]: INFO cinder.api.openstack.wsgi [None req-e1c4eba2-f519-45fb-b1ab-4d13f6c54b27 tempest-VolumeTypesNegativeTest-458844625 tempest-VolumeTypesNegativeTest-458844625-project-admin] POST http://10.0.0.210/volume/v3/7b620fff94494239bc4c9fdba10efb26/types
Nov 22 15:53:06 user devstack@c-api.service[76560]: DEBUG cinder.api.openstack.wsgi [None req-e1c4eba2-f519-45fb-b1ab-4d13f6c54b27 tempest-VolumeTypesNegativeTest-458844625 tempest-VolumeTypesNegativeTest-458844625-project-admin] Action: 'create', calling method: _create, body: {"volume_type": {"name": "tempest-VolumeTypesNegativeTest-volume-type-1596284373"}} {{(pid=76560) _process_stack /opt/stack/cinder/cinder/api/openstack/wsgi.py:866}}
Nov 22 15:53:06 user devstack@c-api.service[76560]: INFO cinder.api.openstack.wsgi [None req-e1c4eba2-f519-45fb-b1ab-4d13f6c54b27 tempest-VolumeTypesNegativeTest-458844625 tempest-VolumeTypesNegativeTest-458844625-project-admin] HTTP exception thrown: Volume Type tempest-VolumeTypesNegativeTest-volume-type-1596284373 already exists.
Nov 22 15:53:06 user devstack@c-api.service[76560]: INFO cinder.api.openstack.wsgi [None req-e1c4eba2-f519-45fb-b1ab-4d13f6c54b27 tempest-VolumeTypesNegativeTest-458844625 tempest-VolumeTypesNegativeTest-458844625-project-admin] http://10.0.0.210/volume/v3/7b620fff94494239bc4c9fdba10efb26/types returned with HTTP 409
Nov 22 15:53:06 user devstack@c-api.service[76560]: [pid: 76560|app: 0|req: 89/258] 10.0.0.210 () {64 vars in 1306 bytes} [Wed Nov 22 15:53:06 2023] POST /volume/v3/7b620fff94494239bc4c9fdba10efb26/types => generated 134 bytes in 28 msecs (HTTP/1.1 409) 7 headers in 291 bytes (1 switches on core 0)
Nov 22 15:53:06 user devstack@c-api.service[76558]: DEBUG cinder.api.middleware.request_id [None req-c250bdf1-537c-4138-b98a-d87288f9bdf2 None None] RequestId filter calling following filter/app {{(pid=76558) _context_setter /opt/stack/cinder/cinder/api/middleware/request_id.py:62}}
Nov 22 15:53:06 user devstack@c-api.service[76558]: INFO cinder.api.openstack.wsgi [None req-c250bdf1-537c-4138-b98a-d87288f9bdf2 tempest-VolumeTypesNegativeTest-458844625 tempest-VolumeTypesNegativeTest-458844625-project-admin] DELETE http://10.0.0.210/volume/v3/7b620fff94494239bc4c9fdba10efb26/types/2005ada6-2d0a-4fa3-b0fe-668fa9472751
Nov 22 15:53:06 user devstack@c-api.service[76558]: DEBUG cinder.api.openstack.wsgi [None req-c250bdf1-537c-4138-b98a-d87288f9bdf2 tempest-VolumeTypesNegativeTest-458844625 tempest-VolumeTypesNegativeTest-458844625-project-admin] Empty body provided in request {{(pid=76558) get_body /opt/stack/cinder/cinder/api/openstack/wsgi.py:715}}
Nov 22 15:53:06 user devstack@c-api.service[76558]: DEBUG cinder.api.openstack.wsgi [None req-c250bdf1-537c-4138-b98a-d87288f9bdf2 tempest-VolumeTypesNegativeTest-458844625 tempest-VolumeTypesNegativeTest-458844625-project-admin] Calling method '_delete' {{(pid=76558) _process_stack /opt/stack/cinder/cinder/api/openstack/wsgi.py:868}}
Nov 22 15:53:06 user devstack@c-api.service[76560]: DEBUG cinder.api.middleware.request_id [None req-24b73fc1-1bb6-4275-931d-8625b827bce6 None None] RequestId filter calling following filter/app {{(pid=76560) _context_setter /opt/stack/cinder/cinder/api/middleware/request_id.py:62}}
Nov 22 15:53:06 user devstack@c-api.service[76560]: INFO cinder.api.openstack.wsgi [None req-24b73fc1-1bb6-4275-931d-8625b827bce6 tempest-TaggedBootDevicesTest_v242-578229687 tempest-TaggedBootDevicesTest_v242-578229687-project-member] GET http://10.0.0.210/volume/v3/c0e20d284a3e4c61ac15f148ff7a776c/volumes/dfdef766-3310-4f9d-8d37-07960c0abcb5
Nov 22 15:53:06 user devstack@c-api.service[76560]: DEBUG cinder.api.openstack.wsgi [None req-24b73fc1-1bb6-4275-931d-8625b827bce6 tempest-TaggedBootDevicesTest_v242-578229687 tempest-TaggedBootDevicesTest_v242-578229687-project-member] Empty body provided in request {{(pid=76560) get_body /opt/stack/cinder/cinder/api/openstack/wsgi.py:715}}
Nov 22 15:53:06 user devstack@c-api.service[76560]: DEBUG cinder.api.openstack.wsgi [None req-24b73fc1-1bb6-4275-931d-8625b827bce6 tempest-TaggedBootDevicesTest_v242-578229687 tempest-TaggedBootDevicesTest_v242-578229687-project-member] Calling method 'show' {{(pid=76560) _process_stack /opt/stack/cinder/cinder/api/openstack/wsgi.py:868}}
Nov 22 15:53:06 user devstack@c-api.service[76558]: INFO cinder.api.openstack.wsgi [None req-c250bdf1-537c-4138-b98a-d87288f9bdf2 tempest-VolumeTypesNegativeTest-458844625 tempest-VolumeTypesNegativeTest-458844625-project-admin] http://10.0.0.210/volume/v3/7b620fff94494239bc4c9fdba10efb26/types/2005ada6-2d0a-4fa3-b0fe-668fa9472751 returned with HTTP 202
Nov 22 15:53:06 user devstack@c-api.service[76558]: [pid: 76558|app: 0|req: 83/259] 10.0.0.210 () {62 vars in 1399 bytes} [Wed Nov 22 15:53:06 2023] DELETE /volume/v3/7b620fff94494239bc4c9fdba10efb26/types/2005ada6-2d0a-4fa3-b0fe-668fa9472751 => generated 0 bytes in 163 msecs (HTTP/1.1 202) 6 headers in 233 bytes (1 switches on core 0)
Nov 22 15:53:06 user devstack@c-api.service[76559]: DEBUG cinder.volume.api [None req-9fad82dd-6703-493d-a8af-2fa29f349a9e tempest-TestVolumeSwap-535208830 tempest-TestVolumeSwap-535208830-project-member] Task 'cinder.volume.flows.api.create_volume.QuotaCommitTask;volume:create' (066c2bda-5079-4406-9b21-8a20c8102adf) transitioned into state 'SUCCESS' from state 'RUNNING' with result '{'volume_properties': VolumeProperties(attach_status='detached',availability_zone='nova',cgsnapshot_id=None,consistencygroup_id=None,display_description=None,display_name='tempest-TestVolumeSwap-volume-2002794728',encryption_key_id=None,group_id=None,group_type_id=,metadata={},multiattach=False,project_id='68bb98a544c0407bb4629239134c9404',qos_specs=None,replication_status=,reservations=['12335309-64ec-44ff-89e4-0978fb0f6ee4','b7ab1493-616d-4884-92b6-0214748ea50a','d87d6407-7714-4a71-beb8-95565c39c2ef','26322883-da38-4f47-87ee-4884fca48a03'],size=1,snapshot_id=None,source_replicaid=,source_volid=None,status='creating',user_id='1d666933fdf74e4e8fad7a7112d1eecb',volume_type_id=e308df5e-23c9-44f1-9998-80c06f9a4f77)}' {{(pid=76559) _task_receiver /opt/stack/data/venv/lib/python3.10/site-packages/taskflow/listeners/logging.py:178}}
Nov 22 15:53:06 user devstack@c-api.service[76558]: DEBUG cinder.api.middleware.request_id [None req-db2fa683-8a12-4dbb-aba5-49337bf13f5e None None] RequestId filter calling following filter/app {{(pid=76558) _context_setter /opt/stack/cinder/cinder/api/middleware/request_id.py:62}}
Nov 22 15:53:06 user devstack@c-api.service[76560]: /opt/stack/data/venv/lib/python3.10/site-packages/oslo_context/context.py:100: DeprecationWarning: Policy enforcement is depending on the value of is_admin. This key is deprecated. Please update your policy file to use the standard policy values.
Nov 22 15:53:06 user devstack@c-api.service[76560]: warnings.warn('Policy enforcement is depending on the value of '
Nov 22 15:53:06 user devstack@c-api.service[76559]: DEBUG cinder.volume.api [None req-9fad82dd-6703-493d-a8af-2fa29f349a9e tempest-TestVolumeSwap-535208830 tempest-TestVolumeSwap-535208830-project-member] Task 'cinder.volume.flows.api.create_volume.VolumeCastTask;volume:create' (0ff2837f-cf94-4694-9097-55466b12247b) transitioned into state 'RUNNING' from state 'PENDING' {{(pid=76559) _task_receiver /opt/stack/data/venv/lib/python3.10/site-packages/taskflow/listeners/logging.py:190}}
Nov 22 15:53:06 user devstack@c-api.service[76560]: INFO cinder.volume.api [None req-24b73fc1-1bb6-4275-931d-8625b827bce6 tempest-TaggedBootDevicesTest_v242-578229687 tempest-TaggedBootDevicesTest_v242-578229687-project-member] Volume info retrieved successfully.
Nov 22 15:53:06 user devstack@c-api.service[76558]: INFO cinder.api.openstack.wsgi [None req-db2fa683-8a12-4dbb-aba5-49337bf13f5e tempest-VolumeTypesNegativeTest-458844625 tempest-VolumeTypesNegativeTest-458844625-project-admin] GET http://10.0.0.210/volume/v3/7b620fff94494239bc4c9fdba10efb26/types/2005ada6-2d0a-4fa3-b0fe-668fa9472751
Nov 22 15:53:06 user devstack@c-api.service[76558]: DEBUG cinder.api.openstack.wsgi [None req-db2fa683-8a12-4dbb-aba5-49337bf13f5e tempest-VolumeTypesNegativeTest-458844625 tempest-VolumeTypesNegativeTest-458844625-project-admin] Empty body provided in request {{(pid=76558) get_body /opt/stack/cinder/cinder/api/openstack/wsgi.py:715}}
Nov 22 15:53:06 user devstack@c-api.service[76558]: DEBUG cinder.api.openstack.wsgi [None req-db2fa683-8a12-4dbb-aba5-49337bf13f5e tempest-VolumeTypesNegativeTest-458844625 tempest-VolumeTypesNegativeTest-458844625-project-admin] Calling method 'show' {{(pid=76558) _process_stack /opt/stack/cinder/cinder/api/openstack/wsgi.py:868}}
Nov 22 15:53:06 user devstack@c-api.service[76558]: INFO cinder.api.openstack.wsgi [None req-db2fa683-8a12-4dbb-aba5-49337bf13f5e tempest-VolumeTypesNegativeTest-458844625 tempest-VolumeTypesNegativeTest-458844625-project-admin] http://10.0.0.210/volume/v3/7b620fff94494239bc4c9fdba10efb26/types/2005ada6-2d0a-4fa3-b0fe-668fa9472751 returned with HTTP 404
Nov 22 15:53:06 user devstack@c-api.service[76558]: [pid: 76558|app: 0|req: 84/260] 10.0.0.210 () {62 vars in 1396 bytes} [Wed Nov 22 15:53:06 2023] GET /volume/v3/7b620fff94494239bc4c9fdba10efb26/types/2005ada6-2d0a-4fa3-b0fe-668fa9472751 => generated 114 bytes in 23 msecs (HTTP/1.1 404) 7 headers in 292 bytes (1 switches on core 0)
Nov 22 15:53:06 user devstack@c-api.service[76560]: INFO cinder.api.openstack.wsgi [None req-24b73fc1-1bb6-4275-931d-8625b827bce6 tempest-TaggedBootDevicesTest_v242-578229687 tempest-TaggedBootDevicesTest_v242-578229687-project-member] http://10.0.0.210/volume/v3/c0e20d284a3e4c61ac15f148ff7a776c/volumes/dfdef766-3310-4f9d-8d37-07960c0abcb5 returned with HTTP 200
Nov 22 15:53:06 user devstack@c-api.service[76560]: [pid: 76560|app: 0|req: 90/261] 10.0.0.210 () {62 vars in 1402 bytes} [Wed Nov 22 15:53:06 2023] GET /volume/v3/c0e20d284a3e4c61ac15f148ff7a776c/volumes/dfdef766-3310-4f9d-8d37-07960c0abcb5 => generated 974 bytes in 47 msecs (HTTP/1.1 200) 7 headers in 285 bytes (1 switches on core 0)
Nov 22 15:53:06 user devstack@c-api.service[76558]: DEBUG cinder.api.middleware.request_id [None req-83ae28a1-104b-4e65-beb1-7764131d6f3e None None] RequestId filter calling following filter/app {{(pid=76558) _context_setter /opt/stack/cinder/cinder/api/middleware/request_id.py:62}}
Nov 22 15:53:06 user devstack@c-api.service[76558]: INFO cinder.api.openstack.wsgi [None req-83ae28a1-104b-4e65-beb1-7764131d6f3e tempest-VolumeTypesNegativeTest-458844625 tempest-VolumeTypesNegativeTest-458844625-project-admin] DELETE http://10.0.0.210/volume/v3/7b620fff94494239bc4c9fdba10efb26/types/d56fe839-78e7-4789-a5d1-7883c25e95d4
Nov 22 15:53:06 user devstack@c-api.service[76558]: DEBUG cinder.api.openstack.wsgi [None req-83ae28a1-104b-4e65-beb1-7764131d6f3e tempest-VolumeTypesNegativeTest-458844625 tempest-VolumeTypesNegativeTest-458844625-project-admin] Empty body provided in request {{(pid=76558) get_body /opt/stack/cinder/cinder/api/openstack/wsgi.py:715}}
Nov 22 15:53:06 user devstack@c-api.service[76558]: DEBUG cinder.api.openstack.wsgi [None req-83ae28a1-104b-4e65-beb1-7764131d6f3e tempest-VolumeTypesNegativeTest-458844625 tempest-VolumeTypesNegativeTest-458844625-project-admin] Calling method '_delete' {{(pid=76558) _process_stack /opt/stack/cinder/cinder/api/openstack/wsgi.py:868}}
Nov 22 15:53:06 user devstack@c-api.service[76559]: DEBUG cinder.volume.api [None req-9fad82dd-6703-493d-a8af-2fa29f349a9e tempest-TestVolumeSwap-535208830 tempest-TestVolumeSwap-535208830-project-member] Task 'cinder.volume.flows.api.create_volume.VolumeCastTask;volume:create' (0ff2837f-cf94-4694-9097-55466b12247b) transitioned into state 'SUCCESS' from state 'RUNNING' with result 'None' {{(pid=76559) _task_receiver /opt/stack/data/venv/lib/python3.10/site-packages/taskflow/listeners/logging.py:178}}
Nov 22 15:53:06 user devstack@c-api.service[76559]: DEBUG cinder.volume.api [None req-9fad82dd-6703-493d-a8af-2fa29f349a9e tempest-TestVolumeSwap-535208830 tempest-TestVolumeSwap-535208830-project-member] Flow 'volume_create_api' (2e167d80-6336-4861-b277-c8fd49e6b5a4) transitioned into state 'SUCCESS' from state 'RUNNING' {{(pid=76559) _flow_receiver /opt/stack/data/venv/lib/python3.10/site-packages/taskflow/listeners/logging.py:141}}
Nov 22 15:53:06 user devstack@c-api.service[76559]: INFO cinder.volume.api [None req-9fad82dd-6703-493d-a8af-2fa29f349a9e tempest-TestVolumeSwap-535208830 tempest-TestVolumeSwap-535208830-project-member] Create volume request issued successfully.
Nov 22 15:53:06 user devstack@c-api.service[76558]: INFO cinder.api.openstack.wsgi [None req-83ae28a1-104b-4e65-beb1-7764131d6f3e tempest-VolumeTypesNegativeTest-458844625 tempest-VolumeTypesNegativeTest-458844625-project-admin] http://10.0.0.210/volume/v3/7b620fff94494239bc4c9fdba10efb26/types/d56fe839-78e7-4789-a5d1-7883c25e95d4 returned with HTTP 404
Nov 22 15:53:06 user devstack@c-api.service[76558]: [pid: 76558|app: 0|req: 85/262] 10.0.0.210 () {62 vars in 1399 bytes} [Wed Nov 22 15:53:06 2023] DELETE /volume/v3/7b620fff94494239bc4c9fdba10efb26/types/d56fe839-78e7-4789-a5d1-7883c25e95d4 => generated 114 bytes in 17 msecs (HTTP/1.1 404) 7 headers in 292 bytes (1 switches on core 0)
Nov 22 15:53:06 user devstack@c-api.service[76559]: INFO cinder.api.openstack.wsgi [None req-9fad82dd-6703-493d-a8af-2fa29f349a9e tempest-TestVolumeSwap-535208830 tempest-TestVolumeSwap-535208830-project-member] http://10.0.0.210/volume/v3/68bb98a544c0407bb4629239134c9404/volumes returned with HTTP 202
Nov 22 15:53:06 user devstack@c-api.service[76559]: [pid: 76559|app: 0|req: 88/263] 10.0.0.210 () {64 vars in 1312 bytes} [Wed Nov 22 15:53:05 2023] POST /volume/v3/68bb98a544c0407bb4629239134c9404/volumes => generated 812 bytes in 576 msecs (HTTP/1.1 202) 7 headers in 291 bytes (1 switches on core 0)
Nov 22 15:53:06 user devstack@c-api.service[76560]: DEBUG cinder.api.middleware.request_id [None req-506adfd9-3a87-4c1a-900f-816b574af4b0 None None] RequestId filter calling following filter/app {{(pid=76560) _context_setter /opt/stack/cinder/cinder/api/middleware/request_id.py:62}}
Nov 22 15:53:06 user devstack@c-api.service[76560]: INFO cinder.api.openstack.wsgi [None req-506adfd9-3a87-4c1a-900f-816b574af4b0 tempest-VolumeTypesNegativeTest-458844625 tempest-VolumeTypesNegativeTest-458844625-project-admin] GET http://10.0.0.210/volume/v3/7b620fff94494239bc4c9fdba10efb26/types/d3876cb4-3912-4532-a797-c2edc8054edb
Nov 22 15:53:06 user devstack@c-api.service[76560]: DEBUG cinder.api.openstack.wsgi [None req-506adfd9-3a87-4c1a-900f-816b574af4b0 tempest-VolumeTypesNegativeTest-458844625 tempest-VolumeTypesNegativeTest-458844625-project-admin] Empty body provided in request {{(pid=76560) get_body /opt/stack/cinder/cinder/api/openstack/wsgi.py:715}}
Nov 22 15:53:06 user devstack@c-api.service[76560]: DEBUG cinder.api.openstack.wsgi [None req-506adfd9-3a87-4c1a-900f-816b574af4b0 tempest-VolumeTypesNegativeTest-458844625 tempest-VolumeTypesNegativeTest-458844625-project-admin] Calling method 'show' {{(pid=76560) _process_stack /opt/stack/cinder/cinder/api/openstack/wsgi.py:868}}
Nov 22 15:53:06 user devstack@c-api.service[76558]: DEBUG cinder.api.middleware.request_id [None req-957e2017-8c76-4221-aad0-0bda0ab58363 None None] RequestId filter calling following filter/app {{(pid=76558) _context_setter /opt/stack/cinder/cinder/api/middleware/request_id.py:62}}
Nov 22 15:53:06 user devstack@c-api.service[76558]: INFO cinder.api.openstack.wsgi [None req-957e2017-8c76-4221-aad0-0bda0ab58363 tempest-TestVolumeSwap-535208830 tempest-TestVolumeSwap-535208830-project-member] GET http://10.0.0.210/volume/v3/68bb98a544c0407bb4629239134c9404/volumes/8b43355b-44de-4c94-a8fe-6e262576b260
Nov 22 15:53:06 user devstack@c-api.service[76558]: DEBUG cinder.api.openstack.wsgi [None req-957e2017-8c76-4221-aad0-0bda0ab58363 tempest-TestVolumeSwap-535208830 tempest-TestVolumeSwap-535208830-project-member] Empty body provided in request {{(pid=76558) get_body /opt/stack/cinder/cinder/api/openstack/wsgi.py:715}}
Nov 22 15:53:06 user devstack@c-api.service[76558]: DEBUG cinder.api.openstack.wsgi [None req-957e2017-8c76-4221-aad0-0bda0ab58363 tempest-TestVolumeSwap-535208830 tempest-TestVolumeSwap-535208830-project-member] Calling method 'show' {{(pid=76558) _process_stack /opt/stack/cinder/cinder/api/openstack/wsgi.py:868}}
Nov 22 15:53:06 user devstack@c-api.service[76560]: INFO cinder.api.openstack.wsgi [None req-506adfd9-3a87-4c1a-900f-816b574af4b0 tempest-VolumeTypesNegativeTest-458844625 tempest-VolumeTypesNegativeTest-458844625-project-admin] http://10.0.0.210/volume/v3/7b620fff94494239bc4c9fdba10efb26/types/d3876cb4-3912-4532-a797-c2edc8054edb returned with HTTP 404
Nov 22 15:53:06 user devstack@c-api.service[76558]: /opt/stack/data/venv/lib/python3.10/site-packages/oslo_context/context.py:100: DeprecationWarning: Policy enforcement is depending on the value of is_admin. This key is deprecated. Please update your policy file to use the standard policy values.
Nov 22 15:53:06 user devstack@c-api.service[76558]: warnings.warn('Policy enforcement is depending on the value of '
Nov 22 15:53:06 user devstack@c-api.service[76560]: [pid: 76560|app: 0|req: 91/264] 10.0.0.210 () {62 vars in 1396 bytes} [Wed Nov 22 15:53:06 2023] GET /volume/v3/7b620fff94494239bc4c9fdba10efb26/types/d3876cb4-3912-4532-a797-c2edc8054edb => generated 114 bytes in 33 msecs (HTTP/1.1 404) 7 headers in 292 bytes (1 switches on core 0)
Nov 22 15:53:06 user devstack@c-api.service[76558]: INFO cinder.volume.api [None req-957e2017-8c76-4221-aad0-0bda0ab58363 tempest-TestVolumeSwap-535208830 tempest-TestVolumeSwap-535208830-project-member] Volume info retrieved successfully.
Nov 22 15:53:06 user devstack@c-api.service[76558]: INFO cinder.api.openstack.wsgi [None req-957e2017-8c76-4221-aad0-0bda0ab58363 tempest-TestVolumeSwap-535208830 tempest-TestVolumeSwap-535208830-project-member] http://10.0.0.210/volume/v3/68bb98a544c0407bb4629239134c9404/volumes/8b43355b-44de-4c94-a8fe-6e262576b260 returned with HTTP 200
Nov 22 15:53:06 user devstack@c-api.service[76558]: [pid: 76558|app: 0|req: 86/265] 10.0.0.210 () {62 vars in 1402 bytes} [Wed Nov 22 15:53:06 2023] GET /volume/v3/68bb98a544c0407bb4629239134c9404/volumes/8b43355b-44de-4c94-a8fe-6e262576b260 => generated 880 bytes in 40 msecs (HTTP/1.1 200) 7 headers in 285 bytes (1 switches on core 0)
Nov 22 15:53:06 user devstack@c-api.service[76559]: DEBUG cinder.api.middleware.request_id [None req-86bf187a-b09f-432a-875e-c188d7f3bc59 None None] RequestId filter calling following filter/app {{(pid=76559) _context_setter /opt/stack/cinder/cinder/api/middleware/request_id.py:62}}
Nov 22 15:53:06 user devstack@c-api.service[76559]: INFO cinder.api.openstack.wsgi [None req-86bf187a-b09f-432a-875e-c188d7f3bc59 tempest-GroupSnapshotsTest-244451816 tempest-GroupSnapshotsTest-244451816-project-member] GET http://10.0.0.210/volume/v3/959da70adba843039b9c828e483943ad/volumes/db782bc8-1f56-4489-ac7f-a393ab778120
Nov 22 15:53:06 user devstack@c-api.service[76559]: DEBUG cinder.api.openstack.wsgi [None req-86bf187a-b09f-432a-875e-c188d7f3bc59 tempest-GroupSnapshotsTest-244451816 tempest-GroupSnapshotsTest-244451816-project-member] Empty body provided in request {{(pid=76559) get_body /opt/stack/cinder/cinder/api/openstack/wsgi.py:715}}
