Nov 22 15:53:24 user devstack@c-api.service[76560]: DEBUG cinder.volume.api [None req-96cb955d-009f-4399-81aa-56f29460f81e tempest-VolumesAssistedSnapshotsTest-1249241107 tempest-VolumesAssistedSnapshotsTest-1249241107-project-admin] Task 'cinder.volume.flows.api.create_volume.QuotaCommitTask;volume:create' (9859f410-3941-470e-96c2-b6f3188bc795) transitioned into state 'RUNNING' from state 'PENDING' {{(pid=76560) _task_receiver /opt/stack/data/venv/lib/python3.10/site-packages/taskflow/listeners/logging.py:190}}
Nov 22 15:53:24 user devstack@c-api.service[76558]: DEBUG cinder.api.middleware.request_id [None req-c8f1fe02-1206-4008-b77d-0a5023652f6c None None] RequestId filter calling following filter/app {{(pid=76558) _context_setter /opt/stack/cinder/cinder/api/middleware/request_id.py:62}}
Nov 22 15:53:24 user devstack@c-api.service[76560]: DEBUG cinder.volume.api [None req-96cb955d-009f-4399-81aa-56f29460f81e tempest-VolumesAssistedSnapshotsTest-1249241107 tempest-VolumesAssistedSnapshotsTest-1249241107-project-admin] Task 'cinder.volume.flows.api.create_volume.QuotaCommitTask;volume:create' (9859f410-3941-470e-96c2-b6f3188bc795) transitioned into state 'SUCCESS' from state 'RUNNING' with result '{'volume_properties': VolumeProperties(attach_status='detached',availability_zone='nova',cgsnapshot_id=None,consistencygroup_id=None,display_description=None,display_name='tempest-VolumesAssistedSnapshotsTest-volume-1204391125',encryption_key_id=None,group_id=None,group_type_id=,metadata={},multiattach=False,project_id='621c9e7bc46c4e3993c37eaf2b1c5d24',qos_specs=None,replication_status=,reservations=['5efb619a-b84e-4850-84e6-b1ad1567be30','33e9c7ee-99db-43c2-8350-0a64810ab643','4900520e-36aa-4a22-9d29-aff49c98afcd','226e7477-723c-4416-b780-0d211ca17c00'],size=1,snapshot_id=None,source_replicaid=,source_volid=None,status='creating',user_id='80c71620afd24264bcfdadd96f130c49',volume_type_id=e308df5e-23c9-44f1-9998-80c06f9a4f77)}' {{(pid=76560) _task_receiver /opt/stack/data/venv/lib/python3.10/site-packages/taskflow/listeners/logging.py:178}}
Nov 22 15:53:24 user devstack@c-api.service[76560]: DEBUG cinder.volume.api [None req-96cb955d-009f-4399-81aa-56f29460f81e tempest-VolumesAssistedSnapshotsTest-1249241107 tempest-VolumesAssistedSnapshotsTest-1249241107-project-admin] Task 'cinder.volume.flows.api.create_volume.VolumeCastTask;volume:create' (413de71e-9cb2-4857-8b95-532618766259) transitioned into state 'RUNNING' from state 'PENDING' {{(pid=76560) _task_receiver /opt/stack/data/venv/lib/python3.10/site-packages/taskflow/listeners/logging.py:190}}
Nov 22 15:53:24 user devstack@c-api.service[76560]: DEBUG cinder.volume.api [None req-96cb955d-009f-4399-81aa-56f29460f81e tempest-VolumesAssistedSnapshotsTest-1249241107 tempest-VolumesAssistedSnapshotsTest-1249241107-project-admin] Task 'cinder.volume.flows.api.create_volume.VolumeCastTask;volume:create' (413de71e-9cb2-4857-8b95-532618766259) transitioned into state 'SUCCESS' from state 'RUNNING' with result 'None' {{(pid=76560) _task_receiver /opt/stack/data/venv/lib/python3.10/site-packages/taskflow/listeners/logging.py:178}}
Nov 22 15:53:24 user devstack@c-api.service[76560]: DEBUG cinder.volume.api [None req-96cb955d-009f-4399-81aa-56f29460f81e tempest-VolumesAssistedSnapshotsTest-1249241107 tempest-VolumesAssistedSnapshotsTest-1249241107-project-admin] Flow 'volume_create_api' (eb76f567-4320-407e-a353-6ee5ad5a055a) transitioned into state 'SUCCESS' from state 'RUNNING' {{(pid=76560) _flow_receiver /opt/stack/data/venv/lib/python3.10/site-packages/taskflow/listeners/logging.py:141}}
Nov 22 15:53:24 user devstack@c-api.service[76560]: INFO cinder.volume.api [None req-96cb955d-009f-4399-81aa-56f29460f81e tempest-VolumesAssistedSnapshotsTest-1249241107 tempest-VolumesAssistedSnapshotsTest-1249241107-project-admin] Create volume request issued successfully.
Nov 22 15:53:24 user devstack@c-api.service[76560]: INFO cinder.api.openstack.wsgi [None req-96cb955d-009f-4399-81aa-56f29460f81e tempest-VolumesAssistedSnapshotsTest-1249241107 tempest-VolumesAssistedSnapshotsTest-1249241107-project-admin] http://10.0.0.210/volume/v3/621c9e7bc46c4e3993c37eaf2b1c5d24/volumes returned with HTTP 202
Nov 22 15:53:24 user devstack@c-api.service[76560]: [pid: 76560|app: 0|req: 142/400] 10.0.0.210 () {64 vars in 1312 bytes} [Wed Nov 22 15:53:23 2023] POST /volume/v3/621c9e7bc46c4e3993c37eaf2b1c5d24/volumes => generated 852 bytes in 936 msecs (HTTP/1.1 202) 7 headers in 291 bytes (2 switches on core 0)
Nov 22 15:53:24 user devstack@c-api.service[76559]: DEBUG cinder.api.middleware.request_id [None req-384c1d1e-e728-4a6c-9cad-c6a8c2c7560f None None] RequestId filter calling following filter/app {{(pid=76559) _context_setter /opt/stack/cinder/cinder/api/middleware/request_id.py:62}}
Nov 22 15:53:24 user devstack@c-api.service[76559]: INFO cinder.api.openstack.wsgi [None req-384c1d1e-e728-4a6c-9cad-c6a8c2c7560f tempest-VolumesAssistedSnapshotsTest-1249241107 tempest-VolumesAssistedSnapshotsTest-1249241107-project-admin] GET http://10.0.0.210/volume/v3/621c9e7bc46c4e3993c37eaf2b1c5d24/volumes/16b69e13-36eb-4db1-ae8c-5b2fbaa04edc
Nov 22 15:53:24 user devstack@c-api.service[76559]: DEBUG cinder.api.openstack.wsgi [None req-384c1d1e-e728-4a6c-9cad-c6a8c2c7560f tempest-VolumesAssistedSnapshotsTest-1249241107 tempest-VolumesAssistedSnapshotsTest-1249241107-project-admin] Empty body provided in request {{(pid=76559) get_body /opt/stack/cinder/cinder/api/openstack/wsgi.py:715}}
Nov 22 15:53:24 user devstack@c-api.service[76559]: DEBUG cinder.api.openstack.wsgi [None req-384c1d1e-e728-4a6c-9cad-c6a8c2c7560f tempest-VolumesAssistedSnapshotsTest-1249241107 tempest-VolumesAssistedSnapshotsTest-1249241107-project-admin] Calling method 'show' {{(pid=76559) _process_stack /opt/stack/cinder/cinder/api/openstack/wsgi.py:868}}
Nov 22 15:53:24 user devstack@c-api.service[76559]: /opt/stack/data/venv/lib/python3.10/site-packages/oslo_context/context.py:100: DeprecationWarning: Policy enforcement is depending on the value of is_admin. This key is deprecated. Please update your policy file to use the standard policy values.
Nov 22 15:53:24 user devstack@c-api.service[76559]: warnings.warn('Policy enforcement is depending on the value of '
Nov 22 15:53:24 user devstack@c-api.service[76559]: INFO cinder.volume.api [None req-384c1d1e-e728-4a6c-9cad-c6a8c2c7560f tempest-VolumesAssistedSnapshotsTest-1249241107 tempest-VolumesAssistedSnapshotsTest-1249241107-project-admin] Volume info retrieved successfully.
Nov 22 15:53:24 user devstack@c-api.service[76559]: INFO cinder.api.openstack.wsgi [None req-384c1d1e-e728-4a6c-9cad-c6a8c2c7560f tempest-VolumesAssistedSnapshotsTest-1249241107 tempest-VolumesAssistedSnapshotsTest-1249241107-project-admin] http://10.0.0.210/volume/v3/621c9e7bc46c4e3993c37eaf2b1c5d24/volumes/16b69e13-36eb-4db1-ae8c-5b2fbaa04edc returned with HTTP 200
Nov 22 15:53:24 user devstack@c-api.service[76559]: [pid: 76559|app: 0|req: 135/401] 10.0.0.210 () {62 vars in 1402 bytes} [Wed Nov 22 15:53:24 2023] GET /volume/v3/621c9e7bc46c4e3993c37eaf2b1c5d24/volumes/16b69e13-36eb-4db1-ae8c-5b2fbaa04edc => generated 1031 bytes in 77 msecs (HTTP/1.1 200) 7 headers in 286 bytes (1 switches on core 0)
Nov 22 15:53:24 user devstack@c-api.service[76560]: DEBUG cinder.api.middleware.request_id [None req-3bec165a-5169-496b-aa62-0dd73739996d None None] RequestId filter calling following filter/app {{(pid=76560) _context_setter /opt/stack/cinder/cinder/api/middleware/request_id.py:62}}
Nov 22 15:53:24 user devstack@c-api.service[76560]: INFO cinder.api.openstack.wsgi [None req-3bec165a-5169-496b-aa62-0dd73739996d tempest-GroupSnapshotsTest-244451816 tempest-GroupSnapshotsTest-244451816-project-member] GET http://10.0.0.210/volume/v3/959da70adba843039b9c828e483943ad/group_snapshots/4a41cf14-1c0c-4066-a8a4-93a82c69c50f
Nov 22 15:53:24 user devstack@c-api.service[76560]: DEBUG cinder.api.openstack.wsgi [None req-3bec165a-5169-496b-aa62-0dd73739996d tempest-GroupSnapshotsTest-244451816 tempest-GroupSnapshotsTest-244451816-project-member] Empty body provided in request {{(pid=76560) get_body /opt/stack/cinder/cinder/api/openstack/wsgi.py:715}}
Nov 22 15:53:24 user devstack@c-api.service[76560]: DEBUG cinder.api.openstack.wsgi [None req-3bec165a-5169-496b-aa62-0dd73739996d tempest-GroupSnapshotsTest-244451816 tempest-GroupSnapshotsTest-244451816-project-member] Calling method 'version_select' {{(pid=76560) _process_stack /opt/stack/cinder/cinder/api/openstack/wsgi.py:868}}
Nov 22 15:53:24 user devstack@c-api.service[76560]: DEBUG cinder.api.v3.group_snapshots [None req-3bec165a-5169-496b-aa62-0dd73739996d tempest-GroupSnapshotsTest-244451816 tempest-GroupSnapshotsTest-244451816-project-member] show called for member 4a41cf14-1c0c-4066-a8a4-93a82c69c50f {{(pid=76560) show /opt/stack/cinder/cinder/api/v3/group_snapshots.py:58}}
Nov 22 15:53:24 user devstack@c-api.service[76560]: /opt/stack/data/venv/lib/python3.10/site-packages/oslo_context/context.py:100: DeprecationWarning: Policy enforcement is depending on the value of is_admin. This key is deprecated. Please update your policy file to use the standard policy values.
Nov 22 15:53:24 user devstack@c-api.service[76560]: warnings.warn('Policy enforcement is depending on the value of '
Nov 22 15:53:24 user devstack@c-api.service[76560]: INFO cinder.api.openstack.wsgi [None req-3bec165a-5169-496b-aa62-0dd73739996d tempest-GroupSnapshotsTest-244451816 tempest-GroupSnapshotsTest-244451816-project-member] http://10.0.0.210/volume/v3/959da70adba843039b9c828e483943ad/group_snapshots/4a41cf14-1c0c-4066-a8a4-93a82c69c50f returned with HTTP 200
Nov 22 15:53:24 user devstack@c-api.service[76560]: [pid: 76560|app: 0|req: 143/402] 10.0.0.210 () {64 vars in 1467 bytes} [Wed Nov 22 15:53:24 2023] GET /volume/v3/959da70adba843039b9c828e483943ad/group_snapshots/4a41cf14-1c0c-4066-a8a4-93a82c69c50f => generated 325 bytes in 53 msecs (HTTP/1.1 200) 7 headers in 286 bytes (1 switches on core 0)
Nov 22 15:53:25 user devstack@c-api.service[76559]: DEBUG cinder.api.middleware.request_id [None req-4bde55a8-670c-4b10-9453-df7c3c3c7182 None None] RequestId filter calling following filter/app {{(pid=76559) _context_setter /opt/stack/cinder/cinder/api/middleware/request_id.py:62}}
Nov 22 15:53:25 user devstack@c-api.service[76559]: INFO cinder.api.openstack.wsgi [None req-4bde55a8-670c-4b10-9453-df7c3c3c7182 tempest-TaggedBootDevicesTest_v242-578229687 tempest-TaggedBootDevicesTest_v242-578229687-project-member] GET http://10.0.0.210/volume/v3/c0e20d284a3e4c61ac15f148ff7a776c/volumes/dfdef766-3310-4f9d-8d37-07960c0abcb5
Nov 22 15:53:25 user devstack@c-api.service[76559]: DEBUG cinder.api.openstack.wsgi [None req-4bde55a8-670c-4b10-9453-df7c3c3c7182 tempest-TaggedBootDevicesTest_v242-578229687 tempest-TaggedBootDevicesTest_v242-578229687-project-member] Empty body provided in request {{(pid=76559) get_body /opt/stack/cinder/cinder/api/openstack/wsgi.py:715}}
Nov 22 15:53:25 user devstack@c-api.service[76559]: DEBUG cinder.api.openstack.wsgi [None req-4bde55a8-670c-4b10-9453-df7c3c3c7182 tempest-TaggedBootDevicesTest_v242-578229687 tempest-TaggedBootDevicesTest_v242-578229687-project-member] Calling method 'show' {{(pid=76559) _process_stack /opt/stack/cinder/cinder/api/openstack/wsgi.py:868}}
Nov 22 15:53:25 user devstack@c-api.service[76560]: DEBUG cinder.api.middleware.request_id [None req-0b66eae3-f615-45af-96ea-f5c770ba8133 None None] RequestId filter calling following filter/app {{(pid=76560) _context_setter /opt/stack/cinder/cinder/api/middleware/request_id.py:62}}
Nov 22 15:53:25 user devstack@c-api.service[76559]: /opt/stack/data/venv/lib/python3.10/site-packages/oslo_context/context.py:100: DeprecationWarning: Policy enforcement is depending on the value of is_admin. This key is deprecated. Please update your policy file to use the standard policy values.
Nov 22 15:53:25 user devstack@c-api.service[76559]: warnings.warn('Policy enforcement is depending on the value of '
Nov 22 15:53:25 user devstack@c-api.service[76560]: INFO cinder.api.openstack.wsgi [None req-0b66eae3-f615-45af-96ea-f5c770ba8133 tempest-VolumesImageMetadata-459142654 tempest-VolumesImageMetadata-459142654-project-member] GET http://10.0.0.210/volume/v3/c6161b26ea6b4456bc4763ded7a2249c/volumes/f03981eb-6624-42eb-bedd-4d28c52f27dc
Nov 22 15:53:25 user devstack@c-api.service[76560]: DEBUG cinder.api.openstack.wsgi [None req-0b66eae3-f615-45af-96ea-f5c770ba8133 tempest-VolumesImageMetadata-459142654 tempest-VolumesImageMetadata-459142654-project-member] Empty body provided in request {{(pid=76560) get_body /opt/stack/cinder/cinder/api/openstack/wsgi.py:715}}
Nov 22 15:53:25 user devstack@c-api.service[76559]: INFO cinder.volume.api [None req-4bde55a8-670c-4b10-9453-df7c3c3c7182 tempest-TaggedBootDevicesTest_v242-578229687 tempest-TaggedBootDevicesTest_v242-578229687-project-member] Volume info retrieved successfully.
Nov 22 15:53:25 user devstack@c-api.service[76560]: DEBUG cinder.api.openstack.wsgi [None req-0b66eae3-f615-45af-96ea-f5c770ba8133 tempest-VolumesImageMetadata-459142654 tempest-VolumesImageMetadata-459142654-project-member] Calling method 'show' {{(pid=76560) _process_stack /opt/stack/cinder/cinder/api/openstack/wsgi.py:868}}
Nov 22 15:53:25 user devstack@c-api.service[76559]: INFO cinder.api.openstack.wsgi [None req-4bde55a8-670c-4b10-9453-df7c3c3c7182 tempest-TaggedBootDevicesTest_v242-578229687 tempest-TaggedBootDevicesTest_v242-578229687-project-member] http://10.0.0.210/volume/v3/c0e20d284a3e4c61ac15f148ff7a776c/volumes/dfdef766-3310-4f9d-8d37-07960c0abcb5 returned with HTTP 200
Nov 22 15:53:25 user devstack@c-api.service[76559]: [pid: 76559|app: 0|req: 136/403] 10.0.0.210 () {62 vars in 1402 bytes} [Wed Nov 22 15:53:25 2023] GET /volume/v3/c0e20d284a3e4c61ac15f148ff7a776c/volumes/dfdef766-3310-4f9d-8d37-07960c0abcb5 => generated 977 bytes in 80 msecs (HTTP/1.1 200) 7 headers in 285 bytes (1 switches on core 0)
Nov 22 15:53:25 user devstack@c-api.service[76559]: DEBUG cinder.api.middleware.request_id [None req-c7ca9048-f1f9-4bfd-b8eb-e84da24fd74d None None] RequestId filter calling following filter/app {{(pid=76559) _context_setter /opt/stack/cinder/cinder/api/middleware/request_id.py:62}}
Nov 22 15:53:25 user devstack@c-api.service[76560]: /opt/stack/data/venv/lib/python3.10/site-packages/oslo_context/context.py:100: DeprecationWarning: Policy enforcement is depending on the value of is_admin. This key is deprecated. Please update your policy file to use the standard policy values.
Nov 22 15:53:25 user devstack@c-api.service[76560]: warnings.warn('Policy enforcement is depending on the value of '
Nov 22 15:53:25 user devstack@c-api.service[76559]: INFO cinder.api.openstack.wsgi [None req-c7ca9048-f1f9-4bfd-b8eb-e84da24fd74d tempest-TaggedBootDevicesTest-157696607 tempest-TaggedBootDevicesTest-157696607-project-member] GET http://10.0.0.210/volume/v3/f581c58e0e0a4eecb93cc79f06560278/volumes/878ca599-df98-46a0-a1d3-8de3d65e6d32
Nov 22 15:53:25 user devstack@c-api.service[76560]: INFO cinder.volume.api [None req-0b66eae3-f615-45af-96ea-f5c770ba8133 tempest-VolumesImageMetadata-459142654 tempest-VolumesImageMetadata-459142654-project-member] Volume info retrieved successfully.
Nov 22 15:53:25 user devstack@c-api.service[76559]: DEBUG cinder.api.openstack.wsgi [None req-c7ca9048-f1f9-4bfd-b8eb-e84da24fd74d tempest-TaggedBootDevicesTest-157696607 tempest-TaggedBootDevicesTest-157696607-project-member] Empty body provided in request {{(pid=76559) get_body /opt/stack/cinder/cinder/api/openstack/wsgi.py:715}}
Nov 22 15:53:25 user devstack@c-api.service[76559]: DEBUG cinder.api.openstack.wsgi [None req-c7ca9048-f1f9-4bfd-b8eb-e84da24fd74d tempest-TaggedBootDevicesTest-157696607 tempest-TaggedBootDevicesTest-157696607-project-member] Calling method 'show' {{(pid=76559) _process_stack /opt/stack/cinder/cinder/api/openstack/wsgi.py:868}}
Nov 22 15:53:25 user devstack@c-api.service[76560]: INFO cinder.api.openstack.wsgi [None req-0b66eae3-f615-45af-96ea-f5c770ba8133 tempest-VolumesImageMetadata-459142654 tempest-VolumesImageMetadata-459142654-project-member] http://10.0.0.210/volume/v3/c6161b26ea6b4456bc4763ded7a2249c/volumes/f03981eb-6624-42eb-bedd-4d28c52f27dc returned with HTTP 200
Nov 22 15:53:25 user devstack@c-api.service[76560]: [pid: 76560|app: 0|req: 144/404] 10.0.0.210 () {62 vars in 1402 bytes} [Wed Nov 22 15:53:25 2023] GET /volume/v3/c6161b26ea6b4456bc4763ded7a2249c/volumes/f03981eb-6624-42eb-bedd-4d28c52f27dc => generated 908 bytes in 110 msecs (HTTP/1.1 200) 7 headers in 285 bytes (1 switches on core 0)
Nov 22 15:53:25 user devstack@c-api.service[76559]: /opt/stack/data/venv/lib/python3.10/site-packages/oslo_context/context.py:100: DeprecationWarning: Policy enforcement is depending on the value of is_admin. This key is deprecated. Please update your policy file to use the standard policy values.
Nov 22 15:53:25 user devstack@c-api.service[76559]: warnings.warn('Policy enforcement is depending on the value of '
Nov 22 15:53:25 user devstack@c-api.service[76559]: INFO cinder.volume.api [None req-c7ca9048-f1f9-4bfd-b8eb-e84da24fd74d tempest-TaggedBootDevicesTest-157696607 tempest-TaggedBootDevicesTest-157696607-project-member] Volume info retrieved successfully.
Nov 22 15:53:25 user devstack@c-api.service[76559]: INFO cinder.api.openstack.wsgi [None req-c7ca9048-f1f9-4bfd-b8eb-e84da24fd74d tempest-TaggedBootDevicesTest-157696607 tempest-TaggedBootDevicesTest-157696607-project-member] http://10.0.0.210/volume/v3/f581c58e0e0a4eecb93cc79f06560278/volumes/878ca599-df98-46a0-a1d3-8de3d65e6d32 returned with HTTP 200
Nov 22 15:53:25 user devstack@c-api.service[76559]: [pid: 76559|app: 0|req: 137/405] 10.0.0.210 () {62 vars in 1402 bytes} [Wed Nov 22 15:53:25 2023] GET /volume/v3/f581c58e0e0a4eecb93cc79f06560278/volumes/878ca599-df98-46a0-a1d3-8de3d65e6d32 => generated 909 bytes in 128 msecs (HTTP/1.1 200) 7 headers in 285 bytes (1 switches on core 0)
Nov 22 15:53:25 user devstack@c-api.service[76558]: INFO cinder.api.openstack.wsgi [None req-c8f1fe02-1206-4008-b77d-0a5023652f6c tempest-VolumeQuotasNegativeTestJSON-2012449978 tempest-VolumeQuotasNegativeTestJSON-2012449978-project-admin] GET http://10.0.0.210/volume/v3/b1a61f326242407ab25d7061bc117946/os-quota-sets/de7ce61ccc2a4689868fa30a0d5048a1
Nov 22 15:53:25 user devstack@c-api.service[76558]: DEBUG cinder.api.openstack.wsgi [None req-c8f1fe02-1206-4008-b77d-0a5023652f6c tempest-VolumeQuotasNegativeTestJSON-2012449978 tempest-VolumeQuotasNegativeTestJSON-2012449978-project-admin] Empty body provided in request {{(pid=76558) get_body /opt/stack/cinder/cinder/api/openstack/wsgi.py:715}}
Nov 22 15:53:25 user devstack@c-api.service[76558]: DEBUG cinder.api.openstack.wsgi [None req-c8f1fe02-1206-4008-b77d-0a5023652f6c tempest-VolumeQuotasNegativeTestJSON-2012449978 tempest-VolumeQuotasNegativeTestJSON-2012449978-project-admin] Calling method 'show' {{(pid=76558) _process_stack /opt/stack/cinder/cinder/api/openstack/wsgi.py:868}}
Nov 22 15:53:25 user devstack@c-api.service[76558]: WARNING cinder.quota [None req-c8f1fe02-1206-4008-b77d-0a5023652f6c tempest-VolumeQuotasNegativeTestJSON-2012449978 tempest-VolumeQuotasNegativeTestJSON-2012449978-project-admin] Deprecated: Default quota for resource: backups is set by the default quota flag: quota_backups, it is now deprecated. Please use the default quota class for default quota.
Nov 22 15:53:25 user devstack@c-api.service[76558]: WARNING cinder.quota [None req-c8f1fe02-1206-4008-b77d-0a5023652f6c tempest-VolumeQuotasNegativeTestJSON-2012449978 tempest-VolumeQuotasNegativeTestJSON-2012449978-project-admin] Deprecated: Default quota for resource: backup_gigabytes is set by the default quota flag: quota_backup_gigabytes, it is now deprecated. Please use the default quota class for default quota.
Nov 22 15:53:25 user devstack@c-api.service[76558]: WARNING cinder.quota [None req-c8f1fe02-1206-4008-b77d-0a5023652f6c tempest-VolumeQuotasNegativeTestJSON-2012449978 tempest-VolumeQuotasNegativeTestJSON-2012449978-project-admin] Deprecated: Default quota for resource: volumes_tempest-GroupSnapshotsTest-volume-type-541990386 is set by the default quota flag: quota_volumes_tempest-GroupSnapshotsTest-volume-type-541990386, it is now deprecated. Please use the default quota class for default quota.
Nov 22 15:53:25 user devstack@c-api.service[76558]: WARNING cinder.quota [None req-c8f1fe02-1206-4008-b77d-0a5023652f6c tempest-VolumeQuotasNegativeTestJSON-2012449978 tempest-VolumeQuotasNegativeTestJSON-2012449978-project-admin] Deprecated: Default quota for resource: gigabytes_tempest-GroupSnapshotsTest-volume-type-541990386 is set by the default quota flag: quota_gigabytes_tempest-GroupSnapshotsTest-volume-type-541990386, it is now deprecated. Please use the default quota class for default quota.
Nov 22 15:53:25 user devstack@c-api.service[76558]: WARNING cinder.quota [None req-c8f1fe02-1206-4008-b77d-0a5023652f6c tempest-VolumeQuotasNegativeTestJSON-2012449978 tempest-VolumeQuotasNegativeTestJSON-2012449978-project-admin] Deprecated: Default quota for resource: snapshots_tempest-GroupSnapshotsTest-volume-type-541990386 is set by the default quota flag: quota_snapshots_tempest-GroupSnapshotsTest-volume-type-541990386, it is now deprecated. Please use the default quota class for default quota.
Nov 22 15:53:25 user devstack@c-api.service[76558]: WARNING cinder.quota [None req-c8f1fe02-1206-4008-b77d-0a5023652f6c tempest-VolumeQuotasNegativeTestJSON-2012449978 tempest-VolumeQuotasNegativeTestJSON-2012449978-project-admin] Deprecated: Default quota for resource: volumes___DEFAULT__ is set by the default quota flag: quota_volumes___DEFAULT__, it is now deprecated. Please use the default quota class for default quota.
Nov 22 15:53:25 user devstack@c-api.service[76558]: WARNING cinder.quota [None req-c8f1fe02-1206-4008-b77d-0a5023652f6c tempest-VolumeQuotasNegativeTestJSON-2012449978 tempest-VolumeQuotasNegativeTestJSON-2012449978-project-admin] Deprecated: Default quota for resource: gigabytes___DEFAULT__ is set by the default quota flag: quota_gigabytes___DEFAULT__, it is now deprecated. Please use the default quota class for default quota.
Nov 22 15:53:25 user devstack@c-api.service[76558]: WARNING cinder.quota [None req-c8f1fe02-1206-4008-b77d-0a5023652f6c tempest-VolumeQuotasNegativeTestJSON-2012449978 tempest-VolumeQuotasNegativeTestJSON-2012449978-project-admin] Deprecated: Default quota for resource: snapshots___DEFAULT__ is set by the default quota flag: quota_snapshots___DEFAULT__, it is now deprecated. Please use the default quota class for default quota.
Nov 22 15:53:25 user devstack@c-api.service[76558]: INFO cinder.api.openstack.wsgi [None req-c8f1fe02-1206-4008-b77d-0a5023652f6c tempest-VolumeQuotasNegativeTestJSON-2012449978 tempest-VolumeQuotasNegativeTestJSON-2012449978-project-admin] http://10.0.0.210/volume/v3/b1a61f326242407ab25d7061bc117946/os-quota-sets/de7ce61ccc2a4689868fa30a0d5048a1 returned with HTTP 200
Nov 22 15:53:25 user devstack@c-api.service[76558]: [pid: 76558|app: 0|req: 125/406] 10.0.0.210 () {62 vars in 1408 bytes} [Wed Nov 22 15:53:24 2023] GET /volume/v3/b1a61f326242407ab25d7061bc117946/os-quota-sets/de7ce61ccc2a4689868fa30a0d5048a1 => generated 557 bytes in 815 msecs (HTTP/1.1 200) 7 headers in 285 bytes (1 switches on core 0)
Nov 22 15:53:25 user devstack@c-api.service[76560]: DEBUG cinder.api.middleware.request_id [None req-f663c9e1-5831-4205-86ff-c296239249e0 None None] RequestId filter calling following filter/app {{(pid=76560) _context_setter /opt/stack/cinder/cinder/api/middleware/request_id.py:62}}
Nov 22 15:53:25 user devstack@c-api.service[76560]: INFO cinder.api.openstack.wsgi [None req-f663c9e1-5831-4205-86ff-c296239249e0 tempest-VolumeQuotasNegativeTestJSON-1767860439 tempest-VolumeQuotasNegativeTestJSON-1767860439-project-member] POST http://10.0.0.210/volume/v3/de7ce61ccc2a4689868fa30a0d5048a1/volumes
Nov 22 15:53:25 user devstack@c-api.service[76560]: DEBUG cinder.api.openstack.wsgi [None req-f663c9e1-5831-4205-86ff-c296239249e0 tempest-VolumeQuotasNegativeTestJSON-1767860439 tempest-VolumeQuotasNegativeTestJSON-1767860439-project-member] Action: 'create', calling method: create, body: {"volume": {"size": 1, "name": "tempest-VolumeQuotasNegativeTestJSON-Volume-2013735102"}} {{(pid=76560) _process_stack /opt/stack/cinder/cinder/api/openstack/wsgi.py:866}}
Nov 22 15:53:25 user devstack@c-api.service[76559]: DEBUG cinder.api.middleware.request_id [None req-e5f1faae-e932-4929-a8d6-d4f842a30c54 None None] RequestId filter calling following filter/app {{(pid=76559) _context_setter /opt/stack/cinder/cinder/api/middleware/request_id.py:62}}
Nov 22 15:53:25 user devstack@c-api.service[76560]: DEBUG cinder.api.v3.volumes [None req-f663c9e1-5831-4205-86ff-c296239249e0 tempest-VolumeQuotasNegativeTestJSON-1767860439 tempest-VolumeQuotasNegativeTestJSON-1767860439-project-member] Create volume request body: {'volume': {'size': 1, 'name': 'tempest-VolumeQuotasNegativeTestJSON-Volume-2013735102'}} {{(pid=76560) create /opt/stack/cinder/cinder/api/v3/volumes.py:297}}
Nov 22 15:53:25 user devstack@c-api.service[76560]: INFO cinder.api.v3.volumes [None req-f663c9e1-5831-4205-86ff-c296239249e0 tempest-VolumeQuotasNegativeTestJSON-1767860439 tempest-VolumeQuotasNegativeTestJSON-1767860439-project-member] Create volume of 1 GB
Nov 22 15:53:25 user devstack@c-api.service[76559]: INFO cinder.api.openstack.wsgi [None req-e5f1faae-e932-4929-a8d6-d4f842a30c54 tempest-VolumesAssistedSnapshotsTest-1249241107 tempest-VolumesAssistedSnapshotsTest-1249241107-project-admin] GET http://10.0.0.210/volume/v3/621c9e7bc46c4e3993c37eaf2b1c5d24/volumes/16b69e13-36eb-4db1-ae8c-5b2fbaa04edc
Nov 22 15:53:25 user devstack@c-api.service[76559]: DEBUG cinder.api.openstack.wsgi [None req-e5f1faae-e932-4929-a8d6-d4f842a30c54 tempest-VolumesAssistedSnapshotsTest-1249241107 tempest-VolumesAssistedSnapshotsTest-1249241107-project-admin] Empty body provided in request {{(pid=76559) get_body /opt/stack/cinder/cinder/api/openstack/wsgi.py:715}}
Nov 22 15:53:25 user devstack@c-api.service[76559]: DEBUG cinder.api.openstack.wsgi [None req-e5f1faae-e932-4929-a8d6-d4f842a30c54 tempest-VolumesAssistedSnapshotsTest-1249241107 tempest-VolumesAssistedSnapshotsTest-1249241107-project-admin] Calling method 'show' {{(pid=76559) _process_stack /opt/stack/cinder/cinder/api/openstack/wsgi.py:868}}
Nov 22 15:53:25 user devstack@c-api.service[76560]: INFO cinder.volume.api [None req-f663c9e1-5831-4205-86ff-c296239249e0 tempest-VolumeQuotasNegativeTestJSON-1767860439 tempest-VolumeQuotasNegativeTestJSON-1767860439-project-member] Availability Zones retrieved successfully.
Nov 22 15:53:25 user devstack@c-api.service[76558]: DEBUG cinder.api.middleware.request_id [None req-26a7543d-c5f9-4fcd-af54-52b93ddb6fed None None] RequestId filter calling following filter/app {{(pid=76558) _context_setter /opt/stack/cinder/cinder/api/middleware/request_id.py:62}}
Nov 22 15:53:25 user devstack@c-api.service[76559]: /opt/stack/data/venv/lib/python3.10/site-packages/oslo_context/context.py:100: DeprecationWarning: Policy enforcement is depending on the value of is_admin. This key is deprecated. Please update your policy file to use the standard policy values.
Nov 22 15:53:25 user devstack@c-api.service[76559]: warnings.warn('Policy enforcement is depending on the value of '
Nov 22 15:53:25 user devstack@c-api.service[76559]: INFO cinder.volume.api [None req-e5f1faae-e932-4929-a8d6-d4f842a30c54 tempest-VolumesAssistedSnapshotsTest-1249241107 tempest-VolumesAssistedSnapshotsTest-1249241107-project-admin] Volume info retrieved successfully.
Nov 22 15:53:25 user devstack@c-api.service[76558]: INFO cinder.api.openstack.wsgi [None req-26a7543d-c5f9-4fcd-af54-52b93ddb6fed tempest-GroupSnapshotsTest-244451816 tempest-GroupSnapshotsTest-244451816-project-member] GET http://10.0.0.210/volume/v3/959da70adba843039b9c828e483943ad/group_snapshots/4a41cf14-1c0c-4066-a8a4-93a82c69c50f
Nov 22 15:53:25 user devstack@c-api.service[76558]: DEBUG cinder.api.openstack.wsgi [None req-26a7543d-c5f9-4fcd-af54-52b93ddb6fed tempest-GroupSnapshotsTest-244451816 tempest-GroupSnapshotsTest-244451816-project-member] Empty body provided in request {{(pid=76558) get_body /opt/stack/cinder/cinder/api/openstack/wsgi.py:715}}
Nov 22 15:53:25 user devstack@c-api.service[76558]: DEBUG cinder.api.openstack.wsgi [None req-26a7543d-c5f9-4fcd-af54-52b93ddb6fed tempest-GroupSnapshotsTest-244451816 tempest-GroupSnapshotsTest-244451816-project-member] Calling method 'version_select' {{(pid=76558) _process_stack /opt/stack/cinder/cinder/api/openstack/wsgi.py:868}}
Nov 22 15:53:25 user devstack@c-api.service[76558]: DEBUG cinder.api.v3.group_snapshots [None req-26a7543d-c5f9-4fcd-af54-52b93ddb6fed tempest-GroupSnapshotsTest-244451816 tempest-GroupSnapshotsTest-244451816-project-member] show called for member 4a41cf14-1c0c-4066-a8a4-93a82c69c50f {{(pid=76558) show /opt/stack/cinder/cinder/api/v3/group_snapshots.py:58}}
Nov 22 15:53:25 user devstack@c-api.service[76559]: INFO cinder.api.openstack.wsgi [None req-e5f1faae-e932-4929-a8d6-d4f842a30c54 tempest-VolumesAssistedSnapshotsTest-1249241107 tempest-VolumesAssistedSnapshotsTest-1249241107-project-admin] http://10.0.0.210/volume/v3/621c9e7bc46c4e3993c37eaf2b1c5d24/volumes/16b69e13-36eb-4db1-ae8c-5b2fbaa04edc returned with HTTP 200
Nov 22 15:53:25 user devstack@c-api.service[76559]: [pid: 76559|app: 0|req: 138/407] 10.0.0.210 () {62 vars in 1402 bytes} [Wed Nov 22 15:53:25 2023] GET /volume/v3/621c9e7bc46c4e3993c37eaf2b1c5d24/volumes/16b69e13-36eb-4db1-ae8c-5b2fbaa04edc => generated 1081 bytes in 54 msecs (HTTP/1.1 200) 7 headers in 286 bytes (1 switches on core 0)
Nov 22 15:53:25 user devstack@c-api.service[76558]: /opt/stack/data/venv/lib/python3.10/site-packages/oslo_context/context.py:100: DeprecationWarning: Policy enforcement is depending on the value of is_admin. This key is deprecated. Please update your policy file to use the standard policy values.
Nov 22 15:53:25 user devstack@c-api.service[76558]: warnings.warn('Policy enforcement is depending on the value of '
Nov 22 15:53:25 user devstack@c-api.service[76560]: DEBUG cinder.volume.api [None req-f663c9e1-5831-4205-86ff-c296239249e0 tempest-VolumeQuotasNegativeTestJSON-1767860439 tempest-VolumeQuotasNegativeTestJSON-1767860439-project-member] Flow 'volume_create_api' (83548141-2e9d-4910-9507-de59b5f814ef) transitioned into state 'RUNNING' from state 'PENDING' {{(pid=76560) _flow_receiver /opt/stack/data/venv/lib/python3.10/site-packages/taskflow/listeners/logging.py:141}}
Nov 22 15:53:25 user devstack@c-api.service[76560]: DEBUG cinder.volume.api [None req-f663c9e1-5831-4205-86ff-c296239249e0 tempest-VolumeQuotasNegativeTestJSON-1767860439 tempest-VolumeQuotasNegativeTestJSON-1767860439-project-member] Task 'cinder.volume.flows.api.create_volume.ExtractVolumeRequestTask;volume:create' (cafdf357-b5b9-4c6b-95a6-9d315953e1a1) transitioned into state 'RUNNING' from state 'PENDING' {{(pid=76560) _task_receiver /opt/stack/data/venv/lib/python3.10/site-packages/taskflow/listeners/logging.py:190}}
Nov 22 15:53:25 user devstack@c-api.service[76558]: INFO cinder.api.openstack.wsgi [None req-26a7543d-c5f9-4fcd-af54-52b93ddb6fed tempest-GroupSnapshotsTest-244451816 tempest-GroupSnapshotsTest-244451816-project-member] http://10.0.0.210/volume/v3/959da70adba843039b9c828e483943ad/group_snapshots/4a41cf14-1c0c-4066-a8a4-93a82c69c50f returned with HTTP 200
Nov 22 15:53:25 user devstack@c-api.service[76560]: DEBUG cinder.volume.flows.api.create_volume [None req-f663c9e1-5831-4205-86ff-c296239249e0 tempest-VolumeQuotasNegativeTestJSON-1767860439 tempest-VolumeQuotasNegativeTestJSON-1767860439-project-member] Validating volume size '1' using validate_int {{(pid=76560) _extract_size /opt/stack/cinder/cinder/volume/flows/api/create_volume.py:228}}
Nov 22 15:53:25 user devstack@c-api.service[76558]: [pid: 76558|app: 0|req: 126/408] 10.0.0.210 () {64 vars in 1467 bytes} [Wed Nov 22 15:53:25 2023] GET /volume/v3/959da70adba843039b9c828e483943ad/group_snapshots/4a41cf14-1c0c-4066-a8a4-93a82c69c50f => generated 325 bytes in 64 msecs (HTTP/1.1 200) 7 headers in 286 bytes (2 switches on core 0)
Nov 22 15:53:26 user devstack@c-api.service[76560]: DEBUG cinder.volume.api [None req-f663c9e1-5831-4205-86ff-c296239249e0 tempest-VolumeQuotasNegativeTestJSON-1767860439 tempest-VolumeQuotasNegativeTestJSON-1767860439-project-member] Task 'cinder.volume.flows.api.create_volume.ExtractVolumeRequestTask;volume:create' (cafdf357-b5b9-4c6b-95a6-9d315953e1a1) transitioned into state 'SUCCESS' from state 'RUNNING' with result '{'size': 1, 'snapshot_id': None, 'source_volid': None, 'volume_type': VolumeType(created_at=2023-11-22T15:48:51Z,deleted=False,deleted_at=None,description=None,extra_specs={volume_backend_name='joviandss-2'},id=e308df5e-23c9-44f1-9998-80c06f9a4f77,is_public=True,name='joviandss-2',projects=[],qos_specs=,qos_specs_id=None,updated_at=None), 'volume_type_id': 'e308df5e-23c9-44f1-9998-80c06f9a4f77', 'encryption_key_id': None, 'qos_specs': None, 'consistencygroup_id': None, 'cgsnapshot_id': None, 'group_id': None, 'replication_status': 'disabled', 'refresh_az': False, 'backup_id': None, 'multiattach': False, 'availability_zones': ['nova']}' {{(pid=76560) _task_receiver /opt/stack/data/venv/lib/python3.10/site-packages/taskflow/listeners/logging.py:178}}
Nov 22 15:53:26 user devstack@c-api.service[76560]: DEBUG cinder.volume.api [None req-f663c9e1-5831-4205-86ff-c296239249e0 tempest-VolumeQuotasNegativeTestJSON-1767860439 tempest-VolumeQuotasNegativeTestJSON-1767860439-project-member] Task 'cinder.volume.flows.api.create_volume.QuotaReserveTask;volume:create' (b27f1184-ebdf-4ca3-afe1-6db02892614a) transitioned into state 'RUNNING' from state 'PENDING' {{(pid=76560) _task_receiver /opt/stack/data/venv/lib/python3.10/site-packages/taskflow/listeners/logging.py:190}}
Nov 22 15:53:26 user devstack@c-api.service[76560]: DEBUG cinder.quota [None req-f663c9e1-5831-4205-86ff-c296239249e0 tempest-VolumeQuotasNegativeTestJSON-1767860439 tempest-VolumeQuotasNegativeTestJSON-1767860439-project-member] Created reservations ['964cd62e-c674-4e91-ae74-39ae7edeb6f4', 'c7d7a1ba-0c4e-4aff-b67b-c9c9c606e69b', 'f529da80-63dd-418a-aa08-677e89046d8d', '89e43eb4-bfca-472c-99ee-d885d0cdb34c'] {{(pid=76560) reserve /opt/stack/cinder/cinder/quota.py:755}}
Nov 22 15:53:26 user devstack@c-api.service[76560]: DEBUG cinder.volume.api [None req-f663c9e1-5831-4205-86ff-c296239249e0 tempest-VolumeQuotasNegativeTestJSON-1767860439 tempest-VolumeQuotasNegativeTestJSON-1767860439-project-member] Task 'cinder.volume.flows.api.create_volume.QuotaReserveTask;volume:create' (b27f1184-ebdf-4ca3-afe1-6db02892614a) transitioned into state 'SUCCESS' from state 'RUNNING' with result '{'reservations': ['964cd62e-c674-4e91-ae74-39ae7edeb6f4', 'c7d7a1ba-0c4e-4aff-b67b-c9c9c606e69b', 'f529da80-63dd-418a-aa08-677e89046d8d', '89e43eb4-bfca-472c-99ee-d885d0cdb34c']}' {{(pid=76560) _task_receiver /opt/stack/data/venv/lib/python3.10/site-packages/taskflow/listeners/logging.py:178}}
Nov 22 15:53:26 user devstack@c-api.service[76560]: DEBUG cinder.volume.api [None req-f663c9e1-5831-4205-86ff-c296239249e0 tempest-VolumeQuotasNegativeTestJSON-1767860439 tempest-VolumeQuotasNegativeTestJSON-1767860439-project-member] Task 'cinder.volume.flows.api.create_volume.EntryCreateTask;volume:create' (36c3a3c6-a57a-4799-90c3-c64da41ad012) transitioned into state 'RUNNING' from state 'PENDING' {{(pid=76560) _task_receiver /opt/stack/data/venv/lib/python3.10/site-packages/taskflow/listeners/logging.py:190}}
Nov 22 15:53:26 user devstack@c-api.service[76559]: DEBUG cinder.api.middleware.request_id [None req-96801632-f743-4fdf-ac48-e6d3f639b301 None None] RequestId filter calling following filter/app {{(pid=76559) _context_setter /opt/stack/cinder/cinder/api/middleware/request_id.py:62}}
Nov 22 15:53:26 user devstack@c-api.service[76559]: INFO cinder.api.openstack.wsgi [None req-96801632-f743-4fdf-ac48-e6d3f639b301 tempest-TaggedBootDevicesTest_v242-578229687 tempest-TaggedBootDevicesTest_v242-578229687-project-member] GET http://10.0.0.210/volume/v3/c0e20d284a3e4c61ac15f148ff7a776c/volumes/dfdef766-3310-4f9d-8d37-07960c0abcb5
Nov 22 15:53:26 user devstack@c-api.service[76559]: DEBUG cinder.api.openstack.wsgi [None req-96801632-f743-4fdf-ac48-e6d3f639b301 tempest-TaggedBootDevicesTest_v242-578229687 tempest-TaggedBootDevicesTest_v242-578229687-project-member] Empty body provided in request {{(pid=76559) get_body /opt/stack/cinder/cinder/api/openstack/wsgi.py:715}}
Nov 22 15:53:26 user devstack@c-api.service[76559]: DEBUG cinder.api.openstack.wsgi [None req-96801632-f743-4fdf-ac48-e6d3f639b301 tempest-TaggedBootDevicesTest_v242-578229687 tempest-TaggedBootDevicesTest_v242-578229687-project-member] Calling method 'show' {{(pid=76559) _process_stack /opt/stack/cinder/cinder/api/openstack/wsgi.py:868}}
Nov 22 15:53:26 user devstack@c-api.service[76560]: DEBUG cinder.volume.api [None req-f663c9e1-5831-4205-86ff-c296239249e0 tempest-VolumeQuotasNegativeTestJSON-1767860439 tempest-VolumeQuotasNegativeTestJSON-1767860439-project-member] Task 'cinder.volume.flows.api.create_volume.EntryCreateTask;volume:create' (36c3a3c6-a57a-4799-90c3-c64da41ad012) transitioned into state 'SUCCESS' from state 'RUNNING' with result '{'volume_id': '4fad3f4e-b921-4e69-aef2-956a25996017', 'volume_properties': VolumeProperties(attach_status='detached',availability_zone='nova',cgsnapshot_id=None,consistencygroup_id=None,display_description=None,display_name='tempest-VolumeQuotasNegativeTestJSON-Volume-2013735102',encryption_key_id=None,group_id=None,group_type_id=,metadata={},multiattach=False,project_id='de7ce61ccc2a4689868fa30a0d5048a1',qos_specs=None,replication_status=,reservations=['964cd62e-c674-4e91-ae74-39ae7edeb6f4','c7d7a1ba-0c4e-4aff-b67b-c9c9c606e69b','f529da80-63dd-418a-aa08-677e89046d8d','89e43eb4-bfca-472c-99ee-d885d0cdb34c'],size=1,snapshot_id=None,source_replicaid=,source_volid=None,status='creating',user_id='386e1b2a84524b908b1e079cb28f7b5f',volume_type_id=e308df5e-23c9-44f1-9998-80c06f9a4f77), 'volume': Volume(_name_id=None,admin_metadata=,attach_status='detached',availability_zone='nova',bootable=False,cluster=,cluster_name=None,consistencygroup=,consistencygroup_id=None,created_at=2023-11-22T15:53:26Z,deleted=False,deleted_at=None,display_description=None,display_name='tempest-VolumeQuotasNegativeTestJSON-Volume-2013735102',ec2_id=None,encryption_key_id=None,glance_metadata=,group=,group_id=None,host=None,id=4fad3f4e-b921-4e69-aef2-956a25996017,launched_at=None,metadata={},migration_status=None,multiattach=False,previous_status=None,project_id='de7ce61ccc2a4689868fa30a0d5048a1',provider_auth=None,provider_geometry=None,provider_id=None,provider_location=None,replication_driver_data=None,replication_extended_status=None,replication_status=None,scheduled_at=None,service_uuid=None,shared_targets=True,size=1,snapshot_id=None,snapshots=,source_volid=None,status='creating',terminated_at=None,updated_at=None,use_quota=True,user_id='386e1b2a84524b908b1e079cb28f7b5f',volume_attachment=VolumeAttachmentList,volume_type=VolumeType(e308df5e-23c9-44f1-9998-80c06f9a4f77),volume_type_id=e308df5e-23c9-44f1-9998-80c06f9a4f77)}' {{(pid=76560) _task_receiver /opt/stack/data/venv/lib/python3.10/site-packages/taskflow/listeners/logging.py:178}}
Nov 22 15:53:26 user devstack@c-api.service[76560]: DEBUG cinder.volume.api [None req-f663c9e1-5831-4205-86ff-c296239249e0 tempest-VolumeQuotasNegativeTestJSON-1767860439 tempest-VolumeQuotasNegativeTestJSON-1767860439-project-member] Task 'cinder.volume.flows.api.create_volume.QuotaCommitTask;volume:create' (662d56f8-0ba7-49c5-8fe5-a857bc334dc3) transitioned into state 'RUNNING' from state 'PENDING' {{(pid=76560) _task_receiver /opt/stack/data/venv/lib/python3.10/site-packages/taskflow/listeners/logging.py:190}}
Nov 22 15:53:26 user devstack@c-api.service[76560]: DEBUG cinder.volume.api [None req-f663c9e1-5831-4205-86ff-c296239249e0 tempest-VolumeQuotasNegativeTestJSON-1767860439 tempest-VolumeQuotasNegativeTestJSON-1767860439-project-member] Task 'cinder.volume.flows.api.create_volume.QuotaCommitTask;volume:create' (662d56f8-0ba7-49c5-8fe5-a857bc334dc3) transitioned into state 'SUCCESS' from state 'RUNNING' with result '{'volume_properties': VolumeProperties(attach_status='detached',availability_zone='nova',cgsnapshot_id=None,consistencygroup_id=None,display_description=None,display_name='tempest-VolumeQuotasNegativeTestJSON-Volume-2013735102',encryption_key_id=None,group_id=None,group_type_id=,metadata={},multiattach=False,project_id='de7ce61ccc2a4689868fa30a0d5048a1',qos_specs=None,replication_status=,reservations=['964cd62e-c674-4e91-ae74-39ae7edeb6f4','c7d7a1ba-0c4e-4aff-b67b-c9c9c606e69b','f529da80-63dd-418a-aa08-677e89046d8d','89e43eb4-bfca-472c-99ee-d885d0cdb34c'],size=1,snapshot_id=None,source_replicaid=,source_volid=None,status='creating',user_id='386e1b2a84524b908b1e079cb28f7b5f',volume_type_id=e308df5e-23c9-44f1-9998-80c06f9a4f77)}' {{(pid=76560) _task_receiver /opt/stack/data/venv/lib/python3.10/site-packages/taskflow/listeners/logging.py:178}}
Nov 22 15:53:26 user devstack@c-api.service[76560]: DEBUG cinder.volume.api [None req-f663c9e1-5831-4205-86ff-c296239249e0 tempest-VolumeQuotasNegativeTestJSON-1767860439 tempest-VolumeQuotasNegativeTestJSON-1767860439-project-member] Task 'cinder.volume.flows.api.create_volume.VolumeCastTask;volume:create' (7e01fe92-4d54-4da7-acff-8d5a65e55893) transitioned into state 'RUNNING' from state 'PENDING' {{(pid=76560) _task_receiver /opt/stack/data/venv/lib/python3.10/site-packages/taskflow/listeners/logging.py:190}}
Nov 22 15:53:26 user devstack@c-api.service[76559]: /opt/stack/data/venv/lib/python3.10/site-packages/oslo_context/context.py:100: DeprecationWarning: Policy enforcement is depending on the value of is_admin. This key is deprecated. Please update your policy file to use the standard policy values.
Nov 22 15:53:26 user devstack@c-api.service[76559]: warnings.warn('Policy enforcement is depending on the value of '
Nov 22 15:53:26 user devstack@c-api.service[76559]: INFO cinder.volume.api [None req-96801632-f743-4fdf-ac48-e6d3f639b301 tempest-TaggedBootDevicesTest_v242-578229687 tempest-TaggedBootDevicesTest_v242-578229687-project-member] Volume info retrieved successfully.
Nov 22 15:53:26 user devstack@c-api.service[76559]: INFO cinder.api.openstack.wsgi [None req-96801632-f743-4fdf-ac48-e6d3f639b301 tempest-TaggedBootDevicesTest_v242-578229687 tempest-TaggedBootDevicesTest_v242-578229687-project-member] http://10.0.0.210/volume/v3/c0e20d284a3e4c61ac15f148ff7a776c/volumes/dfdef766-3310-4f9d-8d37-07960c0abcb5 returned with HTTP 200
Nov 22 15:53:26 user devstack@c-api.service[76559]: [pid: 76559|app: 0|req: 139/409] 10.0.0.210 () {62 vars in 1402 bytes} [Wed Nov 22 15:53:26 2023] GET /volume/v3/c0e20d284a3e4c61ac15f148ff7a776c/volumes/dfdef766-3310-4f9d-8d37-07960c0abcb5 => generated 977 bytes in 85 msecs (HTTP/1.1 200) 7 headers in 285 bytes (1 switches on core 0)
Nov 22 15:53:26 user devstack@c-api.service[76560]: DEBUG cinder.volume.api [None req-f663c9e1-5831-4205-86ff-c296239249e0 tempest-VolumeQuotasNegativeTestJSON-1767860439 tempest-VolumeQuotasNegativeTestJSON-1767860439-project-member] Task 'cinder.volume.flows.api.create_volume.VolumeCastTask;volume:create' (7e01fe92-4d54-4da7-acff-8d5a65e55893) transitioned into state 'SUCCESS' from state 'RUNNING' with result 'None' {{(pid=76560) _task_receiver /opt/stack/data/venv/lib/python3.10/site-packages/taskflow/listeners/logging.py:178}}
Nov 22 15:53:26 user devstack@c-api.service[76558]: DEBUG cinder.api.middleware.request_id [None req-dbf304b9-47da-45f9-a4f1-89f0d5aafb67 None None] RequestId filter calling following filter/app {{(pid=76558) _context_setter /opt/stack/cinder/cinder/api/middleware/request_id.py:62}}
Nov 22 15:53:26 user devstack@c-api.service[76560]: DEBUG cinder.volume.api [None req-f663c9e1-5831-4205-86ff-c296239249e0 tempest-VolumeQuotasNegativeTestJSON-1767860439 tempest-VolumeQuotasNegativeTestJSON-1767860439-project-member] Flow 'volume_create_api' (83548141-2e9d-4910-9507-de59b5f814ef) transitioned into state 'SUCCESS' from state 'RUNNING' {{(pid=76560) _flow_receiver /opt/stack/data/venv/lib/python3.10/site-packages/taskflow/listeners/logging.py:141}}
Nov 22 15:53:26 user devstack@c-api.service[76560]: INFO cinder.volume.api [None req-f663c9e1-5831-4205-86ff-c296239249e0 tempest-VolumeQuotasNegativeTestJSON-1767860439 tempest-VolumeQuotasNegativeTestJSON-1767860439-project-member] Create volume request issued successfully.
Nov 22 15:53:26 user devstack@c-api.service[76560]: INFO cinder.api.openstack.wsgi [None req-f663c9e1-5831-4205-86ff-c296239249e0 tempest-VolumeQuotasNegativeTestJSON-1767860439 tempest-VolumeQuotasNegativeTestJSON-1767860439-project-member] http://10.0.0.210/volume/v3/de7ce61ccc2a4689868fa30a0d5048a1/volumes returned with HTTP 202
Nov 22 15:53:26 user devstack@c-api.service[76560]: [pid: 76560|app: 0|req: 145/410] 10.0.0.210 () {64 vars in 1312 bytes} [Wed Nov 22 15:53:25 2023] POST /volume/v3/de7ce61ccc2a4689868fa30a0d5048a1/volumes => generated 826 bytes in 771 msecs (HTTP/1.1 202) 7 headers in 291 bytes (2 switches on core 0)
Nov 22 15:53:26 user devstack@c-api.service[76558]: INFO cinder.api.openstack.wsgi [None req-dbf304b9-47da-45f9-a4f1-89f0d5aafb67 tempest-VolumesImageMetadata-459142654 tempest-VolumesImageMetadata-459142654-project-member] GET http://10.0.0.210/volume/v3/c6161b26ea6b4456bc4763ded7a2249c/volumes/f03981eb-6624-42eb-bedd-4d28c52f27dc
Nov 22 15:53:26 user devstack@c-api.service[76558]: DEBUG cinder.api.openstack.wsgi [None req-dbf304b9-47da-45f9-a4f1-89f0d5aafb67 tempest-VolumesImageMetadata-459142654 tempest-VolumesImageMetadata-459142654-project-member] Empty body provided in request {{(pid=76558) get_body /opt/stack/cinder/cinder/api/openstack/wsgi.py:715}}
Nov 22 15:53:26 user devstack@c-api.service[76558]: DEBUG cinder.api.openstack.wsgi [None req-dbf304b9-47da-45f9-a4f1-89f0d5aafb67 tempest-VolumesImageMetadata-459142654 tempest-VolumesImageMetadata-459142654-project-member] Calling method 'show' {{(pid=76558) _process_stack /opt/stack/cinder/cinder/api/openstack/wsgi.py:868}}
Nov 22 15:53:26 user devstack@c-api.service[76559]: DEBUG cinder.api.middleware.request_id [None req-fc0c5883-1322-4f58-bd5a-db05b665b64d None None] RequestId filter calling following filter/app {{(pid=76559) _context_setter /opt/stack/cinder/cinder/api/middleware/request_id.py:62}}
Nov 22 15:53:26 user devstack@c-api.service[76560]: DEBUG cinder.api.middleware.request_id [None req-b29cee53-c524-40a8-9c9b-c2c9e67fa6e3 None None] RequestId filter calling following filter/app {{(pid=76560) _context_setter /opt/stack/cinder/cinder/api/middleware/request_id.py:62}}
Nov 22 15:53:26 user devstack@c-api.service[76560]: INFO cinder.api.openstack.wsgi [None req-b29cee53-c524-40a8-9c9b-c2c9e67fa6e3 tempest-TaggedBootDevicesTest-157696607 tempest-TaggedBootDevicesTest-157696607-project-member] GET http://10.0.0.210/volume/v3/f581c58e0e0a4eecb93cc79f06560278/volumes/878ca599-df98-46a0-a1d3-8de3d65e6d32
Nov 22 15:53:26 user devstack@c-api.service[76560]: DEBUG cinder.api.openstack.wsgi [None req-b29cee53-c524-40a8-9c9b-c2c9e67fa6e3 tempest-TaggedBootDevicesTest-157696607 tempest-TaggedBootDevicesTest-157696607-project-member] Empty body provided in request {{(pid=76560) get_body /opt/stack/cinder/cinder/api/openstack/wsgi.py:715}}
Nov 22 15:53:26 user devstack@c-api.service[76560]: DEBUG cinder.api.openstack.wsgi [None req-b29cee53-c524-40a8-9c9b-c2c9e67fa6e3 tempest-TaggedBootDevicesTest-157696607 tempest-TaggedBootDevicesTest-157696607-project-member] Calling method 'show' {{(pid=76560) _process_stack /opt/stack/cinder/cinder/api/openstack/wsgi.py:868}}
Nov 22 15:53:26 user devstack@c-api.service[76559]: INFO cinder.api.openstack.wsgi [None req-fc0c5883-1322-4f58-bd5a-db05b665b64d tempest-VolumeQuotasNegativeTestJSON-1767860439 tempest-VolumeQuotasNegativeTestJSON-1767860439-project-member] GET http://10.0.0.210/volume/v3/de7ce61ccc2a4689868fa30a0d5048a1/volumes/4fad3f4e-b921-4e69-aef2-956a25996017
Nov 22 15:53:26 user devstack@c-api.service[76559]: DEBUG cinder.api.openstack.wsgi [None req-fc0c5883-1322-4f58-bd5a-db05b665b64d tempest-VolumeQuotasNegativeTestJSON-1767860439 tempest-VolumeQuotasNegativeTestJSON-1767860439-project-member] Empty body provided in request {{(pid=76559) get_body /opt/stack/cinder/cinder/api/openstack/wsgi.py:715}}
Nov 22 15:53:26 user devstack@c-api.service[76559]: DEBUG cinder.api.openstack.wsgi [None req-fc0c5883-1322-4f58-bd5a-db05b665b64d tempest-VolumeQuotasNegativeTestJSON-1767860439 tempest-VolumeQuotasNegativeTestJSON-1767860439-project-member] Calling method 'show' {{(pid=76559) _process_stack /opt/stack/cinder/cinder/api/openstack/wsgi.py:868}}
Nov 22 15:53:26 user devstack@c-api.service[76558]: /opt/stack/data/venv/lib/python3.10/site-packages/oslo_context/context.py:100: DeprecationWarning: Policy enforcement is depending on the value of is_admin. This key is deprecated. Please update your policy file to use the standard policy values.
Nov 22 15:53:26 user devstack@c-api.service[76558]: warnings.warn('Policy enforcement is depending on the value of '
Nov 22 15:53:26 user devstack@c-api.service[76559]: /opt/stack/data/venv/lib/python3.10/site-packages/oslo_context/context.py:100: DeprecationWarning: Policy enforcement is depending on the value of is_admin. This key is deprecated. Please update your policy file to use the standard policy values.
Nov 22 15:53:26 user devstack@c-api.service[76559]: warnings.warn('Policy enforcement is depending on the value of '
