Nov 22 15:46:23 user devstack@n-api.service[65749]: DEBUG oslo_concurrency.lockutils [None req-5da31bdb-3fa4-4d9d-a087-a9335a682bd3 None None] Lock "00000000-0000-0000-0000-000000000000" acquired by "nova.context.set_target_cell..get_or_set_cached_cell_and_set_connections" :: waited 0.000s {{(pid=65749) inner /opt/stack/data/venv/lib/python3.10/site-packages/oslo_concurrency/lockutils.py:409}}
Nov 22 15:46:23 user devstack@n-api.service[65749]: DEBUG oslo_concurrency.lockutils [None req-5da31bdb-3fa4-4d9d-a087-a9335a682bd3 None None] Lock "00000000-0000-0000-0000-000000000000" "released" by "nova.context.set_target_cell..get_or_set_cached_cell_and_set_connections" :: held 0.001s {{(pid=65749) inner /opt/stack/data/venv/lib/python3.10/site-packages/oslo_concurrency/lockutils.py:423}}
Nov 22 15:46:23 user devstack@n-api.service[65749]: DEBUG oslo_concurrency.lockutils [None req-5da31bdb-3fa4-4d9d-a087-a9335a682bd3 None None] Acquiring lock "d033941f-3772-418a-93b6-78bf419e82e7" by "nova.context.set_target_cell..get_or_set_cached_cell_and_set_connections" {{(pid=65749) inner /opt/stack/data/venv/lib/python3.10/site-packages/oslo_concurrency/lockutils.py:404}}
Nov 22 15:46:23 user devstack@n-api.service[65749]: DEBUG oslo_concurrency.lockutils [None req-5da31bdb-3fa4-4d9d-a087-a9335a682bd3 None None] Lock "d033941f-3772-418a-93b6-78bf419e82e7" acquired by "nova.context.set_target_cell..get_or_set_cached_cell_and_set_connections" :: waited 0.000s {{(pid=65749) inner /opt/stack/data/venv/lib/python3.10/site-packages/oslo_concurrency/lockutils.py:409}}
Nov 22 15:46:23 user devstack@n-api.service[65748]: DEBUG oslo_db.sqlalchemy.engines [None req-27596cd5-097e-4da9-91c1-ac080e6b4f45 None None] MySQL server mode set to STRICT_TRANS_TABLES,STRICT_ALL_TABLES,NO_ZERO_IN_DATE,NO_ZERO_DATE,ERROR_FOR_DIVISION_BY_ZERO,TRADITIONAL,NO_ENGINE_SUBSTITUTION {{(pid=65748) _check_effective_sql_mode /opt/stack/data/venv/lib/python3.10/site-packages/oslo_db/sqlalchemy/engines.py:342}}
Nov 22 15:46:23 user devstack@n-api.service[65749]: DEBUG oslo_concurrency.lockutils [None req-5da31bdb-3fa4-4d9d-a087-a9335a682bd3 None None] Lock "d033941f-3772-418a-93b6-78bf419e82e7" "released" by "nova.context.set_target_cell..get_or_set_cached_cell_and_set_connections" :: held 0.002s {{(pid=65749) inner /opt/stack/data/venv/lib/python3.10/site-packages/oslo_concurrency/lockutils.py:423}}
Nov 22 15:46:23 user devstack@n-api.service[65749]: INFO dbcounter [None req-5da31bdb-3fa4-4d9d-a087-a9335a682bd3 None None] Registered counter for database nova_cell0
Nov 22 15:46:23 user devstack@n-api.service[65749]: INFO dbcounter [None req-5da31bdb-3fa4-4d9d-a087-a9335a682bd3 None None] Registered counter for database nova_cell1
Nov 22 15:46:23 user devstack@n-api.service[65748]: DEBUG dbcounter [-] [65748] Writer thread running {{(pid=65748) stat_writer /opt/stack/data/venv/lib/python3.10/site-packages/dbcounter.py:102}}
Nov 22 15:46:23 user devstack@n-api.service[65749]: DEBUG oslo_db.sqlalchemy.engines [None req-5da31bdb-3fa4-4d9d-a087-a9335a682bd3 None None] MySQL server mode set to STRICT_TRANS_TABLES,STRICT_ALL_TABLES,NO_ZERO_IN_DATE,NO_ZERO_DATE,ERROR_FOR_DIVISION_BY_ZERO,TRADITIONAL,NO_ENGINE_SUBSTITUTION {{(pid=65749) _check_effective_sql_mode /opt/stack/data/venv/lib/python3.10/site-packages/oslo_db/sqlalchemy/engines.py:342}}
Nov 22 15:46:23 user devstack@n-api.service[65749]: DEBUG dbcounter [-] [65749] Writer thread running {{(pid=65749) stat_writer /opt/stack/data/venv/lib/python3.10/site-packages/dbcounter.py:102}}
Nov 22 15:46:23 user devstack@n-api.service[65750]: DEBUG nova.context [None req-d2ecb95c-fee7-4040-8b05-8c2b65ffab28 None None] Found 2 cells: 00000000-0000-0000-0000-000000000000(cell0),d033941f-3772-418a-93b6-78bf419e82e7(cell1) {{(pid=65750) load_cells /opt/stack/nova/nova/context.py:464}}
Nov 22 15:46:23 user devstack@n-api.service[65749]: DEBUG oslo_db.sqlalchemy.engines [None req-5da31bdb-3fa4-4d9d-a087-a9335a682bd3 None None] MySQL server mode set to STRICT_TRANS_TABLES,STRICT_ALL_TABLES,NO_ZERO_IN_DATE,NO_ZERO_DATE,ERROR_FOR_DIVISION_BY_ZERO,TRADITIONAL,NO_ENGINE_SUBSTITUTION {{(pid=65749) _check_effective_sql_mode /opt/stack/data/venv/lib/python3.10/site-packages/oslo_db/sqlalchemy/engines.py:342}}
Nov 22 15:46:23 user devstack@n-api.service[65750]: DEBUG oslo_concurrency.lockutils [None req-d2ecb95c-fee7-4040-8b05-8c2b65ffab28 None None] Acquiring lock "00000000-0000-0000-0000-000000000000" by "nova.context.set_target_cell..get_or_set_cached_cell_and_set_connections" {{(pid=65750) inner /opt/stack/data/venv/lib/python3.10/site-packages/oslo_concurrency/lockutils.py:404}}
Nov 22 15:46:23 user devstack@n-api.service[65750]: DEBUG oslo_concurrency.lockutils [None req-d2ecb95c-fee7-4040-8b05-8c2b65ffab28 None None] Lock "00000000-0000-0000-0000-000000000000" acquired by "nova.context.set_target_cell..get_or_set_cached_cell_and_set_connections" :: waited 0.000s {{(pid=65750) inner /opt/stack/data/venv/lib/python3.10/site-packages/oslo_concurrency/lockutils.py:409}}
Nov 22 15:46:23 user devstack@n-api.service[65750]: DEBUG oslo_concurrency.lockutils [None req-d2ecb95c-fee7-4040-8b05-8c2b65ffab28 None None] Lock "00000000-0000-0000-0000-000000000000" "released" by "nova.context.set_target_cell..get_or_set_cached_cell_and_set_connections" :: held 0.001s {{(pid=65750) inner /opt/stack/data/venv/lib/python3.10/site-packages/oslo_concurrency/lockutils.py:423}}
Nov 22 15:46:23 user devstack@n-api.service[65750]: DEBUG oslo_concurrency.lockutils [None req-d2ecb95c-fee7-4040-8b05-8c2b65ffab28 None None] Acquiring lock "d033941f-3772-418a-93b6-78bf419e82e7" by "nova.context.set_target_cell..get_or_set_cached_cell_and_set_connections" {{(pid=65750) inner /opt/stack/data/venv/lib/python3.10/site-packages/oslo_concurrency/lockutils.py:404}}
Nov 22 15:46:23 user devstack@n-api.service[65750]: DEBUG oslo_concurrency.lockutils [None req-d2ecb95c-fee7-4040-8b05-8c2b65ffab28 None None] Lock "d033941f-3772-418a-93b6-78bf419e82e7" acquired by "nova.context.set_target_cell..get_or_set_cached_cell_and_set_connections" :: waited 0.000s {{(pid=65750) inner /opt/stack/data/venv/lib/python3.10/site-packages/oslo_concurrency/lockutils.py:409}}
Nov 22 15:46:23 user devstack@n-api.service[65750]: DEBUG oslo_concurrency.lockutils [None req-d2ecb95c-fee7-4040-8b05-8c2b65ffab28 None None] Lock "d033941f-3772-418a-93b6-78bf419e82e7" "released" by "nova.context.set_target_cell..get_or_set_cached_cell_and_set_connections" :: held 0.001s {{(pid=65750) inner /opt/stack/data/venv/lib/python3.10/site-packages/oslo_concurrency/lockutils.py:423}}
Nov 22 15:46:23 user devstack@n-api.service[65750]: INFO dbcounter [None req-d2ecb95c-fee7-4040-8b05-8c2b65ffab28 None None] Registered counter for database nova_cell0
Nov 22 15:46:23 user devstack@n-api.service[65750]: INFO dbcounter [None req-d2ecb95c-fee7-4040-8b05-8c2b65ffab28 None None] Registered counter for database nova_cell1
Nov 22 15:46:23 user devstack@n-api.service[65750]: DEBUG oslo_db.sqlalchemy.engines [None req-d2ecb95c-fee7-4040-8b05-8c2b65ffab28 None None] MySQL server mode set to STRICT_TRANS_TABLES,STRICT_ALL_TABLES,NO_ZERO_IN_DATE,NO_ZERO_DATE,ERROR_FOR_DIVISION_BY_ZERO,TRADITIONAL,NO_ENGINE_SUBSTITUTION {{(pid=65750) _check_effective_sql_mode /opt/stack/data/venv/lib/python3.10/site-packages/oslo_db/sqlalchemy/engines.py:342}}
Nov 22 15:46:23 user devstack@n-api.service[65750]: DEBUG dbcounter [-] [65750] Writer thread running {{(pid=65750) stat_writer /opt/stack/data/venv/lib/python3.10/site-packages/dbcounter.py:102}}
Nov 22 15:46:23 user devstack@n-api.service[65750]: DEBUG oslo_db.sqlalchemy.engines [None req-d2ecb95c-fee7-4040-8b05-8c2b65ffab28 None None] MySQL server mode set to STRICT_TRANS_TABLES,STRICT_ALL_TABLES,NO_ZERO_IN_DATE,NO_ZERO_DATE,ERROR_FOR_DIVISION_BY_ZERO,TRADITIONAL,NO_ENGINE_SUBSTITUTION {{(pid=65750) _check_effective_sql_mode /opt/stack/data/venv/lib/python3.10/site-packages/oslo_db/sqlalchemy/engines.py:342}}
Nov 22 15:46:23 user devstack@n-api.service[65748]: DEBUG nova.context [None req-27596cd5-097e-4da9-91c1-ac080e6b4f45 None None] Found 2 cells: 00000000-0000-0000-0000-000000000000(cell0),d033941f-3772-418a-93b6-78bf419e82e7(cell1) {{(pid=65748) load_cells /opt/stack/nova/nova/context.py:464}}
Nov 22 15:46:23 user devstack@n-api.service[65748]: DEBUG oslo_concurrency.lockutils [None req-27596cd5-097e-4da9-91c1-ac080e6b4f45 None None] Acquiring lock "00000000-0000-0000-0000-000000000000" by "nova.context.set_target_cell..get_or_set_cached_cell_and_set_connections" {{(pid=65748) inner /opt/stack/data/venv/lib/python3.10/site-packages/oslo_concurrency/lockutils.py:404}}
Nov 22 15:46:23 user devstack@n-api.service[65748]: DEBUG oslo_concurrency.lockutils [None req-27596cd5-097e-4da9-91c1-ac080e6b4f45 None None] Lock "00000000-0000-0000-0000-000000000000" acquired by "nova.context.set_target_cell..get_or_set_cached_cell_and_set_connections" :: waited 0.001s {{(pid=65748) inner /opt/stack/data/venv/lib/python3.10/site-packages/oslo_concurrency/lockutils.py:409}}
Nov 22 15:46:23 user devstack@n-api.service[65748]: DEBUG oslo_concurrency.lockutils [None req-27596cd5-097e-4da9-91c1-ac080e6b4f45 None None] Lock "00000000-0000-0000-0000-000000000000" "released" by "nova.context.set_target_cell..get_or_set_cached_cell_and_set_connections" :: held 0.001s {{(pid=65748) inner /opt/stack/data/venv/lib/python3.10/site-packages/oslo_concurrency/lockutils.py:423}}
Nov 22 15:46:23 user devstack@n-api.service[65748]: DEBUG oslo_concurrency.lockutils [None req-27596cd5-097e-4da9-91c1-ac080e6b4f45 None None] Acquiring lock "d033941f-3772-418a-93b6-78bf419e82e7" by "nova.context.set_target_cell..get_or_set_cached_cell_and_set_connections" {{(pid=65748) inner /opt/stack/data/venv/lib/python3.10/site-packages/oslo_concurrency/lockutils.py:404}}
Nov 22 15:46:23 user devstack@n-api.service[65748]: DEBUG oslo_concurrency.lockutils [None req-27596cd5-097e-4da9-91c1-ac080e6b4f45 None None] Lock "d033941f-3772-418a-93b6-78bf419e82e7" acquired by "nova.context.set_target_cell..get_or_set_cached_cell_and_set_connections" :: waited 0.000s {{(pid=65748) inner /opt/stack/data/venv/lib/python3.10/site-packages/oslo_concurrency/lockutils.py:409}}
Nov 22 15:46:23 user devstack@n-api.service[65748]: DEBUG oslo_concurrency.lockutils [None req-27596cd5-097e-4da9-91c1-ac080e6b4f45 None None] Lock "d033941f-3772-418a-93b6-78bf419e82e7" "released" by "nova.context.set_target_cell..get_or_set_cached_cell_and_set_connections" :: held 0.002s {{(pid=65748) inner /opt/stack/data/venv/lib/python3.10/site-packages/oslo_concurrency/lockutils.py:423}}
Nov 22 15:46:23 user devstack@n-api.service[65748]: INFO dbcounter [None req-27596cd5-097e-4da9-91c1-ac080e6b4f45 None None] Registered counter for database nova_cell0
Nov 22 15:46:23 user devstack@n-api.service[65748]: INFO dbcounter [None req-27596cd5-097e-4da9-91c1-ac080e6b4f45 None None] Registered counter for database nova_cell1
Nov 22 15:46:23 user devstack@n-api.service[65748]: DEBUG oslo_db.sqlalchemy.engines [None req-27596cd5-097e-4da9-91c1-ac080e6b4f45 None None] MySQL server mode set to STRICT_TRANS_TABLES,STRICT_ALL_TABLES,NO_ZERO_IN_DATE,NO_ZERO_DATE,ERROR_FOR_DIVISION_BY_ZERO,TRADITIONAL,NO_ENGINE_SUBSTITUTION {{(pid=65748) _check_effective_sql_mode /opt/stack/data/venv/lib/python3.10/site-packages/oslo_db/sqlalchemy/engines.py:342}}
Nov 22 15:46:23 user devstack@n-api.service[65748]: DEBUG dbcounter [-] [65748] Writer thread running {{(pid=65748) stat_writer /opt/stack/data/venv/lib/python3.10/site-packages/dbcounter.py:102}}
Nov 22 15:46:23 user devstack@n-api.service[65748]: DEBUG oslo_db.sqlalchemy.engines [None req-27596cd5-097e-4da9-91c1-ac080e6b4f45 None None] MySQL server mode set to STRICT_TRANS_TABLES,STRICT_ALL_TABLES,NO_ZERO_IN_DATE,NO_ZERO_DATE,ERROR_FOR_DIVISION_BY_ZERO,TRADITIONAL,NO_ENGINE_SUBSTITUTION {{(pid=65748) _check_effective_sql_mode /opt/stack/data/venv/lib/python3.10/site-packages/oslo_db/sqlalchemy/engines.py:342}}
Nov 22 15:46:23 user devstack@n-api.service[65749]: DEBUG dbcounter [-] [65749] Writer thread running {{(pid=65749) stat_writer /opt/stack/data/venv/lib/python3.10/site-packages/dbcounter.py:102}}
Nov 22 15:46:23 user devstack@n-api.service[65749]: INFO dbcounter [None req-5da31bdb-3fa4-4d9d-a087-a9335a682bd3 None None] Registered counter for database nova_cell0
Nov 22 15:46:23 user devstack@n-api.service[65749]: DEBUG oslo_db.sqlalchemy.engines [None req-5da31bdb-3fa4-4d9d-a087-a9335a682bd3 None None] MySQL server mode set to STRICT_TRANS_TABLES,STRICT_ALL_TABLES,NO_ZERO_IN_DATE,NO_ZERO_DATE,ERROR_FOR_DIVISION_BY_ZERO,TRADITIONAL,NO_ENGINE_SUBSTITUTION {{(pid=65749) _check_effective_sql_mode /opt/stack/data/venv/lib/python3.10/site-packages/oslo_db/sqlalchemy/engines.py:342}}
Nov 22 15:46:23 user devstack@n-api.service[65749]: DEBUG dbcounter [-] [65749] Writer thread running {{(pid=65749) stat_writer /opt/stack/data/venv/lib/python3.10/site-packages/dbcounter.py:102}}
Nov 22 15:46:23 user devstack@n-api.service[65750]: DEBUG dbcounter [-] [65750] Writer thread running {{(pid=65750) stat_writer /opt/stack/data/venv/lib/python3.10/site-packages/dbcounter.py:102}}
Nov 22 15:46:23 user devstack@n-api.service[65750]: INFO dbcounter [None req-d2ecb95c-fee7-4040-8b05-8c2b65ffab28 None None] Registered counter for database nova_cell0
Nov 22 15:46:23 user devstack@n-api.service[65750]: DEBUG oslo_db.sqlalchemy.engines [None req-d2ecb95c-fee7-4040-8b05-8c2b65ffab28 None None] MySQL server mode set to STRICT_TRANS_TABLES,STRICT_ALL_TABLES,NO_ZERO_IN_DATE,NO_ZERO_DATE,ERROR_FOR_DIVISION_BY_ZERO,TRADITIONAL,NO_ENGINE_SUBSTITUTION {{(pid=65750) _check_effective_sql_mode /opt/stack/data/venv/lib/python3.10/site-packages/oslo_db/sqlalchemy/engines.py:342}}
Nov 22 15:46:23 user devstack@n-api.service[65750]: DEBUG dbcounter [-] [65750] Writer thread running {{(pid=65750) stat_writer /opt/stack/data/venv/lib/python3.10/site-packages/dbcounter.py:102}}
Nov 22 15:46:23 user devstack@n-api.service[65748]: DEBUG dbcounter [-] [65748] Writer thread running {{(pid=65748) stat_writer /opt/stack/data/venv/lib/python3.10/site-packages/dbcounter.py:102}}
Nov 22 15:46:23 user devstack@n-api.service[65748]: INFO dbcounter [None req-27596cd5-097e-4da9-91c1-ac080e6b4f45 None None] Registered counter for database nova_cell0
Nov 22 15:46:23 user devstack@n-api.service[65748]: DEBUG oslo_db.sqlalchemy.engines [None req-27596cd5-097e-4da9-91c1-ac080e6b4f45 None None] MySQL server mode set to STRICT_TRANS_TABLES,STRICT_ALL_TABLES,NO_ZERO_IN_DATE,NO_ZERO_DATE,ERROR_FOR_DIVISION_BY_ZERO,TRADITIONAL,NO_ENGINE_SUBSTITUTION {{(pid=65748) _check_effective_sql_mode /opt/stack/data/venv/lib/python3.10/site-packages/oslo_db/sqlalchemy/engines.py:342}}
Nov 22 15:46:23 user devstack@n-api.service[65748]: DEBUG dbcounter [-] [65748] Writer thread running {{(pid=65748) stat_writer /opt/stack/data/venv/lib/python3.10/site-packages/dbcounter.py:102}}
Nov 22 15:46:23 user devstack@n-api.service[65749]: WARNING keystonemiddleware.auth_token [None req-5da31bdb-3fa4-4d9d-a087-a9335a682bd3 None None] AuthToken middleware is set with keystone_authtoken.service_token_roles_required set to False. This is backwards compatible but deprecated behaviour. Please set this to True.
Nov 22 15:46:23 user devstack@n-api.service[65749]: WARNING keystonemiddleware.auth_token [None req-5da31bdb-3fa4-4d9d-a087-a9335a682bd3 None None] Configuring www_authenticate_uri to point to the public identity endpoint is required; clients may not be able to authenticate against an admin endpoint
Nov 22 15:46:23 user devstack@n-api.service[65750]: WARNING keystonemiddleware.auth_token [None req-d2ecb95c-fee7-4040-8b05-8c2b65ffab28 None None] AuthToken middleware is set with keystone_authtoken.service_token_roles_required set to False. This is backwards compatible but deprecated behaviour. Please set this to True.
Nov 22 15:46:23 user devstack@n-api.service[65750]: WARNING keystonemiddleware.auth_token [None req-d2ecb95c-fee7-4040-8b05-8c2b65ffab28 None None] Configuring www_authenticate_uri to point to the public identity endpoint is required; clients may not be able to authenticate against an admin endpoint
Nov 22 15:46:23 user devstack@n-api.service[65748]: WARNING keystonemiddleware.auth_token [None req-27596cd5-097e-4da9-91c1-ac080e6b4f45 None None] AuthToken middleware is set with keystone_authtoken.service_token_roles_required set to False. This is backwards compatible but deprecated behaviour. Please set this to True.
Nov 22 15:46:23 user devstack@n-api.service[65748]: WARNING keystonemiddleware.auth_token [None req-27596cd5-097e-4da9-91c1-ac080e6b4f45 None None] Configuring www_authenticate_uri to point to the public identity endpoint is required; clients may not be able to authenticate against an admin endpoint
Nov 22 15:46:23 user devstack@n-api.service[65749]: WARNING keystonemiddleware.auth_token [None req-5da31bdb-3fa4-4d9d-a087-a9335a682bd3 None None] AuthToken middleware is set with keystone_authtoken.service_token_roles_required set to False. This is backwards compatible but deprecated behaviour. Please set this to True.
Nov 22 15:46:23 user devstack@n-api.service[65749]: WARNING keystonemiddleware.auth_token [None req-5da31bdb-3fa4-4d9d-a087-a9335a682bd3 None None] Configuring www_authenticate_uri to point to the public identity endpoint is required; clients may not be able to authenticate against an admin endpoint
Nov 22 15:46:23 user devstack@n-api.service[65749]: WSGI app 0 (mountpoint='') ready in 4 seconds on interpreter 0x55c77e286b90 pid: 65749 (default app)
Nov 22 15:46:23 user devstack@n-api.service[65749]: DEBUG nova.api.openstack.wsgi [None req-5da31bdb-3fa4-4d9d-a087-a9335a682bd3 None None] Calling method '>' {{(pid=65749) _process_stack /opt/stack/nova/nova/api/openstack/wsgi.py:513}}
Nov 22 15:46:23 user devstack@n-api.service[65749]: INFO nova.api.openstack.requestlog [None req-5da31bdb-3fa4-4d9d-a087-a9335a682bd3 None None] 10.0.0.210 "GET /compute/v2.1/" status: 200 len: 387 microversion: 2.1 time: 0.001447
Nov 22 15:46:23 user devstack@n-api.service[65749]: [pid: 65749|app: 0|req: 1/1] 10.0.0.210 () {50 vars in 783 bytes} [Wed Nov 22 15:46:23 2023] GET /compute/v2.1/ => generated 387 bytes in 3 msecs (HTTP/1.1 200) 9 headers in 357 bytes (1 switches on core 0)
Nov 22 15:46:24 user devstack@n-api.service[65750]: WARNING keystonemiddleware.auth_token [None req-d2ecb95c-fee7-4040-8b05-8c2b65ffab28 None None] AuthToken middleware is set with keystone_authtoken.service_token_roles_required set to False. This is backwards compatible but deprecated behaviour. Please set this to True.
Nov 22 15:46:24 user devstack@n-api.service[65750]: WARNING keystonemiddleware.auth_token [None req-d2ecb95c-fee7-4040-8b05-8c2b65ffab28 None None] Configuring www_authenticate_uri to point to the public identity endpoint is required; clients may not be able to authenticate against an admin endpoint
Nov 22 15:46:24 user devstack@n-api.service[65750]: WSGI app 0 (mountpoint='') ready in 5 seconds on interpreter 0x55c77e286b90 pid: 65750 (default app)
Nov 22 15:46:24 user devstack@n-api.service[65748]: WARNING keystonemiddleware.auth_token [None req-27596cd5-097e-4da9-91c1-ac080e6b4f45 None None] AuthToken middleware is set with keystone_authtoken.service_token_roles_required set to False. This is backwards compatible but deprecated behaviour. Please set this to True.
Nov 22 15:46:24 user devstack@n-api.service[65748]: WARNING keystonemiddleware.auth_token [None req-27596cd5-097e-4da9-91c1-ac080e6b4f45 None None] Configuring www_authenticate_uri to point to the public identity endpoint is required; clients may not be able to authenticate against an admin endpoint
Nov 22 15:46:24 user devstack@n-api.service[65748]: WSGI app 0 (mountpoint='') ready in 5 seconds on interpreter 0x55c77e286b90 pid: 65748 (default app)
Nov 22 15:48:37 user devstack@n-api.service[65749]: DEBUG nova.api.openstack.wsgi [None req-5da31bdb-3fa4-4d9d-a087-a9335a682bd3 None None] Calling method '>' {{(pid=65749) _process_stack /opt/stack/nova/nova/api/openstack/wsgi.py:513}}
Nov 22 15:48:37 user devstack@n-api.service[65749]: INFO nova.api.openstack.requestlog [None req-5da31bdb-3fa4-4d9d-a087-a9335a682bd3 None None] 10.0.0.210 "GET /compute/v2.1" status: 200 len: 387 microversion: 2.1 time: 0.001626
Nov 22 15:48:37 user devstack@n-api.service[65749]: [pid: 65749|app: 0|req: 2/2] 10.0.0.210 () {54 vars in 925 bytes} [Wed Nov 22 15:48:37 2023] GET /compute/v2.1 => generated 387 bytes in 3 msecs (HTTP/1.1 200) 9 headers in 357 bytes (1 switches on core 0)
Nov 22 15:48:37 user devstack@n-api.service[65750]: DEBUG dbcounter [-] [65750] Writing DB stats nova_api:SELECT=3 {{(pid=65750) stat_writer /opt/stack/data/venv/lib/python3.10/site-packages/dbcounter.py:115}}
Nov 22 15:48:37 user devstack@n-api.service[65750]: DEBUG dbcounter [-] [65750] Writing DB stats nova_cell0:SELECT=3 {{(pid=65750) stat_writer /opt/stack/data/venv/lib/python3.10/site-packages/dbcounter.py:115}}
Nov 22 15:48:37 user devstack@n-api.service[65750]: DEBUG dbcounter [-] [65750] Writing DB stats nova_cell1:SELECT=3 {{(pid=65750) stat_writer /opt/stack/data/venv/lib/python3.10/site-packages/dbcounter.py:115}}
Nov 22 15:48:37 user devstack@n-api.service[65750]: DEBUG dbcounter [-] [65750] Writing DB stats nova_cell0:SELECT=3 {{(pid=65750) stat_writer /opt/stack/data/venv/lib/python3.10/site-packages/dbcounter.py:115}}
Nov 22 15:48:38 user devstack@n-api.service[65750]: DEBUG nova.api.openstack.wsgi [None req-94d55725-54b9-4234-b677-c6ac1b26aa52 admin admin] Calling method '>' {{(pid=65750) _process_stack /opt/stack/nova/nova/api/openstack/wsgi.py:513}}
Nov 22 15:48:38 user devstack@n-api.service[65750]: INFO nova.api.openstack.requestlog [None req-94d55725-54b9-4234-b677-c6ac1b26aa52 admin admin] 10.0.0.210 "GET /compute/v2.1/flavors/detail?is_public=True" status: 200 len: 15 microversion: 2.61 time: 0.358573
Nov 22 15:48:38 user devstack@n-api.service[65750]: [pid: 65750|app: 0|req: 1/3] 10.0.0.210 () {60 vars in 1286 bytes} [Wed Nov 22 15:48:37 2023] GET /compute/v2.1/flavors/detail?is_public=True => generated 15 bytes in 361 msecs (HTTP/1.1 200) 9 headers in 358 bytes (1 switches on core 0)
Nov 22 15:48:40 user devstack@n-api.service[65748]: DEBUG nova.api.openstack.wsgi [None req-27596cd5-097e-4da9-91c1-ac080e6b4f45 None None] Calling method '>' {{(pid=65748) _process_stack /opt/stack/nova/nova/api/openstack/wsgi.py:513}}
Nov 22 15:48:40 user devstack@n-api.service[65748]: INFO nova.api.openstack.requestlog [None req-27596cd5-097e-4da9-91c1-ac080e6b4f45 None None] 10.0.0.210 "GET /compute/v2.1" status: 200 len: 387 microversion: 2.1 time: 0.002934
Nov 22 15:48:40 user devstack@n-api.service[65748]: [pid: 65748|app: 0|req: 1/4] 10.0.0.210 () {54 vars in 925 bytes} [Wed Nov 22 15:48:40 2023] GET /compute/v2.1 => generated 387 bytes in 4 msecs (HTTP/1.1 200) 9 headers in 357 bytes (1 switches on core 0)
Nov 22 15:48:40 user devstack@n-api.service[65749]: DEBUG dbcounter [-] [65749] Writing DB stats nova_api:SELECT=3 {{(pid=65749) stat_writer /opt/stack/data/venv/lib/python3.10/site-packages/dbcounter.py:115}}
Nov 22 15:48:40 user devstack@n-api.service[65749]: DEBUG dbcounter [-] [65749] Writing DB stats nova_cell0:SELECT=3 {{(pid=65749) stat_writer /opt/stack/data/venv/lib/python3.10/site-packages/dbcounter.py:115}}
Nov 22 15:48:40 user devstack@n-api.service[65749]: DEBUG dbcounter [-] [65749] Writing DB stats nova_cell1:SELECT=3 {{(pid=65749) stat_writer /opt/stack/data/venv/lib/python3.10/site-packages/dbcounter.py:115}}
Nov 22 15:48:40 user devstack@n-api.service[65749]: DEBUG dbcounter [-] [65749] Writing DB stats nova_cell0:SELECT=6,nova_cell0:INSERT=1 {{(pid=65749) stat_writer /opt/stack/data/venv/lib/python3.10/site-packages/dbcounter.py:115}}
Nov 22 15:48:40 user devstack@n-api.service[65749]: DEBUG nova.api.openstack.wsgi [None req-480b37b2-2913-4bac-9de8-a90b4444906f admin admin] Action: 'create', calling method: >, body: {"flavor": {"OS-FLV-EXT-DATA:ephemeral": 0, "disk": 1, "name": "cirros256", "ram": 256, "os-flavor-access:is_public": true, "rxtx_factor": 1.0, "swap": 0, "id": "c1", "vcpus": 1}} {{(pid=65749) _process_stack /opt/stack/nova/nova/api/openstack/wsgi.py:511}}
Nov 22 15:48:40 user devstack@n-api.service[65749]: INFO nova.api.openstack.requestlog [None req-480b37b2-2913-4bac-9de8-a90b4444906f admin admin] 10.0.0.210 "POST /compute/v2.1/flavors" status: 200 len: 405 microversion: 2.61 time: 0.329842
Nov 22 15:48:40 user devstack@n-api.service[65749]: [pid: 65749|app: 0|req: 3/5] 10.0.0.210 () {64 vars in 1277 bytes} [Wed Nov 22 15:48:40 2023] POST /compute/v2.1/flavors => generated 405 bytes in 331 msecs (HTTP/1.1 200) 9 headers in 359 bytes (1 switches on core 0)
Nov 22 15:48:40 user devstack@n-api.service[65750]: DEBUG nova.api.openstack.wsgi [None req-490dcba3-fd4f-42b8-a730-15ee5923f40f admin admin] Action: 'create', calling method: >, body: {"extra_specs": {"hw_rng:allowed": "True"}} {{(pid=65750) _process_stack /opt/stack/nova/nova/api/openstack/wsgi.py:511}}
Nov 22 15:48:40 user devstack@n-api.service[65750]: INFO nova.api.openstack.requestlog [None req-490dcba3-fd4f-42b8-a730-15ee5923f40f admin admin] 10.0.0.210 "POST /compute/v2.1/flavors/c1/os-extra_specs" status: 200 len: 43 microversion: 2.61 time: 0.042230
Nov 22 15:48:40 user devstack@n-api.service[65750]: [pid: 65750|app: 0|req: 2/6] 10.0.0.210 () {64 vars in 1330 bytes} [Wed Nov 22 15:48:40 2023] POST /compute/v2.1/flavors/c1/os-extra_specs => generated 43 bytes in 44 msecs (HTTP/1.1 200) 9 headers in 358 bytes (1 switches on core 0)
Nov 22 15:48:42 user devstack@n-api.service[65748]: DEBUG nova.api.openstack.wsgi [None req-27596cd5-097e-4da9-91c1-ac080e6b4f45 None None] Calling method '>' {{(pid=65748) _process_stack /opt/stack/nova/nova/api/openstack/wsgi.py:513}}
Nov 22 15:48:42 user devstack@n-api.service[65748]: INFO nova.api.openstack.requestlog [None req-27596cd5-097e-4da9-91c1-ac080e6b4f45 None None] 10.0.0.210 "GET /compute/v2.1" status: 200 len: 387 microversion: 2.1 time: 0.001482
Nov 22 15:48:42 user devstack@n-api.service[65748]: [pid: 65748|app: 0|req: 2/7] 10.0.0.210 () {54 vars in 925 bytes} [Wed Nov 22 15:48:42 2023] GET /compute/v2.1 => generated 387 bytes in 2 msecs (HTTP/1.1 200) 9 headers in 357 bytes (1 switches on core 0)
Nov 22 15:48:42 user devstack@n-api.service[65749]: DEBUG nova.api.openstack.wsgi [None req-be214c67-df8b-4a97-962e-56814163e117 admin admin] Action: 'create', calling method: >, body: {"flavor": {"vcpus": 1, "rxtx_factor": 1.0, "os-flavor-access:is_public": true, "name": "ds512M", "id": "d1", "OS-FLV-EXT-DATA:ephemeral": 0, "disk": 5, "ram": 512, "swap": 0}} {{(pid=65749) _process_stack /opt/stack/nova/nova/api/openstack/wsgi.py:511}}
Nov 22 15:48:42 user devstack@n-api.service[65749]: INFO nova.api.openstack.requestlog [None req-be214c67-df8b-4a97-962e-56814163e117 admin admin] 10.0.0.210 "POST /compute/v2.1/flavors" status: 200 len: 402 microversion: 2.61 time: 0.068455
Nov 22 15:48:42 user devstack@n-api.service[65749]: [pid: 65749|app: 0|req: 4/8] 10.0.0.210 () {64 vars in 1277 bytes} [Wed Nov 22 15:48:42 2023] POST /compute/v2.1/flavors => generated 402 bytes in 70 msecs (HTTP/1.1 200) 9 headers in 359 bytes (1 switches on core 0)
Nov 22 15:48:42 user devstack@n-api.service[65750]: DEBUG nova.api.openstack.wsgi [None req-0c677131-138e-4f74-b610-4a7ad448c3a6 admin admin] Action: 'create', calling method: >, body: {"extra_specs": {"hw_rng:allowed": "True"}} {{(pid=65750) _process_stack /opt/stack/nova/nova/api/openstack/wsgi.py:511}}
Nov 22 15:48:42 user devstack@n-api.service[65750]: INFO nova.api.openstack.requestlog [None req-0c677131-138e-4f74-b610-4a7ad448c3a6 admin admin] 10.0.0.210 "POST /compute/v2.1/flavors/d1/os-extra_specs" status: 200 len: 43 microversion: 2.61 time: 0.024817
Nov 22 15:48:42 user devstack@n-api.service[65750]: [pid: 65750|app: 0|req: 3/9] 10.0.0.210 () {64 vars in 1330 bytes} [Wed Nov 22 15:48:42 2023] POST /compute/v2.1/flavors/d1/os-extra_specs => generated 43 bytes in 26 msecs (HTTP/1.1 200) 9 headers in 358 bytes (1 switches on core 0)
Nov 22 15:48:44 user devstack@n-api.service[65748]: DEBUG nova.api.openstack.wsgi [None req-27596cd5-097e-4da9-91c1-ac080e6b4f45 None None] Calling method '>' {{(pid=65748) _process_stack /opt/stack/nova/nova/api/openstack/wsgi.py:513}}
Nov 22 15:48:44 user devstack@n-api.service[65748]: INFO nova.api.openstack.requestlog [None req-27596cd5-097e-4da9-91c1-ac080e6b4f45 None None] 10.0.0.210 "GET /compute/v2.1" status: 200 len: 387 microversion: 2.1 time: 0.002125
Nov 22 15:48:44 user devstack@n-api.service[65748]: [pid: 65748|app: 0|req: 3/10] 10.0.0.210 () {54 vars in 925 bytes} [Wed Nov 22 15:48:44 2023] GET /compute/v2.1 => generated 387 bytes in 3 msecs (HTTP/1.1 200) 9 headers in 357 bytes (1 switches on core 0)
Nov 22 15:48:44 user devstack@n-api.service[65749]: DEBUG nova.api.openstack.wsgi [None req-245e3261-e482-43cb-adf3-57e1cd080dad admin admin] Action: 'create', calling method: >, body: {"flavor": {"os-flavor-access:is_public": true, "OS-FLV-EXT-DATA:ephemeral": 0, "disk": 10, "swap": 0, "id": "d2", "rxtx_factor": 1.0, "name": "ds1G", "vcpus": 1, "ram": 1024}} {{(pid=65749) _process_stack /opt/stack/nova/nova/api/openstack/wsgi.py:511}}
Nov 22 15:48:44 user devstack@n-api.service[65749]: INFO nova.api.openstack.requestlog [None req-245e3261-e482-43cb-adf3-57e1cd080dad admin admin] 10.0.0.210 "POST /compute/v2.1/flavors" status: 200 len: 402 microversion: 2.61 time: 0.071594
Nov 22 15:48:44 user devstack@n-api.service[65749]: [pid: 65749|app: 0|req: 5/11] 10.0.0.210 () {64 vars in 1277 bytes} [Wed Nov 22 15:48:44 2023] POST /compute/v2.1/flavors => generated 402 bytes in 72 msecs (HTTP/1.1 200) 9 headers in 359 bytes (1 switches on core 0)
Nov 22 15:48:44 user devstack@n-api.service[65750]: DEBUG nova.api.openstack.wsgi [None req-d9b20a6a-8325-43c4-904c-ef507ab8d16a admin admin] Action: 'create', calling method: >, body: {"extra_specs": {"hw_rng:allowed": "True"}} {{(pid=65750) _process_stack /opt/stack/nova/nova/api/openstack/wsgi.py:511}}
Nov 22 15:48:44 user devstack@n-api.service[65750]: INFO nova.api.openstack.requestlog [None req-d9b20a6a-8325-43c4-904c-ef507ab8d16a admin admin] 10.0.0.210 "POST /compute/v2.1/flavors/d2/os-extra_specs" status: 200 len: 43 microversion: 2.61 time: 0.031265
Nov 22 15:48:44 user devstack@n-api.service[65750]: [pid: 65750|app: 0|req: 4/12] 10.0.0.210 () {64 vars in 1330 bytes} [Wed Nov 22 15:48:44 2023] POST /compute/v2.1/flavors/d2/os-extra_specs => generated 43 bytes in 33 msecs (HTTP/1.1 200) 9 headers in 358 bytes (1 switches on core 0)
Nov 22 15:48:46 user devstack@n-api.service[65748]: DEBUG nova.api.openstack.wsgi [None req-27596cd5-097e-4da9-91c1-ac080e6b4f45 None None] Calling method '>' {{(pid=65748) _process_stack /opt/stack/nova/nova/api/openstack/wsgi.py:513}}
Nov 22 15:48:46 user devstack@n-api.service[65748]: INFO nova.api.openstack.requestlog [None req-27596cd5-097e-4da9-91c1-ac080e6b4f45 None None] 10.0.0.210 "GET /compute/v2.1" status: 200 len: 387 microversion: 2.1 time: 0.001552
Nov 22 15:48:46 user devstack@n-api.service[65748]: [pid: 65748|app: 0|req: 4/13] 10.0.0.210 () {54 vars in 925 bytes} [Wed Nov 22 15:48:46 2023] GET /compute/v2.1 => generated 387 bytes in 2 msecs (HTTP/1.1 200) 9 headers in 357 bytes (1 switches on core 0)
Nov 22 15:48:46 user devstack@n-api.service[65749]: DEBUG nova.api.openstack.wsgi [None req-1a5645bf-99a7-4c5f-9ea8-0ee19c945e21 admin admin] Action: 'create', calling method: >, body: {"flavor": {"vcpus": 2, "disk": 10, "rxtx_factor": 1.0, "name": "ds2G", "id": "d3", "os-flavor-access:is_public": true, "swap": 0, "OS-FLV-EXT-DATA:ephemeral": 0, "ram": 2048}} {{(pid=65749) _process_stack /opt/stack/nova/nova/api/openstack/wsgi.py:511}}
Nov 22 15:48:46 user devstack@n-api.service[65749]: INFO nova.api.openstack.requestlog [None req-1a5645bf-99a7-4c5f-9ea8-0ee19c945e21 admin admin] 10.0.0.210 "POST /compute/v2.1/flavors" status: 200 len: 402 microversion: 2.61 time: 0.133050
Nov 22 15:48:46 user devstack@n-api.service[65749]: [pid: 65749|app: 0|req: 6/14] 10.0.0.210 () {64 vars in 1277 bytes} [Wed Nov 22 15:48:46 2023] POST /compute/v2.1/flavors => generated 402 bytes in 134 msecs (HTTP/1.1 200) 9 headers in 359 bytes (1 switches on core 0)
Nov 22 15:48:46 user devstack@n-api.service[65750]: DEBUG nova.api.openstack.wsgi [None req-ebb75d86-f002-4d34-b22b-49b36b979f76 admin admin] Action: 'create', calling method: >, body: {"extra_specs": {"hw_rng:allowed": "True"}} {{(pid=65750) _process_stack /opt/stack/nova/nova/api/openstack/wsgi.py:511}}
Nov 22 15:48:46 user devstack@n-api.service[65750]: INFO nova.api.openstack.requestlog [None req-ebb75d86-f002-4d34-b22b-49b36b979f76 admin admin] 10.0.0.210 "POST /compute/v2.1/flavors/d3/os-extra_specs" status: 200 len: 43 microversion: 2.61 time: 0.036310
Nov 22 15:48:46 user devstack@n-api.service[65750]: [pid: 65750|app: 0|req: 5/15] 10.0.0.210 () {64 vars in 1330 bytes} [Wed Nov 22 15:48:46 2023] POST /compute/v2.1/flavors/d3/os-extra_specs => generated 43 bytes in 40 msecs (HTTP/1.1 200) 9 headers in 358 bytes (1 switches on core 0)
Nov 22 15:48:48 user devstack@n-api.service[65748]: DEBUG nova.api.openstack.wsgi [None req-27596cd5-097e-4da9-91c1-ac080e6b4f45 None None] Calling method '>' {{(pid=65748) _process_stack /opt/stack/nova/nova/api/openstack/wsgi.py:513}}
Nov 22 15:48:48 user devstack@n-api.service[65748]: INFO nova.api.openstack.requestlog [None req-27596cd5-097e-4da9-91c1-ac080e6b4f45 None None] 10.0.0.210 "GET /compute/v2.1" status: 200 len: 387 microversion: 2.1 time: 0.001336
Nov 22 15:48:48 user devstack@n-api.service[65748]: [pid: 65748|app: 0|req: 5/16] 10.0.0.210 () {54 vars in 925 bytes} [Wed Nov 22 15:48:48 2023] GET /compute/v2.1 => generated 387 bytes in 2 msecs (HTTP/1.1 200) 9 headers in 357 bytes (1 switches on core 0)
Nov 22 15:48:48 user devstack@n-api.service[65749]: DEBUG nova.api.openstack.wsgi [None req-9896bf4d-295f-487d-bfb8-8323e83cb3f2 admin admin] Action: 'create', calling method: >, body: {"flavor": {"id": "d4", "disk": 20, "ram": 4096, "vcpus": 4, "name": "ds4G", "swap": 0, "os-flavor-access:is_public": true, "rxtx_factor": 1.0, "OS-FLV-EXT-DATA:ephemeral": 0}} {{(pid=65749) _process_stack /opt/stack/nova/nova/api/openstack/wsgi.py:511}}
Nov 22 15:48:48 user devstack@n-api.service[65749]: INFO nova.api.openstack.requestlog [None req-9896bf4d-295f-487d-bfb8-8323e83cb3f2 admin admin] 10.0.0.210 "POST /compute/v2.1/flavors" status: 200 len: 402 microversion: 2.61 time: 0.065348
Nov 22 15:48:48 user devstack@n-api.service[65749]: [pid: 65749|app: 0|req: 7/17] 10.0.0.210 () {64 vars in 1277 bytes} [Wed Nov 22 15:48:48 2023] POST /compute/v2.1/flavors => generated 402 bytes in 66 msecs (HTTP/1.1 200) 9 headers in 359 bytes (1 switches on core 0)
Nov 22 15:48:48 user devstack@n-api.service[65750]: DEBUG nova.api.openstack.wsgi [None req-b01e9ce0-df52-41a0-8e5c-8daca47b9b12 admin admin] Action: 'create', calling method: >, body: {"extra_specs": {"hw_rng:allowed": "True"}} {{(pid=65750) _process_stack /opt/stack/nova/nova/api/openstack/wsgi.py:511}}
Nov 22 15:48:48 user devstack@n-api.service[65750]: INFO nova.api.openstack.requestlog [None req-b01e9ce0-df52-41a0-8e5c-8daca47b9b12 admin admin] 10.0.0.210 "POST /compute/v2.1/flavors/d4/os-extra_specs" status: 200 len: 43 microversion: 2.61 time: 0.025880
Nov 22 15:48:48 user devstack@n-api.service[65750]: [pid: 65750|app: 0|req: 6/18] 10.0.0.210 () {64 vars in 1330 bytes} [Wed Nov 22 15:48:48 2023] POST /compute/v2.1/flavors/d4/os-extra_specs => generated 43 bytes in 27 msecs (HTTP/1.1 200) 9 headers in 358 bytes (1 switches on core 0)
Nov 22 15:48:50 user devstack@n-api.service[65748]: DEBUG nova.api.openstack.wsgi [None req-27596cd5-097e-4da9-91c1-ac080e6b4f45 None None] Calling method '>' {{(pid=65748) _process_stack /opt/stack/nova/nova/api/openstack/wsgi.py:513}}
Nov 22 15:48:50 user devstack@n-api.service[65748]: INFO nova.api.openstack.requestlog [None req-27596cd5-097e-4da9-91c1-ac080e6b4f45 None None] 10.0.0.210 "GET /compute/v2.1" status: 200 len: 387 microversion: 2.1 time: 0.001297
Nov 22 15:48:50 user devstack@n-api.service[65748]: [pid: 65748|app: 0|req: 6/19] 10.0.0.210 () {54 vars in 925 bytes} [Wed Nov 22 15:48:50 2023] GET /compute/v2.1 => generated 387 bytes in 2 msecs (HTTP/1.1 200) 9 headers in 357 bytes (1 switches on core 0)
Nov 22 15:48:50 user devstack@n-api.service[65749]: DEBUG nova.api.openstack.wsgi [None req-8662b849-de45-40e5-9032-79c613916f23 admin admin] Calling method '>' {{(pid=65749) _process_stack /opt/stack/nova/nova/api/openstack/wsgi.py:513}}
Nov 22 15:48:50 user devstack@n-api.service[65749]: INFO nova.api.openstack.requestlog [None req-8662b849-de45-40e5-9032-79c613916f23 admin admin] 10.0.0.210 "GET /compute/v2.1/flavors/detail?is_public=True" status: 200 len: 2096 microversion: 2.61 time: 0.079790
Nov 22 15:48:50 user devstack@n-api.service[65749]: [pid: 65749|app: 0|req: 8/20] 10.0.0.210 () {60 vars in 1286 bytes} [Wed Nov 22 15:48:50 2023] GET /compute/v2.1/flavors/detail?is_public=True => generated 2096 bytes in 81 msecs (HTTP/1.1 200) 9 headers in 360 bytes (1 switches on core 0)
Nov 22 15:48:52 user devstack@n-api.service[65750]: DEBUG nova.api.openstack.wsgi [None req-b01e9ce0-df52-41a0-8e5c-8daca47b9b12 admin admin] Calling method '>' {{(pid=65750) _process_stack /opt/stack/nova/nova/api/openstack/wsgi.py:513}}
Nov 22 15:48:52 user devstack@n-api.service[65750]: INFO nova.api.openstack.requestlog [None req-b01e9ce0-df52-41a0-8e5c-8daca47b9b12 admin admin] 10.0.0.210 "GET /compute/v2.1" status: 200 len: 387 microversion: 2.1 time: 0.001915
Nov 22 15:48:52 user devstack@n-api.service[65750]: [pid: 65750|app: 0|req: 7/21] 10.0.0.210 () {54 vars in 925 bytes} [Wed Nov 22 15:48:52 2023] GET /compute/v2.1 => generated 387 bytes in 4 msecs (HTTP/1.1 200) 9 headers in 357 bytes (1 switches on core 0)
Nov 22 15:48:52 user devstack@n-api.service[65748]: DEBUG dbcounter [-] [65748] Writing DB stats nova_api:SELECT=3 {{(pid=65748) stat_writer /opt/stack/data/venv/lib/python3.10/site-packages/dbcounter.py:115}}
Nov 22 15:48:52 user devstack@n-api.service[65748]: DEBUG dbcounter [-] [65748] Writing DB stats nova_cell1:SELECT=3 {{(pid=65748) stat_writer /opt/stack/data/venv/lib/python3.10/site-packages/dbcounter.py:115}}
Nov 22 15:48:52 user devstack@n-api.service[65748]: DEBUG dbcounter [-] [65748] Writing DB stats nova_cell0:SELECT=3 {{(pid=65748) stat_writer /opt/stack/data/venv/lib/python3.10/site-packages/dbcounter.py:115}}
Nov 22 15:48:52 user devstack@n-api.service[65748]: DEBUG dbcounter [-] [65748] Writing DB stats nova_cell0:SELECT=3 {{(pid=65748) stat_writer /opt/stack/data/venv/lib/python3.10/site-packages/dbcounter.py:115}}
Nov 22 15:48:53 user devstack@n-api.service[65748]: DEBUG nova.api.openstack.wsgi [None req-59acbc7b-e6d6-4cb5-bc03-2fad6a255332 admin admin] Action: 'create', calling method: >, body: {"flavor": {"swap": 0, "ram": 512, "disk": 1, "OS-FLV-EXT-DATA:ephemeral": 0, "id": "1", "vcpus": 1, "rxtx_factor": 1.0, "name": "m1.tiny", "os-flavor-access:is_public": true}} {{(pid=65748) _process_stack /opt/stack/nova/nova/api/openstack/wsgi.py:511}}
Nov 22 15:48:53 user devstack@n-api.service[65748]: INFO nova.api.openstack.requestlog [None req-59acbc7b-e6d6-4cb5-bc03-2fad6a255332 admin admin] 10.0.0.210 "POST /compute/v2.1/flavors" status: 200 len: 400 microversion: 2.61 time: 0.316717
Nov 22 15:48:53 user devstack@n-api.service[65748]: [pid: 65748|app: 0|req: 7/22] 10.0.0.210 () {64 vars in 1277 bytes} [Wed Nov 22 15:48:52 2023] POST /compute/v2.1/flavors => generated 400 bytes in 318 msecs (HTTP/1.1 200) 9 headers in 359 bytes (1 switches on core 0)
Nov 22 15:48:53 user devstack@n-api.service[65749]: DEBUG nova.api.openstack.wsgi [None req-8f225264-e98c-4088-a981-333d8dca8212 admin admin] Action: 'create', calling method: >, body: {"extra_specs": {"hw_rng:allowed": "True"}} {{(pid=65749) _process_stack /opt/stack/nova/nova/api/openstack/wsgi.py:511}}
Nov 22 15:48:53 user devstack@n-api.service[65749]: INFO nova.api.openstack.requestlog [None req-8f225264-e98c-4088-a981-333d8dca8212 admin admin] 10.0.0.210 "POST /compute/v2.1/flavors/1/os-extra_specs" status: 200 len: 43 microversion: 2.61 time: 0.159085
Nov 22 15:48:53 user devstack@n-api.service[65749]: [pid: 65749|app: 0|req: 9/23] 10.0.0.210 () {64 vars in 1327 bytes} [Wed Nov 22 15:48:53 2023] POST /compute/v2.1/flavors/1/os-extra_specs => generated 43 bytes in 161 msecs (HTTP/1.1 200) 9 headers in 358 bytes (1 switches on core 0)
Nov 22 15:48:55 user devstack@n-api.service[65750]: DEBUG nova.api.openstack.wsgi [None req-b01e9ce0-df52-41a0-8e5c-8daca47b9b12 admin admin] Calling method '>' {{(pid=65750) _process_stack /opt/stack/nova/nova/api/openstack/wsgi.py:513}}
Nov 22 15:48:55 user devstack@n-api.service[65750]: INFO nova.api.openstack.requestlog [None req-b01e9ce0-df52-41a0-8e5c-8daca47b9b12 admin admin] 10.0.0.210 "GET /compute/v2.1" status: 200 len: 387 microversion: 2.1 time: 0.003000
Nov 22 15:48:55 user devstack@n-api.service[65750]: [pid: 65750|app: 0|req: 8/24] 10.0.0.210 () {54 vars in 925 bytes} [Wed Nov 22 15:48:55 2023] GET /compute/v2.1 => generated 387 bytes in 4 msecs (HTTP/1.1 200) 9 headers in 357 bytes (1 switches on core 0)
Nov 22 15:48:55 user devstack@n-api.service[65748]: DEBUG nova.api.openstack.wsgi [None req-6351b6bc-84db-4aab-b29d-a16655781057 admin admin] Action: 'create', calling method: >, body: {"flavor": {"OS-FLV-EXT-DATA:ephemeral": 0, "vcpus": 1, "id": "2", "ram": 2048, "rxtx_factor": 1.0, "name": "m1.small", "os-flavor-access:is_public": true, "disk": 20, "swap": 0}} {{(pid=65748) _process_stack /opt/stack/nova/nova/api/openstack/wsgi.py:511}}
Nov 22 15:48:55 user devstack@n-api.service[65748]: INFO nova.api.openstack.requestlog [None req-6351b6bc-84db-4aab-b29d-a16655781057 admin admin] 10.0.0.210 "POST /compute/v2.1/flavors" status: 200 len: 403 microversion: 2.61 time: 0.081657
Nov 22 15:48:55 user devstack@n-api.service[65748]: [pid: 65748|app: 0|req: 8/25] 10.0.0.210 () {64 vars in 1277 bytes} [Wed Nov 22 15:48:55 2023] POST /compute/v2.1/flavors => generated 403 bytes in 83 msecs (HTTP/1.1 200) 9 headers in 359 bytes (1 switches on core 0)
Nov 22 15:48:55 user devstack@n-api.service[65749]: DEBUG nova.api.openstack.wsgi [None req-6a2a5cca-d687-4c33-a2ff-a021d0e2bb4d admin admin] Action: 'create', calling method: >, body: {"extra_specs": {"hw_rng:allowed": "True"}} {{(pid=65749) _process_stack /opt/stack/nova/nova/api/openstack/wsgi.py:511}}
Nov 22 15:48:55 user devstack@n-api.service[65749]: INFO nova.api.openstack.requestlog [None req-6a2a5cca-d687-4c33-a2ff-a021d0e2bb4d admin admin] 10.0.0.210 "POST /compute/v2.1/flavors/2/os-extra_specs" status: 200 len: 43 microversion: 2.61 time: 0.033077
Nov 22 15:48:55 user devstack@n-api.service[65749]: [pid: 65749|app: 0|req: 10/26] 10.0.0.210 () {64 vars in 1327 bytes} [Wed Nov 22 15:48:55 2023] POST /compute/v2.1/flavors/2/os-extra_specs => generated 43 bytes in 34 msecs (HTTP/1.1 200) 9 headers in 358 bytes (1 switches on core 0)
Nov 22 15:48:57 user devstack@n-api.service[65750]: DEBUG nova.api.openstack.wsgi [None req-b01e9ce0-df52-41a0-8e5c-8daca47b9b12 admin admin] Calling method '>' {{(pid=65750) _process_stack /opt/stack/nova/nova/api/openstack/wsgi.py:513}}
Nov 22 15:48:57 user devstack@n-api.service[65750]: INFO nova.api.openstack.requestlog [None req-b01e9ce0-df52-41a0-8e5c-8daca47b9b12 admin admin] 10.0.0.210 "GET /compute/v2.1" status: 200 len: 387 microversion: 2.1 time: 0.002388
Nov 22 15:48:57 user devstack@n-api.service[65750]: [pid: 65750|app: 0|req: 9/27] 10.0.0.210 () {54 vars in 925 bytes} [Wed Nov 22 15:48:57 2023] GET /compute/v2.1 => generated 387 bytes in 4 msecs (HTTP/1.1 200) 9 headers in 357 bytes (1 switches on core 0)
Nov 22 15:48:57 user devstack@n-api.service[65748]: DEBUG nova.api.openstack.wsgi [None req-881586a0-f7cd-4012-9fe7-3a7108af1b2b admin admin] Action: 'create', calling method: >, body: {"flavor": {"OS-FLV-EXT-DATA:ephemeral": 0, "disk": 40, "id": "3", "vcpus": 2, "swap": 0, "rxtx_factor": 1.0, "ram": 4096, "os-flavor-access:is_public": true, "name": "m1.medium"}} {{(pid=65748) _process_stack /opt/stack/nova/nova/api/openstack/wsgi.py:511}}
Nov 22 15:48:57 user devstack@n-api.service[65748]: INFO nova.api.openstack.requestlog [None req-881586a0-f7cd-4012-9fe7-3a7108af1b2b admin admin] 10.0.0.210 "POST /compute/v2.1/flavors" status: 200 len: 404 microversion: 2.61 time: 0.075106
Nov 22 15:48:57 user devstack@n-api.service[65748]: [pid: 65748|app: 0|req: 9/28] 10.0.0.210 () {64 vars in 1277 bytes} [Wed Nov 22 15:48:57 2023] POST /compute/v2.1/flavors => generated 404 bytes in 77 msecs (HTTP/1.1 200) 9 headers in 359 bytes (1 switches on core 0)
Nov 22 15:48:57 user devstack@n-api.service[65749]: DEBUG nova.api.openstack.wsgi [None req-b7f7da1d-fa0a-4132-8151-bfed8075e6ad admin admin] Action: 'create', calling method: >, body: {"extra_specs": {"hw_rng:allowed": "True"}} {{(pid=65749) _process_stack /opt/stack/nova/nova/api/openstack/wsgi.py:511}}
Nov 22 15:48:57 user devstack@n-api.service[65749]: INFO nova.api.openstack.requestlog [None req-b7f7da1d-fa0a-4132-8151-bfed8075e6ad admin admin] 10.0.0.210 "POST /compute/v2.1/flavors/3/os-extra_specs" status: 200 len: 43 microversion: 2.61 time: 0.035670
Nov 22 15:48:57 user devstack@n-api.service[65749]: [pid: 65749|app: 0|req: 11/29] 10.0.0.210 () {64 vars in 1327 bytes} [Wed Nov 22 15:48:57 2023] POST /compute/v2.1/flavors/3/os-extra_specs => generated 43 bytes in 38 msecs (HTTP/1.1 200) 9 headers in 358 bytes (1 switches on core 0)
Nov 22 15:48:59 user devstack@n-api.service[65750]: DEBUG nova.api.openstack.wsgi [None req-b01e9ce0-df52-41a0-8e5c-8daca47b9b12 admin admin] Calling method '>' {{(pid=65750) _process_stack /opt/stack/nova/nova/api/openstack/wsgi.py:513}}
Nov 22 15:48:59 user devstack@n-api.service[65750]: INFO nova.api.openstack.requestlog [None req-b01e9ce0-df52-41a0-8e5c-8daca47b9b12 admin admin] 10.0.0.210 "GET /compute/v2.1" status: 200 len: 387 microversion: 2.1 time: 0.001666
Nov 22 15:48:59 user devstack@n-api.service[65750]: [pid: 65750|app: 0|req: 10/30] 10.0.0.210 () {54 vars in 925 bytes} [Wed Nov 22 15:48:59 2023] GET /compute/v2.1 => generated 387 bytes in 3 msecs (HTTP/1.1 200) 9 headers in 357 bytes (1 switches on core 0)
Nov 22 15:48:59 user devstack@n-api.service[65748]: DEBUG nova.api.openstack.wsgi [None req-c19194be-3a79-43b5-8103-3e83ae3ee85e admin admin] Action: 'create', calling method: >, body: {"flavor": {"name": "m1.large", "vcpus": 4, "swap": 0, "rxtx_factor": 1.0, "OS-FLV-EXT-DATA:ephemeral": 0, "os-flavor-access:is_public": true, "disk": 80, "ram": 8192, "id": "4"}} {{(pid=65748) _process_stack /opt/stack/nova/nova/api/openstack/wsgi.py:511}}
Nov 22 15:48:59 user devstack@n-api.service[65748]: INFO nova.api.openstack.requestlog [None req-c19194be-3a79-43b5-8103-3e83ae3ee85e admin admin] 10.0.0.210 "POST /compute/v2.1/flavors" status: 200 len: 403 microversion: 2.61 time: 0.062362
Nov 22 15:48:59 user devstack@n-api.service[65748]: [pid: 65748|app: 0|req: 10/31] 10.0.0.210 () {64 vars in 1277 bytes} [Wed Nov 22 15:48:59 2023] POST /compute/v2.1/flavors => generated 403 bytes in 63 msecs (HTTP/1.1 200) 9 headers in 359 bytes (1 switches on core 0)
Nov 22 15:48:59 user devstack@n-api.service[65749]: DEBUG nova.api.openstack.wsgi [None req-0c4907b2-1dd2-4bb2-8101-2dbbdcfe4c4f admin admin] Action: 'create', calling method: >, body: {"extra_specs": {"hw_rng:allowed": "True"}} {{(pid=65749) _process_stack /opt/stack/nova/nova/api/openstack/wsgi.py:511}}
Nov 22 15:48:59 user devstack@n-api.service[65749]: INFO nova.api.openstack.requestlog [None req-0c4907b2-1dd2-4bb2-8101-2dbbdcfe4c4f admin admin] 10.0.0.210 "POST /compute/v2.1/flavors/4/os-extra_specs" status: 200 len: 43 microversion: 2.61 time: 0.029793
Nov 22 15:48:59 user devstack@n-api.service[65749]: [pid: 65749|app: 0|req: 12/32] 10.0.0.210 () {64 vars in 1327 bytes} [Wed Nov 22 15:48:59 2023] POST /compute/v2.1/flavors/4/os-extra_specs => generated 43 bytes in 31 msecs (HTTP/1.1 200) 9 headers in 358 bytes (1 switches on core 0)
Nov 22 15:49:01 user devstack@n-api.service[65750]: DEBUG nova.api.openstack.wsgi [None req-b01e9ce0-df52-41a0-8e5c-8daca47b9b12 admin admin] Calling method '>' {{(pid=65750) _process_stack /opt/stack/nova/nova/api/openstack/wsgi.py:513}}
Nov 22 15:49:01 user devstack@n-api.service[65750]: INFO nova.api.openstack.requestlog [None req-b01e9ce0-df52-41a0-8e5c-8daca47b9b12 admin admin] 10.0.0.210 "GET /compute/v2.1" status: 200 len: 387 microversion: 2.1 time: 0.002618
Nov 22 15:49:01 user devstack@n-api.service[65750]: [pid: 65750|app: 0|req: 11/33] 10.0.0.210 () {54 vars in 925 bytes} [Wed Nov 22 15:49:01 2023] GET /compute/v2.1 => generated 387 bytes in 5 msecs (HTTP/1.1 200) 9 headers in 357 bytes (1 switches on core 0)
Nov 22 15:49:01 user devstack@n-api.service[65748]: DEBUG nova.api.openstack.wsgi [None req-95a7936c-fa5d-47b6-82a0-bb745b3e944b admin admin] Action: 'create', calling method: >, body: {"flavor": {"OS-FLV-EXT-DATA:ephemeral": 0, "os-flavor-access:is_public": true, "disk": 160, "swap": 0, "ram": 16384, "id": "5", "vcpus": 8, "rxtx_factor": 1.0, "name": "m1.xlarge"}} {{(pid=65748) _process_stack /opt/stack/nova/nova/api/openstack/wsgi.py:511}}
Nov 22 15:49:01 user devstack@n-api.service[65748]: INFO nova.api.openstack.requestlog [None req-95a7936c-fa5d-47b6-82a0-bb745b3e944b admin admin] 10.0.0.210 "POST /compute/v2.1/flavors" status: 200 len: 406 microversion: 2.61 time: 0.091210
Nov 22 15:49:01 user devstack@n-api.service[65748]: [pid: 65748|app: 0|req: 11/34] 10.0.0.210 () {64 vars in 1277 bytes} [Wed Nov 22 15:49:01 2023] POST /compute/v2.1/flavors => generated 406 bytes in 93 msecs (HTTP/1.1 200) 9 headers in 359 bytes (1 switches on core 0)
