Oct 20 08:38:25 user devstack@keystone.service[45331]: DEBUG keystone.server.flask.request_processing.req_logging [None req-db2cbda7-def4-4c18-a3d4-62ad7a8f51ae None admin] SCRIPT_NAME: `/identity` {{(pid=45331) log_request_info /opt/stack/keystone/keystone/server/flask/request_processing/req_logging.py:28}}
Oct 20 08:38:25 user devstack@keystone.service[45331]: DEBUG keystone.server.flask.request_processing.req_logging [None req-db2cbda7-def4-4c18-a3d4-62ad7a8f51ae None admin] PATH_INFO: `/v3/projects/6c979d9ac9044ec491343d733f25e350` {{(pid=45331) log_request_info /opt/stack/keystone/keystone/server/flask/request_processing/req_logging.py:29}}
Oct 20 08:38:25 user devstack@keystone.service[45331]: DEBUG keystone.common.rbac_enforcer.enforcer [None req-db2cbda7-def4-4c18-a3d4-62ad7a8f51ae None admin] RBAC: Authorizing `identity:get_project(project_id=6c979d9ac9044ec491343d733f25e350)` {{(pid=45331) enforce_call /opt/stack/keystone/keystone/common/rbac_enforcer/enforcer.py:449}}
Oct 20 08:38:25 user devstack@keystone.service[45331]: DEBUG keystone.common.rbac_enforcer.enforcer [None req-db2cbda7-def4-4c18-a3d4-62ad7a8f51ae None admin] RBAC: Authorization granted {{(pid=45331) enforce_call /opt/stack/keystone/keystone/common/rbac_enforcer/enforcer.py:457}}
Oct 20 08:38:25 user devstack@keystone.service[45331]: [pid: 45331|app: 0|req: 30/86] 10.0.0.210 () {56 vars in 1181 bytes} [Fri Oct 20 08:38:25 2023] GET /identity/v3/projects/6c979d9ac9044ec491343d733f25e350 => generated 311 bytes in 154 msecs (HTTP/1.1 200) 5 headers in 177 bytes (1 switches on core 0)
Oct 20 08:38:25 user devstack@keystone.service[45332]: DEBUG keystone.server.flask.request_processing.middleware.auth_context [None req-510a629b-55fc-464e-adc9-25bfb4a3c510 None admin] Authenticating user token {{(pid=45332) process_request /opt/stack/data/venv/lib/python3.10/site-packages/keystonemiddleware/auth_token/__init__.py:406}}
Oct 20 08:38:25 user devstack@keystone.service[45333]: DEBUG keystone.server.flask.request_processing.middleware.auth_context [None req-6f447c8e-3927-4424-9fa9-a8c968522efc None admin] RBAC: auth_context: {'token': , 'domain_id': None, 'trust_id': None, 'trustor_id': None, 'trustee_id': None, 'domain_name': None, 'group_ids': [], 'user_id': '09bc151bced24a88a56ba25499e82a23', 'user_domain_id': 'default', 'system_scope': 'all', 'project_id': None, 'project_domain_id': None, 'roles': ['admin', 'manager', 'member', 'reader'], 'is_admin_project': True, 'service_user_id': None, 'service_user_domain_id': None, 'service_project_id': None, 'service_project_domain_id': None, 'service_roles': []} {{(pid=45333) fill_context /opt/stack/keystone/keystone/server/flask/request_processing/middleware/auth_context.py:480}}
Oct 20 08:38:25 user devstack@keystone.service[45333]: DEBUG keystone.server.flask.request_processing.req_logging [None req-6f447c8e-3927-4424-9fa9-a8c968522efc None admin] REQUEST_METHOD: `PUT` {{(pid=45333) log_request_info /opt/stack/keystone/keystone/server/flask/request_processing/req_logging.py:27}}
Oct 20 08:38:25 user devstack@keystone.service[45333]: DEBUG keystone.server.flask.request_processing.req_logging [None req-6f447c8e-3927-4424-9fa9-a8c968522efc None admin] SCRIPT_NAME: `/identity` {{(pid=45333) log_request_info /opt/stack/keystone/keystone/server/flask/request_processing/req_logging.py:28}}
Oct 20 08:38:25 user devstack@keystone.service[45333]: DEBUG keystone.server.flask.request_processing.req_logging [None req-6f447c8e-3927-4424-9fa9-a8c968522efc None admin] PATH_INFO: `/v3/projects/c9f62240c98647409d489b1d0ac1f907/users/655e78f7715747e0b07d8ea134918788/roles/2446b3977aef499682cdb5914a0c04c5` {{(pid=45333) log_request_info /opt/stack/keystone/keystone/server/flask/request_processing/req_logging.py:29}}
Oct 20 08:38:25 user devstack@keystone.service[45333]: DEBUG keystone.common.rbac_enforcer.enforcer [None req-6f447c8e-3927-4424-9fa9-a8c968522efc None admin] RBAC: Authorizing `identity:create_grant(project_id=c9f62240c98647409d489b1d0ac1f907, user_id=655e78f7715747e0b07d8ea134918788, role_id=2446b3977aef499682cdb5914a0c04c5)` {{(pid=45333) enforce_call /opt/stack/keystone/keystone/common/rbac_enforcer/enforcer.py:449}}
Oct 20 08:38:25 user devstack@keystone.service[45333]: DEBUG keystone.common.rbac_enforcer.enforcer [None req-6f447c8e-3927-4424-9fa9-a8c968522efc None admin] RBAC: Authorization granted {{(pid=45333) enforce_call /opt/stack/keystone/keystone/common/rbac_enforcer/enforcer.py:457}}
Oct 20 08:38:25 user devstack@keystone.service[45333]: [pid: 45333|app: 0|req: 29/87] 10.0.0.210 () {58 vars in 1434 bytes} [Fri Oct 20 08:38:25 2023] PUT /identity/v3/projects/c9f62240c98647409d489b1d0ac1f907/users/655e78f7715747e0b07d8ea134918788/roles/2446b3977aef499682cdb5914a0c04c5 => generated 0 bytes in 163 msecs (HTTP/1.1 204) 3 headers in 132 bytes (0 switches on core 0)
Oct 20 08:38:25 user devstack@keystone.service[45332]: DEBUG keystone.server.flask.request_processing.middleware.auth_context [None req-510a629b-55fc-464e-adc9-25bfb4a3c510 None admin] Validating token access rules against request {{(pid=45332) validate_allowed_request /opt/stack/data/venv/lib/python3.10/site-packages/keystonemiddleware/auth_token/__init__.py:544}}
Oct 20 08:38:25 user devstack@keystone.service[45332]: DEBUG keystone.server.flask.request_processing.middleware.auth_context [None req-b778f59a-233e-47f3-a8d2-1bce6f578d9d None admin] RBAC: auth_context: {'token': , 'domain_id': None, 'trust_id': None, 'trustor_id': None, 'trustee_id': None, 'domain_name': None, 'group_ids': [], 'user_id': '09bc151bced24a88a56ba25499e82a23', 'user_domain_id': 'default', 'system_scope': 'all', 'project_id': None, 'project_domain_id': None, 'roles': ['admin', 'manager', 'member', 'reader'], 'is_admin_project': True, 'service_user_id': None, 'service_user_domain_id': None, 'service_project_id': None, 'service_project_domain_id': None, 'service_roles': []} {{(pid=45332) fill_context /opt/stack/keystone/keystone/server/flask/request_processing/middleware/auth_context.py:480}}
Oct 20 08:38:25 user devstack@keystone.service[45332]: DEBUG keystone.server.flask.request_processing.req_logging [None req-b778f59a-233e-47f3-a8d2-1bce6f578d9d None admin] REQUEST_METHOD: `PUT` {{(pid=45332) log_request_info /opt/stack/keystone/keystone/server/flask/request_processing/req_logging.py:27}}
Oct 20 08:38:25 user devstack@keystone.service[45332]: DEBUG keystone.server.flask.request_processing.req_logging [None req-b778f59a-233e-47f3-a8d2-1bce6f578d9d None admin] SCRIPT_NAME: `/identity` {{(pid=45332) log_request_info /opt/stack/keystone/keystone/server/flask/request_processing/req_logging.py:28}}
Oct 20 08:38:25 user devstack@keystone.service[45332]: DEBUG keystone.server.flask.request_processing.req_logging [None req-b778f59a-233e-47f3-a8d2-1bce6f578d9d None admin] PATH_INFO: `/v3/projects/6c979d9ac9044ec491343d733f25e350/users/655e78f7715747e0b07d8ea134918788/roles/ce8822fe5080497b89ac530731de0a74` {{(pid=45332) log_request_info /opt/stack/keystone/keystone/server/flask/request_processing/req_logging.py:29}}
Oct 20 08:38:25 user devstack@keystone.service[45332]: DEBUG keystone.common.rbac_enforcer.enforcer [None req-b778f59a-233e-47f3-a8d2-1bce6f578d9d None admin] RBAC: Authorizing `identity:create_grant(project_id=6c979d9ac9044ec491343d733f25e350, user_id=655e78f7715747e0b07d8ea134918788, role_id=ce8822fe5080497b89ac530731de0a74)` {{(pid=45332) enforce_call /opt/stack/keystone/keystone/common/rbac_enforcer/enforcer.py:449}}
Oct 20 08:38:25 user devstack@keystone.service[45332]: DEBUG keystone.common.rbac_enforcer.enforcer [None req-b778f59a-233e-47f3-a8d2-1bce6f578d9d None admin] RBAC: Authorization granted {{(pid=45332) enforce_call /opt/stack/keystone/keystone/common/rbac_enforcer/enforcer.py:457}}
Oct 20 08:38:25 user devstack@keystone.service[45332]: [pid: 45332|app: 0|req: 29/88] 10.0.0.210 () {58 vars in 1434 bytes} [Fri Oct 20 08:38:25 2023] PUT /identity/v3/projects/6c979d9ac9044ec491343d733f25e350/users/655e78f7715747e0b07d8ea134918788/roles/ce8822fe5080497b89ac530731de0a74 => generated 0 bytes in 251 msecs (HTTP/1.1 204) 3 headers in 132 bytes (0 switches on core 0)
Oct 20 08:38:26 user devstack@keystone.service[45331]: DEBUG keystone.server.flask.request_processing.req_logging [None req-07bfe207-30ad-4ff7-8d56-de77c0282c63 None None] REQUEST_METHOD: `GET` {{(pid=45331) log_request_info /opt/stack/keystone/keystone/server/flask/request_processing/req_logging.py:27}}
Oct 20 08:38:26 user devstack@keystone.service[45331]: DEBUG keystone.server.flask.request_processing.req_logging [None req-07bfe207-30ad-4ff7-8d56-de77c0282c63 None None] SCRIPT_NAME: `/identity` {{(pid=45331) log_request_info /opt/stack/keystone/keystone/server/flask/request_processing/req_logging.py:28}}
Oct 20 08:38:26 user devstack@keystone.service[45331]: DEBUG keystone.server.flask.request_processing.req_logging [None req-07bfe207-30ad-4ff7-8d56-de77c0282c63 None None] PATH_INFO: `/` {{(pid=45331) log_request_info /opt/stack/keystone/keystone/server/flask/request_processing/req_logging.py:29}}
Oct 20 08:38:26 user devstack@keystone.service[45331]: [pid: 45331|app: 0|req: 31/89] 10.0.0.210 () {54 vars in 921 bytes} [Fri Oct 20 08:38:26 2023] GET /identity => generated 269 bytes in 3 msecs (HTTP/1.1 300) 6 headers in 233 bytes (1 switches on core 0)
Oct 20 08:38:26 user devstack@keystone.service[45333]: DEBUG keystone.server.flask.request_processing.req_logging [None req-2b1e320d-d9a2-49b0-b6de-7b1c92d3450e None None] REQUEST_METHOD: `POST` {{(pid=45333) log_request_info /opt/stack/keystone/keystone/server/flask/request_processing/req_logging.py:27}}
Oct 20 08:38:26 user devstack@keystone.service[45333]: DEBUG keystone.server.flask.request_processing.req_logging [None req-2b1e320d-d9a2-49b0-b6de-7b1c92d3450e None None] SCRIPT_NAME: `/identity` {{(pid=45333) log_request_info /opt/stack/keystone/keystone/server/flask/request_processing/req_logging.py:28}}
Oct 20 08:38:26 user devstack@keystone.service[45333]: DEBUG keystone.server.flask.request_processing.req_logging [None req-2b1e320d-d9a2-49b0-b6de-7b1c92d3450e None None] PATH_INFO: `/v3/auth/tokens` {{(pid=45333) log_request_info /opt/stack/keystone/keystone/server/flask/request_processing/req_logging.py:29}}
Oct 20 08:38:26 user devstack@keystone.service[45333]: WARNING keystone.common.password_hashing [None req-2b1e320d-d9a2-49b0-b6de-7b1c92d3450e None None] Truncating password to algorithm specific maximum length 72 characters.
Oct 20 08:38:26 user devstack@keystone.service[45333]: DEBUG keystone.auth.core [None req-2b1e320d-d9a2-49b0-b6de-7b1c92d3450e None None] MFA Rules not processed for user `09bc151bced24a88a56ba25499e82a23`. Rule list: `[]` (Enabled: `True`). {{(pid=45333) check_auth_methods_against_rules /opt/stack/keystone/keystone/auth/core.py:438}}
Oct 20 08:38:26 user devstack@keystone.service[45333]: DEBUG keystone.common.fernet_utils [None req-2b1e320d-d9a2-49b0-b6de-7b1c92d3450e None None] Loaded 2 Fernet keys from /etc/keystone/fernet-keys/, but `[fernet_tokens] max_active_keys = 3`; perhaps there have not been enough key rotations to reach `max_active_keys` yet? {{(pid=45333) load_keys /opt/stack/keystone/keystone/common/fernet_utils.py:286}}
Oct 20 08:38:26 user devstack@keystone.service[45333]: [pid: 45333|app: 0|req: 30/90] 10.0.0.210 () {58 vars in 1018 bytes} [Fri Oct 20 08:38:26 2023] POST /identity/v3/auth/tokens => generated 861 bytes in 83 msecs (HTTP/1.1 201) 6 headers in 363 bytes (1 switches on core 0)
Oct 20 08:38:26 user devstack@keystone.service[45332]: DEBUG keystone.server.flask.request_processing.middleware.auth_context [None req-b778f59a-233e-47f3-a8d2-1bce6f578d9d None admin] Authenticating user token {{(pid=45332) process_request /opt/stack/data/venv/lib/python3.10/site-packages/keystonemiddleware/auth_token/__init__.py:406}}
Oct 20 08:38:27 user devstack@keystone.service[45331]: DEBUG keystone.server.flask.request_processing.req_logging [None req-7e79664a-4f0f-4834-abee-975048cb4449 None None] REQUEST_METHOD: `GET` {{(pid=45331) log_request_info /opt/stack/keystone/keystone/server/flask/request_processing/req_logging.py:27}}
Oct 20 08:38:27 user devstack@keystone.service[45331]: DEBUG keystone.server.flask.request_processing.req_logging [None req-7e79664a-4f0f-4834-abee-975048cb4449 None None] SCRIPT_NAME: `/identity` {{(pid=45331) log_request_info /opt/stack/keystone/keystone/server/flask/request_processing/req_logging.py:28}}
Oct 20 08:38:27 user devstack@keystone.service[45331]: DEBUG keystone.server.flask.request_processing.req_logging [None req-7e79664a-4f0f-4834-abee-975048cb4449 None None] PATH_INFO: `/` {{(pid=45331) log_request_info /opt/stack/keystone/keystone/server/flask/request_processing/req_logging.py:29}}
Oct 20 08:38:27 user devstack@keystone.service[45331]: [pid: 45331|app: 0|req: 32/91] 10.0.0.210 () {54 vars in 921 bytes} [Fri Oct 20 08:38:27 2023] GET /identity => generated 269 bytes in 3 msecs (HTTP/1.1 300) 6 headers in 233 bytes (1 switches on core 0)
Oct 20 08:38:27 user devstack@keystone.service[45333]: DEBUG keystone.server.flask.request_processing.req_logging [None req-9290849a-abf1-4109-8dca-5603ecc1e7bd None None] REQUEST_METHOD: `POST` {{(pid=45333) log_request_info /opt/stack/keystone/keystone/server/flask/request_processing/req_logging.py:27}}
Oct 20 08:38:27 user devstack@keystone.service[45333]: DEBUG keystone.server.flask.request_processing.req_logging [None req-9290849a-abf1-4109-8dca-5603ecc1e7bd None None] SCRIPT_NAME: `/identity` {{(pid=45333) log_request_info /opt/stack/keystone/keystone/server/flask/request_processing/req_logging.py:28}}
Oct 20 08:38:27 user devstack@keystone.service[45333]: DEBUG keystone.server.flask.request_processing.req_logging [None req-9290849a-abf1-4109-8dca-5603ecc1e7bd None None] PATH_INFO: `/v3/auth/tokens` {{(pid=45333) log_request_info /opt/stack/keystone/keystone/server/flask/request_processing/req_logging.py:29}}
Oct 20 08:38:27 user devstack@keystone.service[45331]: DEBUG keystone.server.flask.request_processing.req_logging [None req-c434119a-4eb5-4732-92ad-638fbb1f2c8f None None] REQUEST_METHOD: `GET` {{(pid=45331) log_request_info /opt/stack/keystone/keystone/server/flask/request_processing/req_logging.py:27}}
Oct 20 08:38:27 user devstack@keystone.service[45331]: DEBUG keystone.server.flask.request_processing.req_logging [None req-c434119a-4eb5-4732-92ad-638fbb1f2c8f None None] SCRIPT_NAME: `/identity` {{(pid=45331) log_request_info /opt/stack/keystone/keystone/server/flask/request_processing/req_logging.py:28}}
Oct 20 08:38:27 user devstack@keystone.service[45331]: DEBUG keystone.server.flask.request_processing.req_logging [None req-c434119a-4eb5-4732-92ad-638fbb1f2c8f None None] PATH_INFO: `/` {{(pid=45331) log_request_info /opt/stack/keystone/keystone/server/flask/request_processing/req_logging.py:29}}
Oct 20 08:38:27 user devstack@keystone.service[45331]: [pid: 45331|app: 0|req: 33/92] 10.0.0.210 () {54 vars in 921 bytes} [Fri Oct 20 08:38:27 2023] GET /identity => generated 269 bytes in 3 msecs (HTTP/1.1 300) 6 headers in 233 bytes (1 switches on core 0)
Oct 20 08:38:27 user devstack@keystone.service[45331]: DEBUG keystone.server.flask.request_processing.req_logging [None req-c95e0b69-6f08-41ed-86b4-db22f6b2316e None None] REQUEST_METHOD: `POST` {{(pid=45331) log_request_info /opt/stack/keystone/keystone/server/flask/request_processing/req_logging.py:27}}
Oct 20 08:38:27 user devstack@keystone.service[45331]: DEBUG keystone.server.flask.request_processing.req_logging [None req-c95e0b69-6f08-41ed-86b4-db22f6b2316e None None] SCRIPT_NAME: `/identity` {{(pid=45331) log_request_info /opt/stack/keystone/keystone/server/flask/request_processing/req_logging.py:28}}
Oct 20 08:38:27 user devstack@keystone.service[45331]: DEBUG keystone.server.flask.request_processing.req_logging [None req-c95e0b69-6f08-41ed-86b4-db22f6b2316e None None] PATH_INFO: `/v3/auth/tokens` {{(pid=45331) log_request_info /opt/stack/keystone/keystone/server/flask/request_processing/req_logging.py:29}}
Oct 20 08:38:27 user devstack@keystone.service[45333]: WARNING keystone.common.password_hashing [None req-9290849a-abf1-4109-8dca-5603ecc1e7bd None None] Truncating password to algorithm specific maximum length 72 characters.
Oct 20 08:38:27 user devstack@keystone.service[45333]: DEBUG keystone.auth.core [None req-9290849a-abf1-4109-8dca-5603ecc1e7bd None None] MFA Rules not processed for user `09bc151bced24a88a56ba25499e82a23`. Rule list: `[]` (Enabled: `True`). {{(pid=45333) check_auth_methods_against_rules /opt/stack/keystone/keystone/auth/core.py:438}}
Oct 20 08:38:27 user devstack@keystone.service[45333]: DEBUG keystone.common.fernet_utils [None req-9290849a-abf1-4109-8dca-5603ecc1e7bd None None] Loaded 2 Fernet keys from /etc/keystone/fernet-keys/, but `[fernet_tokens] max_active_keys = 3`; perhaps there have not been enough key rotations to reach `max_active_keys` yet? {{(pid=45333) load_keys /opt/stack/keystone/keystone/common/fernet_utils.py:286}}
Oct 20 08:38:27 user devstack@keystone.service[45331]: WARNING keystone.common.password_hashing [None req-c95e0b69-6f08-41ed-86b4-db22f6b2316e None None] Truncating password to algorithm specific maximum length 72 characters.
Oct 20 08:38:27 user devstack@keystone.service[45331]: DEBUG keystone.auth.core [None req-c95e0b69-6f08-41ed-86b4-db22f6b2316e None None] MFA Rules not processed for user `09bc151bced24a88a56ba25499e82a23`. Rule list: `[]` (Enabled: `True`). {{(pid=45331) check_auth_methods_against_rules /opt/stack/keystone/keystone/auth/core.py:438}}
Oct 20 08:38:27 user devstack@keystone.service[45331]: DEBUG keystone.common.fernet_utils [None req-c95e0b69-6f08-41ed-86b4-db22f6b2316e None None] Loaded 2 Fernet keys from /etc/keystone/fernet-keys/, but `[fernet_tokens] max_active_keys = 3`; perhaps there have not been enough key rotations to reach `max_active_keys` yet? {{(pid=45331) load_keys /opt/stack/keystone/keystone/common/fernet_utils.py:286}}
Oct 20 08:38:27 user devstack@keystone.service[45332]: DEBUG keystone.server.flask.request_processing.middleware.auth_context [None req-b778f59a-233e-47f3-a8d2-1bce6f578d9d None admin] Validating token access rules against request {{(pid=45332) validate_allowed_request /opt/stack/data/venv/lib/python3.10/site-packages/keystonemiddleware/auth_token/__init__.py:544}}
Oct 20 08:38:27 user devstack@keystone.service[45332]: DEBUG keystone.server.flask.request_processing.middleware.auth_context [None req-b0183cc4-a8a6-4415-9135-6c05da9cde8e None admin] RBAC: auth_context: {'token': , 'domain_id': None, 'trust_id': None, 'trustor_id': None, 'trustee_id': None, 'domain_name': None, 'group_ids': [], 'user_id': '09bc151bced24a88a56ba25499e82a23', 'user_domain_id': 'default', 'system_scope': 'all', 'project_id': None, 'project_domain_id': None, 'roles': ['admin', 'manager', 'member', 'reader'], 'is_admin_project': True, 'service_user_id': None, 'service_user_domain_id': None, 'service_project_id': None, 'service_project_domain_id': None, 'service_roles': []} {{(pid=45332) fill_context /opt/stack/keystone/keystone/server/flask/request_processing/middleware/auth_context.py:480}}
Oct 20 08:38:27 user devstack@keystone.service[45332]: DEBUG keystone.server.flask.request_processing.req_logging [None req-b0183cc4-a8a6-4415-9135-6c05da9cde8e None admin] REQUEST_METHOD: `GET` {{(pid=45332) log_request_info /opt/stack/keystone/keystone/server/flask/request_processing/req_logging.py:27}}
Oct 20 08:38:27 user devstack@keystone.service[45332]: DEBUG keystone.server.flask.request_processing.req_logging [None req-b0183cc4-a8a6-4415-9135-6c05da9cde8e None admin] SCRIPT_NAME: `/identity` {{(pid=45332) log_request_info /opt/stack/keystone/keystone/server/flask/request_processing/req_logging.py:28}}
Oct 20 08:38:27 user devstack@keystone.service[45332]: DEBUG keystone.server.flask.request_processing.req_logging [None req-b0183cc4-a8a6-4415-9135-6c05da9cde8e None admin] PATH_INFO: `/v3/roles/admin` {{(pid=45332) log_request_info /opt/stack/keystone/keystone/server/flask/request_processing/req_logging.py:29}}
Oct 20 08:38:27 user devstack@keystone.service[45332]: DEBUG keystone.common.rbac_enforcer.enforcer [None req-b0183cc4-a8a6-4415-9135-6c05da9cde8e None admin] Extracting inferred target data resulted in "NOT FOUND (404)". {{(pid=45332) enforce_call /opt/stack/keystone/keystone/common/rbac_enforcer/enforcer.py:409}}
Oct 20 08:38:27 user devstack@keystone.service[45333]: [pid: 45333|app: 0|req: 31/93] 10.0.0.210 () {58 vars in 1018 bytes} [Fri Oct 20 08:38:27 2023] POST /identity/v3/auth/tokens => generated 861 bytes in 89 msecs (HTTP/1.1 201) 6 headers in 363 bytes (1 switches on core 0)
Oct 20 08:38:27 user devstack@keystone.service[45333]: DEBUG keystone.server.flask.request_processing.req_logging [None req-cac4944e-1eac-44ee-9860-53058b4c797e None None] REQUEST_METHOD: `GET` {{(pid=45333) log_request_info /opt/stack/keystone/keystone/server/flask/request_processing/req_logging.py:27}}
Oct 20 08:38:27 user devstack@keystone.service[45333]: DEBUG keystone.server.flask.request_processing.req_logging [None req-cac4944e-1eac-44ee-9860-53058b4c797e None None] SCRIPT_NAME: `/identity` {{(pid=45333) log_request_info /opt/stack/keystone/keystone/server/flask/request_processing/req_logging.py:28}}
Oct 20 08:38:27 user devstack@keystone.service[45333]: DEBUG keystone.server.flask.request_processing.req_logging [None req-cac4944e-1eac-44ee-9860-53058b4c797e None None] PATH_INFO: `/` {{(pid=45333) log_request_info /opt/stack/keystone/keystone/server/flask/request_processing/req_logging.py:29}}
Oct 20 08:38:27 user devstack@keystone.service[45333]: [pid: 45333|app: 0|req: 32/94] 10.0.0.210 () {54 vars in 921 bytes} [Fri Oct 20 08:38:27 2023] GET /identity => generated 269 bytes in 2 msecs (HTTP/1.1 300) 6 headers in 233 bytes (1 switches on core 0)
Oct 20 08:38:27 user devstack@keystone.service[45332]: ERROR keystone.server.flask.application [None req-b0183cc4-a8a6-4415-9135-6c05da9cde8e None admin] Could not find role: admin.: keystone.exception.RoleNotFound: Could not find role: admin.
Oct 20 08:38:27 user devstack@keystone.service[45332]: ERROR keystone.server.flask.application
Traceback (most recent call last):
Oct 20 08:38:27 user devstack@keystone.service[45332]: ERROR keystone.server.flask.application
File "/opt/stack/data/venv/lib/python3.10/site-packages/flask/app.py", line 1823, in full_dispatch_request
Oct 20 08:38:27 user devstack@keystone.service[45332]: ERROR keystone.server.flask.application rv = self.dispatch_request()
Oct 20 08:38:27 user devstack@keystone.service[45332]: ERROR keystone.server.flask.application
File "/opt/stack/data/venv/lib/python3.10/site-packages/flask/app.py", line 1799, in dispatch_request
Oct 20 08:38:27 user devstack@keystone.service[45332]: ERROR keystone.server.flask.application return self.ensure_sync(self.view_functions[rule.endpoint])(**view_args)
Oct 20 08:38:27 user devstack@keystone.service[45332]: ERROR keystone.server.flask.application
File "/opt/stack/data/venv/lib/python3.10/site-packages/flask_restful/__init__.py", line 489, in wrapper
Oct 20 08:38:27 user devstack@keystone.service[45332]: ERROR keystone.server.flask.application resp = resource(*args, **kwargs)
Oct 20 08:38:27 user devstack@keystone.service[45332]: ERROR keystone.server.flask.application
File "/opt/stack/data/venv/lib/python3.10/site-packages/flask/views.py", line 107, in view
Oct 20 08:38:27 user devstack@keystone.service[45332]: ERROR keystone.server.flask.application return current_app.ensure_sync(self.dispatch_request)(**kwargs)
Oct 20 08:38:27 user devstack@keystone.service[45332]: ERROR keystone.server.flask.application
File "/opt/stack/data/venv/lib/python3.10/site-packages/flask_restful/__init__.py", line 604, in dispatch_request
Oct 20 08:38:27 user devstack@keystone.service[45332]: ERROR keystone.server.flask.application resp = meth(*args, **kwargs)
Oct 20 08:38:27 user devstack@keystone.service[45332]: ERROR keystone.server.flask.application
File "/opt/stack/keystone/keystone/api/roles.py", line 50, in get
Oct 20 08:38:27 user devstack@keystone.service[45332]: ERROR keystone.server.flask.application return self._get_role(role_id)
Oct 20 08:38:27 user devstack@keystone.service[45332]: ERROR keystone.server.flask.application
File "/opt/stack/keystone/keystone/api/roles.py", line 70, in _get_role
Oct 20 08:38:27 user devstack@keystone.service[45332]: ERROR keystone.server.flask.application ENFORCER.enforce_call(action='identity:get_role')
Oct 20 08:38:27 user devstack@keystone.service[45332]: ERROR keystone.server.flask.application
File "/opt/stack/keystone/keystone/common/rbac_enforcer/enforcer.py", line 402, in enforce_call
Oct 20 08:38:27 user devstack@keystone.service[45332]: ERROR keystone.server.flask.application policy_dict.update(cls._extract_member_target_data(
Oct 20 08:38:27 user devstack@keystone.service[45332]: ERROR keystone.server.flask.application
File "/opt/stack/keystone/keystone/common/rbac_enforcer/enforcer.py", line 234, in _extract_member_target_data
Oct 20 08:38:27 user devstack@keystone.service[45332]: ERROR keystone.server.flask.application member_name: func(flask.request.view_args[key])
Oct 20 08:38:27 user devstack@keystone.service[45332]: ERROR keystone.server.flask.application
File "/opt/stack/keystone/keystone/common/manager.py", line 115, in wrapped
Oct 20 08:38:27 user devstack@keystone.service[45332]: ERROR keystone.server.flask.application __ret_val = __f(*args, **kwargs)
Oct 20 08:38:27 user devstack@keystone.service[45332]: ERROR keystone.server.flask.application
File "/opt/stack/data/venv/lib/python3.10/site-packages/decorator.py", line 232, in fun
Oct 20 08:38:27 user devstack@keystone.service[45332]: ERROR keystone.server.flask.application return caller(func, *(extras + args), **kw)
Oct 20 08:38:27 user devstack@keystone.service[45332]: ERROR keystone.server.flask.application
File "/opt/stack/data/venv/lib/python3.10/site-packages/dogpile/cache/region.py", line 1594, in get_or_create_for_user_func
Oct 20 08:38:27 user devstack@keystone.service[45332]: ERROR keystone.server.flask.application return self.get_or_create(
Oct 20 08:38:27 user devstack@keystone.service[45332]: ERROR keystone.server.flask.application
File "/opt/stack/data/venv/lib/python3.10/site-packages/dogpile/cache/region.py", line 1054, in get_or_create
Oct 20 08:38:27 user devstack@keystone.service[45332]: ERROR keystone.server.flask.application with Lock(
Oct 20 08:38:27 user devstack@keystone.service[45332]: ERROR keystone.server.flask.application
File "/opt/stack/data/venv/lib/python3.10/site-packages/dogpile/lock.py", line 185, in __enter__
Oct 20 08:38:27 user devstack@keystone.service[45332]: ERROR keystone.server.flask.application return self._enter()
Oct 20 08:38:27 user devstack@keystone.service[45332]: ERROR keystone.server.flask.application
File "/opt/stack/data/venv/lib/python3.10/site-packages/dogpile/lock.py", line 94, in _enter
Oct 20 08:38:27 user devstack@keystone.service[45332]: ERROR keystone.server.flask.application generated = self._enter_create(value, createdtime)
Oct 20 08:38:27 user devstack@keystone.service[45332]: ERROR keystone.server.flask.application
File "/opt/stack/data/venv/lib/python3.10/site-packages/dogpile/lock.py", line 178, in _enter_create
Oct 20 08:38:27 user devstack@keystone.service[45332]: ERROR keystone.server.flask.application return self.creator()
Oct 20 08:38:27 user devstack@keystone.service[45332]: ERROR keystone.server.flask.application
File "/opt/stack/data/venv/lib/python3.10/site-packages/dogpile/cache/region.py", line 1007, in gen_value
Oct 20 08:38:27 user devstack@keystone.service[45332]: ERROR keystone.server.flask.application created_value = creator(
Oct 20 08:38:27 user devstack@keystone.service[45332]: ERROR keystone.server.flask.application
File "/opt/stack/keystone/keystone/assignment/core.py", line 1276, in get_role
Oct 20 08:38:27 user devstack@keystone.service[45332]: ERROR keystone.server.flask.application return self.driver.get_role(role_id)
Oct 20 08:38:27 user devstack@keystone.service[45332]: ERROR keystone.server.flask.application
File "/opt/stack/keystone/keystone/assignment/role_backends/sql.py", line 70, in get_role
Oct 20 08:38:27 user devstack@keystone.service[45332]: ERROR keystone.server.flask.application return self._get_role(session, role_id).to_dict()
Oct 20 08:38:27 user devstack@keystone.service[45332]: ERROR keystone.server.flask.application
File "/opt/stack/keystone/keystone/assignment/role_backends/sql.py", line 65, in _get_role
Oct 20 08:38:27 user devstack@keystone.service[45332]: ERROR keystone.server.flask.application raise exception.RoleNotFound(role_id=role_id)
Oct 20 08:38:27 user devstack@keystone.service[45332]: ERROR keystone.server.flask.application keystone.exception.RoleNotFound: Could not find role: admin.
Oct 20 08:38:27 user devstack@keystone.service[45332]: ERROR keystone.server.flask.application
Oct 20 08:38:27 user devstack@keystone.service[45332]: [pid: 45332|app: 0|req: 30/95] 10.0.0.210 () {56 vars in 1091 bytes} [Fri Oct 20 08:38:26 2023] GET /identity/v3/roles/admin => generated 83 bytes in 166 msecs (HTTP/1.1 404) 5 headers in 183 bytes (1 switches on core 0)
Oct 20 08:38:27 user devstack@keystone.service[45333]: DEBUG keystone.server.flask.request_processing.req_logging [None req-040ef176-a65c-4d5f-b30e-ec7210a85735 None None] REQUEST_METHOD: `POST` {{(pid=45333) log_request_info /opt/stack/keystone/keystone/server/flask/request_processing/req_logging.py:27}}
Oct 20 08:38:27 user devstack@keystone.service[45333]: DEBUG keystone.server.flask.request_processing.req_logging [None req-040ef176-a65c-4d5f-b30e-ec7210a85735 None None] SCRIPT_NAME: `/identity` {{(pid=45333) log_request_info /opt/stack/keystone/keystone/server/flask/request_processing/req_logging.py:28}}
Oct 20 08:38:27 user devstack@keystone.service[45333]: DEBUG keystone.server.flask.request_processing.req_logging [None req-040ef176-a65c-4d5f-b30e-ec7210a85735 None None] PATH_INFO: `/v3/auth/tokens` {{(pid=45333) log_request_info /opt/stack/keystone/keystone/server/flask/request_processing/req_logging.py:29}}
Oct 20 08:38:27 user devstack@keystone.service[45332]: DEBUG keystone.server.flask.request_processing.middleware.auth_context [None req-b0183cc4-a8a6-4415-9135-6c05da9cde8e None admin] Authenticating user token {{(pid=45332) process_request /opt/stack/data/venv/lib/python3.10/site-packages/keystonemiddleware/auth_token/__init__.py:406}}
Oct 20 08:38:27 user devstack@keystone.service[45333]: WARNING keystone.common.password_hashing [None req-040ef176-a65c-4d5f-b30e-ec7210a85735 None None] Truncating password to algorithm specific maximum length 72 characters.
Oct 20 08:38:27 user devstack@keystone.service[45333]: DEBUG keystone.auth.core [None req-040ef176-a65c-4d5f-b30e-ec7210a85735 None None] MFA Rules not processed for user `09bc151bced24a88a56ba25499e82a23`. Rule list: `[]` (Enabled: `True`). {{(pid=45333) check_auth_methods_against_rules /opt/stack/keystone/keystone/auth/core.py:438}}
Oct 20 08:38:27 user devstack@keystone.service[45333]: DEBUG keystone.common.fernet_utils [None req-040ef176-a65c-4d5f-b30e-ec7210a85735 None None] Loaded 2 Fernet keys from /etc/keystone/fernet-keys/, but `[fernet_tokens] max_active_keys = 3`; perhaps there have not been enough key rotations to reach `max_active_keys` yet? {{(pid=45333) load_keys /opt/stack/keystone/keystone/common/fernet_utils.py:286}}
Oct 20 08:38:27 user devstack@keystone.service[45331]: [pid: 45331|app: 0|req: 34/96] 10.0.0.210 () {58 vars in 1018 bytes} [Fri Oct 20 08:38:27 2023] POST /identity/v3/auth/tokens => generated 861 bytes in 115 msecs (HTTP/1.1 201) 6 headers in 363 bytes (2 switches on core 0)
Oct 20 08:38:27 user devstack@keystone.service[45333]: [pid: 45333|app: 0|req: 33/97] 10.0.0.210 () {58 vars in 1018 bytes} [Fri Oct 20 08:38:27 2023] POST /identity/v3/auth/tokens => generated 861 bytes in 97 msecs (HTTP/1.1 201) 6 headers in 363 bytes (1 switches on core 0)
Oct 20 08:38:27 user devstack@keystone.service[45331]: DEBUG keystone.server.flask.request_processing.req_logging [None req-04865aff-e7d0-4002-9643-3aa019b5d5a0 None None] REQUEST_METHOD: `GET` {{(pid=45331) log_request_info /opt/stack/keystone/keystone/server/flask/request_processing/req_logging.py:27}}
Oct 20 08:38:27 user devstack@keystone.service[45331]: DEBUG keystone.server.flask.request_processing.req_logging [None req-04865aff-e7d0-4002-9643-3aa019b5d5a0 None None] SCRIPT_NAME: `/identity` {{(pid=45331) log_request_info /opt/stack/keystone/keystone/server/flask/request_processing/req_logging.py:28}}
Oct 20 08:38:27 user devstack@keystone.service[45331]: DEBUG keystone.server.flask.request_processing.req_logging [None req-04865aff-e7d0-4002-9643-3aa019b5d5a0 None None] PATH_INFO: `/` {{(pid=45331) log_request_info /opt/stack/keystone/keystone/server/flask/request_processing/req_logging.py:29}}
Oct 20 08:38:27 user devstack@keystone.service[45331]: [pid: 45331|app: 0|req: 35/98] 10.0.0.210 () {54 vars in 921 bytes} [Fri Oct 20 08:38:27 2023] GET /identity => generated 269 bytes in 4 msecs (HTTP/1.1 300) 6 headers in 233 bytes (1 switches on core 0)
Oct 20 08:38:27 user devstack@keystone.service[45333]: DEBUG keystone.server.flask.request_processing.req_logging [None req-9a8fc6fa-f71f-4206-8c03-0c09348f10cd None None] REQUEST_METHOD: `POST` {{(pid=45333) log_request_info /opt/stack/keystone/keystone/server/flask/request_processing/req_logging.py:27}}
Oct 20 08:38:27 user devstack@keystone.service[45332]: DEBUG keystone.server.flask.request_processing.middleware.auth_context [None req-b0183cc4-a8a6-4415-9135-6c05da9cde8e None admin] Validating token access rules against request {{(pid=45332) validate_allowed_request /opt/stack/data/venv/lib/python3.10/site-packages/keystonemiddleware/auth_token/__init__.py:544}}
Oct 20 08:38:27 user devstack@keystone.service[45333]: DEBUG keystone.server.flask.request_processing.req_logging [None req-9a8fc6fa-f71f-4206-8c03-0c09348f10cd None None] SCRIPT_NAME: `/identity` {{(pid=45333) log_request_info /opt/stack/keystone/keystone/server/flask/request_processing/req_logging.py:28}}
Oct 20 08:38:27 user devstack@keystone.service[45333]: DEBUG keystone.server.flask.request_processing.req_logging [None req-9a8fc6fa-f71f-4206-8c03-0c09348f10cd None None] PATH_INFO: `/v3/auth/tokens` {{(pid=45333) log_request_info /opt/stack/keystone/keystone/server/flask/request_processing/req_logging.py:29}}
Oct 20 08:38:27 user devstack@keystone.service[45333]: WARNING keystone.common.password_hashing [None req-9a8fc6fa-f71f-4206-8c03-0c09348f10cd None None] Truncating password to algorithm specific maximum length 72 characters.
Oct 20 08:38:27 user devstack@keystone.service[45333]: DEBUG keystone.auth.core [None req-9a8fc6fa-f71f-4206-8c03-0c09348f10cd None None] MFA Rules not processed for user `09bc151bced24a88a56ba25499e82a23`. Rule list: `[]` (Enabled: `True`). {{(pid=45333) check_auth_methods_against_rules /opt/stack/keystone/keystone/auth/core.py:438}}
Oct 20 08:38:27 user devstack@keystone.service[45333]: DEBUG keystone.common.fernet_utils [None req-9a8fc6fa-f71f-4206-8c03-0c09348f10cd None None] Loaded 2 Fernet keys from /etc/keystone/fernet-keys/, but `[fernet_tokens] max_active_keys = 3`; perhaps there have not been enough key rotations to reach `max_active_keys` yet? {{(pid=45333) load_keys /opt/stack/keystone/keystone/common/fernet_utils.py:286}}
Oct 20 08:38:27 user devstack@keystone.service[45332]: DEBUG keystone.server.flask.request_processing.middleware.auth_context [None req-d1fa2da0-eef9-4ac4-b560-00822710bd45 None admin] RBAC: auth_context: {'token': , 'domain_id': None, 'trust_id': None, 'trustor_id': None, 'trustee_id': None, 'domain_name': None, 'group_ids': [], 'user_id': '09bc151bced24a88a56ba25499e82a23', 'user_domain_id': 'default', 'system_scope': 'all', 'project_id': None, 'project_domain_id': None, 'roles': ['admin', 'manager', 'member', 'reader'], 'is_admin_project': True, 'service_user_id': None, 'service_user_domain_id': None, 'service_project_id': None, 'service_project_domain_id': None, 'service_roles': []} {{(pid=45332) fill_context /opt/stack/keystone/keystone/server/flask/request_processing/middleware/auth_context.py:480}}
Oct 20 08:38:27 user devstack@keystone.service[45332]: DEBUG keystone.server.flask.request_processing.req_logging [None req-d1fa2da0-eef9-4ac4-b560-00822710bd45 None admin] REQUEST_METHOD: `GET` {{(pid=45332) log_request_info /opt/stack/keystone/keystone/server/flask/request_processing/req_logging.py:27}}
Oct 20 08:38:27 user devstack@keystone.service[45332]: DEBUG keystone.server.flask.request_processing.req_logging [None req-d1fa2da0-eef9-4ac4-b560-00822710bd45 None admin] SCRIPT_NAME: `/identity` {{(pid=45332) log_request_info /opt/stack/keystone/keystone/server/flask/request_processing/req_logging.py:28}}
Oct 20 08:38:27 user devstack@keystone.service[45332]: DEBUG keystone.server.flask.request_processing.req_logging [None req-d1fa2da0-eef9-4ac4-b560-00822710bd45 None admin] PATH_INFO: `/v3/roles` {{(pid=45332) log_request_info /opt/stack/keystone/keystone/server/flask/request_processing/req_logging.py:29}}
Oct 20 08:38:27 user devstack@keystone.service[45332]: DEBUG keystone.common.rbac_enforcer.enforcer [None req-d1fa2da0-eef9-4ac4-b560-00822710bd45 None admin] RBAC: Adding query filter params (name=admin) {{(pid=45332) _extract_filter_values /opt/stack/keystone/keystone/common/rbac_enforcer/enforcer.py:167}}
Oct 20 08:38:27 user devstack@keystone.service[45332]: DEBUG keystone.common.rbac_enforcer.enforcer [None req-d1fa2da0-eef9-4ac4-b560-00822710bd45 None admin] RBAC: Authorizing `identity:list_roles()` {{(pid=45332) enforce_call /opt/stack/keystone/keystone/common/rbac_enforcer/enforcer.py:449}}
Oct 20 08:38:27 user devstack@keystone.service[45332]: DEBUG keystone.common.rbac_enforcer.enforcer [None req-d1fa2da0-eef9-4ac4-b560-00822710bd45 None admin] RBAC: Authorization granted {{(pid=45332) enforce_call /opt/stack/keystone/keystone/common/rbac_enforcer/enforcer.py:457}}
Oct 20 08:38:27 user devstack@keystone.service[45332]: [pid: 45332|app: 0|req: 31/99] 10.0.0.210 () {56 vars in 1094 bytes} [Fri Oct 20 08:38:27 2023] GET /identity/v3/roles?name=admin => generated 337 bytes in 154 msecs (HTTP/1.1 200) 5 headers in 177 bytes (1 switches on core 0)
Oct 20 08:38:27 user devstack@keystone.service[45331]: DEBUG keystone.server.flask.request_processing.middleware.auth_context [None req-04865aff-e7d0-4002-9643-3aa019b5d5a0 None None] Authenticating user token {{(pid=45331) process_request /opt/stack/data/venv/lib/python3.10/site-packages/keystonemiddleware/auth_token/__init__.py:406}}
Oct 20 08:38:27 user devstack@keystone.service[45332]: DEBUG keystone.server.flask.request_processing.req_logging [None req-744e0a2b-5159-4fe1-9218-699c9163a974 None None] REQUEST_METHOD: `GET` {{(pid=45332) log_request_info /opt/stack/keystone/keystone/server/flask/request_processing/req_logging.py:27}}
Oct 20 08:38:27 user devstack@keystone.service[45332]: DEBUG keystone.server.flask.request_processing.req_logging [None req-744e0a2b-5159-4fe1-9218-699c9163a974 None None] SCRIPT_NAME: `/identity` {{(pid=45332) log_request_info /opt/stack/keystone/keystone/server/flask/request_processing/req_logging.py:28}}
Oct 20 08:38:27 user devstack@keystone.service[45332]: DEBUG keystone.server.flask.request_processing.req_logging [None req-744e0a2b-5159-4fe1-9218-699c9163a974 None None] PATH_INFO: `/` {{(pid=45332) log_request_info /opt/stack/keystone/keystone/server/flask/request_processing/req_logging.py:29}}
Oct 20 08:38:27 user devstack@keystone.service[45332]: [pid: 45332|app: 0|req: 32/100] 10.0.0.210 () {54 vars in 921 bytes} [Fri Oct 20 08:38:27 2023] GET /identity => generated 269 bytes in 3 msecs (HTTP/1.1 300) 6 headers in 233 bytes (1 switches on core 0)
Oct 20 08:38:27 user devstack@keystone.service[45332]: DEBUG keystone.server.flask.request_processing.req_logging [None req-d40d0d4e-d650-454a-965f-a4a6823cbf3c None None] REQUEST_METHOD: `POST` {{(pid=45332) log_request_info /opt/stack/keystone/keystone/server/flask/request_processing/req_logging.py:27}}
Oct 20 08:38:27 user devstack@keystone.service[45332]: DEBUG keystone.server.flask.request_processing.req_logging [None req-d40d0d4e-d650-454a-965f-a4a6823cbf3c None None] SCRIPT_NAME: `/identity` {{(pid=45332) log_request_info /opt/stack/keystone/keystone/server/flask/request_processing/req_logging.py:28}}
Oct 20 08:38:27 user devstack@keystone.service[45332]: DEBUG keystone.server.flask.request_processing.req_logging [None req-d40d0d4e-d650-454a-965f-a4a6823cbf3c None None] PATH_INFO: `/v3/auth/tokens` {{(pid=45332) log_request_info /opt/stack/keystone/keystone/server/flask/request_processing/req_logging.py:29}}
Oct 20 08:38:27 user devstack@keystone.service[45333]: [pid: 45333|app: 0|req: 34/101] 10.0.0.210 () {58 vars in 1018 bytes} [Fri Oct 20 08:38:27 2023] POST /identity/v3/auth/tokens => generated 861 bytes in 95 msecs (HTTP/1.1 201) 6 headers in 363 bytes (1 switches on core 0)
Oct 20 08:38:27 user devstack@keystone.service[45332]: WARNING keystone.common.password_hashing [None req-d40d0d4e-d650-454a-965f-a4a6823cbf3c None None] Truncating password to algorithm specific maximum length 72 characters.
Oct 20 08:38:27 user devstack@keystone.service[45332]: DEBUG keystone.auth.core [None req-d40d0d4e-d650-454a-965f-a4a6823cbf3c None None] MFA Rules not processed for user `09bc151bced24a88a56ba25499e82a23`. Rule list: `[]` (Enabled: `True`). {{(pid=45332) check_auth_methods_against_rules /opt/stack/keystone/keystone/auth/core.py:438}}
Oct 20 08:38:27 user devstack@keystone.service[45332]: DEBUG keystone.common.fernet_utils [None req-d40d0d4e-d650-454a-965f-a4a6823cbf3c None None] Loaded 2 Fernet keys from /etc/keystone/fernet-keys/, but `[fernet_tokens] max_active_keys = 3`; perhaps there have not been enough key rotations to reach `max_active_keys` yet? {{(pid=45332) load_keys /opt/stack/keystone/keystone/common/fernet_utils.py:286}}
Oct 20 08:38:27 user devstack@keystone.service[45333]: DEBUG keystone.server.flask.request_processing.middleware.auth_context [None req-9a8fc6fa-f71f-4206-8c03-0c09348f10cd None None] Authenticating user token {{(pid=45333) process_request /opt/stack/data/venv/lib/python3.10/site-packages/keystonemiddleware/auth_token/__init__.py:406}}
Oct 20 08:38:27 user devstack@keystone.service[45331]: DEBUG keystone.server.flask.request_processing.middleware.auth_context [None req-04865aff-e7d0-4002-9643-3aa019b5d5a0 None None] Validating token access rules against request {{(pid=45331) validate_allowed_request /opt/stack/data/venv/lib/python3.10/site-packages/keystonemiddleware/auth_token/__init__.py:544}}
Oct 20 08:38:27 user devstack@keystone.service[45332]: [pid: 45332|app: 0|req: 33/102] 10.0.0.210 () {58 vars in 1018 bytes} [Fri Oct 20 08:38:27 2023] POST /identity/v3/auth/tokens => generated 861 bytes in 89 msecs (HTTP/1.1 201) 6 headers in 363 bytes (2 switches on core 0)
Oct 20 08:38:27 user devstack@keystone.service[45332]: DEBUG keystone.server.flask.request_processing.middleware.auth_context [None req-d40d0d4e-d650-454a-965f-a4a6823cbf3c None None] Authenticating user token {{(pid=45332) process_request /opt/stack/data/venv/lib/python3.10/site-packages/keystonemiddleware/auth_token/__init__.py:406}}
Oct 20 08:38:27 user devstack@keystone.service[45331]: DEBUG keystone.server.flask.request_processing.middleware.auth_context [None req-4f09db24-91c2-4649-b962-7941973f81eb None admin] RBAC: auth_context: {'token': , 'domain_id': None, 'trust_id': None, 'trustor_id': None, 'trustee_id': None, 'domain_name': None, 'group_ids': [], 'user_id': '09bc151bced24a88a56ba25499e82a23', 'user_domain_id': 'default', 'system_scope': 'all', 'project_id': None, 'project_domain_id': None, 'roles': ['admin', 'manager', 'member', 'reader'], 'is_admin_project': True, 'service_user_id': None, 'service_user_domain_id': None, 'service_project_id': None, 'service_project_domain_id': None, 'service_roles': []} {{(pid=45331) fill_context /opt/stack/keystone/keystone/server/flask/request_processing/middleware/auth_context.py:480}}
Oct 20 08:38:27 user devstack@keystone.service[45331]: DEBUG keystone.server.flask.request_processing.req_logging [None req-4f09db24-91c2-4649-b962-7941973f81eb None admin] REQUEST_METHOD: `GET` {{(pid=45331) log_request_info /opt/stack/keystone/keystone/server/flask/request_processing/req_logging.py:27}}
Oct 20 08:38:27 user devstack@keystone.service[45331]: DEBUG keystone.server.flask.request_processing.req_logging [None req-4f09db24-91c2-4649-b962-7941973f81eb None admin] SCRIPT_NAME: `/identity` {{(pid=45331) log_request_info /opt/stack/keystone/keystone/server/flask/request_processing/req_logging.py:28}}
Oct 20 08:38:27 user devstack@keystone.service[45331]: DEBUG keystone.server.flask.request_processing.req_logging [None req-4f09db24-91c2-4649-b962-7941973f81eb None admin] PATH_INFO: `/v3/users/09bc151bced24a88a56ba25499e82a23` {{(pid=45331) log_request_info /opt/stack/keystone/keystone/server/flask/request_processing/req_logging.py:29}}
Oct 20 08:38:27 user devstack@keystone.service[45331]: DEBUG keystone.common.rbac_enforcer.enforcer [None req-4f09db24-91c2-4649-b962-7941973f81eb None admin] RBAC: Authorizing `identity:get_user(user_id=09bc151bced24a88a56ba25499e82a23)` {{(pid=45331) enforce_call /opt/stack/keystone/keystone/common/rbac_enforcer/enforcer.py:449}}
Oct 20 08:38:27 user devstack@keystone.service[45331]: DEBUG keystone.common.rbac_enforcer.enforcer [None req-4f09db24-91c2-4649-b962-7941973f81eb None admin] RBAC: Authorization granted {{(pid=45331) enforce_call /opt/stack/keystone/keystone/common/rbac_enforcer/enforcer.py:457}}
Oct 20 08:38:27 user devstack@keystone.service[45331]: [pid: 45331|app: 0|req: 36/103] 10.0.0.210 () {56 vars in 1172 bytes} [Fri Oct 20 08:38:27 2023] GET /identity/v3/users/09bc151bced24a88a56ba25499e82a23 => generated 246 bytes in 158 msecs (HTTP/1.1 200) 5 headers in 177 bytes (1 switches on core 0)
Oct 20 08:38:27 user devstack@keystone.service[45331]: DEBUG keystone.server.flask.request_processing.middleware.auth_context [None req-4f09db24-91c2-4649-b962-7941973f81eb None admin] Authenticating user token {{(pid=45331) process_request /opt/stack/data/venv/lib/python3.10/site-packages/keystonemiddleware/auth_token/__init__.py:406}}
Oct 20 08:38:27 user devstack@keystone.service[45332]: DEBUG keystone.server.flask.request_processing.middleware.auth_context [None req-d40d0d4e-d650-454a-965f-a4a6823cbf3c None None] Validating token access rules against request {{(pid=45332) validate_allowed_request /opt/stack/data/venv/lib/python3.10/site-packages/keystonemiddleware/auth_token/__init__.py:544}}
Oct 20 08:38:27 user devstack@keystone.service[45331]: DEBUG keystone.server.flask.request_processing.middleware.auth_context [None req-4f09db24-91c2-4649-b962-7941973f81eb None admin] Validating token access rules against request {{(pid=45331) validate_allowed_request /opt/stack/data/venv/lib/python3.10/site-packages/keystonemiddleware/auth_token/__init__.py:544}}
Oct 20 08:38:27 user devstack@keystone.service[45332]: DEBUG keystone.server.flask.request_processing.middleware.auth_context [None req-33a7cdd6-f89d-49a3-96fe-5bf180800717 None admin] RBAC: auth_context: {'token': , 'domain_id': None, 'trust_id': None, 'trustor_id': None, 'trustee_id': None, 'domain_name': None, 'group_ids': [], 'user_id': '09bc151bced24a88a56ba25499e82a23', 'user_domain_id': 'default', 'system_scope': 'all', 'project_id': None, 'project_domain_id': None, 'roles': ['admin', 'manager', 'member', 'reader'], 'is_admin_project': True, 'service_user_id': None, 'service_user_domain_id': None, 'service_project_id': None, 'service_project_domain_id': None, 'service_roles': []} {{(pid=45332) fill_context /opt/stack/keystone/keystone/server/flask/request_processing/middleware/auth_context.py:480}}
Oct 20 08:38:27 user devstack@keystone.service[45332]: DEBUG keystone.server.flask.request_processing.req_logging [None req-33a7cdd6-f89d-49a3-96fe-5bf180800717 None admin] REQUEST_METHOD: `GET` {{(pid=45332) log_request_info /opt/stack/keystone/keystone/server/flask/request_processing/req_logging.py:27}}
Oct 20 08:38:27 user devstack@keystone.service[45332]: DEBUG keystone.server.flask.request_processing.req_logging [None req-33a7cdd6-f89d-49a3-96fe-5bf180800717 None admin] SCRIPT_NAME: `/identity` {{(pid=45332) log_request_info /opt/stack/keystone/keystone/server/flask/request_processing/req_logging.py:28}}
Oct 20 08:38:27 user devstack@keystone.service[45332]: DEBUG keystone.server.flask.request_processing.req_logging [None req-33a7cdd6-f89d-49a3-96fe-5bf180800717 None admin] PATH_INFO: `/v3/roles/member` {{(pid=45332) log_request_info /opt/stack/keystone/keystone/server/flask/request_processing/req_logging.py:29}}
Oct 20 08:38:27 user devstack@keystone.service[45332]: DEBUG keystone.common.rbac_enforcer.enforcer [None req-33a7cdd6-f89d-49a3-96fe-5bf180800717 None admin] Extracting inferred target data resulted in "NOT FOUND (404)". {{(pid=45332) enforce_call /opt/stack/keystone/keystone/common/rbac_enforcer/enforcer.py:409}}
Oct 20 08:38:27 user devstack@keystone.service[45332]: ERROR keystone.server.flask.application [None req-33a7cdd6-f89d-49a3-96fe-5bf180800717 None admin] Could not find role: member.: keystone.exception.RoleNotFound: Could not find role: member.
Oct 20 08:38:27 user devstack@keystone.service[45332]: ERROR keystone.server.flask.application
Traceback (most recent call last):
Oct 20 08:38:27 user devstack@keystone.service[45332]: ERROR keystone.server.flask.application
File "/opt/stack/data/venv/lib/python3.10/site-packages/flask/app.py", line 1823, in full_dispatch_request
Oct 20 08:38:27 user devstack@keystone.service[45332]: ERROR keystone.server.flask.application rv = self.dispatch_request()
