Oct 20 08:44:31 user devstack@n-api.service[63977]: INFO nova.api.openstack.requestlog [None req-723cfe5e-e2a1-45a3-971b-8eba0e313c68 admin admin] 10.0.0.210 "GET /compute/v2.1" status: 200 len: 387 microversion: 2.1 time: 0.001315
Oct 20 08:44:31 user devstack@n-api.service[63977]: [pid: 63977|app: 0|req: 11/33] 10.0.0.210 () {54 vars in 925 bytes} [Fri Oct 20 08:44:31 2023] GET /compute/v2.1 => generated 387 bytes in 2 msecs (HTTP/1.1 200) 9 headers in 357 bytes (1 switches on core 0)
Oct 20 08:44:31 user devstack@n-api.service[63976]: DEBUG nova.api.openstack.wsgi [None req-d4965c28-fe97-471c-b98d-6560bcdb599d admin admin] Action: 'create', calling method: >, body: {"flavor": {"ram": 16384, "rxtx_factor": 1.0, "disk": 160, "OS-FLV-EXT-DATA:ephemeral": 0, "vcpus": 8, "name": "m1.xlarge", "os-flavor-access:is_public": true, "swap": 0, "id": "5"}} {{(pid=63976) _process_stack /opt/stack/nova/nova/api/openstack/wsgi.py:511}}
Oct 20 08:44:31 user devstack@n-api.service[63976]: INFO nova.api.openstack.requestlog [None req-d4965c28-fe97-471c-b98d-6560bcdb599d admin admin] 10.0.0.210 "POST /compute/v2.1/flavors" status: 200 len: 406 microversion: 2.61 time: 0.060715
Oct 20 08:44:31 user devstack@n-api.service[63976]: [pid: 63976|app: 0|req: 11/34] 10.0.0.210 () {64 vars in 1277 bytes} [Fri Oct 20 08:44:31 2023] POST /compute/v2.1/flavors => generated 406 bytes in 62 msecs (HTTP/1.1 200) 9 headers in 359 bytes (1 switches on core 0)
Oct 20 08:44:31 user devstack@n-api.service[63978]: DEBUG nova.api.openstack.wsgi [None req-5973f121-530b-4d17-9b80-4c924042ba5a admin admin] Action: 'create', calling method: >, body: {"extra_specs": {"hw_rng:allowed": "True"}} {{(pid=63978) _process_stack /opt/stack/nova/nova/api/openstack/wsgi.py:511}}
Oct 20 08:44:31 user devstack@n-api.service[63978]: INFO nova.api.openstack.requestlog [None req-5973f121-530b-4d17-9b80-4c924042ba5a admin admin] 10.0.0.210 "POST /compute/v2.1/flavors/5/os-extra_specs" status: 200 len: 43 microversion: 2.61 time: 0.024340
Oct 20 08:44:31 user devstack@n-api.service[63978]: [pid: 63978|app: 0|req: 13/35] 10.0.0.210 () {64 vars in 1327 bytes} [Fri Oct 20 08:44:31 2023] POST /compute/v2.1/flavors/5/os-extra_specs => generated 43 bytes in 26 msecs (HTTP/1.1 200) 9 headers in 358 bytes (1 switches on core 0)
Oct 20 08:45:03 user devstack@n-api.service[63977]: DEBUG nova.api.openstack.wsgi [None req-723cfe5e-e2a1-45a3-971b-8eba0e313c68 admin admin] Calling method '>' {{(pid=63977) _process_stack /opt/stack/nova/nova/api/openstack/wsgi.py:513}}
Oct 20 08:45:03 user devstack@n-api.service[63977]: INFO nova.api.openstack.requestlog [None req-723cfe5e-e2a1-45a3-971b-8eba0e313c68 admin admin] 10.0.0.210 "GET /compute/v2.1" status: 200 len: 387 microversion: 2.1 time: 0.001522
Oct 20 08:45:03 user devstack@n-api.service[63977]: [pid: 63977|app: 0|req: 12/36] 10.0.0.210 () {58 vars in 1007 bytes} [Fri Oct 20 08:45:03 2023] GET /compute/v2.1 => generated 387 bytes in 2 msecs (HTTP/1.1 200) 9 headers in 357 bytes (1 switches on core 0)
Oct 20 08:45:03 user devstack@n-api.service[63976]: DEBUG dbcounter [-] [63976] Writing DB stats nova_api:SELECT=15,nova_api:INSERT=5 {{(pid=63976) stat_writer /opt/stack/data/venv/lib/python3.10/site-packages/dbcounter.py:115}}
Oct 20 08:45:03 user devstack@n-api.service[63976]: DEBUG nova.api.openstack.wsgi [None req-1ac27b50-75ae-489d-8692-0bd6b908cd5f admin admin] Calling method '>' {{(pid=63976) _process_stack /opt/stack/nova/nova/api/openstack/wsgi.py:513}}
Oct 20 08:45:03 user devstack@n-api.service[63976]: DEBUG oslo_concurrency.lockutils [None req-1ac27b50-75ae-489d-8692-0bd6b908cd5f admin admin] Acquiring lock "00000000-0000-0000-0000-000000000000" by "nova.context.set_target_cell..get_or_set_cached_cell_and_set_connections" {{(pid=63976) inner /opt/stack/data/venv/lib/python3.10/site-packages/oslo_concurrency/lockutils.py:404}}
Oct 20 08:45:03 user devstack@n-api.service[63976]: DEBUG oslo_concurrency.lockutils [None req-1ac27b50-75ae-489d-8692-0bd6b908cd5f admin admin] Lock "00000000-0000-0000-0000-000000000000" acquired by "nova.context.set_target_cell..get_or_set_cached_cell_and_set_connections" :: waited 0.001s {{(pid=63976) inner /opt/stack/data/venv/lib/python3.10/site-packages/oslo_concurrency/lockutils.py:409}}
Oct 20 08:45:03 user devstack@n-api.service[63976]: DEBUG oslo_concurrency.lockutils [None req-1ac27b50-75ae-489d-8692-0bd6b908cd5f admin admin] Lock "00000000-0000-0000-0000-000000000000" "released" by "nova.context.set_target_cell..get_or_set_cached_cell_and_set_connections" :: held 0.000s {{(pid=63976) inner /opt/stack/data/venv/lib/python3.10/site-packages/oslo_concurrency/lockutils.py:423}}
Oct 20 08:45:03 user devstack@n-api.service[63976]: DEBUG oslo_concurrency.lockutils [None req-1ac27b50-75ae-489d-8692-0bd6b908cd5f admin admin] Acquiring lock "34dd5906-2d60-4ae8-9a38-49cb41f7b0fd" by "nova.context.set_target_cell..get_or_set_cached_cell_and_set_connections" {{(pid=63976) inner /opt/stack/data/venv/lib/python3.10/site-packages/oslo_concurrency/lockutils.py:404}}
Oct 20 08:45:03 user devstack@n-api.service[63976]: DEBUG oslo_concurrency.lockutils [None req-1ac27b50-75ae-489d-8692-0bd6b908cd5f admin admin] Lock "34dd5906-2d60-4ae8-9a38-49cb41f7b0fd" acquired by "nova.context.set_target_cell..get_or_set_cached_cell_and_set_connections" :: waited 0.000s {{(pid=63976) inner /opt/stack/data/venv/lib/python3.10/site-packages/oslo_concurrency/lockutils.py:409}}
Oct 20 08:45:03 user devstack@n-api.service[63976]: DEBUG oslo_concurrency.lockutils [None req-1ac27b50-75ae-489d-8692-0bd6b908cd5f admin admin] Lock "34dd5906-2d60-4ae8-9a38-49cb41f7b0fd" "released" by "nova.context.set_target_cell..get_or_set_cached_cell_and_set_connections" :: held 0.000s {{(pid=63976) inner /opt/stack/data/venv/lib/python3.10/site-packages/oslo_concurrency/lockutils.py:423}}
Oct 20 08:45:03 user devstack@n-api.service[63976]: INFO nova.api.openstack.requestlog [None req-1ac27b50-75ae-489d-8692-0bd6b908cd5f admin admin] 10.0.0.210 "GET /compute/v2.1/os-services?binary=nova-compute&host=user" status: 200 len: 247 microversion: 2.69 time: 0.096824
Oct 20 08:45:03 user devstack@n-api.service[63976]: [pid: 63976|app: 0|req: 12/37] 10.0.0.210 () {64 vars in 1389 bytes} [Fri Oct 20 08:45:03 2023] GET /compute/v2.1/os-services?binary=nova-compute&host=user => generated 247 bytes in 98 msecs (HTTP/1.1 200) 9 headers in 359 bytes (1 switches on core 0)
Oct 20 08:45:33 user devstack@n-api.service[63978]: DEBUG nova.api.openstack.wsgi [None req-5973f121-530b-4d17-9b80-4c924042ba5a admin admin] Calling method '>' {{(pid=63978) _process_stack /opt/stack/nova/nova/api/openstack/wsgi.py:513}}
Oct 20 08:45:33 user devstack@n-api.service[63978]: INFO nova.api.openstack.requestlog [None req-5973f121-530b-4d17-9b80-4c924042ba5a admin admin] 10.0.0.210 "GET /compute/v2.1" status: 200 len: 387 microversion: 2.1 time: 0.001760
Oct 20 08:45:33 user devstack@n-api.service[63978]: [pid: 63978|app: 0|req: 14/38] 10.0.0.210 () {58 vars in 1007 bytes} [Fri Oct 20 08:45:33 2023] GET /compute/v2.1 => generated 387 bytes in 3 msecs (HTTP/1.1 200) 9 headers in 357 bytes (1 switches on core 0)
Oct 20 08:45:33 user devstack@n-api.service[63977]: DEBUG dbcounter [-] [63977] Writing DB stats nova_api:SELECT=32,nova_api:SAVEPOINT=5,nova_api:INSERT=5,nova_api:RELEASE=5 {{(pid=63977) stat_writer /opt/stack/data/venv/lib/python3.10/site-packages/dbcounter.py:115}}
Oct 20 08:45:33 user devstack@n-api.service[63977]: DEBUG nova.api.openstack.wsgi [None req-cd658e3f-1036-4879-aca7-4c6ceca166f0 admin admin] Calling method '>' {{(pid=63977) _process_stack /opt/stack/nova/nova/api/openstack/wsgi.py:513}}
Oct 20 08:45:33 user devstack@n-api.service[63977]: INFO nova.api.openstack.requestlog [None req-cd658e3f-1036-4879-aca7-4c6ceca166f0 admin admin] 10.0.0.210 "GET /compute/v2.1/flavors/detail?is_public=True" status: 200 len: 4182 microversion: 2.61 time: 0.068030
Oct 20 08:45:33 user devstack@n-api.service[63977]: [pid: 63977|app: 0|req: 13/39] 10.0.0.210 () {64 vars in 1368 bytes} [Fri Oct 20 08:45:33 2023] GET /compute/v2.1/flavors/detail?is_public=True => generated 4182 bytes in 69 msecs (HTTP/1.1 200) 9 headers in 360 bytes (1 switches on core 0)
Oct 20 08:45:36 user devstack@n-api.service[63976]: DEBUG nova.api.openstack.wsgi [None req-1ac27b50-75ae-489d-8692-0bd6b908cd5f admin admin] Calling method '>' {{(pid=63976) _process_stack /opt/stack/nova/nova/api/openstack/wsgi.py:513}}
Oct 20 08:45:36 user devstack@n-api.service[63976]: INFO nova.api.openstack.requestlog [None req-1ac27b50-75ae-489d-8692-0bd6b908cd5f admin admin] 10.0.0.210 "GET /compute/v2.1" status: 200 len: 387 microversion: 2.1 time: 0.001590
Oct 20 08:45:36 user devstack@n-api.service[63976]: [pid: 63976|app: 0|req: 13/40] 10.0.0.210 () {58 vars in 1007 bytes} [Fri Oct 20 08:45:36 2023] GET /compute/v2.1 => generated 387 bytes in 3 msecs (HTTP/1.1 200) 9 headers in 357 bytes (1 switches on core 0)
Oct 20 08:45:36 user devstack@n-api.service[63978]: DEBUG dbcounter [-] [63978] Writing DB stats nova_api:SELECT=47,nova_api:INSERT=10,nova_api:SAVEPOINT=5,nova_api:RELEASE=5 {{(pid=63978) stat_writer /opt/stack/data/venv/lib/python3.10/site-packages/dbcounter.py:115}}
Oct 20 08:45:36 user devstack@n-api.service[63978]: DEBUG nova.api.openstack.wsgi [None req-47eba4a9-814a-47d2-b706-b0217050e59f admin admin] Calling method '>' {{(pid=63978) _process_stack /opt/stack/nova/nova/api/openstack/wsgi.py:513}}
Oct 20 08:45:36 user devstack@n-api.service[63978]: INFO nova.api.openstack.requestlog [None req-47eba4a9-814a-47d2-b706-b0217050e59f admin admin] 10.0.0.210 "GET /compute/v2.1/flavors/1" status: 200 len: 424 microversion: 2.61 time: 0.057941
Oct 20 08:45:36 user devstack@n-api.service[63978]: [pid: 63978|app: 0|req: 15/41] 10.0.0.210 () {64 vars in 1311 bytes} [Fri Oct 20 08:45:36 2023] GET /compute/v2.1/flavors/1 => generated 424 bytes in 59 msecs (HTTP/1.1 200) 9 headers in 359 bytes (1 switches on core 0)
Oct 20 08:45:38 user devstack@n-api.service[63977]: DEBUG nova.api.openstack.wsgi [None req-cd658e3f-1036-4879-aca7-4c6ceca166f0 admin admin] Calling method '>' {{(pid=63977) _process_stack /opt/stack/nova/nova/api/openstack/wsgi.py:513}}
Oct 20 08:45:38 user devstack@n-api.service[63977]: INFO nova.api.openstack.requestlog [None req-cd658e3f-1036-4879-aca7-4c6ceca166f0 admin admin] 10.0.0.210 "GET /compute/v2.1" status: 200 len: 387 microversion: 2.1 time: 0.001378
Oct 20 08:45:38 user devstack@n-api.service[63977]: [pid: 63977|app: 0|req: 14/42] 10.0.0.210 () {58 vars in 1007 bytes} [Fri Oct 20 08:45:38 2023] GET /compute/v2.1 => generated 387 bytes in 2 msecs (HTTP/1.1 200) 9 headers in 357 bytes (1 switches on core 0)
Oct 20 08:45:38 user devstack@n-api.service[63976]: DEBUG dbcounter [-] [63976] Writing DB stats nova_cell0:SELECT=2 {{(pid=63976) stat_writer /opt/stack/data/venv/lib/python3.10/site-packages/dbcounter.py:115}}
Oct 20 08:45:38 user devstack@n-api.service[63976]: DEBUG dbcounter [-] [63976] Writing DB stats nova_cell1:SELECT=2 {{(pid=63976) stat_writer /opt/stack/data/venv/lib/python3.10/site-packages/dbcounter.py:115}}
Oct 20 08:45:38 user devstack@n-api.service[63976]: DEBUG dbcounter [-] [63976] Writing DB stats nova_api:SELECT=4 {{(pid=63976) stat_writer /opt/stack/data/venv/lib/python3.10/site-packages/dbcounter.py:115}}
Oct 20 08:45:38 user devstack@n-api.service[63976]: DEBUG nova.api.openstack.wsgi [None req-9985bce3-a9bc-4a40-a06d-851ba1f94741 admin admin] Calling method '>' {{(pid=63976) _process_stack /opt/stack/nova/nova/api/openstack/wsgi.py:513}}
Oct 20 08:45:38 user devstack@n-api.service[63976]: INFO nova.api.openstack.requestlog [None req-9985bce3-a9bc-4a40-a06d-851ba1f94741 admin admin] 10.0.0.210 "GET /compute/v2.1/flavors/2" status: 200 len: 427 microversion: 2.61 time: 0.066701
Oct 20 08:45:38 user devstack@n-api.service[63976]: [pid: 63976|app: 0|req: 14/43] 10.0.0.210 () {64 vars in 1311 bytes} [Fri Oct 20 08:45:38 2023] GET /compute/v2.1/flavors/2 => generated 427 bytes in 68 msecs (HTTP/1.1 200) 9 headers in 359 bytes (2 switches on core 0)
Oct 20 08:48:01 user devstack@n-api.service[63978]: DEBUG dbcounter [-] [63978] Writing DB stats nova_api:SELECT=2 {{(pid=63978) stat_writer /opt/stack/data/venv/lib/python3.10/site-packages/dbcounter.py:115}}
Oct 20 08:48:01 user devstack@n-api.service[63978]: DEBUG nova.api.openstack.wsgi [None req-db6ad097-5418-4c31-bdde-1dc3abb97f78 tempest-VolumesTestJSON-1181049634 tempest-VolumesTestJSON-1181049634-project-member] Calling method '.version_select at 0x7fa080c4eb00>' {{(pid=63978) _process_stack /opt/stack/nova/nova/api/openstack/wsgi.py:513}}
Oct 20 08:48:02 user devstack@n-api.service[63978]: INFO nova.api.openstack.requestlog [None req-db6ad097-5418-4c31-bdde-1dc3abb97f78 tempest-VolumesTestJSON-1181049634 tempest-VolumesTestJSON-1181049634-project-member] 10.0.0.210 "GET /compute/v2.1/os-volumes/ee802d48-8bb1-45d3-b3e0-d53556271b2f" status: 200 len: 351 microversion: 2.1 time: 0.358967
Oct 20 08:48:02 user devstack@n-api.service[63978]: [pid: 63978|app: 0|req: 16/44] 10.0.0.210 () {62 vars in 1322 bytes} [Fri Oct 20 08:48:01 2023] GET /compute/v2.1/os-volumes/ee802d48-8bb1-45d3-b3e0-d53556271b2f => generated 351 bytes in 361 msecs (HTTP/1.1 200) 9 headers in 357 bytes (1 switches on core 0)
Oct 20 08:48:08 user devstack@n-api.service[63977]: DEBUG dbcounter [-] [63977] Writing DB stats nova_api:SELECT=2 {{(pid=63977) stat_writer /opt/stack/data/venv/lib/python3.10/site-packages/dbcounter.py:115}}
Oct 20 08:48:08 user devstack@n-api.service[63977]: DEBUG nova.api.openstack.wsgi [None req-f8ee31ae-d075-487f-bb79-91247c84ce5c tempest-VolumesTestJSON-1181049634 tempest-VolumesTestJSON-1181049634-project-member] Calling method '.version_select at 0x7fa080d72440>' {{(pid=63977) _process_stack /opt/stack/nova/nova/api/openstack/wsgi.py:513}}
Oct 20 08:48:08 user devstack@n-api.service[63977]: INFO nova.api.openstack.requestlog [None req-f8ee31ae-d075-487f-bb79-91247c84ce5c tempest-VolumesTestJSON-1181049634 tempest-VolumesTestJSON-1181049634-project-member] 10.0.0.210 "GET /compute/v2.1/os-volumes/2006cbea-05fc-4dcf-931f-f41b80f066d6" status: 200 len: 351 microversion: 2.1 time: 0.429473
Oct 20 08:48:08 user devstack@n-api.service[63977]: [pid: 63977|app: 0|req: 15/45] 10.0.0.210 () {62 vars in 1322 bytes} [Fri Oct 20 08:48:08 2023] GET /compute/v2.1/os-volumes/2006cbea-05fc-4dcf-931f-f41b80f066d6 => generated 351 bytes in 431 msecs (HTTP/1.1 200) 9 headers in 357 bytes (1 switches on core 0)
Oct 20 08:48:09 user devstack@n-api.service[63976]: DEBUG dbcounter [-] [63976] Writing DB stats nova_api:SELECT=2 {{(pid=63976) stat_writer /opt/stack/data/venv/lib/python3.10/site-packages/dbcounter.py:115}}
Oct 20 08:48:09 user devstack@n-api.service[63976]: DEBUG nova.api.openstack.wsgi [None req-80158f42-2938-4b36-9f9e-8a48c0de68d7 tempest-ServerStableDeviceRescueTest-767632424 tempest-ServerStableDeviceRescueTest-767632424-project-member] Action: 'create', calling method: .version_select at 0x7fa080d64ca0>, body: {"keypair": {"name": "tempest-keypair-1573659215", "public_key": "ecdsa-sha2-nistp384 AAAAE2VjZHNhLXNoYTItbmlzdHAzODQAAAAIbmlzdHAzODQAAABhBJT6FK2nhGTdlNkREBn5eMAKyz3qTKNW0EHGg+clbn3CqVv1EVcSfz812n6Was/ZqxpV8bACdIlrFOPm+Iaow1Gv76MgRztK8cKPzP4Gl+n8K2P7JhSfNr1eBo6tooy5Pg=="}} {{(pid=63976) _process_stack /opt/stack/nova/nova/api/openstack/wsgi.py:511}}
Oct 20 08:48:09 user devstack@n-api.service[63976]: DEBUG nova.quota [None req-80158f42-2938-4b36-9f9e-8a48c0de68d7 tempest-ServerStableDeviceRescueTest-767632424 tempest-ServerStableDeviceRescueTest-767632424-project-member] Getting quotas for project 8b7efa953a4a4049925485acdb855247. Resources: {'key_pairs'} {{(pid=63976) _get_quotas /opt/stack/nova/nova/quota.py:393}}
Oct 20 08:48:09 user devstack@n-api.service[63976]: DEBUG nova.quota [None req-80158f42-2938-4b36-9f9e-8a48c0de68d7 tempest-ServerStableDeviceRescueTest-767632424 tempest-ServerStableDeviceRescueTest-767632424-project-member] Getting quotas for user 09534beb690444d6bf63e532958db714 and project 8b7efa953a4a4049925485acdb855247. Resources: {'key_pairs'} {{(pid=63976) _get_quotas /opt/stack/nova/nova/quota.py:383}}
Oct 20 08:48:09 user devstack@n-api.service[63976]: INFO nova.api.openstack.requestlog [None req-80158f42-2938-4b36-9f9e-8a48c0de68d7 tempest-ServerStableDeviceRescueTest-767632424 tempest-ServerStableDeviceRescueTest-767632424-project-member] 10.0.0.210 "POST /compute/v2.1/os-keypairs" status: 200 len: 386 microversion: 2.1 time: 0.101560
Oct 20 08:48:09 user devstack@n-api.service[63976]: [pid: 63976|app: 0|req: 15/46] 10.0.0.210 () {64 vars in 1236 bytes} [Fri Oct 20 08:48:09 2023] POST /compute/v2.1/os-keypairs => generated 386 bytes in 103 msecs (HTTP/1.1 200) 9 headers in 357 bytes (1 switches on core 0)
Oct 20 08:48:11 user devstack@n-api.service[63978]: DEBUG nova.api.openstack.wsgi [None req-6ae23e97-0a1b-421a-ab58-3b1ce8f31160 tempest-ServerActionsTestOtherA-1138208404 tempest-ServerActionsTestOtherA-1138208404-project-member] Action: 'create', calling method: .version_select at 0x7fa080c4e710>, body: {"keypair": {"name": "tempest-keypair-612179765", "public_key": "ecdsa-sha2-nistp384 AAAAE2VjZHNhLXNoYTItbmlzdHAzODQAAAAIbmlzdHAzODQAAABhBGyyJ62onAPVNIcWwPgu8Qk09h8heuIgT4K5VQCSSgQo1m6HsMw9upnfKrs0KtZmErwiBvOSQvzot9EsqbPyLMmcaHuqRr6HWOREqecRp8rh7oJxELHXOR3Is97nl7PEUA=="}} {{(pid=63978) _process_stack /opt/stack/nova/nova/api/openstack/wsgi.py:511}}
Oct 20 08:48:11 user devstack@n-api.service[63978]: DEBUG nova.quota [None req-6ae23e97-0a1b-421a-ab58-3b1ce8f31160 tempest-ServerActionsTestOtherA-1138208404 tempest-ServerActionsTestOtherA-1138208404-project-member] Getting quotas for project 88a58985dce3491d8e45e6e468e0e549. Resources: {'key_pairs'} {{(pid=63978) _get_quotas /opt/stack/nova/nova/quota.py:393}}
Oct 20 08:48:11 user devstack@n-api.service[63978]: DEBUG nova.quota [None req-6ae23e97-0a1b-421a-ab58-3b1ce8f31160 tempest-ServerActionsTestOtherA-1138208404 tempest-ServerActionsTestOtherA-1138208404-project-member] Getting quotas for user cb823f0374a04657be729eb153160659 and project 88a58985dce3491d8e45e6e468e0e549. Resources: {'key_pairs'} {{(pid=63978) _get_quotas /opt/stack/nova/nova/quota.py:383}}
Oct 20 08:48:11 user devstack@n-api.service[63978]: INFO nova.api.openstack.requestlog [None req-6ae23e97-0a1b-421a-ab58-3b1ce8f31160 tempest-ServerActionsTestOtherA-1138208404 tempest-ServerActionsTestOtherA-1138208404-project-member] 10.0.0.210 "POST /compute/v2.1/os-keypairs" status: 200 len: 385 microversion: 2.1 time: 0.440858
Oct 20 08:48:11 user devstack@n-api.service[63978]: [pid: 63978|app: 0|req: 17/47] 10.0.0.210 () {64 vars in 1236 bytes} [Fri Oct 20 08:48:10 2023] POST /compute/v2.1/os-keypairs => generated 385 bytes in 444 msecs (HTTP/1.1 200) 9 headers in 357 bytes (1 switches on core 0)
Oct 20 08:48:13 user devstack@n-api.service[63977]: DEBUG nova.api.openstack.wsgi [None req-6498c068-ea6a-4843-8343-148ae1aa5581 tempest-ServerRescueNegativeTestJSON-1580334620 tempest-ServerRescueNegativeTestJSON-1580334620-project-member] Action: 'create', calling method: >, body: {"server": {"name": "tempest-ServerRescueNegativeTestJSON-server-1613714497", "imageRef": "f58b9629-4790-4951-9492-6447e1485638", "flavorRef": "1", "adminPass": "***", "networks": [{"uuid": "}]}} {{(pid=63977) _process_stack /opt/stack/nova/nova/api/openstack/wsgi.py:511}}
Oct 20 08:48:13 user devstack@n-api.service[63977]: DEBUG nova.network.neutron [None req-6498c068-ea6a-4843-8343-148ae1aa5581 tempest-ServerRescueNegativeTestJSON-1580334620 tempest-ServerRescueNegativeTestJSON-1580334620-project-member] validate_networks() for [('d18bb3c8-d3e3-4bde-8424-0bedce340de5', None, None, None, None, None)] {{(pid=63977) validate_networks /opt/stack/nova/nova/network/neutron.py:2638}}
Oct 20 08:48:14 user devstack@n-api.service[63977]: DEBUG nova.virt.hardware [None req-6498c068-ea6a-4843-8343-148ae1aa5581 tempest-ServerRescueNegativeTestJSON-1580334620 tempest-ServerRescueNegativeTestJSON-1580334620-project-member] Flavor limits 0:0:0 {{(pid=63977) get_cpu_topology_constraints /opt/stack/nova/nova/virt/hardware.py:348}}
Oct 20 08:48:14 user devstack@n-api.service[63977]: DEBUG nova.virt.hardware [None req-6498c068-ea6a-4843-8343-148ae1aa5581 tempest-ServerRescueNegativeTestJSON-1580334620 tempest-ServerRescueNegativeTestJSON-1580334620-project-member] Image limits 0:0:0 {{(pid=63977) get_cpu_topology_constraints /opt/stack/nova/nova/virt/hardware.py:352}}
Oct 20 08:48:14 user devstack@n-api.service[63977]: DEBUG nova.virt.hardware [None req-6498c068-ea6a-4843-8343-148ae1aa5581 tempest-ServerRescueNegativeTestJSON-1580334620 tempest-ServerRescueNegativeTestJSON-1580334620-project-member] Flavor pref 0:0:0 {{(pid=63977) get_cpu_topology_constraints /opt/stack/nova/nova/virt/hardware.py:388}}
Oct 20 08:48:14 user devstack@n-api.service[63977]: DEBUG nova.virt.hardware [None req-6498c068-ea6a-4843-8343-148ae1aa5581 tempest-ServerRescueNegativeTestJSON-1580334620 tempest-ServerRescueNegativeTestJSON-1580334620-project-member] Image pref 0:0:0 {{(pid=63977) get_cpu_topology_constraints /opt/stack/nova/nova/virt/hardware.py:392}}
Oct 20 08:48:14 user devstack@n-api.service[63977]: DEBUG nova.virt.hardware [None req-6498c068-ea6a-4843-8343-148ae1aa5581 tempest-ServerRescueNegativeTestJSON-1580334620 tempest-ServerRescueNegativeTestJSON-1580334620-project-member] Chose sockets=0, cores=0, threads=0; limits were sockets=65536, cores=65536, threads=65536 {{(pid=63977) get_cpu_topology_constraints /opt/stack/nova/nova/virt/hardware.py:430}}
Oct 20 08:48:14 user devstack@n-api.service[63977]: DEBUG oslo_concurrency.lockutils [None req-6498c068-ea6a-4843-8343-148ae1aa5581 tempest-ServerRescueNegativeTestJSON-1580334620 tempest-ServerRescueNegativeTestJSON-1580334620-project-member] Acquiring lock "00000000-0000-0000-0000-000000000000" by "nova.context.set_target_cell..get_or_set_cached_cell_and_set_connections" {{(pid=63977) inner /opt/stack/data/venv/lib/python3.10/site-packages/oslo_concurrency/lockutils.py:404}}
Oct 20 08:48:14 user devstack@n-api.service[63977]: DEBUG oslo_concurrency.lockutils [None req-6498c068-ea6a-4843-8343-148ae1aa5581 tempest-ServerRescueNegativeTestJSON-1580334620 tempest-ServerRescueNegativeTestJSON-1580334620-project-member] Lock "00000000-0000-0000-0000-000000000000" acquired by "nova.context.set_target_cell..get_or_set_cached_cell_and_set_connections" :: waited 0.001s {{(pid=63977) inner /opt/stack/data/venv/lib/python3.10/site-packages/oslo_concurrency/lockutils.py:409}}
Oct 20 08:48:14 user devstack@n-api.service[63977]: DEBUG oslo_concurrency.lockutils [None req-6498c068-ea6a-4843-8343-148ae1aa5581 tempest-ServerRescueNegativeTestJSON-1580334620 tempest-ServerRescueNegativeTestJSON-1580334620-project-member] Lock "00000000-0000-0000-0000-000000000000" "released" by "nova.context.set_target_cell..get_or_set_cached_cell_and_set_connections" :: held 0.001s {{(pid=63977) inner /opt/stack/data/venv/lib/python3.10/site-packages/oslo_concurrency/lockutils.py:423}}
Oct 20 08:48:14 user devstack@n-api.service[63977]: DEBUG oslo_concurrency.lockutils [None req-6498c068-ea6a-4843-8343-148ae1aa5581 tempest-ServerRescueNegativeTestJSON-1580334620 tempest-ServerRescueNegativeTestJSON-1580334620-project-member] Acquiring lock "34dd5906-2d60-4ae8-9a38-49cb41f7b0fd" by "nova.context.set_target_cell..get_or_set_cached_cell_and_set_connections" {{(pid=63977) inner /opt/stack/data/venv/lib/python3.10/site-packages/oslo_concurrency/lockutils.py:404}}
Oct 20 08:48:14 user devstack@n-api.service[63977]: DEBUG oslo_concurrency.lockutils [None req-6498c068-ea6a-4843-8343-148ae1aa5581 tempest-ServerRescueNegativeTestJSON-1580334620 tempest-ServerRescueNegativeTestJSON-1580334620-project-member] Lock "34dd5906-2d60-4ae8-9a38-49cb41f7b0fd" acquired by "nova.context.set_target_cell..get_or_set_cached_cell_and_set_connections" :: waited 0.000s {{(pid=63977) inner /opt/stack/data/venv/lib/python3.10/site-packages/oslo_concurrency/lockutils.py:409}}
Oct 20 08:48:14 user devstack@n-api.service[63977]: DEBUG oslo_concurrency.lockutils [None req-6498c068-ea6a-4843-8343-148ae1aa5581 tempest-ServerRescueNegativeTestJSON-1580334620 tempest-ServerRescueNegativeTestJSON-1580334620-project-member] Lock "34dd5906-2d60-4ae8-9a38-49cb41f7b0fd" "released" by "nova.context.set_target_cell..get_or_set_cached_cell_and_set_connections" :: held 0.000s {{(pid=63977) inner /opt/stack/data/venv/lib/python3.10/site-packages/oslo_concurrency/lockutils.py:423}}
Oct 20 08:48:14 user devstack@n-api.service[63977]: DEBUG nova.quota [None req-6498c068-ea6a-4843-8343-148ae1aa5581 tempest-ServerRescueNegativeTestJSON-1580334620 tempest-ServerRescueNegativeTestJSON-1580334620-project-member] Getting quotas for project d74bb65080a343afb5cbcea1b5481938. Resources: {'cores', 'instances', 'ram'} {{(pid=63977) _get_quotas /opt/stack/nova/nova/quota.py:393}}
Oct 20 08:48:14 user devstack@n-api.service[63977]: DEBUG nova.quota [None req-6498c068-ea6a-4843-8343-148ae1aa5581 tempest-ServerRescueNegativeTestJSON-1580334620 tempest-ServerRescueNegativeTestJSON-1580334620-project-member] Getting quotas for user 4024fa0ccfda49e0a070b9e6166e37ed and project d74bb65080a343afb5cbcea1b5481938. Resources: {'cores', 'instances', 'ram'} {{(pid=63977) _get_quotas /opt/stack/nova/nova/quota.py:383}}
Oct 20 08:48:14 user devstack@n-api.service[63977]: DEBUG nova.compute.api [None req-6498c068-ea6a-4843-8343-148ae1aa5581 tempest-ServerRescueNegativeTestJSON-1580334620 tempest-ServerRescueNegativeTestJSON-1580334620-project-member] Going to run 1 instances... {{(pid=63977) _provision_instances /opt/stack/nova/nova/compute/api.py:1404}}
Oct 20 08:48:14 user devstack@n-api.service[63977]: DEBUG nova.compute.api [None req-6498c068-ea6a-4843-8343-148ae1aa5581 tempest-ServerRescueNegativeTestJSON-1580334620 tempest-ServerRescueNegativeTestJSON-1580334620-project-member] [instance: 9fe77a96-fcb5-4410-85cc-58d925548e03] block_device_mapping [BlockDeviceMapping(attachment_id=,boot_index=0,connection_info=None,created_at=,delete_on_termination=True,deleted=,deleted_at=,destination_type='local',device_name=None,device_type='disk',disk_bus=None,encrypted=False,encryption_format=None,encryption_options=None,encryption_secret_uuid=None,guest_format=None,id=,image_id='f58b9629-4790-4951-9492-6447e1485638',instance=,instance_uuid=,no_device=False,snapshot_id=None,source_type='image',tag=None,updated_at=,uuid=,volume_id=None,volume_size=None,volume_type=None)] {{(pid=63977) _bdm_validate_set_size_and_instance /opt/stack/nova/nova/compute/api.py:1865}}
Oct 20 08:48:14 user devstack@n-api.service[63977]: INFO nova.api.openstack.requestlog [None req-6498c068-ea6a-4843-8343-148ae1aa5581 tempest-ServerRescueNegativeTestJSON-1580334620 tempest-ServerRescueNegativeTestJSON-1580334620-project-member] 10.0.0.210 "POST /compute/v2.1/servers" status: 202 len: 381 microversion: 2.1 time: 1.570792
Oct 20 08:48:14 user devstack@n-api.service[63977]: [pid: 63977|app: 0|req: 16/48] 10.0.0.210 () {64 vars in 1224 bytes} [Fri Oct 20 08:48:12 2023] POST /compute/v2.1/servers => generated 381 bytes in 1573 msecs (HTTP/1.1 202) 10 headers in 450 bytes (1 switches on core 0)
Oct 20 08:48:14 user devstack@n-api.service[63976]: DEBUG nova.api.openstack.wsgi [None req-898c1c95-7d75-48e6-94b7-5d4d2461e349 tempest-ServerRescueNegativeTestJSON-1580334620 tempest-ServerRescueNegativeTestJSON-1580334620-project-member] Calling method '>' {{(pid=63976) _process_stack /opt/stack/nova/nova/api/openstack/wsgi.py:513}}
Oct 20 08:48:14 user devstack@n-api.service[63976]: DEBUG nova.compute.api [None req-898c1c95-7d75-48e6-94b7-5d4d2461e349 tempest-ServerRescueNegativeTestJSON-1580334620 tempest-ServerRescueNegativeTestJSON-1580334620-project-member] [instance: 9fe77a96-fcb5-4410-85cc-58d925548e03] Fetching instance by UUID {{(pid=63976) get /opt/stack/nova/nova/compute/api.py:2978}}
Oct 20 08:48:14 user devstack@n-api.service[63978]: DEBUG nova.api.openstack.wsgi [None req-0377b1ce-71ae-4b77-8f65-98c5eb70c603 tempest-VolumesTestJSON-1181049634 tempest-VolumesTestJSON-1181049634-project-member] Calling method '.version_select at 0x7fa080b48b80>' {{(pid=63978) _process_stack /opt/stack/nova/nova/api/openstack/wsgi.py:513}}
Oct 20 08:48:14 user devstack@n-api.service[63978]: INFO nova.api.openstack.requestlog [None req-0377b1ce-71ae-4b77-8f65-98c5eb70c603 tempest-VolumesTestJSON-1181049634 tempest-VolumesTestJSON-1181049634-project-member] 10.0.0.210 "GET /compute/v2.1/os-volumes/757b9457-4405-4805-b4c0-239741e0a805" status: 200 len: 351 microversion: 2.1 time: 0.078121
Oct 20 08:48:14 user devstack@n-api.service[63978]: [pid: 63978|app: 0|req: 18/49] 10.0.0.210 () {62 vars in 1322 bytes} [Fri Oct 20 08:48:14 2023] GET /compute/v2.1/os-volumes/757b9457-4405-4805-b4c0-239741e0a805 => generated 351 bytes in 80 msecs (HTTP/1.1 200) 9 headers in 357 bytes (1 switches on core 0)
Oct 20 08:48:14 user devstack@n-api.service[63977]: DEBUG nova.api.openstack.wsgi [None req-beb85aeb-a838-4829-8b97-a7c2b3d30e04 tempest-VolumesTestJSON-1181049634 tempest-VolumesTestJSON-1181049634-project-member] Calling method '.version_select at 0x7fa080bb2050>' {{(pid=63977) _process_stack /opt/stack/nova/nova/api/openstack/wsgi.py:513}}
Oct 20 08:48:14 user devstack@n-api.service[63977]: INFO nova.api.openstack.requestlog [None req-beb85aeb-a838-4829-8b97-a7c2b3d30e04 tempest-VolumesTestJSON-1181049634 tempest-VolumesTestJSON-1181049634-project-member] 10.0.0.210 "GET /compute/v2.1/os-volumes" status: 200 len: 1036 microversion: 2.1 time: 0.094891
Oct 20 08:48:14 user devstack@n-api.service[63977]: [pid: 63977|app: 0|req: 17/50] 10.0.0.210 () {62 vars in 1211 bytes} [Fri Oct 20 08:48:14 2023] GET /compute/v2.1/os-volumes => generated 1036 bytes in 97 msecs (HTTP/1.1 200) 9 headers in 358 bytes (1 switches on core 0)
Oct 20 08:48:14 user devstack@n-api.service[63978]: DEBUG nova.api.openstack.wsgi [None req-498a5117-206d-4d8d-b209-381bd856ff96 tempest-VolumesTestJSON-1181049634 tempest-VolumesTestJSON-1181049634-project-member] Calling method '.version_select at 0x7fa080b492d0>' {{(pid=63978) _process_stack /opt/stack/nova/nova/api/openstack/wsgi.py:513}}
Oct 20 08:48:14 user devstack@n-api.service[63978]: INFO nova.api.openstack.requestlog [None req-498a5117-206d-4d8d-b209-381bd856ff96 tempest-VolumesTestJSON-1181049634 tempest-VolumesTestJSON-1181049634-project-member] 10.0.0.210 "GET /compute/v2.1/os-volumes?limit=2" status: 200 len: 695 microversion: 2.1 time: 0.112602
Oct 20 08:48:14 user devstack@n-api.service[63978]: [pid: 63978|app: 0|req: 19/51] 10.0.0.210 () {62 vars in 1226 bytes} [Fri Oct 20 08:48:14 2023] GET /compute/v2.1/os-volumes?limit=2 => generated 695 bytes in 115 msecs (HTTP/1.1 200) 9 headers in 357 bytes (1 switches on core 0)
Oct 20 08:48:14 user devstack@n-api.service[63977]: DEBUG nova.api.openstack.wsgi [None req-d66789d6-0336-4b90-95a3-77ca8b90245d tempest-VolumesTestJSON-1181049634 tempest-VolumesTestJSON-1181049634-project-member] Calling method '.version_select at 0x7fa080cd37f0>' {{(pid=63977) _process_stack /opt/stack/nova/nova/api/openstack/wsgi.py:513}}
Oct 20 08:48:14 user devstack@n-api.service[63976]: DEBUG nova.policy [None req-898c1c95-7d75-48e6-94b7-5d4d2461e349 tempest-ServerRescueNegativeTestJSON-1580334620 tempest-ServerRescueNegativeTestJSON-1580334620-project-member] Policy check for os_compute_api:os-extended-server-attributes failed with credentials {'is_admin': False, 'user_id': '4024fa0ccfda49e0a070b9e6166e37ed', 'user_domain_id': 'default', 'system_scope': None, 'domain_id': None, 'project_id': 'd74bb65080a343afb5cbcea1b5481938', 'project_domain_id': 'default', 'roles': ['member', 'reader'], 'is_admin_project': True, 'service_user_id': None, 'service_user_domain_id': None, 'service_project_id': None, 'service_project_domain_id': None, 'service_roles': []} {{(pid=63976) authorize /opt/stack/nova/nova/policy.py:203}}
Oct 20 08:48:14 user devstack@n-api.service[63977]: INFO nova.api.openstack.requestlog [None req-d66789d6-0336-4b90-95a3-77ca8b90245d tempest-VolumesTestJSON-1181049634 tempest-VolumesTestJSON-1181049634-project-member] 10.0.0.210 "GET /compute/v2.1/os-volumes" status: 200 len: 1036 microversion: 2.1 time: 0.079119
Oct 20 08:48:14 user devstack@n-api.service[63977]: [pid: 63977|app: 0|req: 18/52] 10.0.0.210 () {62 vars in 1211 bytes} [Fri Oct 20 08:48:14 2023] GET /compute/v2.1/os-volumes => generated 1036 bytes in 80 msecs (HTTP/1.1 200) 9 headers in 358 bytes (1 switches on core 0)
Oct 20 08:48:14 user devstack@n-api.service[63976]: INFO nova.api.openstack.requestlog [None req-898c1c95-7d75-48e6-94b7-5d4d2461e349 tempest-ServerRescueNegativeTestJSON-1580334620 tempest-ServerRescueNegativeTestJSON-1580334620-project-member] 10.0.0.210 "GET /compute/v2.1/servers/9fe77a96-fcb5-4410-85cc-58d925548e03" status: 200 len: 1214 microversion: 2.1 time: 0.447619
Oct 20 08:48:14 user devstack@n-api.service[63976]: [pid: 63976|app: 0|req: 16/53] 10.0.0.210 () {62 vars in 1313 bytes} [Fri Oct 20 08:48:14 2023] GET /compute/v2.1/servers/9fe77a96-fcb5-4410-85cc-58d925548e03 => generated 1214 bytes in 449 msecs (HTTP/1.1 200) 9 headers in 358 bytes (1 switches on core 0)
Oct 20 08:48:14 user devstack@n-api.service[63978]: DEBUG nova.api.openstack.wsgi [None req-b9dd7aff-edff-4ae9-8a10-5c57660972fa tempest-VolumesTestJSON-1181049634 tempest-VolumesTestJSON-1181049634-project-member] Calling method '.version_select at 0x7fa080cf0a60>' {{(pid=63978) _process_stack /opt/stack/nova/nova/api/openstack/wsgi.py:513}}
Oct 20 08:48:14 user devstack@n-api.service[63978]: INFO nova.api.openstack.requestlog [None req-b9dd7aff-edff-4ae9-8a10-5c57660972fa tempest-VolumesTestJSON-1181049634 tempest-VolumesTestJSON-1181049634-project-member] 10.0.0.210 "GET /compute/v2.1/os-volumes?offset=1&limit=1" status: 200 len: 354 microversion: 2.1 time: 0.096152
Oct 20 08:48:14 user devstack@n-api.service[63978]: [pid: 63978|app: 0|req: 20/54] 10.0.0.210 () {62 vars in 1244 bytes} [Fri Oct 20 08:48:14 2023] GET /compute/v2.1/os-volumes?offset=1&limit=1 => generated 354 bytes in 98 msecs (HTTP/1.1 200) 9 headers in 357 bytes (1 switches on core 0)
Oct 20 08:48:14 user devstack@n-api.service[63977]: DEBUG nova.api.openstack.wsgi [None req-1b9ce2c2-9f40-42b6-8535-95119e23b8f6 tempest-VolumesTestJSON-1181049634 tempest-VolumesTestJSON-1181049634-project-member] Calling method '.version_select at 0x7fa080bb2f80>' {{(pid=63977) _process_stack /opt/stack/nova/nova/api/openstack/wsgi.py:513}}
Oct 20 08:48:14 user devstack@n-api.service[63976]: DEBUG nova.api.openstack.wsgi [None req-d799d021-0905-4e91-88af-dd698b455439 tempest-ServerRescueNegativeTestJSON-1580334620 tempest-ServerRescueNegativeTestJSON-1580334620-project-member] Action: 'create', calling method: >, body: {"server": {"name": "tempest-ServerRescueNegativeTestJSON-server-1005459278", "imageRef": "f58b9629-4790-4951-9492-6447e1485638", "flavorRef": "1", "adminPass": "***", "networks": [{"uuid": "}]}} {{(pid=63976) _process_stack /opt/stack/nova/nova/api/openstack/wsgi.py:511}}
Oct 20 08:48:15 user devstack@n-api.service[63977]: INFO nova.api.openstack.requestlog [None req-1b9ce2c2-9f40-42b6-8535-95119e23b8f6 tempest-VolumesTestJSON-1181049634 tempest-VolumesTestJSON-1181049634-project-member] 10.0.0.210 "GET /compute/v2.1/os-volumes/detail?limit=2" status: 200 len: 695 microversion: 2.1 time: 0.093748
Oct 20 08:48:15 user devstack@n-api.service[63977]: [pid: 63977|app: 0|req: 19/55] 10.0.0.210 () {62 vars in 1247 bytes} [Fri Oct 20 08:48:14 2023] GET /compute/v2.1/os-volumes/detail?limit=2 => generated 695 bytes in 96 msecs (HTTP/1.1 200) 9 headers in 357 bytes (1 switches on core 0)
Oct 20 08:48:15 user devstack@n-api.service[63978]: DEBUG nova.api.openstack.wsgi [None req-2f87db7c-a58b-4e25-8901-646e11b358c6 tempest-VolumesTestJSON-1181049634 tempest-VolumesTestJSON-1181049634-project-member] Calling method '.version_select at 0x7fa080b49120>' {{(pid=63978) _process_stack /opt/stack/nova/nova/api/openstack/wsgi.py:513}}
Oct 20 08:48:15 user devstack@n-api.service[63976]: DEBUG nova.network.neutron [None req-d799d021-0905-4e91-88af-dd698b455439 tempest-ServerRescueNegativeTestJSON-1580334620 tempest-ServerRescueNegativeTestJSON-1580334620-project-member] validate_networks() for [('d18bb3c8-d3e3-4bde-8424-0bedce340de5', None, None, None, None, None)] {{(pid=63976) validate_networks /opt/stack/nova/nova/network/neutron.py:2638}}
Oct 20 08:48:15 user devstack@n-api.service[63978]: INFO nova.api.openstack.requestlog [None req-2f87db7c-a58b-4e25-8901-646e11b358c6 tempest-VolumesTestJSON-1181049634 tempest-VolumesTestJSON-1181049634-project-member] 10.0.0.210 "GET /compute/v2.1/os-volumes/detail" status: 200 len: 1036 microversion: 2.1 time: 0.156161
Oct 20 08:48:15 user devstack@n-api.service[63978]: [pid: 63978|app: 0|req: 21/56] 10.0.0.210 () {62 vars in 1232 bytes} [Fri Oct 20 08:48:15 2023] GET /compute/v2.1/os-volumes/detail => generated 1036 bytes in 159 msecs (HTTP/1.1 200) 9 headers in 358 bytes (1 switches on core 0)
Oct 20 08:48:15 user devstack@n-api.service[63977]: DEBUG nova.api.openstack.wsgi [None req-027e93c0-fd98-4549-beb5-530d5f64e285 tempest-VolumesTestJSON-1181049634 tempest-VolumesTestJSON-1181049634-project-member] Calling method '.version_select at 0x7fa080d720e0>' {{(pid=63977) _process_stack /opt/stack/nova/nova/api/openstack/wsgi.py:513}}
Oct 20 08:48:15 user devstack@n-api.service[63977]: INFO nova.api.openstack.requestlog [None req-027e93c0-fd98-4549-beb5-530d5f64e285 tempest-VolumesTestJSON-1181049634 tempest-VolumesTestJSON-1181049634-project-member] 10.0.0.210 "GET /compute/v2.1/os-volumes/detail?offset=1&limit=1" status: 200 len: 354 microversion: 2.1 time: 0.101704
Oct 20 08:48:15 user devstack@n-api.service[63977]: [pid: 63977|app: 0|req: 20/57] 10.0.0.210 () {62 vars in 1265 bytes} [Fri Oct 20 08:48:15 2023] GET /compute/v2.1/os-volumes/detail?offset=1&limit=1 => generated 354 bytes in 104 msecs (HTTP/1.1 200) 9 headers in 357 bytes (1 switches on core 0)
Oct 20 08:48:15 user devstack@n-api.service[63978]: DEBUG nova.api.openstack.wsgi [None req-61432f15-66a2-4053-af79-960436382797 tempest-VolumesTestJSON-1181049634 tempest-VolumesTestJSON-1181049634-project-member] Calling method '.version_select at 0x7fa080cf0a60>' {{(pid=63978) _process_stack /opt/stack/nova/nova/api/openstack/wsgi.py:513}}
Oct 20 08:48:15 user devstack@n-api.service[63978]: INFO nova.api.openstack.requestlog [None req-61432f15-66a2-4053-af79-960436382797 tempest-VolumesTestJSON-1181049634 tempest-VolumesTestJSON-1181049634-project-member] 10.0.0.210 "GET /compute/v2.1/os-volumes/detail" status: 200 len: 1036 microversion: 2.1 time: 0.080209
Oct 20 08:48:15 user devstack@n-api.service[63978]: [pid: 63978|app: 0|req: 22/58] 10.0.0.210 () {62 vars in 1232 bytes} [Fri Oct 20 08:48:15 2023] GET /compute/v2.1/os-volumes/detail => generated 1036 bytes in 81 msecs (HTTP/1.1 200) 9 headers in 358 bytes (1 switches on core 0)
Oct 20 08:48:15 user devstack@n-api.service[63977]: DEBUG nova.api.openstack.wsgi [None req-a126e0ea-77a1-4164-b90e-6c7a7d8beff9 tempest-ServerStableDeviceRescueTest-767632424 tempest-ServerStableDeviceRescueTest-767632424-project-member] Action: 'create', calling method: >, body: {"server": {"name": "tempest-ServerStableDeviceRescueTest-server-356284458", "imageRef": "f58b9629-4790-4951-9492-6447e1485638", "flavorRef": "1", "networks": [{"uuid": "298357dd-0031-4c33-8c72-269e894c8d86"}], "security_groups": [{"name": "tempest-securitygroup--667167613"}], "key_name": "tempest-keypair-1573659215", "user_data": "IyEvYmluL3NoCmVjaG8gIlByaW50aW5nIGNpcnJvcyB1c2VyIGF1dGhvcml6ZWQga2V5cyIKY2F0IH5jaXJyb3MvLnNzaC9hdXRob3JpemVkX2tleXMgfHwgdHJ1ZQo="}} {{(pid=63977) _process_stack /opt/stack/nova/nova/api/openstack/wsgi.py:511}}
Oct 20 08:48:15 user devstack@n-api.service[63978]: DEBUG nova.api.openstack.wsgi [None req-b227056b-8a01-4a66-8c7c-600321512236 tempest-ServerActionsTestOtherA-1138208404 tempest-ServerActionsTestOtherA-1138208404-project-member] Action: 'create', calling method: >, body: {"server": {"name": "tempest-ServerActionsTestOtherA-server-55801458", "imageRef": "f58b9629-4790-4951-9492-6447e1485638", "flavorRef": "1", "adminPass": "***", "networks": [{"uuid": "85546ea9-5283-4a82-9386-6c6ba2b7a0df"}], "security_groups": [{"name": "tempest-securitygroup--1550396418"}], "key_name": "tempest-keypair-612179765", "user_data": "}} {{(pid=63978) _process_stack /opt/stack/nova/nova/api/openstack/wsgi.py:511}}
Oct 20 08:48:15 user devstack@n-api.service[63978]: DEBUG nova.network.neutron [None req-b227056b-8a01-4a66-8c7c-600321512236 tempest-ServerActionsTestOtherA-1138208404 tempest-ServerActionsTestOtherA-1138208404-project-member] validate_networks() for [('85546ea9-5283-4a82-9386-6c6ba2b7a0df', None, None, None, None, None)] {{(pid=63978) validate_networks /opt/stack/nova/nova/network/neutron.py:2638}}
Oct 20 08:48:15 user devstack@n-api.service[63977]: DEBUG nova.network.neutron [None req-a126e0ea-77a1-4164-b90e-6c7a7d8beff9 tempest-ServerStableDeviceRescueTest-767632424 tempest-ServerStableDeviceRescueTest-767632424-project-member] validate_networks() for [('298357dd-0031-4c33-8c72-269e894c8d86', None, None, None, None, None)] {{(pid=63977) validate_networks /opt/stack/nova/nova/network/neutron.py:2638}}
Oct 20 08:48:16 user devstack@n-api.service[63976]: DEBUG nova.virt.hardware [None req-d799d021-0905-4e91-88af-dd698b455439 tempest-ServerRescueNegativeTestJSON-1580334620 tempest-ServerRescueNegativeTestJSON-1580334620-project-member] Flavor limits 0:0:0 {{(pid=63976) get_cpu_topology_constraints /opt/stack/nova/nova/virt/hardware.py:348}}
Oct 20 08:48:16 user devstack@n-api.service[63976]: DEBUG nova.virt.hardware [None req-d799d021-0905-4e91-88af-dd698b455439 tempest-ServerRescueNegativeTestJSON-1580334620 tempest-ServerRescueNegativeTestJSON-1580334620-project-member] Image limits 0:0:0 {{(pid=63976) get_cpu_topology_constraints /opt/stack/nova/nova/virt/hardware.py:352}}
Oct 20 08:48:16 user devstack@n-api.service[63976]: DEBUG nova.virt.hardware [None req-d799d021-0905-4e91-88af-dd698b455439 tempest-ServerRescueNegativeTestJSON-1580334620 tempest-ServerRescueNegativeTestJSON-1580334620-project-member] Flavor pref 0:0:0 {{(pid=63976) get_cpu_topology_constraints /opt/stack/nova/nova/virt/hardware.py:388}}
Oct 20 08:48:16 user devstack@n-api.service[63976]: DEBUG nova.virt.hardware [None req-d799d021-0905-4e91-88af-dd698b455439 tempest-ServerRescueNegativeTestJSON-1580334620 tempest-ServerRescueNegativeTestJSON-1580334620-project-member] Image pref 0:0:0 {{(pid=63976) get_cpu_topology_constraints /opt/stack/nova/nova/virt/hardware.py:392}}
Oct 20 08:48:16 user devstack@n-api.service[63976]: DEBUG nova.virt.hardware [None req-d799d021-0905-4e91-88af-dd698b455439 tempest-ServerRescueNegativeTestJSON-1580334620 tempest-ServerRescueNegativeTestJSON-1580334620-project-member] Chose sockets=0, cores=0, threads=0; limits were sockets=65536, cores=65536, threads=65536 {{(pid=63976) get_cpu_topology_constraints /opt/stack/nova/nova/virt/hardware.py:430}}
Oct 20 08:48:16 user devstack@n-api.service[63976]: DEBUG oslo_concurrency.lockutils [None req-d799d021-0905-4e91-88af-dd698b455439 tempest-ServerRescueNegativeTestJSON-1580334620 tempest-ServerRescueNegativeTestJSON-1580334620-project-member] Acquiring lock "00000000-0000-0000-0000-000000000000" by "nova.context.set_target_cell..get_or_set_cached_cell_and_set_connections" {{(pid=63976) inner /opt/stack/data/venv/lib/python3.10/site-packages/oslo_concurrency/lockutils.py:404}}
Oct 20 08:48:16 user devstack@n-api.service[63976]: DEBUG oslo_concurrency.lockutils [None req-d799d021-0905-4e91-88af-dd698b455439 tempest-ServerRescueNegativeTestJSON-1580334620 tempest-ServerRescueNegativeTestJSON-1580334620-project-member] Lock "00000000-0000-0000-0000-000000000000" acquired by "nova.context.set_target_cell..get_or_set_cached_cell_and_set_connections" :: waited 0.001s {{(pid=63976) inner /opt/stack/data/venv/lib/python3.10/site-packages/oslo_concurrency/lockutils.py:409}}
Oct 20 08:48:16 user devstack@n-api.service[63976]: DEBUG oslo_concurrency.lockutils [None req-d799d021-0905-4e91-88af-dd698b455439 tempest-ServerRescueNegativeTestJSON-1580334620 tempest-ServerRescueNegativeTestJSON-1580334620-project-member] Lock "00000000-0000-0000-0000-000000000000" "released" by "nova.context.set_target_cell..get_or_set_cached_cell_and_set_connections" :: held 0.000s {{(pid=63976) inner /opt/stack/data/venv/lib/python3.10/site-packages/oslo_concurrency/lockutils.py:423}}
Oct 20 08:48:16 user devstack@n-api.service[63976]: DEBUG oslo_concurrency.lockutils [None req-d799d021-0905-4e91-88af-dd698b455439 tempest-ServerRescueNegativeTestJSON-1580334620 tempest-ServerRescueNegativeTestJSON-1580334620-project-member] Acquiring lock "34dd5906-2d60-4ae8-9a38-49cb41f7b0fd" by "nova.context.set_target_cell..get_or_set_cached_cell_and_set_connections" {{(pid=63976) inner /opt/stack/data/venv/lib/python3.10/site-packages/oslo_concurrency/lockutils.py:404}}
Oct 20 08:48:16 user devstack@n-api.service[63976]: DEBUG oslo_concurrency.lockutils [None req-d799d021-0905-4e91-88af-dd698b455439 tempest-ServerRescueNegativeTestJSON-1580334620 tempest-ServerRescueNegativeTestJSON-1580334620-project-member] Lock "34dd5906-2d60-4ae8-9a38-49cb41f7b0fd" acquired by "nova.context.set_target_cell..get_or_set_cached_cell_and_set_connections" :: waited 0.000s {{(pid=63976) inner /opt/stack/data/venv/lib/python3.10/site-packages/oslo_concurrency/lockutils.py:409}}
Oct 20 08:48:16 user devstack@n-api.service[63976]: DEBUG oslo_concurrency.lockutils [None req-d799d021-0905-4e91-88af-dd698b455439 tempest-ServerRescueNegativeTestJSON-1580334620 tempest-ServerRescueNegativeTestJSON-1580334620-project-member] Lock "34dd5906-2d60-4ae8-9a38-49cb41f7b0fd" "released" by "nova.context.set_target_cell..get_or_set_cached_cell_and_set_connections" :: held 0.000s {{(pid=63976) inner /opt/stack/data/venv/lib/python3.10/site-packages/oslo_concurrency/lockutils.py:423}}
Oct 20 08:48:16 user devstack@n-api.service[63976]: DEBUG nova.quota [None req-d799d021-0905-4e91-88af-dd698b455439 tempest-ServerRescueNegativeTestJSON-1580334620 tempest-ServerRescueNegativeTestJSON-1580334620-project-member] Getting quotas for project d74bb65080a343afb5cbcea1b5481938. Resources: {'cores', 'instances', 'ram'} {{(pid=63976) _get_quotas /opt/stack/nova/nova/quota.py:393}}
Oct 20 08:48:16 user devstack@n-api.service[63976]: DEBUG nova.quota [None req-d799d021-0905-4e91-88af-dd698b455439 tempest-ServerRescueNegativeTestJSON-1580334620 tempest-ServerRescueNegativeTestJSON-1580334620-project-member] Getting quotas for user 4024fa0ccfda49e0a070b9e6166e37ed and project d74bb65080a343afb5cbcea1b5481938. Resources: {'cores', 'instances', 'ram'} {{(pid=63976) _get_quotas /opt/stack/nova/nova/quota.py:383}}
Oct 20 08:48:16 user devstack@n-api.service[63976]: DEBUG nova.compute.api [None req-d799d021-0905-4e91-88af-dd698b455439 tempest-ServerRescueNegativeTestJSON-1580334620 tempest-ServerRescueNegativeTestJSON-1580334620-project-member] Going to run 1 instances... {{(pid=63976) _provision_instances /opt/stack/nova/nova/compute/api.py:1404}}
Oct 20 08:48:16 user devstack@n-api.service[63976]: DEBUG nova.compute.api [None req-d799d021-0905-4e91-88af-dd698b455439 tempest-ServerRescueNegativeTestJSON-1580334620 tempest-ServerRescueNegativeTestJSON-1580334620-project-member] [instance: c8054dbd-c0ae-45d2-af95-dae7d05f8c69] block_device_mapping [BlockDeviceMapping(attachment_id=,boot_index=0,connection_info=None,created_at=,delete_on_termination=True,deleted=,deleted_at=,destination_type='local',device_name=None,device_type='disk',disk_bus=None,encrypted=False,encryption_format=None,encryption_options=None,encryption_secret_uuid=None,guest_format=None,id=,image_id='f58b9629-4790-4951-9492-6447e1485638',instance=,instance_uuid=,no_device=False,snapshot_id=None,source_type='image',tag=None,updated_at=,uuid=,volume_id=None,volume_size=None,volume_type=None)] {{(pid=63976) _bdm_validate_set_size_and_instance /opt/stack/nova/nova/compute/api.py:1865}}
Oct 20 08:48:16 user devstack@n-api.service[63976]: INFO nova.api.openstack.requestlog [None req-d799d021-0905-4e91-88af-dd698b455439 tempest-ServerRescueNegativeTestJSON-1580334620 tempest-ServerRescueNegativeTestJSON-1580334620-project-member] 10.0.0.210 "POST /compute/v2.1/servers" status: 202 len: 381 microversion: 2.1 time: 1.970173
Oct 20 08:48:16 user devstack@n-api.service[63976]: [pid: 63976|app: 0|req: 17/59] 10.0.0.210 () {64 vars in 1224 bytes} [Fri Oct 20 08:48:14 2023] POST /compute/v2.1/servers => generated 381 bytes in 1972 msecs (HTTP/1.1 202) 10 headers in 450 bytes (1 switches on core 0)
Oct 20 08:48:16 user devstack@n-api.service[63976]: DEBUG nova.api.openstack.wsgi [None req-9570b1b1-f05e-40f6-8fa0-e7642023a7b5 tempest-ServerRescueNegativeTestJSON-1580334620 tempest-ServerRescueNegativeTestJSON-1580334620-project-member] Calling method '>' {{(pid=63976) _process_stack /opt/stack/nova/nova/api/openstack/wsgi.py:513}}
Oct 20 08:48:16 user devstack@n-api.service[63976]: DEBUG nova.compute.api [None req-9570b1b1-f05e-40f6-8fa0-e7642023a7b5 tempest-ServerRescueNegativeTestJSON-1580334620 tempest-ServerRescueNegativeTestJSON-1580334620-project-member] [instance: c8054dbd-c0ae-45d2-af95-dae7d05f8c69] Fetching instance by UUID {{(pid=63976) get /opt/stack/nova/nova/compute/api.py:2978}}
