Oct 20 12:56:02 user devstack@keystone.service[45655]: DEBUG keystone.server.flask.request_processing.middleware.auth_context [None req-e64ad747-ecf7-4915-9dca-51efbe2affab None admin] RBAC: auth_context: {'token': , 'domain_id': None, 'trust_id': None, 'trustor_id': None, 'trustee_id': None, 'domain_name': None, 'group_ids': [], 'user_id': 'd017640d1cdf4cb3ae0137e1973a8cc1', 'user_domain_id': 'default', 'system_scope': 'all', 'project_id': None, 'project_domain_id': None, 'roles': ['admin', 'manager', 'member', 'reader'], 'is_admin_project': True, 'service_user_id': None, 'service_user_domain_id': None, 'service_project_id': None, 'service_project_domain_id': None, 'service_roles': []} {{(pid=45655) fill_context /opt/stack/keystone/keystone/server/flask/request_processing/middleware/auth_context.py:480}}
Oct 20 12:56:02 user devstack@keystone.service[45655]: DEBUG keystone.server.flask.request_processing.req_logging [None req-e64ad747-ecf7-4915-9dca-51efbe2affab None admin] REQUEST_METHOD: `GET` {{(pid=45655) log_request_info /opt/stack/keystone/keystone/server/flask/request_processing/req_logging.py:27}}
Oct 20 12:56:02 user devstack@keystone.service[45655]: DEBUG keystone.server.flask.request_processing.req_logging [None req-e64ad747-ecf7-4915-9dca-51efbe2affab None admin] SCRIPT_NAME: `/identity` {{(pid=45655) log_request_info /opt/stack/keystone/keystone/server/flask/request_processing/req_logging.py:28}}
Oct 20 12:56:02 user devstack@keystone.service[45655]: DEBUG keystone.server.flask.request_processing.req_logging [None req-e64ad747-ecf7-4915-9dca-51efbe2affab None admin] PATH_INFO: `/v3/roles/member` {{(pid=45655) log_request_info /opt/stack/keystone/keystone/server/flask/request_processing/req_logging.py:29}}
Oct 20 12:56:02 user devstack@keystone.service[45657]: DEBUG keystone.server.flask.request_processing.middleware.auth_context [None req-1472db3c-ceb0-401f-959d-0a414d5320cd None admin] RBAC: auth_context: {'token': , 'domain_id': None, 'trust_id': None, 'trustor_id': None, 'trustee_id': None, 'domain_name': None, 'group_ids': [], 'user_id': 'd017640d1cdf4cb3ae0137e1973a8cc1', 'user_domain_id': 'default', 'system_scope': 'all', 'project_id': None, 'project_domain_id': None, 'roles': ['admin', 'manager', 'member', 'reader'], 'is_admin_project': True, 'service_user_id': None, 'service_user_domain_id': None, 'service_project_id': None, 'service_project_domain_id': None, 'service_roles': []} {{(pid=45657) fill_context /opt/stack/keystone/keystone/server/flask/request_processing/middleware/auth_context.py:480}}
Oct 20 12:56:02 user devstack@keystone.service[45657]: DEBUG keystone.server.flask.request_processing.req_logging [None req-1472db3c-ceb0-401f-959d-0a414d5320cd None admin] REQUEST_METHOD: `GET` {{(pid=45657) log_request_info /opt/stack/keystone/keystone/server/flask/request_processing/req_logging.py:27}}
Oct 20 12:56:02 user devstack@keystone.service[45655]: DEBUG keystone.common.rbac_enforcer.enforcer [None req-e64ad747-ecf7-4915-9dca-51efbe2affab None admin] Extracting inferred target data resulted in "NOT FOUND (404)". {{(pid=45655) enforce_call /opt/stack/keystone/keystone/common/rbac_enforcer/enforcer.py:409}}
Oct 20 12:56:02 user devstack@keystone.service[45657]: DEBUG keystone.server.flask.request_processing.req_logging [None req-1472db3c-ceb0-401f-959d-0a414d5320cd None admin] SCRIPT_NAME: `/identity` {{(pid=45657) log_request_info /opt/stack/keystone/keystone/server/flask/request_processing/req_logging.py:28}}
Oct 20 12:56:02 user devstack@keystone.service[45657]: DEBUG keystone.server.flask.request_processing.req_logging [None req-1472db3c-ceb0-401f-959d-0a414d5320cd None admin] PATH_INFO: `/v3/roles` {{(pid=45657) log_request_info /opt/stack/keystone/keystone/server/flask/request_processing/req_logging.py:29}}
Oct 20 12:56:02 user devstack@keystone.service[45657]: DEBUG keystone.common.rbac_enforcer.enforcer [None req-1472db3c-ceb0-401f-959d-0a414d5320cd None admin] RBAC: Adding query filter params (name=anotherrole) {{(pid=45657) _extract_filter_values /opt/stack/keystone/keystone/common/rbac_enforcer/enforcer.py:167}}
Oct 20 12:56:02 user devstack@keystone.service[45657]: DEBUG keystone.common.rbac_enforcer.enforcer [None req-1472db3c-ceb0-401f-959d-0a414d5320cd None admin] RBAC: Authorizing `identity:list_roles()` {{(pid=45657) enforce_call /opt/stack/keystone/keystone/common/rbac_enforcer/enforcer.py:449}}
Oct 20 12:56:02 user devstack@keystone.service[45657]: DEBUG keystone.common.rbac_enforcer.enforcer [None req-1472db3c-ceb0-401f-959d-0a414d5320cd None admin] RBAC: Authorization granted {{(pid=45657) enforce_call /opt/stack/keystone/keystone/common/rbac_enforcer/enforcer.py:457}}
Oct 20 12:56:02 user devstack@keystone.service[45655]: ERROR keystone.server.flask.application [None req-e64ad747-ecf7-4915-9dca-51efbe2affab None admin] Could not find role: member.: keystone.exception.RoleNotFound: Could not find role: member.
Oct 20 12:56:02 user devstack@keystone.service[45655]: ERROR keystone.server.flask.application
Traceback (most recent call last):
Oct 20 12:56:02 user devstack@keystone.service[45655]: ERROR keystone.server.flask.application
File "/opt/stack/data/venv/lib/python3.10/site-packages/flask/app.py", line 1823, in full_dispatch_request
Oct 20 12:56:02 user devstack@keystone.service[45655]: ERROR keystone.server.flask.application rv = self.dispatch_request()
Oct 20 12:56:02 user devstack@keystone.service[45655]: ERROR keystone.server.flask.application
File "/opt/stack/data/venv/lib/python3.10/site-packages/flask/app.py", line 1799, in dispatch_request
Oct 20 12:56:02 user devstack@keystone.service[45655]: ERROR keystone.server.flask.application return self.ensure_sync(self.view_functions[rule.endpoint])(**view_args)
Oct 20 12:56:02 user devstack@keystone.service[45655]: ERROR keystone.server.flask.application
File "/opt/stack/data/venv/lib/python3.10/site-packages/flask_restful/__init__.py", line 489, in wrapper
Oct 20 12:56:02 user devstack@keystone.service[45655]: ERROR keystone.server.flask.application resp = resource(*args, **kwargs)
Oct 20 12:56:02 user devstack@keystone.service[45655]: ERROR keystone.server.flask.application
File "/opt/stack/data/venv/lib/python3.10/site-packages/flask/views.py", line 107, in view
Oct 20 12:56:02 user devstack@keystone.service[45655]: ERROR keystone.server.flask.application return current_app.ensure_sync(self.dispatch_request)(**kwargs)
Oct 20 12:56:02 user devstack@keystone.service[45655]: ERROR keystone.server.flask.application
File "/opt/stack/data/venv/lib/python3.10/site-packages/flask_restful/__init__.py", line 604, in dispatch_request
Oct 20 12:56:02 user devstack@keystone.service[45655]: ERROR keystone.server.flask.application resp = meth(*args, **kwargs)
Oct 20 12:56:02 user devstack@keystone.service[45655]: ERROR keystone.server.flask.application
File "/opt/stack/keystone/keystone/api/roles.py", line 50, in get
Oct 20 12:56:02 user devstack@keystone.service[45655]: ERROR keystone.server.flask.application return self._get_role(role_id)
Oct 20 12:56:02 user devstack@keystone.service[45655]: ERROR keystone.server.flask.application
File "/opt/stack/keystone/keystone/api/roles.py", line 70, in _get_role
Oct 20 12:56:02 user devstack@keystone.service[45655]: ERROR keystone.server.flask.application ENFORCER.enforce_call(action='identity:get_role')
Oct 20 12:56:02 user devstack@keystone.service[45655]: ERROR keystone.server.flask.application
File "/opt/stack/keystone/keystone/common/rbac_enforcer/enforcer.py", line 402, in enforce_call
Oct 20 12:56:02 user devstack@keystone.service[45655]: ERROR keystone.server.flask.application policy_dict.update(cls._extract_member_target_data(
Oct 20 12:56:02 user devstack@keystone.service[45655]: ERROR keystone.server.flask.application
File "/opt/stack/keystone/keystone/common/rbac_enforcer/enforcer.py", line 234, in _extract_member_target_data
Oct 20 12:56:02 user devstack@keystone.service[45655]: ERROR keystone.server.flask.application member_name: func(flask.request.view_args[key])
Oct 20 12:56:02 user devstack@keystone.service[45655]: ERROR keystone.server.flask.application
File "/opt/stack/keystone/keystone/common/manager.py", line 115, in wrapped
Oct 20 12:56:02 user devstack@keystone.service[45655]: ERROR keystone.server.flask.application __ret_val = __f(*args, **kwargs)
Oct 20 12:56:02 user devstack@keystone.service[45655]: ERROR keystone.server.flask.application
File "/opt/stack/data/venv/lib/python3.10/site-packages/decorator.py", line 232, in fun
Oct 20 12:56:02 user devstack@keystone.service[45655]: ERROR keystone.server.flask.application return caller(func, *(extras + args), **kw)
Oct 20 12:56:02 user devstack@keystone.service[45655]: ERROR keystone.server.flask.application
File "/opt/stack/data/venv/lib/python3.10/site-packages/dogpile/cache/region.py", line 1594, in get_or_create_for_user_func
Oct 20 12:56:02 user devstack@keystone.service[45655]: ERROR keystone.server.flask.application return self.get_or_create(
Oct 20 12:56:02 user devstack@keystone.service[45655]: ERROR keystone.server.flask.application
File "/opt/stack/data/venv/lib/python3.10/site-packages/dogpile/cache/region.py", line 1054, in get_or_create
Oct 20 12:56:02 user devstack@keystone.service[45655]: ERROR keystone.server.flask.application with Lock(
Oct 20 12:56:02 user devstack@keystone.service[45655]: ERROR keystone.server.flask.application
File "/opt/stack/data/venv/lib/python3.10/site-packages/dogpile/lock.py", line 185, in __enter__
Oct 20 12:56:02 user devstack@keystone.service[45655]: ERROR keystone.server.flask.application return self._enter()
Oct 20 12:56:02 user devstack@keystone.service[45655]: ERROR keystone.server.flask.application
File "/opt/stack/data/venv/lib/python3.10/site-packages/dogpile/lock.py", line 94, in _enter
Oct 20 12:56:02 user devstack@keystone.service[45655]: ERROR keystone.server.flask.application generated = self._enter_create(value, createdtime)
Oct 20 12:56:02 user devstack@keystone.service[45655]: ERROR keystone.server.flask.application
File "/opt/stack/data/venv/lib/python3.10/site-packages/dogpile/lock.py", line 178, in _enter_create
Oct 20 12:56:02 user devstack@keystone.service[45655]: ERROR keystone.server.flask.application return self.creator()
Oct 20 12:56:02 user devstack@keystone.service[45655]: ERROR keystone.server.flask.application
File "/opt/stack/data/venv/lib/python3.10/site-packages/dogpile/cache/region.py", line 1007, in gen_value
Oct 20 12:56:02 user devstack@keystone.service[45655]: ERROR keystone.server.flask.application created_value = creator(
Oct 20 12:56:02 user devstack@keystone.service[45655]: ERROR keystone.server.flask.application
File "/opt/stack/keystone/keystone/assignment/core.py", line 1276, in get_role
Oct 20 12:56:02 user devstack@keystone.service[45655]: ERROR keystone.server.flask.application return self.driver.get_role(role_id)
Oct 20 12:56:02 user devstack@keystone.service[45655]: ERROR keystone.server.flask.application
File "/opt/stack/keystone/keystone/assignment/role_backends/sql.py", line 70, in get_role
Oct 20 12:56:02 user devstack@keystone.service[45655]: ERROR keystone.server.flask.application return self._get_role(session, role_id).to_dict()
Oct 20 12:56:02 user devstack@keystone.service[45655]: ERROR keystone.server.flask.application
File "/opt/stack/keystone/keystone/assignment/role_backends/sql.py", line 65, in _get_role
Oct 20 12:56:02 user devstack@keystone.service[45655]: ERROR keystone.server.flask.application raise exception.RoleNotFound(role_id=role_id)
Oct 20 12:56:02 user devstack@keystone.service[45655]: ERROR keystone.server.flask.application keystone.exception.RoleNotFound: Could not find role: member.
Oct 20 12:56:02 user devstack@keystone.service[45655]: ERROR keystone.server.flask.application
Oct 20 12:56:02 user devstack@keystone.service[45655]: [pid: 45655|app: 0|req: 24/74] 10.0.0.210 () {56 vars in 1094 bytes} [Fri Oct 20 12:56:02 2023] GET /identity/v3/roles/member => generated 84 bytes in 137 msecs (HTTP/1.1 404) 5 headers in 183 bytes (1 switches on core 0)
Oct 20 12:56:02 user devstack@keystone.service[45655]: DEBUG keystone.server.flask.request_processing.middleware.auth_context [None req-e64ad747-ecf7-4915-9dca-51efbe2affab None admin] Authenticating user token {{(pid=45655) process_request /opt/stack/data/venv/lib/python3.10/site-packages/keystonemiddleware/auth_token/__init__.py:406}}
Oct 20 12:56:02 user devstack@keystone.service[45657]: [pid: 45657|app: 0|req: 26/75] 10.0.0.210 () {56 vars in 1106 bytes} [Fri Oct 20 12:56:02 2023] GET /identity/v3/roles?name=anotherrole => generated 332 bytes in 135 msecs (HTTP/1.1 200) 5 headers in 177 bytes (1 switches on core 0)
Oct 20 12:56:02 user devstack@keystone.service[45657]: DEBUG keystone.server.flask.request_processing.middleware.auth_context [None req-1472db3c-ceb0-401f-959d-0a414d5320cd None admin] Authenticating user token {{(pid=45657) process_request /opt/stack/data/venv/lib/python3.10/site-packages/keystonemiddleware/auth_token/__init__.py:406}}
Oct 20 12:56:02 user devstack@keystone.service[45656]: DEBUG keystone.server.flask.request_processing.middleware.auth_context [None req-6a789311-95c0-4024-b01e-46e0c03327f3 None admin] Validating token access rules against request {{(pid=45656) validate_allowed_request /opt/stack/data/venv/lib/python3.10/site-packages/keystonemiddleware/auth_token/__init__.py:544}}
Oct 20 12:56:02 user devstack@keystone.service[45656]: DEBUG keystone.server.flask.request_processing.middleware.auth_context [None req-0f67ccb4-5fbe-439d-b038-5a505b7ec85c None admin] RBAC: auth_context: {'token': , 'domain_id': None, 'trust_id': None, 'trustor_id': None, 'trustee_id': None, 'domain_name': None, 'group_ids': [], 'user_id': 'd017640d1cdf4cb3ae0137e1973a8cc1', 'user_domain_id': 'default', 'system_scope': 'all', 'project_id': None, 'project_domain_id': None, 'roles': ['admin', 'manager', 'member', 'reader'], 'is_admin_project': True, 'service_user_id': None, 'service_user_domain_id': None, 'service_project_id': None, 'service_project_domain_id': None, 'service_roles': []} {{(pid=45656) fill_context /opt/stack/keystone/keystone/server/flask/request_processing/middleware/auth_context.py:480}}
Oct 20 12:56:02 user devstack@keystone.service[45656]: DEBUG keystone.server.flask.request_processing.req_logging [None req-0f67ccb4-5fbe-439d-b038-5a505b7ec85c None admin] REQUEST_METHOD: `GET` {{(pid=45656) log_request_info /opt/stack/keystone/keystone/server/flask/request_processing/req_logging.py:27}}
Oct 20 12:56:02 user devstack@keystone.service[45656]: DEBUG keystone.server.flask.request_processing.req_logging [None req-0f67ccb4-5fbe-439d-b038-5a505b7ec85c None admin] SCRIPT_NAME: `/identity` {{(pid=45656) log_request_info /opt/stack/keystone/keystone/server/flask/request_processing/req_logging.py:28}}
Oct 20 12:56:02 user devstack@keystone.service[45656]: DEBUG keystone.server.flask.request_processing.req_logging [None req-0f67ccb4-5fbe-439d-b038-5a505b7ec85c None admin] PATH_INFO: `/v3/users/d017640d1cdf4cb3ae0137e1973a8cc1` {{(pid=45656) log_request_info /opt/stack/keystone/keystone/server/flask/request_processing/req_logging.py:29}}
Oct 20 12:56:02 user devstack@keystone.service[45655]: DEBUG keystone.server.flask.request_processing.middleware.auth_context [None req-e64ad747-ecf7-4915-9dca-51efbe2affab None admin] Validating token access rules against request {{(pid=45655) validate_allowed_request /opt/stack/data/venv/lib/python3.10/site-packages/keystonemiddleware/auth_token/__init__.py:544}}
Oct 20 12:56:02 user devstack@keystone.service[45656]: DEBUG keystone.common.rbac_enforcer.enforcer [None req-0f67ccb4-5fbe-439d-b038-5a505b7ec85c None admin] RBAC: Authorizing `identity:get_user(user_id=d017640d1cdf4cb3ae0137e1973a8cc1)` {{(pid=45656) enforce_call /opt/stack/keystone/keystone/common/rbac_enforcer/enforcer.py:449}}
Oct 20 12:56:02 user devstack@keystone.service[45657]: DEBUG keystone.server.flask.request_processing.middleware.auth_context [None req-1472db3c-ceb0-401f-959d-0a414d5320cd None admin] Validating token access rules against request {{(pid=45657) validate_allowed_request /opt/stack/data/venv/lib/python3.10/site-packages/keystonemiddleware/auth_token/__init__.py:544}}
Oct 20 12:56:02 user devstack@keystone.service[45656]: DEBUG keystone.common.rbac_enforcer.enforcer [None req-0f67ccb4-5fbe-439d-b038-5a505b7ec85c None admin] RBAC: Authorization granted {{(pid=45656) enforce_call /opt/stack/keystone/keystone/common/rbac_enforcer/enforcer.py:457}}
Oct 20 12:56:02 user devstack@keystone.service[45656]: [pid: 45656|app: 0|req: 26/76] 10.0.0.210 () {56 vars in 1172 bytes} [Fri Oct 20 12:56:02 2023] GET /identity/v3/users/d017640d1cdf4cb3ae0137e1973a8cc1 => generated 246 bytes in 136 msecs (HTTP/1.1 200) 5 headers in 177 bytes (1 switches on core 0)
Oct 20 12:56:02 user devstack@keystone.service[45656]: DEBUG keystone.server.flask.request_processing.middleware.auth_context [None req-0f67ccb4-5fbe-439d-b038-5a505b7ec85c None admin] Authenticating user token {{(pid=45656) process_request /opt/stack/data/venv/lib/python3.10/site-packages/keystonemiddleware/auth_token/__init__.py:406}}
Oct 20 12:56:02 user devstack@keystone.service[45657]: DEBUG keystone.server.flask.request_processing.middleware.auth_context [None req-c6ae5326-7ca6-48fd-ab9e-3e86ef0571f8 None admin] RBAC: auth_context: {'token': , 'domain_id': None, 'trust_id': None, 'trustor_id': None, 'trustee_id': None, 'domain_name': None, 'group_ids': [], 'user_id': 'd017640d1cdf4cb3ae0137e1973a8cc1', 'user_domain_id': 'default', 'system_scope': 'all', 'project_id': None, 'project_domain_id': None, 'roles': ['admin', 'manager', 'member', 'reader'], 'is_admin_project': True, 'service_user_id': None, 'service_user_domain_id': None, 'service_project_id': None, 'service_project_domain_id': None, 'service_roles': []} {{(pid=45657) fill_context /opt/stack/keystone/keystone/server/flask/request_processing/middleware/auth_context.py:480}}
Oct 20 12:56:02 user devstack@keystone.service[45655]: DEBUG keystone.server.flask.request_processing.middleware.auth_context [None req-6d6b43e3-7545-4746-af7f-e727f97add80 None admin] RBAC: auth_context: {'token': , 'domain_id': None, 'trust_id': None, 'trustor_id': None, 'trustee_id': None, 'domain_name': None, 'group_ids': [], 'user_id': 'd017640d1cdf4cb3ae0137e1973a8cc1', 'user_domain_id': 'default', 'system_scope': 'all', 'project_id': None, 'project_domain_id': None, 'roles': ['admin', 'manager', 'member', 'reader'], 'is_admin_project': True, 'service_user_id': None, 'service_user_domain_id': None, 'service_project_id': None, 'service_project_domain_id': None, 'service_roles': []} {{(pid=45655) fill_context /opt/stack/keystone/keystone/server/flask/request_processing/middleware/auth_context.py:480}}
Oct 20 12:56:02 user devstack@keystone.service[45655]: DEBUG keystone.server.flask.request_processing.req_logging [None req-6d6b43e3-7545-4746-af7f-e727f97add80 None admin] REQUEST_METHOD: `GET` {{(pid=45655) log_request_info /opt/stack/keystone/keystone/server/flask/request_processing/req_logging.py:27}}
Oct 20 12:56:02 user devstack@keystone.service[45657]: DEBUG keystone.server.flask.request_processing.req_logging [None req-c6ae5326-7ca6-48fd-ab9e-3e86ef0571f8 None admin] REQUEST_METHOD: `PUT` {{(pid=45657) log_request_info /opt/stack/keystone/keystone/server/flask/request_processing/req_logging.py:27}}
Oct 20 12:56:02 user devstack@keystone.service[45655]: DEBUG keystone.server.flask.request_processing.req_logging [None req-6d6b43e3-7545-4746-af7f-e727f97add80 None admin] SCRIPT_NAME: `/identity` {{(pid=45655) log_request_info /opt/stack/keystone/keystone/server/flask/request_processing/req_logging.py:28}}
Oct 20 12:56:02 user devstack@keystone.service[45657]: DEBUG keystone.server.flask.request_processing.req_logging [None req-c6ae5326-7ca6-48fd-ab9e-3e86ef0571f8 None admin] SCRIPT_NAME: `/identity` {{(pid=45657) log_request_info /opt/stack/keystone/keystone/server/flask/request_processing/req_logging.py:28}}
Oct 20 12:56:02 user devstack@keystone.service[45655]: DEBUG keystone.server.flask.request_processing.req_logging [None req-6d6b43e3-7545-4746-af7f-e727f97add80 None admin] PATH_INFO: `/v3/domains/default` {{(pid=45655) log_request_info /opt/stack/keystone/keystone/server/flask/request_processing/req_logging.py:29}}
Oct 20 12:56:02 user devstack@keystone.service[45657]: DEBUG keystone.server.flask.request_processing.req_logging [None req-c6ae5326-7ca6-48fd-ab9e-3e86ef0571f8 None admin] PATH_INFO: `/v3/projects/4670a83eb0234c54acaf896ffb9bc6d2/users/a8ee4b62111d44b38d5bc14c58ee1d5d/roles/ad3937f1f5fb4e3081a8cf58452824df` {{(pid=45657) log_request_info /opt/stack/keystone/keystone/server/flask/request_processing/req_logging.py:29}}
Oct 20 12:56:02 user devstack@keystone.service[45655]: DEBUG keystone.common.rbac_enforcer.enforcer [None req-6d6b43e3-7545-4746-af7f-e727f97add80 None admin] RBAC: Authorizing `identity:get_domain(domain_id=default)` {{(pid=45655) enforce_call /opt/stack/keystone/keystone/common/rbac_enforcer/enforcer.py:449}}
Oct 20 12:56:02 user devstack@keystone.service[45657]: DEBUG keystone.common.rbac_enforcer.enforcer [None req-c6ae5326-7ca6-48fd-ab9e-3e86ef0571f8 None admin] RBAC: Authorizing `identity:create_grant(project_id=4670a83eb0234c54acaf896ffb9bc6d2, user_id=a8ee4b62111d44b38d5bc14c58ee1d5d, role_id=ad3937f1f5fb4e3081a8cf58452824df)` {{(pid=45657) enforce_call /opt/stack/keystone/keystone/common/rbac_enforcer/enforcer.py:449}}
Oct 20 12:56:02 user devstack@keystone.service[45657]: DEBUG keystone.common.rbac_enforcer.enforcer [None req-c6ae5326-7ca6-48fd-ab9e-3e86ef0571f8 None admin] RBAC: Authorization granted {{(pid=45657) enforce_call /opt/stack/keystone/keystone/common/rbac_enforcer/enforcer.py:457}}
Oct 20 12:56:02 user devstack@keystone.service[45655]: DEBUG keystone.common.rbac_enforcer.enforcer [None req-6d6b43e3-7545-4746-af7f-e727f97add80 None admin] RBAC: Authorization granted {{(pid=45655) enforce_call /opt/stack/keystone/keystone/common/rbac_enforcer/enforcer.py:457}}
Oct 20 12:56:02 user devstack@keystone.service[45655]: [pid: 45655|app: 0|req: 25/77] 10.0.0.210 () {56 vars in 1103 bytes} [Fri Oct 20 12:56:02 2023] GET /identity/v3/domains/default => generated 198 bytes in 133 msecs (HTTP/1.1 200) 5 headers in 177 bytes (1 switches on core 0)
Oct 20 12:56:02 user devstack@keystone.service[45655]: DEBUG keystone.server.flask.request_processing.middleware.auth_context [None req-6d6b43e3-7545-4746-af7f-e727f97add80 None admin] Authenticating user token {{(pid=45655) process_request /opt/stack/data/venv/lib/python3.10/site-packages/keystonemiddleware/auth_token/__init__.py:406}}
Oct 20 12:56:02 user devstack@keystone.service[45657]: [pid: 45657|app: 0|req: 27/78] 10.0.0.210 () {58 vars in 1434 bytes} [Fri Oct 20 12:56:02 2023] PUT /identity/v3/projects/4670a83eb0234c54acaf896ffb9bc6d2/users/a8ee4b62111d44b38d5bc14c58ee1d5d/roles/ad3937f1f5fb4e3081a8cf58452824df => generated 0 bytes in 139 msecs (HTTP/1.1 204) 3 headers in 132 bytes (0 switches on core 0)
Oct 20 12:56:02 user devstack@keystone.service[45657]: DEBUG keystone.server.flask.request_processing.middleware.auth_context [None req-c6ae5326-7ca6-48fd-ab9e-3e86ef0571f8 None admin] Authenticating user token {{(pid=45657) process_request /opt/stack/data/venv/lib/python3.10/site-packages/keystonemiddleware/auth_token/__init__.py:406}}
Oct 20 12:56:02 user devstack@keystone.service[45656]: DEBUG keystone.server.flask.request_processing.middleware.auth_context [None req-0f67ccb4-5fbe-439d-b038-5a505b7ec85c None admin] Validating token access rules against request {{(pid=45656) validate_allowed_request /opt/stack/data/venv/lib/python3.10/site-packages/keystonemiddleware/auth_token/__init__.py:544}}
Oct 20 12:56:02 user devstack@keystone.service[45656]: DEBUG keystone.server.flask.request_processing.middleware.auth_context [None req-a0fbbab1-7465-4073-884e-7daaf80eaaec None admin] RBAC: auth_context: {'token': , 'domain_id': None, 'trust_id': None, 'trustor_id': None, 'trustee_id': None, 'domain_name': None, 'group_ids': [], 'user_id': 'd017640d1cdf4cb3ae0137e1973a8cc1', 'user_domain_id': 'default', 'system_scope': 'all', 'project_id': None, 'project_domain_id': None, 'roles': ['admin', 'manager', 'member', 'reader'], 'is_admin_project': True, 'service_user_id': None, 'service_user_domain_id': None, 'service_project_id': None, 'service_project_domain_id': None, 'service_roles': []} {{(pid=45656) fill_context /opt/stack/keystone/keystone/server/flask/request_processing/middleware/auth_context.py:480}}
Oct 20 12:56:02 user devstack@keystone.service[45656]: DEBUG keystone.server.flask.request_processing.req_logging [None req-a0fbbab1-7465-4073-884e-7daaf80eaaec None admin] REQUEST_METHOD: `GET` {{(pid=45656) log_request_info /opt/stack/keystone/keystone/server/flask/request_processing/req_logging.py:27}}
Oct 20 12:56:02 user devstack@keystone.service[45656]: DEBUG keystone.server.flask.request_processing.req_logging [None req-a0fbbab1-7465-4073-884e-7daaf80eaaec None admin] SCRIPT_NAME: `/identity` {{(pid=45656) log_request_info /opt/stack/keystone/keystone/server/flask/request_processing/req_logging.py:28}}
Oct 20 12:56:02 user devstack@keystone.service[45656]: DEBUG keystone.server.flask.request_processing.req_logging [None req-a0fbbab1-7465-4073-884e-7daaf80eaaec None admin] PATH_INFO: `/v3/roles` {{(pid=45656) log_request_info /opt/stack/keystone/keystone/server/flask/request_processing/req_logging.py:29}}
Oct 20 12:56:02 user devstack@keystone.service[45656]: DEBUG keystone.common.rbac_enforcer.enforcer [None req-a0fbbab1-7465-4073-884e-7daaf80eaaec None admin] RBAC: Adding query filter params (name=member) {{(pid=45656) _extract_filter_values /opt/stack/keystone/keystone/common/rbac_enforcer/enforcer.py:167}}
Oct 20 12:56:02 user devstack@keystone.service[45656]: DEBUG keystone.common.rbac_enforcer.enforcer [None req-a0fbbab1-7465-4073-884e-7daaf80eaaec None admin] RBAC: Authorizing `identity:list_roles()` {{(pid=45656) enforce_call /opt/stack/keystone/keystone/common/rbac_enforcer/enforcer.py:449}}
Oct 20 12:56:02 user devstack@keystone.service[45656]: DEBUG keystone.common.rbac_enforcer.enforcer [None req-a0fbbab1-7465-4073-884e-7daaf80eaaec None admin] RBAC: Authorization granted {{(pid=45656) enforce_call /opt/stack/keystone/keystone/common/rbac_enforcer/enforcer.py:457}}
Oct 20 12:56:02 user devstack@keystone.service[45655]: DEBUG keystone.server.flask.request_processing.middleware.auth_context [None req-6d6b43e3-7545-4746-af7f-e727f97add80 None admin] Validating token access rules against request {{(pid=45655) validate_allowed_request /opt/stack/data/venv/lib/python3.10/site-packages/keystonemiddleware/auth_token/__init__.py:544}}
Oct 20 12:56:02 user devstack@keystone.service[45656]: [pid: 45656|app: 0|req: 27/79] 10.0.0.210 () {56 vars in 1096 bytes} [Fri Oct 20 12:56:02 2023] GET /identity/v3/roles?name=member => generated 339 bytes in 138 msecs (HTTP/1.1 200) 5 headers in 177 bytes (1 switches on core 0)
Oct 20 12:56:02 user devstack@keystone.service[45656]: DEBUG keystone.server.flask.request_processing.middleware.auth_context [None req-a0fbbab1-7465-4073-884e-7daaf80eaaec None admin] Authenticating user token {{(pid=45656) process_request /opt/stack/data/venv/lib/python3.10/site-packages/keystonemiddleware/auth_token/__init__.py:406}}
Oct 20 12:56:02 user devstack@keystone.service[45657]: DEBUG keystone.server.flask.request_processing.middleware.auth_context [None req-c6ae5326-7ca6-48fd-ab9e-3e86ef0571f8 None admin] Validating token access rules against request {{(pid=45657) validate_allowed_request /opt/stack/data/venv/lib/python3.10/site-packages/keystonemiddleware/auth_token/__init__.py:544}}
Oct 20 12:56:02 user devstack@keystone.service[45655]: DEBUG keystone.server.flask.request_processing.middleware.auth_context [None req-b7355648-d80d-4203-be50-eb851ae3a6b2 None admin] RBAC: auth_context: {'token': , 'domain_id': None, 'trust_id': None, 'trustor_id': None, 'trustee_id': None, 'domain_name': None, 'group_ids': [], 'user_id': 'd017640d1cdf4cb3ae0137e1973a8cc1', 'user_domain_id': 'default', 'system_scope': 'all', 'project_id': None, 'project_domain_id': None, 'roles': ['admin', 'manager', 'member', 'reader'], 'is_admin_project': True, 'service_user_id': None, 'service_user_domain_id': None, 'service_project_id': None, 'service_project_domain_id': None, 'service_roles': []} {{(pid=45655) fill_context /opt/stack/keystone/keystone/server/flask/request_processing/middleware/auth_context.py:480}}
Oct 20 12:56:02 user devstack@keystone.service[45655]: DEBUG keystone.server.flask.request_processing.req_logging [None req-b7355648-d80d-4203-be50-eb851ae3a6b2 None admin] REQUEST_METHOD: `GET` {{(pid=45655) log_request_info /opt/stack/keystone/keystone/server/flask/request_processing/req_logging.py:27}}
Oct 20 12:56:02 user devstack@keystone.service[45655]: DEBUG keystone.server.flask.request_processing.req_logging [None req-b7355648-d80d-4203-be50-eb851ae3a6b2 None admin] SCRIPT_NAME: `/identity` {{(pid=45655) log_request_info /opt/stack/keystone/keystone/server/flask/request_processing/req_logging.py:28}}
Oct 20 12:56:02 user devstack@keystone.service[45655]: DEBUG keystone.server.flask.request_processing.req_logging [None req-b7355648-d80d-4203-be50-eb851ae3a6b2 None admin] PATH_INFO: `/v3/users/a8ee4b62111d44b38d5bc14c58ee1d5d` {{(pid=45655) log_request_info /opt/stack/keystone/keystone/server/flask/request_processing/req_logging.py:29}}
Oct 20 12:56:02 user devstack@keystone.service[45655]: DEBUG keystone.common.rbac_enforcer.enforcer [None req-b7355648-d80d-4203-be50-eb851ae3a6b2 None admin] RBAC: Authorizing `identity:get_user(user_id=a8ee4b62111d44b38d5bc14c58ee1d5d)` {{(pid=45655) enforce_call /opt/stack/keystone/keystone/common/rbac_enforcer/enforcer.py:449}}
Oct 20 12:56:02 user devstack@keystone.service[45655]: DEBUG keystone.common.rbac_enforcer.enforcer [None req-b7355648-d80d-4203-be50-eb851ae3a6b2 None admin] RBAC: Authorization granted {{(pid=45655) enforce_call /opt/stack/keystone/keystone/common/rbac_enforcer/enforcer.py:457}}
Oct 20 12:56:02 user devstack@keystone.service[45655]: [pid: 45655|app: 0|req: 26/80] 10.0.0.210 () {56 vars in 1172 bytes} [Fri Oct 20 12:56:02 2023] GET /identity/v3/users/a8ee4b62111d44b38d5bc14c58ee1d5d => generated 274 bytes in 134 msecs (HTTP/1.1 200) 5 headers in 177 bytes (1 switches on core 0)
Oct 20 12:56:02 user devstack@keystone.service[45655]: DEBUG keystone.server.flask.request_processing.middleware.auth_context [None req-b7355648-d80d-4203-be50-eb851ae3a6b2 None admin] Authenticating user token {{(pid=45655) process_request /opt/stack/data/venv/lib/python3.10/site-packages/keystonemiddleware/auth_token/__init__.py:406}}
Oct 20 12:56:03 user devstack@keystone.service[45657]: DEBUG keystone.server.flask.request_processing.middleware.auth_context [None req-54a78bd8-5aca-49f6-95dc-95f1989e2b45 None admin] RBAC: auth_context: {'token': , 'domain_id': None, 'trust_id': None, 'trustor_id': None, 'trustee_id': None, 'domain_name': None, 'group_ids': [], 'user_id': 'd017640d1cdf4cb3ae0137e1973a8cc1', 'user_domain_id': 'default', 'system_scope': 'all', 'project_id': None, 'project_domain_id': None, 'roles': ['admin', 'manager', 'member', 'reader'], 'is_admin_project': True, 'service_user_id': None, 'service_user_domain_id': None, 'service_project_id': None, 'service_project_domain_id': None, 'service_roles': []} {{(pid=45657) fill_context /opt/stack/keystone/keystone/server/flask/request_processing/middleware/auth_context.py:480}}
Oct 20 12:56:03 user devstack@keystone.service[45657]: DEBUG keystone.server.flask.request_processing.req_logging [None req-54a78bd8-5aca-49f6-95dc-95f1989e2b45 None admin] REQUEST_METHOD: `GET` {{(pid=45657) log_request_info /opt/stack/keystone/keystone/server/flask/request_processing/req_logging.py:27}}
Oct 20 12:56:03 user devstack@keystone.service[45657]: DEBUG keystone.server.flask.request_processing.req_logging [None req-54a78bd8-5aca-49f6-95dc-95f1989e2b45 None admin] SCRIPT_NAME: `/identity` {{(pid=45657) log_request_info /opt/stack/keystone/keystone/server/flask/request_processing/req_logging.py:28}}
Oct 20 12:56:03 user devstack@keystone.service[45657]: DEBUG keystone.server.flask.request_processing.req_logging [None req-54a78bd8-5aca-49f6-95dc-95f1989e2b45 None admin] PATH_INFO: `/v3/projects/4670a83eb0234c54acaf896ffb9bc6d2` {{(pid=45657) log_request_info /opt/stack/keystone/keystone/server/flask/request_processing/req_logging.py:29}}
Oct 20 12:56:03 user devstack@keystone.service[45657]: DEBUG keystone.common.rbac_enforcer.enforcer [None req-54a78bd8-5aca-49f6-95dc-95f1989e2b45 None admin] RBAC: Authorizing `identity:get_project(project_id=4670a83eb0234c54acaf896ffb9bc6d2)` {{(pid=45657) enforce_call /opt/stack/keystone/keystone/common/rbac_enforcer/enforcer.py:449}}
Oct 20 12:56:03 user devstack@keystone.service[45657]: DEBUG keystone.common.rbac_enforcer.enforcer [None req-54a78bd8-5aca-49f6-95dc-95f1989e2b45 None admin] RBAC: Authorization granted {{(pid=45657) enforce_call /opt/stack/keystone/keystone/common/rbac_enforcer/enforcer.py:457}}
Oct 20 12:56:03 user devstack@keystone.service[45657]: [pid: 45657|app: 0|req: 28/81] 10.0.0.210 () {56 vars in 1181 bytes} [Fri Oct 20 12:56:02 2023] GET /identity/v3/projects/4670a83eb0234c54acaf896ffb9bc6d2 => generated 297 bytes in 142 msecs (HTTP/1.1 200) 5 headers in 177 bytes (1 switches on core 0)
Oct 20 12:56:03 user devstack@keystone.service[45657]: DEBUG keystone.server.flask.request_processing.middleware.auth_context [None req-54a78bd8-5aca-49f6-95dc-95f1989e2b45 None admin] Authenticating user token {{(pid=45657) process_request /opt/stack/data/venv/lib/python3.10/site-packages/keystonemiddleware/auth_token/__init__.py:406}}
Oct 20 12:56:03 user devstack@keystone.service[45656]: DEBUG keystone.server.flask.request_processing.middleware.auth_context [None req-a0fbbab1-7465-4073-884e-7daaf80eaaec None admin] Validating token access rules against request {{(pid=45656) validate_allowed_request /opt/stack/data/venv/lib/python3.10/site-packages/keystonemiddleware/auth_token/__init__.py:544}}
Oct 20 12:56:03 user devstack@keystone.service[45655]: DEBUG keystone.server.flask.request_processing.middleware.auth_context [None req-b7355648-d80d-4203-be50-eb851ae3a6b2 None admin] Validating token access rules against request {{(pid=45655) validate_allowed_request /opt/stack/data/venv/lib/python3.10/site-packages/keystonemiddleware/auth_token/__init__.py:544}}
Oct 20 12:56:03 user devstack@keystone.service[45656]: DEBUG keystone.server.flask.request_processing.middleware.auth_context [None req-f070b37f-05f9-4d77-b0ff-3947ba1e0555 None admin] RBAC: auth_context: {'token': , 'domain_id': None, 'trust_id': None, 'trustor_id': None, 'trustee_id': None, 'domain_name': None, 'group_ids': [], 'user_id': 'd017640d1cdf4cb3ae0137e1973a8cc1', 'user_domain_id': 'default', 'system_scope': 'all', 'project_id': None, 'project_domain_id': None, 'roles': ['admin', 'manager', 'member', 'reader'], 'is_admin_project': True, 'service_user_id': None, 'service_user_domain_id': None, 'service_project_id': None, 'service_project_domain_id': None, 'service_roles': []} {{(pid=45656) fill_context /opt/stack/keystone/keystone/server/flask/request_processing/middleware/auth_context.py:480}}
Oct 20 12:56:03 user devstack@keystone.service[45656]: DEBUG keystone.server.flask.request_processing.req_logging [None req-f070b37f-05f9-4d77-b0ff-3947ba1e0555 None admin] REQUEST_METHOD: `POST` {{(pid=45656) log_request_info /opt/stack/keystone/keystone/server/flask/request_processing/req_logging.py:27}}
Oct 20 12:56:03 user devstack@keystone.service[45656]: DEBUG keystone.server.flask.request_processing.req_logging [None req-f070b37f-05f9-4d77-b0ff-3947ba1e0555 None admin] SCRIPT_NAME: `/identity` {{(pid=45656) log_request_info /opt/stack/keystone/keystone/server/flask/request_processing/req_logging.py:28}}
Oct 20 12:56:03 user devstack@keystone.service[45656]: DEBUG keystone.server.flask.request_processing.req_logging [None req-f070b37f-05f9-4d77-b0ff-3947ba1e0555 None admin] PATH_INFO: `/v3/users` {{(pid=45656) log_request_info /opt/stack/keystone/keystone/server/flask/request_processing/req_logging.py:29}}
Oct 20 12:56:03 user devstack@keystone.service[45656]: DEBUG keystone.common.rbac_enforcer.enforcer [None req-f070b37f-05f9-4d77-b0ff-3947ba1e0555 None admin] RBAC: Authorizing `identity:create_user()` {{(pid=45656) enforce_call /opt/stack/keystone/keystone/common/rbac_enforcer/enforcer.py:449}}
Oct 20 12:56:03 user devstack@keystone.service[45656]: DEBUG keystone.common.rbac_enforcer.enforcer [None req-f070b37f-05f9-4d77-b0ff-3947ba1e0555 None admin] RBAC: Authorization granted {{(pid=45656) enforce_call /opt/stack/keystone/keystone/common/rbac_enforcer/enforcer.py:457}}
Oct 20 12:56:03 user devstack@keystone.service[45656]: WARNING keystone.common.password_hashing [None req-f070b37f-05f9-4d77-b0ff-3947ba1e0555 None admin] Truncating password to algorithm specific maximum length 72 characters.
Oct 20 12:56:03 user devstack@keystone.service[45657]: DEBUG keystone.server.flask.request_processing.middleware.auth_context [None req-54a78bd8-5aca-49f6-95dc-95f1989e2b45 None admin] Validating token access rules against request {{(pid=45657) validate_allowed_request /opt/stack/data/venv/lib/python3.10/site-packages/keystonemiddleware/auth_token/__init__.py:544}}
Oct 20 12:56:03 user devstack@keystone.service[45655]: DEBUG keystone.server.flask.request_processing.middleware.auth_context [None req-3bc3976c-933b-441b-b0c7-c67d813006a8 None admin] RBAC: auth_context: {'token': , 'domain_id': None, 'trust_id': None, 'trustor_id': None, 'trustee_id': None, 'domain_name': None, 'group_ids': [], 'user_id': 'd017640d1cdf4cb3ae0137e1973a8cc1', 'user_domain_id': 'default', 'system_scope': 'all', 'project_id': None, 'project_domain_id': None, 'roles': ['admin', 'manager', 'member', 'reader'], 'is_admin_project': True, 'service_user_id': None, 'service_user_domain_id': None, 'service_project_id': None, 'service_project_domain_id': None, 'service_roles': []} {{(pid=45655) fill_context /opt/stack/keystone/keystone/server/flask/request_processing/middleware/auth_context.py:480}}
Oct 20 12:56:03 user devstack@keystone.service[45655]: DEBUG keystone.server.flask.request_processing.req_logging [None req-3bc3976c-933b-441b-b0c7-c67d813006a8 None admin] REQUEST_METHOD: `GET` {{(pid=45655) log_request_info /opt/stack/keystone/keystone/server/flask/request_processing/req_logging.py:27}}
Oct 20 12:56:03 user devstack@keystone.service[45655]: DEBUG keystone.server.flask.request_processing.req_logging [None req-3bc3976c-933b-441b-b0c7-c67d813006a8 None admin] SCRIPT_NAME: `/identity` {{(pid=45655) log_request_info /opt/stack/keystone/keystone/server/flask/request_processing/req_logging.py:28}}
Oct 20 12:56:03 user devstack@keystone.service[45655]: DEBUG keystone.server.flask.request_processing.req_logging [None req-3bc3976c-933b-441b-b0c7-c67d813006a8 None admin] PATH_INFO: `/v3/users/a8ee4b62111d44b38d5bc14c58ee1d5d` {{(pid=45655) log_request_info /opt/stack/keystone/keystone/server/flask/request_processing/req_logging.py:29}}
Oct 20 12:56:03 user devstack@keystone.service[45655]: DEBUG keystone.common.rbac_enforcer.enforcer [None req-3bc3976c-933b-441b-b0c7-c67d813006a8 None admin] RBAC: Authorizing `identity:get_user(user_id=a8ee4b62111d44b38d5bc14c58ee1d5d)` {{(pid=45655) enforce_call /opt/stack/keystone/keystone/common/rbac_enforcer/enforcer.py:449}}
Oct 20 12:56:03 user devstack@keystone.service[45655]: DEBUG keystone.common.rbac_enforcer.enforcer [None req-3bc3976c-933b-441b-b0c7-c67d813006a8 None admin] RBAC: Authorization granted {{(pid=45655) enforce_call /opt/stack/keystone/keystone/common/rbac_enforcer/enforcer.py:457}}
Oct 20 12:56:03 user devstack@keystone.service[45655]: [pid: 45655|app: 0|req: 27/82] 10.0.0.210 () {56 vars in 1172 bytes} [Fri Oct 20 12:56:02 2023] GET /identity/v3/users/a8ee4b62111d44b38d5bc14c58ee1d5d => generated 274 bytes in 128 msecs (HTTP/1.1 200) 5 headers in 177 bytes (1 switches on core 0)
Oct 20 12:56:03 user devstack@keystone.service[45655]: DEBUG keystone.server.flask.request_processing.middleware.auth_context [None req-3bc3976c-933b-441b-b0c7-c67d813006a8 None admin] Authenticating user token {{(pid=45655) process_request /opt/stack/data/venv/lib/python3.10/site-packages/keystonemiddleware/auth_token/__init__.py:406}}
Oct 20 12:56:03 user devstack@keystone.service[45656]: [pid: 45656|app: 0|req: 28/83] 10.0.0.210 () {60 vars in 1127 bytes} [Fri Oct 20 12:56:02 2023] POST /identity/v3/users => generated 288 bytes in 162 msecs (HTTP/1.1 201) 5 headers in 182 bytes (1 switches on core 0)
Oct 20 12:56:03 user devstack@keystone.service[45656]: DEBUG keystone.server.flask.request_processing.middleware.auth_context [None req-f070b37f-05f9-4d77-b0ff-3947ba1e0555 None admin] Authenticating user token {{(pid=45656) process_request /opt/stack/data/venv/lib/python3.10/site-packages/keystonemiddleware/auth_token/__init__.py:406}}
Oct 20 12:56:03 user devstack@keystone.service[45657]: DEBUG keystone.server.flask.request_processing.middleware.auth_context [None req-2416369b-4fc7-4c81-82e4-0f4836404269 None admin] RBAC: auth_context: {'token': , 'domain_id': None, 'trust_id': None, 'trustor_id': None, 'trustee_id': None, 'domain_name': None, 'group_ids': [], 'user_id': 'd017640d1cdf4cb3ae0137e1973a8cc1', 'user_domain_id': 'default', 'system_scope': 'all', 'project_id': None, 'project_domain_id': None, 'roles': ['admin', 'manager', 'member', 'reader'], 'is_admin_project': True, 'service_user_id': None, 'service_user_domain_id': None, 'service_project_id': None, 'service_project_domain_id': None, 'service_roles': []} {{(pid=45657) fill_context /opt/stack/keystone/keystone/server/flask/request_processing/middleware/auth_context.py:480}}
Oct 20 12:56:03 user devstack@keystone.service[45657]: DEBUG keystone.server.flask.request_processing.req_logging [None req-2416369b-4fc7-4c81-82e4-0f4836404269 None admin] REQUEST_METHOD: `GET` {{(pid=45657) log_request_info /opt/stack/keystone/keystone/server/flask/request_processing/req_logging.py:27}}
Oct 20 12:56:03 user devstack@keystone.service[45657]: DEBUG keystone.server.flask.request_processing.req_logging [None req-2416369b-4fc7-4c81-82e4-0f4836404269 None admin] SCRIPT_NAME: `/identity` {{(pid=45657) log_request_info /opt/stack/keystone/keystone/server/flask/request_processing/req_logging.py:28}}
Oct 20 12:56:03 user devstack@keystone.service[45657]: DEBUG keystone.server.flask.request_processing.req_logging [None req-2416369b-4fc7-4c81-82e4-0f4836404269 None admin] PATH_INFO: `/v3/projects/4670a83eb0234c54acaf896ffb9bc6d2` {{(pid=45657) log_request_info /opt/stack/keystone/keystone/server/flask/request_processing/req_logging.py:29}}
Oct 20 12:56:03 user devstack@keystone.service[45657]: DEBUG keystone.common.rbac_enforcer.enforcer [None req-2416369b-4fc7-4c81-82e4-0f4836404269 None admin] RBAC: Authorizing `identity:get_project(project_id=4670a83eb0234c54acaf896ffb9bc6d2)` {{(pid=45657) enforce_call /opt/stack/keystone/keystone/common/rbac_enforcer/enforcer.py:449}}
Oct 20 12:56:03 user devstack@keystone.service[45657]: DEBUG keystone.common.rbac_enforcer.enforcer [None req-2416369b-4fc7-4c81-82e4-0f4836404269 None admin] RBAC: Authorization granted {{(pid=45657) enforce_call /opt/stack/keystone/keystone/common/rbac_enforcer/enforcer.py:457}}
Oct 20 12:56:03 user devstack@keystone.service[45657]: [pid: 45657|app: 0|req: 29/84] 10.0.0.210 () {56 vars in 1181 bytes} [Fri Oct 20 12:56:03 2023] GET /identity/v3/projects/4670a83eb0234c54acaf896ffb9bc6d2 => generated 297 bytes in 132 msecs (HTTP/1.1 200) 5 headers in 177 bytes (1 switches on core 0)
Oct 20 12:56:03 user devstack@keystone.service[45657]: DEBUG keystone.server.flask.request_processing.middleware.auth_context [None req-2416369b-4fc7-4c81-82e4-0f4836404269 None admin] Authenticating user token {{(pid=45657) process_request /opt/stack/data/venv/lib/python3.10/site-packages/keystonemiddleware/auth_token/__init__.py:406}}
Oct 20 12:56:03 user devstack@keystone.service[45655]: DEBUG keystone.server.flask.request_processing.middleware.auth_context [None req-3bc3976c-933b-441b-b0c7-c67d813006a8 None admin] Validating token access rules against request {{(pid=45655) validate_allowed_request /opt/stack/data/venv/lib/python3.10/site-packages/keystonemiddleware/auth_token/__init__.py:544}}
Oct 20 12:56:03 user devstack@keystone.service[45656]: DEBUG keystone.server.flask.request_processing.middleware.auth_context [None req-f070b37f-05f9-4d77-b0ff-3947ba1e0555 None admin] Validating token access rules against request {{(pid=45656) validate_allowed_request /opt/stack/data/venv/lib/python3.10/site-packages/keystonemiddleware/auth_token/__init__.py:544}}
Oct 20 12:56:03 user devstack@keystone.service[45655]: DEBUG keystone.server.flask.request_processing.middleware.auth_context [None req-012224da-8185-44e8-a057-21e73a92ac99 None admin] RBAC: auth_context: {'token': , 'domain_id': None, 'trust_id': None, 'trustor_id': None, 'trustee_id': None, 'domain_name': None, 'group_ids': [], 'user_id': 'd017640d1cdf4cb3ae0137e1973a8cc1', 'user_domain_id': 'default', 'system_scope': 'all', 'project_id': None, 'project_domain_id': None, 'roles': ['admin', 'manager', 'member', 'reader'], 'is_admin_project': True, 'service_user_id': None, 'service_user_domain_id': None, 'service_project_id': None, 'service_project_domain_id': None, 'service_roles': []} {{(pid=45655) fill_context /opt/stack/keystone/keystone/server/flask/request_processing/middleware/auth_context.py:480}}
Oct 20 12:56:03 user devstack@keystone.service[45655]: DEBUG keystone.server.flask.request_processing.req_logging [None req-012224da-8185-44e8-a057-21e73a92ac99 None admin] REQUEST_METHOD: `PUT` {{(pid=45655) log_request_info /opt/stack/keystone/keystone/server/flask/request_processing/req_logging.py:27}}
Oct 20 12:56:03 user devstack@keystone.service[45655]: DEBUG keystone.server.flask.request_processing.req_logging [None req-012224da-8185-44e8-a057-21e73a92ac99 None admin] SCRIPT_NAME: `/identity` {{(pid=45655) log_request_info /opt/stack/keystone/keystone/server/flask/request_processing/req_logging.py:28}}
Oct 20 12:56:03 user devstack@keystone.service[45655]: DEBUG keystone.server.flask.request_processing.req_logging [None req-012224da-8185-44e8-a057-21e73a92ac99 None admin] PATH_INFO: `/v3/projects/4670a83eb0234c54acaf896ffb9bc6d2/users/d017640d1cdf4cb3ae0137e1973a8cc1/roles/4007530e3cff48dfb29097614fac8017` {{(pid=45655) log_request_info /opt/stack/keystone/keystone/server/flask/request_processing/req_logging.py:29}}
Oct 20 12:56:03 user devstack@keystone.service[45655]: DEBUG keystone.common.rbac_enforcer.enforcer [None req-012224da-8185-44e8-a057-21e73a92ac99 None admin] RBAC: Authorizing `identity:create_grant(project_id=4670a83eb0234c54acaf896ffb9bc6d2, user_id=d017640d1cdf4cb3ae0137e1973a8cc1, role_id=4007530e3cff48dfb29097614fac8017)` {{(pid=45655) enforce_call /opt/stack/keystone/keystone/common/rbac_enforcer/enforcer.py:449}}
Oct 20 12:56:03 user devstack@keystone.service[45655]: DEBUG keystone.common.rbac_enforcer.enforcer [None req-012224da-8185-44e8-a057-21e73a92ac99 None admin] RBAC: Authorization granted {{(pid=45655) enforce_call /opt/stack/keystone/keystone/common/rbac_enforcer/enforcer.py:457}}
Oct 20 12:56:03 user devstack@keystone.service[45656]: DEBUG keystone.server.flask.request_processing.middleware.auth_context [None req-11535871-8e13-445b-b273-db46280d399d None admin] RBAC: auth_context: {'token': , 'domain_id': None, 'trust_id': None, 'trustor_id': None, 'trustee_id': None, 'domain_name': None, 'group_ids': [], 'user_id': 'd017640d1cdf4cb3ae0137e1973a8cc1', 'user_domain_id': 'default', 'system_scope': 'all', 'project_id': None, 'project_domain_id': None, 'roles': ['admin', 'manager', 'member', 'reader'], 'is_admin_project': True, 'service_user_id': None, 'service_user_domain_id': None, 'service_project_id': None, 'service_project_domain_id': None, 'service_roles': []} {{(pid=45656) fill_context /opt/stack/keystone/keystone/server/flask/request_processing/middleware/auth_context.py:480}}
Oct 20 12:56:03 user devstack@keystone.service[45656]: DEBUG keystone.server.flask.request_processing.req_logging [None req-11535871-8e13-445b-b273-db46280d399d None admin] REQUEST_METHOD: `GET` {{(pid=45656) log_request_info /opt/stack/keystone/keystone/server/flask/request_processing/req_logging.py:27}}
Oct 20 12:56:03 user devstack@keystone.service[45656]: DEBUG keystone.server.flask.request_processing.req_logging [None req-11535871-8e13-445b-b273-db46280d399d None admin] SCRIPT_NAME: `/identity` {{(pid=45656) log_request_info /opt/stack/keystone/keystone/server/flask/request_processing/req_logging.py:28}}
Oct 20 12:56:03 user devstack@keystone.service[45656]: DEBUG keystone.server.flask.request_processing.req_logging [None req-11535871-8e13-445b-b273-db46280d399d None admin] PATH_INFO: `/v3/projects/d2c9743844f74806b40510606a20e3e1` {{(pid=45656) log_request_info /opt/stack/keystone/keystone/server/flask/request_processing/req_logging.py:29}}
Oct 20 12:56:03 user devstack@keystone.service[45656]: DEBUG keystone.common.rbac_enforcer.enforcer [None req-11535871-8e13-445b-b273-db46280d399d None admin] RBAC: Authorizing `identity:get_project(project_id=d2c9743844f74806b40510606a20e3e1)` {{(pid=45656) enforce_call /opt/stack/keystone/keystone/common/rbac_enforcer/enforcer.py:449}}
Oct 20 12:56:03 user devstack@keystone.service[45656]: DEBUG keystone.common.rbac_enforcer.enforcer [None req-11535871-8e13-445b-b273-db46280d399d None admin] RBAC: Authorization granted {{(pid=45656) enforce_call /opt/stack/keystone/keystone/common/rbac_enforcer/enforcer.py:457}}
