Oct 20 12:56:03 user devstack@keystone.service[45656]: [pid: 45656|app: 0|req: 29/85] 10.0.0.210 () {56 vars in 1181 bytes} [Fri Oct 20 12:56:03 2023] GET /identity/v3/projects/d2c9743844f74806b40510606a20e3e1 => generated 311 bytes in 142 msecs (HTTP/1.1 200) 5 headers in 177 bytes (2 switches on core 0)
Oct 20 12:56:03 user devstack@keystone.service[45656]: DEBUG keystone.server.flask.request_processing.middleware.auth_context [None req-11535871-8e13-445b-b273-db46280d399d None admin] Authenticating user token {{(pid=45656) process_request /opt/stack/data/venv/lib/python3.10/site-packages/keystonemiddleware/auth_token/__init__.py:406}}
Oct 20 12:56:03 user devstack@keystone.service[45655]: [pid: 45655|app: 0|req: 28/86] 10.0.0.210 () {58 vars in 1434 bytes} [Fri Oct 20 12:56:03 2023] PUT /identity/v3/projects/4670a83eb0234c54acaf896ffb9bc6d2/users/d017640d1cdf4cb3ae0137e1973a8cc1/roles/4007530e3cff48dfb29097614fac8017 => generated 0 bytes in 152 msecs (HTTP/1.1 204) 3 headers in 132 bytes (0 switches on core 0)
Oct 20 12:56:03 user devstack@keystone.service[45656]: DEBUG keystone.server.flask.request_processing.middleware.auth_context [None req-11535871-8e13-445b-b273-db46280d399d None admin] Validating token access rules against request {{(pid=45656) validate_allowed_request /opt/stack/data/venv/lib/python3.10/site-packages/keystonemiddleware/auth_token/__init__.py:544}}
Oct 20 12:56:03 user devstack@keystone.service[45656]: DEBUG keystone.server.flask.request_processing.middleware.auth_context [None req-d13f30f1-71a4-4052-bc08-8531f8025a7f None admin] RBAC: auth_context: {'token': , 'domain_id': None, 'trust_id': None, 'trustor_id': None, 'trustee_id': None, 'domain_name': None, 'group_ids': [], 'user_id': 'd017640d1cdf4cb3ae0137e1973a8cc1', 'user_domain_id': 'default', 'system_scope': 'all', 'project_id': None, 'project_domain_id': None, 'roles': ['admin', 'manager', 'member', 'reader'], 'is_admin_project': True, 'service_user_id': None, 'service_user_domain_id': None, 'service_project_id': None, 'service_project_domain_id': None, 'service_roles': []} {{(pid=45656) fill_context /opt/stack/keystone/keystone/server/flask/request_processing/middleware/auth_context.py:480}}
Oct 20 12:56:03 user devstack@keystone.service[45656]: DEBUG keystone.server.flask.request_processing.req_logging [None req-d13f30f1-71a4-4052-bc08-8531f8025a7f None admin] REQUEST_METHOD: `PUT` {{(pid=45656) log_request_info /opt/stack/keystone/keystone/server/flask/request_processing/req_logging.py:27}}
Oct 20 12:56:03 user devstack@keystone.service[45656]: DEBUG keystone.server.flask.request_processing.req_logging [None req-d13f30f1-71a4-4052-bc08-8531f8025a7f None admin] SCRIPT_NAME: `/identity` {{(pid=45656) log_request_info /opt/stack/keystone/keystone/server/flask/request_processing/req_logging.py:28}}
Oct 20 12:56:03 user devstack@keystone.service[45656]: DEBUG keystone.server.flask.request_processing.req_logging [None req-d13f30f1-71a4-4052-bc08-8531f8025a7f None admin] PATH_INFO: `/v3/projects/d2c9743844f74806b40510606a20e3e1/users/a8ee4b62111d44b38d5bc14c58ee1d5d/roles/ad3937f1f5fb4e3081a8cf58452824df` {{(pid=45656) log_request_info /opt/stack/keystone/keystone/server/flask/request_processing/req_logging.py:29}}
Oct 20 12:56:03 user devstack@keystone.service[45656]: DEBUG keystone.common.rbac_enforcer.enforcer [None req-d13f30f1-71a4-4052-bc08-8531f8025a7f None admin] RBAC: Authorizing `identity:create_grant(project_id=d2c9743844f74806b40510606a20e3e1, user_id=a8ee4b62111d44b38d5bc14c58ee1d5d, role_id=ad3937f1f5fb4e3081a8cf58452824df)` {{(pid=45656) enforce_call /opt/stack/keystone/keystone/common/rbac_enforcer/enforcer.py:449}}
Oct 20 12:56:03 user devstack@keystone.service[45656]: DEBUG keystone.common.rbac_enforcer.enforcer [None req-d13f30f1-71a4-4052-bc08-8531f8025a7f None admin] RBAC: Authorization granted {{(pid=45656) enforce_call /opt/stack/keystone/keystone/common/rbac_enforcer/enforcer.py:457}}
Oct 20 12:56:03 user devstack@keystone.service[45656]: [pid: 45656|app: 0|req: 30/87] 10.0.0.210 () {58 vars in 1434 bytes} [Fri Oct 20 12:56:03 2023] PUT /identity/v3/projects/d2c9743844f74806b40510606a20e3e1/users/a8ee4b62111d44b38d5bc14c58ee1d5d/roles/ad3937f1f5fb4e3081a8cf58452824df => generated 0 bytes in 172 msecs (HTTP/1.1 204) 3 headers in 132 bytes (1 switches on core 0)
Oct 20 12:56:03 user devstack@keystone.service[45657]: DEBUG keystone.server.flask.request_processing.middleware.auth_context [None req-2416369b-4fc7-4c81-82e4-0f4836404269 None admin] Validating token access rules against request {{(pid=45657) validate_allowed_request /opt/stack/data/venv/lib/python3.10/site-packages/keystonemiddleware/auth_token/__init__.py:544}}
Oct 20 12:56:03 user devstack@keystone.service[45657]: DEBUG keystone.server.flask.request_processing.middleware.auth_context [None req-fe7d5137-319c-43e4-a088-2fc9b6c639f8 None admin] RBAC: auth_context: {'token': , 'domain_id': None, 'trust_id': None, 'trustor_id': None, 'trustee_id': None, 'domain_name': None, 'group_ids': [], 'user_id': 'd017640d1cdf4cb3ae0137e1973a8cc1', 'user_domain_id': 'default', 'system_scope': 'all', 'project_id': None, 'project_domain_id': None, 'roles': ['admin', 'manager', 'member', 'reader'], 'is_admin_project': True, 'service_user_id': None, 'service_user_domain_id': None, 'service_project_id': None, 'service_project_domain_id': None, 'service_roles': []} {{(pid=45657) fill_context /opt/stack/keystone/keystone/server/flask/request_processing/middleware/auth_context.py:480}}
Oct 20 12:56:03 user devstack@keystone.service[45657]: DEBUG keystone.server.flask.request_processing.req_logging [None req-fe7d5137-319c-43e4-a088-2fc9b6c639f8 None admin] REQUEST_METHOD: `PUT` {{(pid=45657) log_request_info /opt/stack/keystone/keystone/server/flask/request_processing/req_logging.py:27}}
Oct 20 12:56:03 user devstack@keystone.service[45657]: DEBUG keystone.server.flask.request_processing.req_logging [None req-fe7d5137-319c-43e4-a088-2fc9b6c639f8 None admin] SCRIPT_NAME: `/identity` {{(pid=45657) log_request_info /opt/stack/keystone/keystone/server/flask/request_processing/req_logging.py:28}}
Oct 20 12:56:03 user devstack@keystone.service[45657]: DEBUG keystone.server.flask.request_processing.req_logging [None req-fe7d5137-319c-43e4-a088-2fc9b6c639f8 None admin] PATH_INFO: `/v3/projects/4670a83eb0234c54acaf896ffb9bc6d2/users/a8ee4b62111d44b38d5bc14c58ee1d5d/roles/64668117a1924b14b6fa01b4aed12cf4` {{(pid=45657) log_request_info /opt/stack/keystone/keystone/server/flask/request_processing/req_logging.py:29}}
Oct 20 12:56:03 user devstack@keystone.service[45657]: DEBUG keystone.common.rbac_enforcer.enforcer [None req-fe7d5137-319c-43e4-a088-2fc9b6c639f8 None admin] RBAC: Authorizing `identity:create_grant(project_id=4670a83eb0234c54acaf896ffb9bc6d2, user_id=a8ee4b62111d44b38d5bc14c58ee1d5d, role_id=64668117a1924b14b6fa01b4aed12cf4)` {{(pid=45657) enforce_call /opt/stack/keystone/keystone/common/rbac_enforcer/enforcer.py:449}}
Oct 20 12:56:03 user devstack@keystone.service[45657]: DEBUG keystone.common.rbac_enforcer.enforcer [None req-fe7d5137-319c-43e4-a088-2fc9b6c639f8 None admin] RBAC: Authorization granted {{(pid=45657) enforce_call /opt/stack/keystone/keystone/common/rbac_enforcer/enforcer.py:457}}
Oct 20 12:56:03 user devstack@keystone.service[45657]: [pid: 45657|app: 0|req: 30/88] 10.0.0.210 () {58 vars in 1434 bytes} [Fri Oct 20 12:56:03 2023] PUT /identity/v3/projects/4670a83eb0234c54acaf896ffb9bc6d2/users/a8ee4b62111d44b38d5bc14c58ee1d5d/roles/64668117a1924b14b6fa01b4aed12cf4 => generated 0 bytes in 413 msecs (HTTP/1.1 204) 3 headers in 132 bytes (0 switches on core 0)
Oct 20 12:56:04 user devstack@keystone.service[45655]: DEBUG keystone.server.flask.request_processing.req_logging [None req-fe8435a4-10df-4013-8a34-842dec10fad8 None None] REQUEST_METHOD: `GET` {{(pid=45655) log_request_info /opt/stack/keystone/keystone/server/flask/request_processing/req_logging.py:27}}
Oct 20 12:56:04 user devstack@keystone.service[45655]: DEBUG keystone.server.flask.request_processing.req_logging [None req-fe8435a4-10df-4013-8a34-842dec10fad8 None None] SCRIPT_NAME: `/identity` {{(pid=45655) log_request_info /opt/stack/keystone/keystone/server/flask/request_processing/req_logging.py:28}}
Oct 20 12:56:04 user devstack@keystone.service[45655]: DEBUG keystone.server.flask.request_processing.req_logging [None req-fe8435a4-10df-4013-8a34-842dec10fad8 None None] PATH_INFO: `/` {{(pid=45655) log_request_info /opt/stack/keystone/keystone/server/flask/request_processing/req_logging.py:29}}
Oct 20 12:56:04 user devstack@keystone.service[45655]: [pid: 45655|app: 0|req: 29/89] 10.0.0.210 () {54 vars in 921 bytes} [Fri Oct 20 12:56:04 2023] GET /identity => generated 269 bytes in 3 msecs (HTTP/1.1 300) 6 headers in 233 bytes (1 switches on core 0)
Oct 20 12:56:04 user devstack@keystone.service[45656]: DEBUG keystone.server.flask.request_processing.req_logging [None req-7970c7e8-e612-4bee-b7af-411ab09dad10 None None] REQUEST_METHOD: `POST` {{(pid=45656) log_request_info /opt/stack/keystone/keystone/server/flask/request_processing/req_logging.py:27}}
Oct 20 12:56:04 user devstack@keystone.service[45656]: DEBUG keystone.server.flask.request_processing.req_logging [None req-7970c7e8-e612-4bee-b7af-411ab09dad10 None None] SCRIPT_NAME: `/identity` {{(pid=45656) log_request_info /opt/stack/keystone/keystone/server/flask/request_processing/req_logging.py:28}}
Oct 20 12:56:04 user devstack@keystone.service[45656]: DEBUG keystone.server.flask.request_processing.req_logging [None req-7970c7e8-e612-4bee-b7af-411ab09dad10 None None] PATH_INFO: `/v3/auth/tokens` {{(pid=45656) log_request_info /opt/stack/keystone/keystone/server/flask/request_processing/req_logging.py:29}}
Oct 20 12:56:04 user devstack@keystone.service[45656]: WARNING keystone.common.password_hashing [None req-7970c7e8-e612-4bee-b7af-411ab09dad10 None None] Truncating password to algorithm specific maximum length 72 characters.
Oct 20 12:56:04 user devstack@keystone.service[45656]: DEBUG keystone.auth.core [None req-7970c7e8-e612-4bee-b7af-411ab09dad10 None None] MFA Rules not processed for user `d017640d1cdf4cb3ae0137e1973a8cc1`. Rule list: `[]` (Enabled: `True`). {{(pid=45656) check_auth_methods_against_rules /opt/stack/keystone/keystone/auth/core.py:438}}
Oct 20 12:56:04 user devstack@keystone.service[45656]: DEBUG keystone.common.fernet_utils [None req-7970c7e8-e612-4bee-b7af-411ab09dad10 None None] Loaded 2 Fernet keys from /etc/keystone/fernet-keys/, but `[fernet_tokens] max_active_keys = 3`; perhaps there have not been enough key rotations to reach `max_active_keys` yet? {{(pid=45656) load_keys /opt/stack/keystone/keystone/common/fernet_utils.py:286}}
Oct 20 12:56:04 user devstack@keystone.service[45656]: [pid: 45656|app: 0|req: 31/90] 10.0.0.210 () {58 vars in 1018 bytes} [Fri Oct 20 12:56:04 2023] POST /identity/v3/auth/tokens => generated 861 bytes in 85 msecs (HTTP/1.1 201) 6 headers in 363 bytes (1 switches on core 0)
Oct 20 12:56:04 user devstack@keystone.service[45657]: DEBUG keystone.server.flask.request_processing.middleware.auth_context [None req-fe7d5137-319c-43e4-a088-2fc9b6c639f8 None admin] Authenticating user token {{(pid=45657) process_request /opt/stack/data/venv/lib/python3.10/site-packages/keystonemiddleware/auth_token/__init__.py:406}}
Oct 20 12:56:04 user devstack@keystone.service[45657]: DEBUG keystone.server.flask.request_processing.middleware.auth_context [None req-fe7d5137-319c-43e4-a088-2fc9b6c639f8 None admin] Validating token access rules against request {{(pid=45657) validate_allowed_request /opt/stack/data/venv/lib/python3.10/site-packages/keystonemiddleware/auth_token/__init__.py:544}}
Oct 20 12:56:04 user devstack@keystone.service[45657]: DEBUG keystone.server.flask.request_processing.middleware.auth_context [None req-b28c97dd-dee0-47b2-aeb4-a22ee7e0e619 None admin] RBAC: auth_context: {'token': , 'domain_id': None, 'trust_id': None, 'trustor_id': None, 'trustee_id': None, 'domain_name': None, 'group_ids': [], 'user_id': 'd017640d1cdf4cb3ae0137e1973a8cc1', 'user_domain_id': 'default', 'system_scope': 'all', 'project_id': None, 'project_domain_id': None, 'roles': ['admin', 'manager', 'member', 'reader'], 'is_admin_project': True, 'service_user_id': None, 'service_user_domain_id': None, 'service_project_id': None, 'service_project_domain_id': None, 'service_roles': []} {{(pid=45657) fill_context /opt/stack/keystone/keystone/server/flask/request_processing/middleware/auth_context.py:480}}
Oct 20 12:56:04 user devstack@keystone.service[45657]: DEBUG keystone.server.flask.request_processing.req_logging [None req-b28c97dd-dee0-47b2-aeb4-a22ee7e0e619 None admin] REQUEST_METHOD: `GET` {{(pid=45657) log_request_info /opt/stack/keystone/keystone/server/flask/request_processing/req_logging.py:27}}
Oct 20 12:56:04 user devstack@keystone.service[45657]: DEBUG keystone.server.flask.request_processing.req_logging [None req-b28c97dd-dee0-47b2-aeb4-a22ee7e0e619 None admin] SCRIPT_NAME: `/identity` {{(pid=45657) log_request_info /opt/stack/keystone/keystone/server/flask/request_processing/req_logging.py:28}}
Oct 20 12:56:04 user devstack@keystone.service[45657]: DEBUG keystone.server.flask.request_processing.req_logging [None req-b28c97dd-dee0-47b2-aeb4-a22ee7e0e619 None admin] PATH_INFO: `/v3/roles/member` {{(pid=45657) log_request_info /opt/stack/keystone/keystone/server/flask/request_processing/req_logging.py:29}}
Oct 20 12:56:04 user devstack@keystone.service[45655]: DEBUG keystone.server.flask.request_processing.req_logging [None req-3510761b-1150-4d91-a9d4-d6dd7c3b0c17 None None] REQUEST_METHOD: `GET` {{(pid=45655) log_request_info /opt/stack/keystone/keystone/server/flask/request_processing/req_logging.py:27}}
Oct 20 12:56:04 user devstack@keystone.service[45655]: DEBUG keystone.server.flask.request_processing.req_logging [None req-3510761b-1150-4d91-a9d4-d6dd7c3b0c17 None None] SCRIPT_NAME: `/identity` {{(pid=45655) log_request_info /opt/stack/keystone/keystone/server/flask/request_processing/req_logging.py:28}}
Oct 20 12:56:04 user devstack@keystone.service[45655]: DEBUG keystone.server.flask.request_processing.req_logging [None req-3510761b-1150-4d91-a9d4-d6dd7c3b0c17 None None] PATH_INFO: `/` {{(pid=45655) log_request_info /opt/stack/keystone/keystone/server/flask/request_processing/req_logging.py:29}}
Oct 20 12:56:04 user devstack@keystone.service[45655]: [pid: 45655|app: 0|req: 30/91] 10.0.0.210 () {54 vars in 921 bytes} [Fri Oct 20 12:56:04 2023] GET /identity => generated 269 bytes in 3 msecs (HTTP/1.1 300) 6 headers in 233 bytes (1 switches on core 0)
Oct 20 12:56:04 user devstack@keystone.service[45656]: DEBUG keystone.server.flask.request_processing.req_logging [None req-8518892c-a8da-4a9f-a9ea-dac30a8c99a5 None None] REQUEST_METHOD: `POST` {{(pid=45656) log_request_info /opt/stack/keystone/keystone/server/flask/request_processing/req_logging.py:27}}
Oct 20 12:56:04 user devstack@keystone.service[45656]: DEBUG keystone.server.flask.request_processing.req_logging [None req-8518892c-a8da-4a9f-a9ea-dac30a8c99a5 None None] SCRIPT_NAME: `/identity` {{(pid=45656) log_request_info /opt/stack/keystone/keystone/server/flask/request_processing/req_logging.py:28}}
Oct 20 12:56:04 user devstack@keystone.service[45656]: DEBUG keystone.server.flask.request_processing.req_logging [None req-8518892c-a8da-4a9f-a9ea-dac30a8c99a5 None None] PATH_INFO: `/v3/auth/tokens` {{(pid=45656) log_request_info /opt/stack/keystone/keystone/server/flask/request_processing/req_logging.py:29}}
Oct 20 12:56:04 user devstack@keystone.service[45657]: DEBUG keystone.common.rbac_enforcer.enforcer [None req-b28c97dd-dee0-47b2-aeb4-a22ee7e0e619 None admin] Extracting inferred target data resulted in "NOT FOUND (404)". {{(pid=45657) enforce_call /opt/stack/keystone/keystone/common/rbac_enforcer/enforcer.py:409}}
Oct 20 12:56:04 user devstack@keystone.service[45657]: ERROR keystone.server.flask.application [None req-b28c97dd-dee0-47b2-aeb4-a22ee7e0e619 None admin] Could not find role: member.: keystone.exception.RoleNotFound: Could not find role: member.
Oct 20 12:56:04 user devstack@keystone.service[45657]: ERROR keystone.server.flask.application
Traceback (most recent call last):
Oct 20 12:56:04 user devstack@keystone.service[45657]: ERROR keystone.server.flask.application
File "/opt/stack/data/venv/lib/python3.10/site-packages/flask/app.py", line 1823, in full_dispatch_request
Oct 20 12:56:04 user devstack@keystone.service[45657]: ERROR keystone.server.flask.application rv = self.dispatch_request()
Oct 20 12:56:04 user devstack@keystone.service[45657]: ERROR keystone.server.flask.application
File "/opt/stack/data/venv/lib/python3.10/site-packages/flask/app.py", line 1799, in dispatch_request
Oct 20 12:56:04 user devstack@keystone.service[45657]: ERROR keystone.server.flask.application return self.ensure_sync(self.view_functions[rule.endpoint])(**view_args)
Oct 20 12:56:04 user devstack@keystone.service[45657]: ERROR keystone.server.flask.application
File "/opt/stack/data/venv/lib/python3.10/site-packages/flask_restful/__init__.py", line 489, in wrapper
Oct 20 12:56:04 user devstack@keystone.service[45657]: ERROR keystone.server.flask.application resp = resource(*args, **kwargs)
Oct 20 12:56:04 user devstack@keystone.service[45657]: ERROR keystone.server.flask.application
File "/opt/stack/data/venv/lib/python3.10/site-packages/flask/views.py", line 107, in view
Oct 20 12:56:04 user devstack@keystone.service[45657]: ERROR keystone.server.flask.application return current_app.ensure_sync(self.dispatch_request)(**kwargs)
Oct 20 12:56:04 user devstack@keystone.service[45657]: ERROR keystone.server.flask.application
File "/opt/stack/data/venv/lib/python3.10/site-packages/flask_restful/__init__.py", line 604, in dispatch_request
Oct 20 12:56:04 user devstack@keystone.service[45657]: ERROR keystone.server.flask.application resp = meth(*args, **kwargs)
Oct 20 12:56:04 user devstack@keystone.service[45657]: ERROR keystone.server.flask.application
File "/opt/stack/keystone/keystone/api/roles.py", line 50, in get
Oct 20 12:56:04 user devstack@keystone.service[45657]: ERROR keystone.server.flask.application return self._get_role(role_id)
Oct 20 12:56:04 user devstack@keystone.service[45657]: ERROR keystone.server.flask.application
File "/opt/stack/keystone/keystone/api/roles.py", line 70, in _get_role
Oct 20 12:56:04 user devstack@keystone.service[45657]: ERROR keystone.server.flask.application ENFORCER.enforce_call(action='identity:get_role')
Oct 20 12:56:04 user devstack@keystone.service[45657]: ERROR keystone.server.flask.application
File "/opt/stack/keystone/keystone/common/rbac_enforcer/enforcer.py", line 402, in enforce_call
Oct 20 12:56:04 user devstack@keystone.service[45657]: ERROR keystone.server.flask.application policy_dict.update(cls._extract_member_target_data(
Oct 20 12:56:04 user devstack@keystone.service[45657]: ERROR keystone.server.flask.application
File "/opt/stack/keystone/keystone/common/rbac_enforcer/enforcer.py", line 234, in _extract_member_target_data
Oct 20 12:56:04 user devstack@keystone.service[45657]: ERROR keystone.server.flask.application member_name: func(flask.request.view_args[key])
Oct 20 12:56:04 user devstack@keystone.service[45657]: ERROR keystone.server.flask.application
File "/opt/stack/keystone/keystone/common/manager.py", line 115, in wrapped
Oct 20 12:56:04 user devstack@keystone.service[45657]: ERROR keystone.server.flask.application __ret_val = __f(*args, **kwargs)
Oct 20 12:56:04 user devstack@keystone.service[45657]: ERROR keystone.server.flask.application
File "/opt/stack/data/venv/lib/python3.10/site-packages/decorator.py", line 232, in fun
Oct 20 12:56:04 user devstack@keystone.service[45657]: ERROR keystone.server.flask.application return caller(func, *(extras + args), **kw)
Oct 20 12:56:04 user devstack@keystone.service[45657]: ERROR keystone.server.flask.application
File "/opt/stack/data/venv/lib/python3.10/site-packages/dogpile/cache/region.py", line 1594, in get_or_create_for_user_func
Oct 20 12:56:04 user devstack@keystone.service[45657]: ERROR keystone.server.flask.application return self.get_or_create(
Oct 20 12:56:04 user devstack@keystone.service[45657]: ERROR keystone.server.flask.application
File "/opt/stack/data/venv/lib/python3.10/site-packages/dogpile/cache/region.py", line 1054, in get_or_create
Oct 20 12:56:04 user devstack@keystone.service[45657]: ERROR keystone.server.flask.application with Lock(
Oct 20 12:56:04 user devstack@keystone.service[45657]: ERROR keystone.server.flask.application
File "/opt/stack/data/venv/lib/python3.10/site-packages/dogpile/lock.py", line 185, in __enter__
Oct 20 12:56:04 user devstack@keystone.service[45657]: ERROR keystone.server.flask.application return self._enter()
Oct 20 12:56:04 user devstack@keystone.service[45657]: ERROR keystone.server.flask.application
File "/opt/stack/data/venv/lib/python3.10/site-packages/dogpile/lock.py", line 94, in _enter
Oct 20 12:56:04 user devstack@keystone.service[45657]: ERROR keystone.server.flask.application generated = self._enter_create(value, createdtime)
Oct 20 12:56:04 user devstack@keystone.service[45657]: ERROR keystone.server.flask.application
File "/opt/stack/data/venv/lib/python3.10/site-packages/dogpile/lock.py", line 178, in _enter_create
Oct 20 12:56:04 user devstack@keystone.service[45657]: ERROR keystone.server.flask.application return self.creator()
Oct 20 12:56:04 user devstack@keystone.service[45657]: ERROR keystone.server.flask.application
File "/opt/stack/data/venv/lib/python3.10/site-packages/dogpile/cache/region.py", line 1007, in gen_value
Oct 20 12:56:04 user devstack@keystone.service[45657]: ERROR keystone.server.flask.application created_value = creator(
Oct 20 12:56:04 user devstack@keystone.service[45657]: ERROR keystone.server.flask.application
File "/opt/stack/keystone/keystone/assignment/core.py", line 1276, in get_role
Oct 20 12:56:04 user devstack@keystone.service[45657]: ERROR keystone.server.flask.application return self.driver.get_role(role_id)
Oct 20 12:56:04 user devstack@keystone.service[45657]: ERROR keystone.server.flask.application
File "/opt/stack/keystone/keystone/assignment/role_backends/sql.py", line 70, in get_role
Oct 20 12:56:04 user devstack@keystone.service[45657]: ERROR keystone.server.flask.application return self._get_role(session, role_id).to_dict()
Oct 20 12:56:04 user devstack@keystone.service[45657]: ERROR keystone.server.flask.application
File "/opt/stack/keystone/keystone/assignment/role_backends/sql.py", line 65, in _get_role
Oct 20 12:56:04 user devstack@keystone.service[45657]: ERROR keystone.server.flask.application raise exception.RoleNotFound(role_id=role_id)
Oct 20 12:56:04 user devstack@keystone.service[45657]: ERROR keystone.server.flask.application keystone.exception.RoleNotFound: Could not find role: member.
Oct 20 12:56:04 user devstack@keystone.service[45657]: ERROR keystone.server.flask.application
Oct 20 12:56:04 user devstack@keystone.service[45657]: [pid: 45657|app: 0|req: 31/92] 10.0.0.210 () {56 vars in 1094 bytes} [Fri Oct 20 12:56:04 2023] GET /identity/v3/roles/member => generated 84 bytes in 169 msecs (HTTP/1.1 404) 5 headers in 183 bytes (1 switches on core 0)
Oct 20 12:56:04 user devstack@keystone.service[45656]: WARNING keystone.common.password_hashing [None req-8518892c-a8da-4a9f-a9ea-dac30a8c99a5 None None] Truncating password to algorithm specific maximum length 72 characters.
Oct 20 12:56:04 user devstack@keystone.service[45655]: DEBUG keystone.server.flask.request_processing.middleware.auth_context [None req-3510761b-1150-4d91-a9d4-d6dd7c3b0c17 None None] Authenticating user token {{(pid=45655) process_request /opt/stack/data/venv/lib/python3.10/site-packages/keystonemiddleware/auth_token/__init__.py:406}}
Oct 20 12:56:04 user devstack@keystone.service[45656]: DEBUG keystone.auth.core [None req-8518892c-a8da-4a9f-a9ea-dac30a8c99a5 None None] MFA Rules not processed for user `d017640d1cdf4cb3ae0137e1973a8cc1`. Rule list: `[]` (Enabled: `True`). {{(pid=45656) check_auth_methods_against_rules /opt/stack/keystone/keystone/auth/core.py:438}}
Oct 20 12:56:04 user devstack@keystone.service[45656]: DEBUG keystone.common.fernet_utils [None req-8518892c-a8da-4a9f-a9ea-dac30a8c99a5 None None] Loaded 2 Fernet keys from /etc/keystone/fernet-keys/, but `[fernet_tokens] max_active_keys = 3`; perhaps there have not been enough key rotations to reach `max_active_keys` yet? {{(pid=45656) load_keys /opt/stack/keystone/keystone/common/fernet_utils.py:286}}
Oct 20 12:56:05 user devstack@keystone.service[45656]: [pid: 45656|app: 0|req: 32/93] 10.0.0.210 () {58 vars in 1018 bytes} [Fri Oct 20 12:56:04 2023] POST /identity/v3/auth/tokens => generated 861 bytes in 88 msecs (HTTP/1.1 201) 6 headers in 363 bytes (1 switches on core 0)
Oct 20 12:56:05 user devstack@keystone.service[45657]: DEBUG keystone.server.flask.request_processing.req_logging [None req-37f2c8be-e7c1-4f8d-8b45-3fabe1470a7d None None] REQUEST_METHOD: `GET` {{(pid=45657) log_request_info /opt/stack/keystone/keystone/server/flask/request_processing/req_logging.py:27}}
Oct 20 12:56:05 user devstack@keystone.service[45657]: DEBUG keystone.server.flask.request_processing.req_logging [None req-37f2c8be-e7c1-4f8d-8b45-3fabe1470a7d None None] SCRIPT_NAME: `/identity` {{(pid=45657) log_request_info /opt/stack/keystone/keystone/server/flask/request_processing/req_logging.py:28}}
Oct 20 12:56:05 user devstack@keystone.service[45657]: DEBUG keystone.server.flask.request_processing.req_logging [None req-37f2c8be-e7c1-4f8d-8b45-3fabe1470a7d None None] PATH_INFO: `/` {{(pid=45657) log_request_info /opt/stack/keystone/keystone/server/flask/request_processing/req_logging.py:29}}
Oct 20 12:56:05 user devstack@keystone.service[45657]: [pid: 45657|app: 0|req: 32/94] 10.0.0.210 () {54 vars in 921 bytes} [Fri Oct 20 12:56:05 2023] GET /identity => generated 269 bytes in 3 msecs (HTTP/1.1 300) 6 headers in 233 bytes (1 switches on core 0)
Oct 20 12:56:05 user devstack@keystone.service[45656]: DEBUG keystone.server.flask.request_processing.req_logging [None req-520b447b-9207-4baf-9479-2e9fb7187f64 None None] REQUEST_METHOD: `POST` {{(pid=45656) log_request_info /opt/stack/keystone/keystone/server/flask/request_processing/req_logging.py:27}}
Oct 20 12:56:05 user devstack@keystone.service[45656]: DEBUG keystone.server.flask.request_processing.req_logging [None req-520b447b-9207-4baf-9479-2e9fb7187f64 None None] SCRIPT_NAME: `/identity` {{(pid=45656) log_request_info /opt/stack/keystone/keystone/server/flask/request_processing/req_logging.py:28}}
Oct 20 12:56:05 user devstack@keystone.service[45656]: DEBUG keystone.server.flask.request_processing.req_logging [None req-520b447b-9207-4baf-9479-2e9fb7187f64 None None] PATH_INFO: `/v3/auth/tokens` {{(pid=45656) log_request_info /opt/stack/keystone/keystone/server/flask/request_processing/req_logging.py:29}}
Oct 20 12:56:05 user devstack@keystone.service[45656]: WARNING keystone.common.password_hashing [None req-520b447b-9207-4baf-9479-2e9fb7187f64 None None] Truncating password to algorithm specific maximum length 72 characters.
Oct 20 12:56:05 user devstack@keystone.service[45657]: DEBUG keystone.server.flask.request_processing.req_logging [None req-435f0ff0-a3bf-44b9-8792-40caf598c44f None None] REQUEST_METHOD: `GET` {{(pid=45657) log_request_info /opt/stack/keystone/keystone/server/flask/request_processing/req_logging.py:27}}
Oct 20 12:56:05 user devstack@keystone.service[45657]: DEBUG keystone.server.flask.request_processing.req_logging [None req-435f0ff0-a3bf-44b9-8792-40caf598c44f None None] SCRIPT_NAME: `/identity` {{(pid=45657) log_request_info /opt/stack/keystone/keystone/server/flask/request_processing/req_logging.py:28}}
Oct 20 12:56:05 user devstack@keystone.service[45657]: DEBUG keystone.server.flask.request_processing.req_logging [None req-435f0ff0-a3bf-44b9-8792-40caf598c44f None None] PATH_INFO: `/` {{(pid=45657) log_request_info /opt/stack/keystone/keystone/server/flask/request_processing/req_logging.py:29}}
Oct 20 12:56:05 user devstack@keystone.service[45656]: DEBUG keystone.auth.core [None req-520b447b-9207-4baf-9479-2e9fb7187f64 None None] MFA Rules not processed for user `d017640d1cdf4cb3ae0137e1973a8cc1`. Rule list: `[]` (Enabled: `True`). {{(pid=45656) check_auth_methods_against_rules /opt/stack/keystone/keystone/auth/core.py:438}}
Oct 20 12:56:05 user devstack@keystone.service[45657]: [pid: 45657|app: 0|req: 33/95] 10.0.0.210 () {54 vars in 921 bytes} [Fri Oct 20 12:56:05 2023] GET /identity => generated 269 bytes in 3 msecs (HTTP/1.1 300) 6 headers in 233 bytes (1 switches on core 0)
Oct 20 12:56:05 user devstack@keystone.service[45656]: DEBUG keystone.common.fernet_utils [None req-520b447b-9207-4baf-9479-2e9fb7187f64 None None] Loaded 2 Fernet keys from /etc/keystone/fernet-keys/, but `[fernet_tokens] max_active_keys = 3`; perhaps there have not been enough key rotations to reach `max_active_keys` yet? {{(pid=45656) load_keys /opt/stack/keystone/keystone/common/fernet_utils.py:286}}
Oct 20 12:56:05 user devstack@keystone.service[45657]: DEBUG keystone.server.flask.request_processing.req_logging [None req-15da5122-a97d-44a7-84cb-7ad14dcc9b1c None None] REQUEST_METHOD: `POST` {{(pid=45657) log_request_info /opt/stack/keystone/keystone/server/flask/request_processing/req_logging.py:27}}
Oct 20 12:56:05 user devstack@keystone.service[45657]: DEBUG keystone.server.flask.request_processing.req_logging [None req-15da5122-a97d-44a7-84cb-7ad14dcc9b1c None None] SCRIPT_NAME: `/identity` {{(pid=45657) log_request_info /opt/stack/keystone/keystone/server/flask/request_processing/req_logging.py:28}}
Oct 20 12:56:05 user devstack@keystone.service[45657]: DEBUG keystone.server.flask.request_processing.req_logging [None req-15da5122-a97d-44a7-84cb-7ad14dcc9b1c None None] PATH_INFO: `/v3/auth/tokens` {{(pid=45657) log_request_info /opt/stack/keystone/keystone/server/flask/request_processing/req_logging.py:29}}
Oct 20 12:56:05 user devstack@keystone.service[45655]: DEBUG keystone.server.flask.request_processing.middleware.auth_context [None req-3510761b-1150-4d91-a9d4-d6dd7c3b0c17 None None] Validating token access rules against request {{(pid=45655) validate_allowed_request /opt/stack/data/venv/lib/python3.10/site-packages/keystonemiddleware/auth_token/__init__.py:544}}
Oct 20 12:56:05 user devstack@keystone.service[45657]: WARNING keystone.common.password_hashing [None req-15da5122-a97d-44a7-84cb-7ad14dcc9b1c None None] Truncating password to algorithm specific maximum length 72 characters.
Oct 20 12:56:05 user devstack@keystone.service[45657]: DEBUG keystone.auth.core [None req-15da5122-a97d-44a7-84cb-7ad14dcc9b1c None None] MFA Rules not processed for user `d017640d1cdf4cb3ae0137e1973a8cc1`. Rule list: `[]` (Enabled: `True`). {{(pid=45657) check_auth_methods_against_rules /opt/stack/keystone/keystone/auth/core.py:438}}
Oct 20 12:56:05 user devstack@keystone.service[45657]: DEBUG keystone.common.fernet_utils [None req-15da5122-a97d-44a7-84cb-7ad14dcc9b1c None None] Loaded 2 Fernet keys from /etc/keystone/fernet-keys/, but `[fernet_tokens] max_active_keys = 3`; perhaps there have not been enough key rotations to reach `max_active_keys` yet? {{(pid=45657) load_keys /opt/stack/keystone/keystone/common/fernet_utils.py:286}}
Oct 20 12:56:05 user devstack@keystone.service[45655]: DEBUG keystone.server.flask.request_processing.middleware.auth_context [None req-a743a5ed-0b31-4922-955e-9461180a1902 None admin] RBAC: auth_context: {'token': , 'domain_id': None, 'trust_id': None, 'trustor_id': None, 'trustee_id': None, 'domain_name': None, 'group_ids': [], 'user_id': 'd017640d1cdf4cb3ae0137e1973a8cc1', 'user_domain_id': 'default', 'system_scope': 'all', 'project_id': None, 'project_domain_id': None, 'roles': ['admin', 'manager', 'member', 'reader'], 'is_admin_project': True, 'service_user_id': None, 'service_user_domain_id': None, 'service_project_id': None, 'service_project_domain_id': None, 'service_roles': []} {{(pid=45655) fill_context /opt/stack/keystone/keystone/server/flask/request_processing/middleware/auth_context.py:480}}
Oct 20 12:56:05 user devstack@keystone.service[45655]: DEBUG keystone.server.flask.request_processing.req_logging [None req-a743a5ed-0b31-4922-955e-9461180a1902 None admin] REQUEST_METHOD: `GET` {{(pid=45655) log_request_info /opt/stack/keystone/keystone/server/flask/request_processing/req_logging.py:27}}
Oct 20 12:56:05 user devstack@keystone.service[45655]: DEBUG keystone.server.flask.request_processing.req_logging [None req-a743a5ed-0b31-4922-955e-9461180a1902 None admin] SCRIPT_NAME: `/identity` {{(pid=45655) log_request_info /opt/stack/keystone/keystone/server/flask/request_processing/req_logging.py:28}}
Oct 20 12:56:05 user devstack@keystone.service[45655]: DEBUG keystone.server.flask.request_processing.req_logging [None req-a743a5ed-0b31-4922-955e-9461180a1902 None admin] PATH_INFO: `/v3/roles` {{(pid=45655) log_request_info /opt/stack/keystone/keystone/server/flask/request_processing/req_logging.py:29}}
Oct 20 12:56:05 user devstack@keystone.service[45655]: DEBUG keystone.common.rbac_enforcer.enforcer [None req-a743a5ed-0b31-4922-955e-9461180a1902 None admin] RBAC: Adding query filter params (name=member) {{(pid=45655) _extract_filter_values /opt/stack/keystone/keystone/common/rbac_enforcer/enforcer.py:167}}
Oct 20 12:56:05 user devstack@keystone.service[45655]: DEBUG keystone.common.rbac_enforcer.enforcer [None req-a743a5ed-0b31-4922-955e-9461180a1902 None admin] RBAC: Authorizing `identity:list_roles()` {{(pid=45655) enforce_call /opt/stack/keystone/keystone/common/rbac_enforcer/enforcer.py:449}}
Oct 20 12:56:05 user devstack@keystone.service[45655]: DEBUG keystone.common.rbac_enforcer.enforcer [None req-a743a5ed-0b31-4922-955e-9461180a1902 None admin] RBAC: Authorization granted {{(pid=45655) enforce_call /opt/stack/keystone/keystone/common/rbac_enforcer/enforcer.py:457}}
Oct 20 12:56:05 user devstack@keystone.service[45655]: [pid: 45655|app: 0|req: 31/96] 10.0.0.210 () {56 vars in 1096 bytes} [Fri Oct 20 12:56:04 2023] GET /identity/v3/roles?name=member => generated 339 bytes in 163 msecs (HTTP/1.1 200) 5 headers in 177 bytes (1 switches on core 0)
Oct 20 12:56:05 user devstack@keystone.service[45655]: DEBUG keystone.server.flask.request_processing.req_logging [None req-2b267e25-246e-43de-87bf-8895951fd28d None None] REQUEST_METHOD: `GET` {{(pid=45655) log_request_info /opt/stack/keystone/keystone/server/flask/request_processing/req_logging.py:27}}
Oct 20 12:56:05 user devstack@keystone.service[45655]: DEBUG keystone.server.flask.request_processing.req_logging [None req-2b267e25-246e-43de-87bf-8895951fd28d None None] SCRIPT_NAME: `/identity` {{(pid=45655) log_request_info /opt/stack/keystone/keystone/server/flask/request_processing/req_logging.py:28}}
Oct 20 12:56:05 user devstack@keystone.service[45655]: DEBUG keystone.server.flask.request_processing.req_logging [None req-2b267e25-246e-43de-87bf-8895951fd28d None None] PATH_INFO: `/` {{(pid=45655) log_request_info /opt/stack/keystone/keystone/server/flask/request_processing/req_logging.py:29}}
Oct 20 12:56:05 user devstack@keystone.service[45655]: [pid: 45655|app: 0|req: 32/97] 10.0.0.210 () {54 vars in 921 bytes} [Fri Oct 20 12:56:05 2023] GET /identity => generated 269 bytes in 2 msecs (HTTP/1.1 300) 6 headers in 233 bytes (2 switches on core 0)
Oct 20 12:56:05 user devstack@keystone.service[45656]: [pid: 45656|app: 0|req: 33/98] 10.0.0.210 () {58 vars in 1018 bytes} [Fri Oct 20 12:56:05 2023] POST /identity/v3/auth/tokens => generated 861 bytes in 87 msecs (HTTP/1.1 201) 6 headers in 363 bytes (1 switches on core 0)
Oct 20 12:56:05 user devstack@keystone.service[45655]: DEBUG keystone.server.flask.request_processing.middleware.auth_context [None req-2b267e25-246e-43de-87bf-8895951fd28d None None] Authenticating user token {{(pid=45655) process_request /opt/stack/data/venv/lib/python3.10/site-packages/keystonemiddleware/auth_token/__init__.py:406}}
Oct 20 12:56:05 user devstack@keystone.service[45656]: DEBUG keystone.server.flask.request_processing.req_logging [None req-1b1735fa-f683-44ad-a0a8-f15d64e103c0 None None] REQUEST_METHOD: `POST` {{(pid=45656) log_request_info /opt/stack/keystone/keystone/server/flask/request_processing/req_logging.py:27}}
Oct 20 12:56:05 user devstack@keystone.service[45656]: DEBUG keystone.server.flask.request_processing.req_logging [None req-1b1735fa-f683-44ad-a0a8-f15d64e103c0 None None] SCRIPT_NAME: `/identity` {{(pid=45656) log_request_info /opt/stack/keystone/keystone/server/flask/request_processing/req_logging.py:28}}
Oct 20 12:56:05 user devstack@keystone.service[45656]: DEBUG keystone.server.flask.request_processing.req_logging [None req-1b1735fa-f683-44ad-a0a8-f15d64e103c0 None None] PATH_INFO: `/v3/auth/tokens` {{(pid=45656) log_request_info /opt/stack/keystone/keystone/server/flask/request_processing/req_logging.py:29}}
Oct 20 12:56:05 user devstack@keystone.service[45656]: WARNING keystone.common.password_hashing [None req-1b1735fa-f683-44ad-a0a8-f15d64e103c0 None None] Truncating password to algorithm specific maximum length 72 characters.
Oct 20 12:56:05 user devstack@keystone.service[45656]: DEBUG keystone.auth.core [None req-1b1735fa-f683-44ad-a0a8-f15d64e103c0 None None] MFA Rules not processed for user `d017640d1cdf4cb3ae0137e1973a8cc1`. Rule list: `[]` (Enabled: `True`). {{(pid=45656) check_auth_methods_against_rules /opt/stack/keystone/keystone/auth/core.py:438}}
Oct 20 12:56:05 user devstack@keystone.service[45656]: DEBUG keystone.common.fernet_utils [None req-1b1735fa-f683-44ad-a0a8-f15d64e103c0 None None] Loaded 2 Fernet keys from /etc/keystone/fernet-keys/, but `[fernet_tokens] max_active_keys = 3`; perhaps there have not been enough key rotations to reach `max_active_keys` yet? {{(pid=45656) load_keys /opt/stack/keystone/keystone/common/fernet_utils.py:286}}
Oct 20 12:56:05 user devstack@keystone.service[45657]: [pid: 45657|app: 0|req: 34/99] 10.0.0.210 () {58 vars in 1018 bytes} [Fri Oct 20 12:56:05 2023] POST /identity/v3/auth/tokens => generated 861 bytes in 105 msecs (HTTP/1.1 201) 6 headers in 363 bytes (1 switches on core 0)
Oct 20 12:56:05 user devstack@keystone.service[45656]: [pid: 45656|app: 0|req: 34/100] 10.0.0.210 () {58 vars in 1018 bytes} [Fri Oct 20 12:56:05 2023] POST /identity/v3/auth/tokens => generated 861 bytes in 81 msecs (HTTP/1.1 201) 6 headers in 363 bytes (2 switches on core 0)
Oct 20 12:56:05 user devstack@keystone.service[45655]: DEBUG keystone.server.flask.request_processing.middleware.auth_context [None req-2b267e25-246e-43de-87bf-8895951fd28d None None] Validating token access rules against request {{(pid=45655) validate_allowed_request /opt/stack/data/venv/lib/python3.10/site-packages/keystonemiddleware/auth_token/__init__.py:544}}
Oct 20 12:56:05 user devstack@keystone.service[45657]: DEBUG keystone.server.flask.request_processing.middleware.auth_context [None req-15da5122-a97d-44a7-84cb-7ad14dcc9b1c None None] Authenticating user token {{(pid=45657) process_request /opt/stack/data/venv/lib/python3.10/site-packages/keystonemiddleware/auth_token/__init__.py:406}}
Oct 20 12:56:05 user devstack@keystone.service[45656]: DEBUG keystone.server.flask.request_processing.req_logging [None req-9d8eaae0-c234-4be2-8e58-8385b242ace0 None None] REQUEST_METHOD: `GET` {{(pid=45656) log_request_info /opt/stack/keystone/keystone/server/flask/request_processing/req_logging.py:27}}
Oct 20 12:56:05 user devstack@keystone.service[45656]: DEBUG keystone.server.flask.request_processing.req_logging [None req-9d8eaae0-c234-4be2-8e58-8385b242ace0 None None] SCRIPT_NAME: `/identity` {{(pid=45656) log_request_info /opt/stack/keystone/keystone/server/flask/request_processing/req_logging.py:28}}
Oct 20 12:56:05 user devstack@keystone.service[45656]: DEBUG keystone.server.flask.request_processing.req_logging [None req-9d8eaae0-c234-4be2-8e58-8385b242ace0 None None] PATH_INFO: `/` {{(pid=45656) log_request_info /opt/stack/keystone/keystone/server/flask/request_processing/req_logging.py:29}}
Oct 20 12:56:05 user devstack@keystone.service[45656]: [pid: 45656|app: 0|req: 35/101] 10.0.0.210 () {54 vars in 921 bytes} [Fri Oct 20 12:56:05 2023] GET /identity => generated 269 bytes in 3 msecs (HTTP/1.1 300) 6 headers in 233 bytes (2 switches on core 0)
Oct 20 12:56:05 user devstack@keystone.service[45656]: DEBUG keystone.server.flask.request_processing.req_logging [None req-f023942b-951f-4576-b994-2b60d79c154f None None] REQUEST_METHOD: `POST` {{(pid=45656) log_request_info /opt/stack/keystone/keystone/server/flask/request_processing/req_logging.py:27}}
Oct 20 12:56:05 user devstack@keystone.service[45656]: DEBUG keystone.server.flask.request_processing.req_logging [None req-f023942b-951f-4576-b994-2b60d79c154f None None] SCRIPT_NAME: `/identity` {{(pid=45656) log_request_info /opt/stack/keystone/keystone/server/flask/request_processing/req_logging.py:28}}
Oct 20 12:56:05 user devstack@keystone.service[45656]: DEBUG keystone.server.flask.request_processing.req_logging [None req-f023942b-951f-4576-b994-2b60d79c154f None None] PATH_INFO: `/v3/auth/tokens` {{(pid=45656) log_request_info /opt/stack/keystone/keystone/server/flask/request_processing/req_logging.py:29}}
Oct 20 12:56:05 user devstack@keystone.service[45656]: WARNING keystone.common.password_hashing [None req-f023942b-951f-4576-b994-2b60d79c154f None None] Truncating password to algorithm specific maximum length 72 characters.
Oct 20 12:56:05 user devstack@keystone.service[45656]: DEBUG keystone.auth.core [None req-f023942b-951f-4576-b994-2b60d79c154f None None] MFA Rules not processed for user `d017640d1cdf4cb3ae0137e1973a8cc1`. Rule list: `[]` (Enabled: `True`). {{(pid=45656) check_auth_methods_against_rules /opt/stack/keystone/keystone/auth/core.py:438}}
Oct 20 12:56:05 user devstack@keystone.service[45656]: DEBUG keystone.common.fernet_utils [None req-f023942b-951f-4576-b994-2b60d79c154f None None] Loaded 2 Fernet keys from /etc/keystone/fernet-keys/, but `[fernet_tokens] max_active_keys = 3`; perhaps there have not been enough key rotations to reach `max_active_keys` yet? {{(pid=45656) load_keys /opt/stack/keystone/keystone/common/fernet_utils.py:286}}
Oct 20 12:56:05 user devstack@keystone.service[45655]: DEBUG keystone.server.flask.request_processing.middleware.auth_context [None req-b65c3354-8284-40ac-9737-2dd6123cc5e3 None admin] RBAC: auth_context: {'token': , 'domain_id': None, 'trust_id': None, 'trustor_id': None, 'trustee_id': None, 'domain_name': None, 'group_ids': [], 'user_id': 'd017640d1cdf4cb3ae0137e1973a8cc1', 'user_domain_id': 'default', 'system_scope': 'all', 'project_id': None, 'project_domain_id': None, 'roles': ['admin', 'manager', 'member', 'reader'], 'is_admin_project': True, 'service_user_id': None, 'service_user_domain_id': None, 'service_project_id': None, 'service_project_domain_id': None, 'service_roles': []} {{(pid=45655) fill_context /opt/stack/keystone/keystone/server/flask/request_processing/middleware/auth_context.py:480}}
Oct 20 12:56:05 user devstack@keystone.service[45655]: DEBUG keystone.server.flask.request_processing.req_logging [None req-b65c3354-8284-40ac-9737-2dd6123cc5e3 None admin] REQUEST_METHOD: `GET` {{(pid=45655) log_request_info /opt/stack/keystone/keystone/server/flask/request_processing/req_logging.py:27}}
Oct 20 12:56:05 user devstack@keystone.service[45655]: DEBUG keystone.server.flask.request_processing.req_logging [None req-b65c3354-8284-40ac-9737-2dd6123cc5e3 None admin] SCRIPT_NAME: `/identity` {{(pid=45655) log_request_info /opt/stack/keystone/keystone/server/flask/request_processing/req_logging.py:28}}
Oct 20 12:56:05 user devstack@keystone.service[45655]: DEBUG keystone.server.flask.request_processing.req_logging [None req-b65c3354-8284-40ac-9737-2dd6123cc5e3 None admin] PATH_INFO: `/v3/users/a8ee4b62111d44b38d5bc14c58ee1d5d` {{(pid=45655) log_request_info /opt/stack/keystone/keystone/server/flask/request_processing/req_logging.py:29}}
Oct 20 12:56:05 user devstack@keystone.service[45655]: DEBUG keystone.common.rbac_enforcer.enforcer [None req-b65c3354-8284-40ac-9737-2dd6123cc5e3 None admin] RBAC: Authorizing `identity:get_user(user_id=a8ee4b62111d44b38d5bc14c58ee1d5d)` {{(pid=45655) enforce_call /opt/stack/keystone/keystone/common/rbac_enforcer/enforcer.py:449}}
Oct 20 12:56:05 user devstack@keystone.service[45655]: DEBUG keystone.common.rbac_enforcer.enforcer [None req-b65c3354-8284-40ac-9737-2dd6123cc5e3 None admin] RBAC: Authorization granted {{(pid=45655) enforce_call /opt/stack/keystone/keystone/common/rbac_enforcer/enforcer.py:457}}
Oct 20 12:56:05 user devstack@keystone.service[45655]: [pid: 45655|app: 0|req: 33/102] 10.0.0.210 () {56 vars in 1172 bytes} [Fri Oct 20 12:56:05 2023] GET /identity/v3/users/a8ee4b62111d44b38d5bc14c58ee1d5d => generated 274 bytes in 144 msecs (HTTP/1.1 200) 5 headers in 177 bytes (1 switches on core 0)
Oct 20 12:56:05 user devstack@keystone.service[45655]: DEBUG keystone.server.flask.request_processing.middleware.auth_context [None req-b65c3354-8284-40ac-9737-2dd6123cc5e3 None admin] Authenticating user token {{(pid=45655) process_request /opt/stack/data/venv/lib/python3.10/site-packages/keystonemiddleware/auth_token/__init__.py:406}}
Oct 20 12:56:05 user devstack@keystone.service[45656]: [pid: 45656|app: 0|req: 36/103] 10.0.0.210 () {58 vars in 1018 bytes} [Fri Oct 20 12:56:05 2023] POST /identity/v3/auth/tokens => generated 861 bytes in 81 msecs (HTTP/1.1 201) 6 headers in 363 bytes (1 switches on core 0)
Oct 20 12:56:05 user devstack@keystone.service[45656]: DEBUG keystone.server.flask.request_processing.middleware.auth_context [None req-f023942b-951f-4576-b994-2b60d79c154f None None] Authenticating user token {{(pid=45656) process_request /opt/stack/data/venv/lib/python3.10/site-packages/keystonemiddleware/auth_token/__init__.py:406}}
Oct 20 12:56:05 user devstack@keystone.service[45657]: DEBUG keystone.server.flask.request_processing.middleware.auth_context [None req-15da5122-a97d-44a7-84cb-7ad14dcc9b1c None None] Validating token access rules against request {{(pid=45657) validate_allowed_request /opt/stack/data/venv/lib/python3.10/site-packages/keystonemiddleware/auth_token/__init__.py:544}}
Oct 20 12:56:05 user devstack@keystone.service[45655]: DEBUG keystone.server.flask.request_processing.middleware.auth_context [None req-b65c3354-8284-40ac-9737-2dd6123cc5e3 None admin] Validating token access rules against request {{(pid=45655) validate_allowed_request /opt/stack/data/venv/lib/python3.10/site-packages/keystonemiddleware/auth_token/__init__.py:544}}
Oct 20 12:56:05 user devstack@keystone.service[45657]: DEBUG keystone.server.flask.request_processing.middleware.auth_context [None req-bb1bcb90-4920-4511-ba7b-0205cbd5ec7c None admin] RBAC: auth_context: {'token': , 'domain_id': None, 'trust_id': None, 'trustor_id': None, 'trustee_id': None, 'domain_name': None, 'group_ids': [], 'user_id': 'd017640d1cdf4cb3ae0137e1973a8cc1', 'user_domain_id': 'default', 'system_scope': 'all', 'project_id': None, 'project_domain_id': None, 'roles': ['admin', 'manager', 'member', 'reader'], 'is_admin_project': True, 'service_user_id': None, 'service_user_domain_id': None, 'service_project_id': None, 'service_project_domain_id': None, 'service_roles': []} {{(pid=45657) fill_context /opt/stack/keystone/keystone/server/flask/request_processing/middleware/auth_context.py:480}}
Oct 20 12:56:05 user devstack@keystone.service[45657]: DEBUG keystone.server.flask.request_processing.req_logging [None req-bb1bcb90-4920-4511-ba7b-0205cbd5ec7c None admin] REQUEST_METHOD: `GET` {{(pid=45657) log_request_info /opt/stack/keystone/keystone/server/flask/request_processing/req_logging.py:27}}
Oct 20 12:56:05 user devstack@keystone.service[45657]: DEBUG keystone.server.flask.request_processing.req_logging [None req-bb1bcb90-4920-4511-ba7b-0205cbd5ec7c None admin] SCRIPT_NAME: `/identity` {{(pid=45657) log_request_info /opt/stack/keystone/keystone/server/flask/request_processing/req_logging.py:28}}
Oct 20 12:56:05 user devstack@keystone.service[45657]: DEBUG keystone.server.flask.request_processing.req_logging [None req-bb1bcb90-4920-4511-ba7b-0205cbd5ec7c None admin] PATH_INFO: `/v3/roles/reader` {{(pid=45657) log_request_info /opt/stack/keystone/keystone/server/flask/request_processing/req_logging.py:29}}
Oct 20 12:56:05 user devstack@keystone.service[45657]: DEBUG keystone.common.rbac_enforcer.enforcer [None req-bb1bcb90-4920-4511-ba7b-0205cbd5ec7c None admin] Extracting inferred target data resulted in "NOT FOUND (404)". {{(pid=45657) enforce_call /opt/stack/keystone/keystone/common/rbac_enforcer/enforcer.py:409}}
Oct 20 12:56:05 user devstack@keystone.service[45655]: DEBUG keystone.server.flask.request_processing.middleware.auth_context [None req-d8d002c4-75ad-4feb-89f7-c509eb0cabf4 None admin] RBAC: auth_context: {'token': , 'domain_id': None, 'trust_id': None, 'trustor_id': None, 'trustee_id': None, 'domain_name': None, 'group_ids': [], 'user_id': 'd017640d1cdf4cb3ae0137e1973a8cc1', 'user_domain_id': 'default', 'system_scope': 'all', 'project_id': None, 'project_domain_id': None, 'roles': ['admin', 'manager', 'member', 'reader'], 'is_admin_project': True, 'service_user_id': None, 'service_user_domain_id': None, 'service_project_id': None, 'service_project_domain_id': None, 'service_roles': []} {{(pid=45655) fill_context /opt/stack/keystone/keystone/server/flask/request_processing/middleware/auth_context.py:480}}
Oct 20 12:56:05 user devstack@keystone.service[45655]: DEBUG keystone.server.flask.request_processing.req_logging [None req-d8d002c4-75ad-4feb-89f7-c509eb0cabf4 None admin] REQUEST_METHOD: `GET` {{(pid=45655) log_request_info /opt/stack/keystone/keystone/server/flask/request_processing/req_logging.py:27}}
