Nov 17 02:49:41 user devstack@keystone.service[46089]: DEBUG keystone.server.flask.request_processing.req_logging [None req-6b0ace8c-260e-4e40-9634-169c85c74471 None None] REQUEST_METHOD: `POST` {{(pid=46089) log_request_info /opt/stack/keystone/keystone/server/flask/request_processing/req_logging.py:27}}
Nov 17 02:49:41 user devstack@keystone.service[46089]: DEBUG keystone.server.flask.request_processing.req_logging [None req-6b0ace8c-260e-4e40-9634-169c85c74471 None None] SCRIPT_NAME: `/identity` {{(pid=46089) log_request_info /opt/stack/keystone/keystone/server/flask/request_processing/req_logging.py:28}}
Nov 17 02:49:41 user devstack@keystone.service[46089]: DEBUG keystone.server.flask.request_processing.req_logging [None req-6b0ace8c-260e-4e40-9634-169c85c74471 None None] PATH_INFO: `/v3/auth/tokens` {{(pid=46089) log_request_info /opt/stack/keystone/keystone/server/flask/request_processing/req_logging.py:29}}
Nov 17 02:49:41 user devstack@keystone.service[46090]: [pid: 46090|app: 0|req: 65/195] 10.0.0.210 () {56 vars in 1096 bytes} [Fri Nov 17 02:49:41 2023] GET /identity/v3/roles?name=reader => generated 339 bytes in 138 msecs (HTTP/1.1 200) 5 headers in 177 bytes (1 switches on core 0)
Nov 17 02:49:41 user devstack@keystone.service[46090]: DEBUG keystone.server.flask.request_processing.middleware.auth_context [None req-3a7e4e7b-e199-444f-9bfc-fdd918038a59 None admin] Authenticating user token {{(pid=46090) process_request /opt/stack/data/venv/lib/python3.10/site-packages/keystonemiddleware/auth_token/__init__.py:406}}
Nov 17 02:49:41 user devstack@keystone.service[46089]: WARNING keystone.common.password_hashing [None req-6b0ace8c-260e-4e40-9634-169c85c74471 None None] Truncating password to algorithm specific maximum length 72 characters.
Nov 17 02:49:41 user devstack@keystone.service[46089]: DEBUG keystone.auth.core [None req-6b0ace8c-260e-4e40-9634-169c85c74471 None None] MFA Rules not processed for user `3b494eb563a3423f9a5b6b5d19ebbf5e`. Rule list: `[]` (Enabled: `True`). {{(pid=46089) check_auth_methods_against_rules /opt/stack/keystone/keystone/auth/core.py:438}}
Nov 17 02:49:41 user devstack@keystone.service[46089]: DEBUG keystone.common.fernet_utils [None req-6b0ace8c-260e-4e40-9634-169c85c74471 None None] Loaded 2 Fernet keys from /etc/keystone/fernet-keys/, but `[fernet_tokens] max_active_keys = 3`; perhaps there have not been enough key rotations to reach `max_active_keys` yet? {{(pid=46089) load_keys /opt/stack/keystone/keystone/common/fernet_utils.py:286}}
Nov 17 02:49:41 user devstack@keystone.service[46091]: DEBUG keystone.server.flask.request_processing.middleware.auth_context [None req-91360309-0a5e-435e-a7b5-facadbd7153d None None] Validating token access rules against request {{(pid=46091) validate_allowed_request /opt/stack/data/venv/lib/python3.10/site-packages/keystonemiddleware/auth_token/__init__.py:544}}
Nov 17 02:49:41 user devstack@keystone.service[46089]: [pid: 46089|app: 0|req: 62/196] 10.0.0.210 () {58 vars in 1018 bytes} [Fri Nov 17 02:49:41 2023] POST /identity/v3/auth/tokens => generated 861 bytes in 92 msecs (HTTP/1.1 201) 6 headers in 363 bytes (1 switches on core 0)
Nov 17 02:49:41 user devstack@keystone.service[46091]: DEBUG keystone.server.flask.request_processing.middleware.auth_context [None req-94c800d1-df90-4aa8-8e97-5b3d6decc9a7 None admin] RBAC: auth_context: {'token': , 'domain_id': None, 'trust_id': None, 'trustor_id': None, 'trustee_id': None, 'domain_name': None, 'group_ids': [], 'user_id': '3b494eb563a3423f9a5b6b5d19ebbf5e', 'user_domain_id': 'default', 'system_scope': 'all', 'project_id': None, 'project_domain_id': None, 'roles': ['admin', 'manager', 'member', 'reader'], 'is_admin_project': True, 'service_user_id': None, 'service_user_domain_id': None, 'service_project_id': None, 'service_project_domain_id': None, 'service_roles': []} {{(pid=46091) fill_context /opt/stack/keystone/keystone/server/flask/request_processing/middleware/auth_context.py:480}}
Nov 17 02:49:41 user devstack@keystone.service[46091]: DEBUG keystone.server.flask.request_processing.req_logging [None req-94c800d1-df90-4aa8-8e97-5b3d6decc9a7 None admin] REQUEST_METHOD: `GET` {{(pid=46091) log_request_info /opt/stack/keystone/keystone/server/flask/request_processing/req_logging.py:27}}
Nov 17 02:49:41 user devstack@keystone.service[46091]: DEBUG keystone.server.flask.request_processing.req_logging [None req-94c800d1-df90-4aa8-8e97-5b3d6decc9a7 None admin] SCRIPT_NAME: `/identity` {{(pid=46091) log_request_info /opt/stack/keystone/keystone/server/flask/request_processing/req_logging.py:28}}
Nov 17 02:49:41 user devstack@keystone.service[46091]: DEBUG keystone.server.flask.request_processing.req_logging [None req-94c800d1-df90-4aa8-8e97-5b3d6decc9a7 None admin] PATH_INFO: `/v3/domains/default` {{(pid=46091) log_request_info /opt/stack/keystone/keystone/server/flask/request_processing/req_logging.py:29}}
Nov 17 02:49:41 user devstack@keystone.service[46091]: DEBUG keystone.common.rbac_enforcer.enforcer [None req-94c800d1-df90-4aa8-8e97-5b3d6decc9a7 None admin] RBAC: Authorizing `identity:get_domain(domain_id=default)` {{(pid=46091) enforce_call /opt/stack/keystone/keystone/common/rbac_enforcer/enforcer.py:449}}
Nov 17 02:49:41 user devstack@keystone.service[46090]: DEBUG keystone.server.flask.request_processing.middleware.auth_context [None req-3a7e4e7b-e199-444f-9bfc-fdd918038a59 None admin] Validating token access rules against request {{(pid=46090) validate_allowed_request /opt/stack/data/venv/lib/python3.10/site-packages/keystonemiddleware/auth_token/__init__.py:544}}
Nov 17 02:49:41 user devstack@keystone.service[46091]: DEBUG keystone.common.rbac_enforcer.enforcer [None req-94c800d1-df90-4aa8-8e97-5b3d6decc9a7 None admin] RBAC: Authorization granted {{(pid=46091) enforce_call /opt/stack/keystone/keystone/common/rbac_enforcer/enforcer.py:457}}
Nov 17 02:49:41 user devstack@keystone.service[46091]: [pid: 46091|app: 0|req: 70/197] 10.0.0.210 () {56 vars in 1103 bytes} [Fri Nov 17 02:49:41 2023] GET /identity/v3/domains/default => generated 198 bytes in 130 msecs (HTTP/1.1 200) 5 headers in 177 bytes (1 switches on core 0)
Nov 17 02:49:41 user devstack@keystone.service[46089]: DEBUG keystone.server.flask.request_processing.middleware.auth_context [None req-6b0ace8c-260e-4e40-9634-169c85c74471 None None] Authenticating user token {{(pid=46089) process_request /opt/stack/data/venv/lib/python3.10/site-packages/keystonemiddleware/auth_token/__init__.py:406}}
Nov 17 02:49:41 user devstack@keystone.service[46090]: DEBUG keystone.server.flask.request_processing.middleware.auth_context [None req-4ff93035-2e61-4d8d-abb6-f08edd1d3cd7 None admin] RBAC: auth_context: {'token': , 'domain_id': None, 'trust_id': None, 'trustor_id': None, 'trustee_id': None, 'domain_name': None, 'group_ids': [], 'user_id': '3b494eb563a3423f9a5b6b5d19ebbf5e', 'user_domain_id': 'default', 'system_scope': 'all', 'project_id': None, 'project_domain_id': None, 'roles': ['admin', 'manager', 'member', 'reader'], 'is_admin_project': True, 'service_user_id': None, 'service_user_domain_id': None, 'service_project_id': None, 'service_project_domain_id': None, 'service_roles': []} {{(pid=46090) fill_context /opt/stack/keystone/keystone/server/flask/request_processing/middleware/auth_context.py:480}}
Nov 17 02:49:41 user devstack@keystone.service[46090]: DEBUG keystone.server.flask.request_processing.req_logging [None req-4ff93035-2e61-4d8d-abb6-f08edd1d3cd7 None admin] REQUEST_METHOD: `GET` {{(pid=46090) log_request_info /opt/stack/keystone/keystone/server/flask/request_processing/req_logging.py:27}}
Nov 17 02:49:41 user devstack@keystone.service[46090]: DEBUG keystone.server.flask.request_processing.req_logging [None req-4ff93035-2e61-4d8d-abb6-f08edd1d3cd7 None admin] SCRIPT_NAME: `/identity` {{(pid=46090) log_request_info /opt/stack/keystone/keystone/server/flask/request_processing/req_logging.py:28}}
Nov 17 02:49:41 user devstack@keystone.service[46090]: DEBUG keystone.server.flask.request_processing.req_logging [None req-4ff93035-2e61-4d8d-abb6-f08edd1d3cd7 None admin] PATH_INFO: `/v3/users/efc70b45ee25432999bf0a31dbab97eb` {{(pid=46090) log_request_info /opt/stack/keystone/keystone/server/flask/request_processing/req_logging.py:29}}
Nov 17 02:49:41 user devstack@keystone.service[46090]: DEBUG keystone.common.rbac_enforcer.enforcer [None req-4ff93035-2e61-4d8d-abb6-f08edd1d3cd7 None admin] RBAC: Authorizing `identity:get_user(user_id=efc70b45ee25432999bf0a31dbab97eb)` {{(pid=46090) enforce_call /opt/stack/keystone/keystone/common/rbac_enforcer/enforcer.py:449}}
Nov 17 02:49:41 user devstack@keystone.service[46090]: DEBUG keystone.common.rbac_enforcer.enforcer [None req-4ff93035-2e61-4d8d-abb6-f08edd1d3cd7 None admin] RBAC: Authorization granted {{(pid=46090) enforce_call /opt/stack/keystone/keystone/common/rbac_enforcer/enforcer.py:457}}
Nov 17 02:49:41 user devstack@keystone.service[46090]: [pid: 46090|app: 0|req: 66/198] 10.0.0.210 () {56 vars in 1172 bytes} [Fri Nov 17 02:49:41 2023] GET /identity/v3/users/efc70b45ee25432999bf0a31dbab97eb => generated 296 bytes in 145 msecs (HTTP/1.1 200) 5 headers in 177 bytes (2 switches on core 0)
Nov 17 02:49:41 user devstack@keystone.service[46091]: DEBUG keystone.server.flask.request_processing.middleware.auth_context [None req-94c800d1-df90-4aa8-8e97-5b3d6decc9a7 None admin] Authenticating user token {{(pid=46091) process_request /opt/stack/data/venv/lib/python3.10/site-packages/keystonemiddleware/auth_token/__init__.py:406}}
Nov 17 02:49:41 user devstack@keystone.service[46089]: DEBUG keystone.server.flask.request_processing.middleware.auth_context [None req-6b0ace8c-260e-4e40-9634-169c85c74471 None None] Validating token access rules against request {{(pid=46089) validate_allowed_request /opt/stack/data/venv/lib/python3.10/site-packages/keystonemiddleware/auth_token/__init__.py:544}}
Nov 17 02:49:41 user devstack@keystone.service[46089]: DEBUG keystone.server.flask.request_processing.middleware.auth_context [None req-9c4165a5-5f1a-4ab5-9b71-64ac772d2a4c None admin] RBAC: auth_context: {'token': , 'domain_id': None, 'trust_id': None, 'trustor_id': None, 'trustee_id': None, 'domain_name': None, 'group_ids': [], 'user_id': '3b494eb563a3423f9a5b6b5d19ebbf5e', 'user_domain_id': 'default', 'system_scope': 'all', 'project_id': None, 'project_domain_id': None, 'roles': ['admin', 'manager', 'member', 'reader'], 'is_admin_project': True, 'service_user_id': None, 'service_user_domain_id': None, 'service_project_id': None, 'service_project_domain_id': None, 'service_roles': []} {{(pid=46089) fill_context /opt/stack/keystone/keystone/server/flask/request_processing/middleware/auth_context.py:480}}
Nov 17 02:49:41 user devstack@keystone.service[46089]: DEBUG keystone.server.flask.request_processing.req_logging [None req-9c4165a5-5f1a-4ab5-9b71-64ac772d2a4c None admin] REQUEST_METHOD: `POST` {{(pid=46089) log_request_info /opt/stack/keystone/keystone/server/flask/request_processing/req_logging.py:27}}
Nov 17 02:49:41 user devstack@keystone.service[46089]: DEBUG keystone.server.flask.request_processing.req_logging [None req-9c4165a5-5f1a-4ab5-9b71-64ac772d2a4c None admin] SCRIPT_NAME: `/identity` {{(pid=46089) log_request_info /opt/stack/keystone/keystone/server/flask/request_processing/req_logging.py:28}}
Nov 17 02:49:41 user devstack@keystone.service[46089]: DEBUG keystone.server.flask.request_processing.req_logging [None req-9c4165a5-5f1a-4ab5-9b71-64ac772d2a4c None admin] PATH_INFO: `/v3/users` {{(pid=46089) log_request_info /opt/stack/keystone/keystone/server/flask/request_processing/req_logging.py:29}}
Nov 17 02:49:41 user devstack@keystone.service[46089]: DEBUG keystone.common.rbac_enforcer.enforcer [None req-9c4165a5-5f1a-4ab5-9b71-64ac772d2a4c None admin] RBAC: Authorizing `identity:create_user()` {{(pid=46089) enforce_call /opt/stack/keystone/keystone/common/rbac_enforcer/enforcer.py:449}}
Nov 17 02:49:41 user devstack@keystone.service[46089]: DEBUG keystone.common.rbac_enforcer.enforcer [None req-9c4165a5-5f1a-4ab5-9b71-64ac772d2a4c None admin] RBAC: Authorization granted {{(pid=46089) enforce_call /opt/stack/keystone/keystone/common/rbac_enforcer/enforcer.py:457}}
Nov 17 02:49:41 user devstack@keystone.service[46089]: WARNING keystone.common.password_hashing [None req-9c4165a5-5f1a-4ab5-9b71-64ac772d2a4c None admin] Truncating password to algorithm specific maximum length 72 characters.
Nov 17 02:49:41 user devstack@keystone.service[46091]: DEBUG keystone.server.flask.request_processing.middleware.auth_context [None req-94c800d1-df90-4aa8-8e97-5b3d6decc9a7 None admin] Validating token access rules against request {{(pid=46091) validate_allowed_request /opt/stack/data/venv/lib/python3.10/site-packages/keystonemiddleware/auth_token/__init__.py:544}}
Nov 17 02:49:41 user devstack@keystone.service[46089]: [pid: 46089|app: 0|req: 63/199] 10.0.0.210 () {60 vars in 1127 bytes} [Fri Nov 17 02:49:41 2023] POST /identity/v3/users => generated 292 bytes in 150 msecs (HTTP/1.1 201) 5 headers in 182 bytes (1 switches on core 0)
Nov 17 02:49:41 user devstack@keystone.service[46091]: DEBUG keystone.server.flask.request_processing.middleware.auth_context [None req-7ab6646a-827c-4c4c-aab7-fed586338431 None admin] RBAC: auth_context: {'token': , 'domain_id': None, 'trust_id': None, 'trustor_id': None, 'trustee_id': None, 'domain_name': None, 'group_ids': [], 'user_id': '3b494eb563a3423f9a5b6b5d19ebbf5e', 'user_domain_id': 'default', 'system_scope': 'all', 'project_id': None, 'project_domain_id': None, 'roles': ['admin', 'manager', 'member', 'reader'], 'is_admin_project': True, 'service_user_id': None, 'service_user_domain_id': None, 'service_project_id': None, 'service_project_domain_id': None, 'service_roles': []} {{(pid=46091) fill_context /opt/stack/keystone/keystone/server/flask/request_processing/middleware/auth_context.py:480}}
Nov 17 02:49:41 user devstack@keystone.service[46091]: DEBUG keystone.server.flask.request_processing.req_logging [None req-7ab6646a-827c-4c4c-aab7-fed586338431 None admin] REQUEST_METHOD: `GET` {{(pid=46091) log_request_info /opt/stack/keystone/keystone/server/flask/request_processing/req_logging.py:27}}
Nov 17 02:49:41 user devstack@keystone.service[46091]: DEBUG keystone.server.flask.request_processing.req_logging [None req-7ab6646a-827c-4c4c-aab7-fed586338431 None admin] SCRIPT_NAME: `/identity` {{(pid=46091) log_request_info /opt/stack/keystone/keystone/server/flask/request_processing/req_logging.py:28}}
Nov 17 02:49:41 user devstack@keystone.service[46091]: DEBUG keystone.server.flask.request_processing.req_logging [None req-7ab6646a-827c-4c4c-aab7-fed586338431 None admin] PATH_INFO: `/v3/projects/c9b282399f554700b7e8548b250ab6a1` {{(pid=46091) log_request_info /opt/stack/keystone/keystone/server/flask/request_processing/req_logging.py:29}}
Nov 17 02:49:41 user devstack@keystone.service[46091]: DEBUG keystone.common.rbac_enforcer.enforcer [None req-7ab6646a-827c-4c4c-aab7-fed586338431 None admin] RBAC: Authorizing `identity:get_project(project_id=c9b282399f554700b7e8548b250ab6a1)` {{(pid=46091) enforce_call /opt/stack/keystone/keystone/common/rbac_enforcer/enforcer.py:449}}
Nov 17 02:49:41 user devstack@keystone.service[46091]: DEBUG keystone.common.rbac_enforcer.enforcer [None req-7ab6646a-827c-4c4c-aab7-fed586338431 None admin] RBAC: Authorization granted {{(pid=46091) enforce_call /opt/stack/keystone/keystone/common/rbac_enforcer/enforcer.py:457}}
Nov 17 02:49:41 user devstack@keystone.service[46091]: [pid: 46091|app: 0|req: 71/200] 10.0.0.210 () {56 vars in 1181 bytes} [Fri Nov 17 02:49:41 2023] GET /identity/v3/projects/c9b282399f554700b7e8548b250ab6a1 => generated 301 bytes in 135 msecs (HTTP/1.1 200) 5 headers in 177 bytes (1 switches on core 0)
Nov 17 02:49:41 user devstack@keystone.service[46090]: DEBUG keystone.server.flask.request_processing.middleware.auth_context [None req-4ff93035-2e61-4d8d-abb6-f08edd1d3cd7 None admin] Authenticating user token {{(pid=46090) process_request /opt/stack/data/venv/lib/python3.10/site-packages/keystonemiddleware/auth_token/__init__.py:406}}
Nov 17 02:49:41 user devstack@keystone.service[46089]: DEBUG keystone.server.flask.request_processing.middleware.auth_context [None req-9c4165a5-5f1a-4ab5-9b71-64ac772d2a4c None admin] Authenticating user token {{(pid=46089) process_request /opt/stack/data/venv/lib/python3.10/site-packages/keystonemiddleware/auth_token/__init__.py:406}}
Nov 17 02:49:41 user devstack@keystone.service[46090]: DEBUG keystone.server.flask.request_processing.middleware.auth_context [None req-4ff93035-2e61-4d8d-abb6-f08edd1d3cd7 None admin] Validating token access rules against request {{(pid=46090) validate_allowed_request /opt/stack/data/venv/lib/python3.10/site-packages/keystonemiddleware/auth_token/__init__.py:544}}
Nov 17 02:49:41 user devstack@keystone.service[46089]: DEBUG keystone.server.flask.request_processing.middleware.auth_context [None req-9c4165a5-5f1a-4ab5-9b71-64ac772d2a4c None admin] Validating token access rules against request {{(pid=46089) validate_allowed_request /opt/stack/data/venv/lib/python3.10/site-packages/keystonemiddleware/auth_token/__init__.py:544}}
Nov 17 02:49:41 user devstack@keystone.service[46090]: DEBUG keystone.server.flask.request_processing.middleware.auth_context [None req-d8993ba0-bae1-407d-b434-985c3198c5c1 None admin] RBAC: auth_context: {'token': , 'domain_id': None, 'trust_id': None, 'trustor_id': None, 'trustee_id': None, 'domain_name': None, 'group_ids': [], 'user_id': '3b494eb563a3423f9a5b6b5d19ebbf5e', 'user_domain_id': 'default', 'system_scope': 'all', 'project_id': None, 'project_domain_id': None, 'roles': ['admin', 'manager', 'member', 'reader'], 'is_admin_project': True, 'service_user_id': None, 'service_user_domain_id': None, 'service_project_id': None, 'service_project_domain_id': None, 'service_roles': []} {{(pid=46090) fill_context /opt/stack/keystone/keystone/server/flask/request_processing/middleware/auth_context.py:480}}
Nov 17 02:49:41 user devstack@keystone.service[46089]: DEBUG keystone.server.flask.request_processing.middleware.auth_context [None req-4c990044-fbeb-4a04-8f2f-ddcede06ebee None admin] RBAC: auth_context: {'token': , 'domain_id': None, 'trust_id': None, 'trustor_id': None, 'trustee_id': None, 'domain_name': None, 'group_ids': [], 'user_id': '3b494eb563a3423f9a5b6b5d19ebbf5e', 'user_domain_id': 'default', 'system_scope': 'all', 'project_id': None, 'project_domain_id': None, 'roles': ['admin', 'manager', 'member', 'reader'], 'is_admin_project': True, 'service_user_id': None, 'service_user_domain_id': None, 'service_project_id': None, 'service_project_domain_id': None, 'service_roles': []} {{(pid=46089) fill_context /opt/stack/keystone/keystone/server/flask/request_processing/middleware/auth_context.py:480}}
Nov 17 02:49:41 user devstack@keystone.service[46090]: DEBUG keystone.server.flask.request_processing.req_logging [None req-d8993ba0-bae1-407d-b434-985c3198c5c1 None admin] REQUEST_METHOD: `PUT` {{(pid=46090) log_request_info /opt/stack/keystone/keystone/server/flask/request_processing/req_logging.py:27}}
Nov 17 02:49:41 user devstack@keystone.service[46090]: DEBUG keystone.server.flask.request_processing.req_logging [None req-d8993ba0-bae1-407d-b434-985c3198c5c1 None admin] SCRIPT_NAME: `/identity` {{(pid=46090) log_request_info /opt/stack/keystone/keystone/server/flask/request_processing/req_logging.py:28}}
Nov 17 02:49:41 user devstack@keystone.service[46089]: DEBUG keystone.server.flask.request_processing.req_logging [None req-4c990044-fbeb-4a04-8f2f-ddcede06ebee None admin] REQUEST_METHOD: `GET` {{(pid=46089) log_request_info /opt/stack/keystone/keystone/server/flask/request_processing/req_logging.py:27}}
Nov 17 02:49:41 user devstack@keystone.service[46090]: DEBUG keystone.server.flask.request_processing.req_logging [None req-d8993ba0-bae1-407d-b434-985c3198c5c1 None admin] PATH_INFO: `/v3/projects/c9b282399f554700b7e8548b250ab6a1/users/efc70b45ee25432999bf0a31dbab97eb/roles/b269df8aa9d44cc49296dd32b9bd4a64` {{(pid=46090) log_request_info /opt/stack/keystone/keystone/server/flask/request_processing/req_logging.py:29}}
Nov 17 02:49:41 user devstack@keystone.service[46089]: DEBUG keystone.server.flask.request_processing.req_logging [None req-4c990044-fbeb-4a04-8f2f-ddcede06ebee None admin] SCRIPT_NAME: `/identity` {{(pid=46089) log_request_info /opt/stack/keystone/keystone/server/flask/request_processing/req_logging.py:28}}
Nov 17 02:49:41 user devstack@keystone.service[46089]: DEBUG keystone.server.flask.request_processing.req_logging [None req-4c990044-fbeb-4a04-8f2f-ddcede06ebee None admin] PATH_INFO: `/v3/roles/member` {{(pid=46089) log_request_info /opt/stack/keystone/keystone/server/flask/request_processing/req_logging.py:29}}
Nov 17 02:49:41 user devstack@keystone.service[46090]: DEBUG keystone.common.rbac_enforcer.enforcer [None req-d8993ba0-bae1-407d-b434-985c3198c5c1 None admin] RBAC: Authorizing `identity:create_grant(project_id=c9b282399f554700b7e8548b250ab6a1, user_id=efc70b45ee25432999bf0a31dbab97eb, role_id=b269df8aa9d44cc49296dd32b9bd4a64)` {{(pid=46090) enforce_call /opt/stack/keystone/keystone/common/rbac_enforcer/enforcer.py:449}}
Nov 17 02:49:41 user devstack@keystone.service[46090]: DEBUG keystone.common.rbac_enforcer.enforcer [None req-d8993ba0-bae1-407d-b434-985c3198c5c1 None admin] RBAC: Authorization granted {{(pid=46090) enforce_call /opt/stack/keystone/keystone/common/rbac_enforcer/enforcer.py:457}}
Nov 17 02:49:41 user devstack@keystone.service[46089]: DEBUG keystone.common.rbac_enforcer.enforcer [None req-4c990044-fbeb-4a04-8f2f-ddcede06ebee None admin] Extracting inferred target data resulted in "NOT FOUND (404)". {{(pid=46089) enforce_call /opt/stack/keystone/keystone/common/rbac_enforcer/enforcer.py:409}}
Nov 17 02:49:41 user devstack@keystone.service[46089]: ERROR keystone.server.flask.application [None req-4c990044-fbeb-4a04-8f2f-ddcede06ebee None admin] Could not find role: member.: keystone.exception.RoleNotFound: Could not find role: member.
Nov 17 02:49:41 user devstack@keystone.service[46089]: ERROR keystone.server.flask.application
Traceback (most recent call last):
Nov 17 02:49:41 user devstack@keystone.service[46089]: ERROR keystone.server.flask.application
File "/opt/stack/data/venv/lib/python3.10/site-packages/flask/app.py", line 1823, in full_dispatch_request
Nov 17 02:49:41 user devstack@keystone.service[46089]: ERROR keystone.server.flask.application rv = self.dispatch_request()
Nov 17 02:49:41 user devstack@keystone.service[46089]: ERROR keystone.server.flask.application
File "/opt/stack/data/venv/lib/python3.10/site-packages/flask/app.py", line 1799, in dispatch_request
Nov 17 02:49:41 user devstack@keystone.service[46089]: ERROR keystone.server.flask.application return self.ensure_sync(self.view_functions[rule.endpoint])(**view_args)
Nov 17 02:49:41 user devstack@keystone.service[46089]: ERROR keystone.server.flask.application
File "/opt/stack/data/venv/lib/python3.10/site-packages/flask_restful/__init__.py", line 489, in wrapper
Nov 17 02:49:41 user devstack@keystone.service[46089]: ERROR keystone.server.flask.application resp = resource(*args, **kwargs)
Nov 17 02:49:41 user devstack@keystone.service[46089]: ERROR keystone.server.flask.application
File "/opt/stack/data/venv/lib/python3.10/site-packages/flask/views.py", line 107, in view
Nov 17 02:49:41 user devstack@keystone.service[46089]: ERROR keystone.server.flask.application return current_app.ensure_sync(self.dispatch_request)(**kwargs)
Nov 17 02:49:41 user devstack@keystone.service[46089]: ERROR keystone.server.flask.application
File "/opt/stack/data/venv/lib/python3.10/site-packages/flask_restful/__init__.py", line 604, in dispatch_request
Nov 17 02:49:41 user devstack@keystone.service[46089]: ERROR keystone.server.flask.application resp = meth(*args, **kwargs)
Nov 17 02:49:41 user devstack@keystone.service[46089]: ERROR keystone.server.flask.application
File "/opt/stack/keystone/keystone/api/roles.py", line 50, in get
Nov 17 02:49:41 user devstack@keystone.service[46089]: ERROR keystone.server.flask.application return self._get_role(role_id)
Nov 17 02:49:41 user devstack@keystone.service[46089]: ERROR keystone.server.flask.application
File "/opt/stack/keystone/keystone/api/roles.py", line 70, in _get_role
Nov 17 02:49:41 user devstack@keystone.service[46089]: ERROR keystone.server.flask.application ENFORCER.enforce_call(action='identity:get_role')
Nov 17 02:49:41 user devstack@keystone.service[46089]: ERROR keystone.server.flask.application
File "/opt/stack/keystone/keystone/common/rbac_enforcer/enforcer.py", line 402, in enforce_call
Nov 17 02:49:41 user devstack@keystone.service[46089]: ERROR keystone.server.flask.application policy_dict.update(cls._extract_member_target_data(
Nov 17 02:49:41 user devstack@keystone.service[46089]: ERROR keystone.server.flask.application
File "/opt/stack/keystone/keystone/common/rbac_enforcer/enforcer.py", line 234, in _extract_member_target_data
Nov 17 02:49:41 user devstack@keystone.service[46089]: ERROR keystone.server.flask.application member_name: func(flask.request.view_args[key])
Nov 17 02:49:41 user devstack@keystone.service[46089]: ERROR keystone.server.flask.application
File "/opt/stack/keystone/keystone/common/manager.py", line 115, in wrapped
Nov 17 02:49:41 user devstack@keystone.service[46089]: ERROR keystone.server.flask.application __ret_val = __f(*args, **kwargs)
Nov 17 02:49:41 user devstack@keystone.service[46089]: ERROR keystone.server.flask.application
File "/opt/stack/data/venv/lib/python3.10/site-packages/decorator.py", line 232, in fun
Nov 17 02:49:41 user devstack@keystone.service[46089]: ERROR keystone.server.flask.application return caller(func, *(extras + args), **kw)
Nov 17 02:49:41 user devstack@keystone.service[46089]: ERROR keystone.server.flask.application
File "/opt/stack/data/venv/lib/python3.10/site-packages/dogpile/cache/region.py", line 1594, in get_or_create_for_user_func
Nov 17 02:49:41 user devstack@keystone.service[46089]: ERROR keystone.server.flask.application return self.get_or_create(
Nov 17 02:49:41 user devstack@keystone.service[46089]: ERROR keystone.server.flask.application
File "/opt/stack/data/venv/lib/python3.10/site-packages/dogpile/cache/region.py", line 1054, in get_or_create
Nov 17 02:49:41 user devstack@keystone.service[46089]: ERROR keystone.server.flask.application with Lock(
Nov 17 02:49:41 user devstack@keystone.service[46089]: ERROR keystone.server.flask.application
File "/opt/stack/data/venv/lib/python3.10/site-packages/dogpile/lock.py", line 185, in __enter__
Nov 17 02:49:41 user devstack@keystone.service[46089]: ERROR keystone.server.flask.application return self._enter()
Nov 17 02:49:41 user devstack@keystone.service[46089]: ERROR keystone.server.flask.application
File "/opt/stack/data/venv/lib/python3.10/site-packages/dogpile/lock.py", line 94, in _enter
Nov 17 02:49:41 user devstack@keystone.service[46089]: ERROR keystone.server.flask.application generated = self._enter_create(value, createdtime)
Nov 17 02:49:41 user devstack@keystone.service[46089]: ERROR keystone.server.flask.application
File "/opt/stack/data/venv/lib/python3.10/site-packages/dogpile/lock.py", line 178, in _enter_create
Nov 17 02:49:41 user devstack@keystone.service[46089]: ERROR keystone.server.flask.application return self.creator()
Nov 17 02:49:41 user devstack@keystone.service[46089]: ERROR keystone.server.flask.application
File "/opt/stack/data/venv/lib/python3.10/site-packages/dogpile/cache/region.py", line 1007, in gen_value
Nov 17 02:49:41 user devstack@keystone.service[46089]: ERROR keystone.server.flask.application created_value = creator(
Nov 17 02:49:41 user devstack@keystone.service[46089]: ERROR keystone.server.flask.application
File "/opt/stack/keystone/keystone/assignment/core.py", line 1276, in get_role
Nov 17 02:49:41 user devstack@keystone.service[46089]: ERROR keystone.server.flask.application return self.driver.get_role(role_id)
Nov 17 02:49:41 user devstack@keystone.service[46089]: ERROR keystone.server.flask.application
File "/opt/stack/keystone/keystone/assignment/role_backends/sql.py", line 70, in get_role
Nov 17 02:49:41 user devstack@keystone.service[46089]: ERROR keystone.server.flask.application return self._get_role(session, role_id).to_dict()
Nov 17 02:49:41 user devstack@keystone.service[46089]: ERROR keystone.server.flask.application
File "/opt/stack/keystone/keystone/assignment/role_backends/sql.py", line 65, in _get_role
Nov 17 02:49:41 user devstack@keystone.service[46089]: ERROR keystone.server.flask.application raise exception.RoleNotFound(role_id=role_id)
Nov 17 02:49:41 user devstack@keystone.service[46089]: ERROR keystone.server.flask.application keystone.exception.RoleNotFound: Could not find role: member.
Nov 17 02:49:41 user devstack@keystone.service[46089]: ERROR keystone.server.flask.application
Nov 17 02:49:41 user devstack@keystone.service[46089]: [pid: 46089|app: 0|req: 64/201] 10.0.0.210 () {56 vars in 1094 bytes} [Fri Nov 17 02:49:41 2023] GET /identity/v3/roles/member => generated 84 bytes in 142 msecs (HTTP/1.1 404) 5 headers in 183 bytes (1 switches on core 0)
Nov 17 02:49:41 user devstack@keystone.service[46090]: [pid: 46090|app: 0|req: 67/202] 10.0.0.210 () {58 vars in 1434 bytes} [Fri Nov 17 02:49:41 2023] PUT /identity/v3/projects/c9b282399f554700b7e8548b250ab6a1/users/efc70b45ee25432999bf0a31dbab97eb/roles/b269df8aa9d44cc49296dd32b9bd4a64 => generated 0 bytes in 146 msecs (HTTP/1.1 204) 3 headers in 132 bytes (0 switches on core 0)
Nov 17 02:49:41 user devstack@keystone.service[46091]: DEBUG keystone.server.flask.request_processing.middleware.auth_context [None req-7ab6646a-827c-4c4c-aab7-fed586338431 None admin] Authenticating user token {{(pid=46091) process_request /opt/stack/data/venv/lib/python3.10/site-packages/keystonemiddleware/auth_token/__init__.py:406}}
Nov 17 02:49:41 user devstack@keystone.service[46091]: DEBUG keystone.server.flask.request_processing.middleware.auth_context [None req-7ab6646a-827c-4c4c-aab7-fed586338431 None admin] Validating token access rules against request {{(pid=46091) validate_allowed_request /opt/stack/data/venv/lib/python3.10/site-packages/keystonemiddleware/auth_token/__init__.py:544}}
Nov 17 02:49:41 user devstack@keystone.service[46091]: DEBUG keystone.server.flask.request_processing.middleware.auth_context [None req-214a4c39-6412-42a2-b327-156fa9d02e2f None admin] RBAC: auth_context: {'token': , 'domain_id': None, 'trust_id': None, 'trustor_id': None, 'trustee_id': None, 'domain_name': None, 'group_ids': [], 'user_id': '3b494eb563a3423f9a5b6b5d19ebbf5e', 'user_domain_id': 'default', 'system_scope': 'all', 'project_id': None, 'project_domain_id': None, 'roles': ['admin', 'manager', 'member', 'reader'], 'is_admin_project': True, 'service_user_id': None, 'service_user_domain_id': None, 'service_project_id': None, 'service_project_domain_id': None, 'service_roles': []} {{(pid=46091) fill_context /opt/stack/keystone/keystone/server/flask/request_processing/middleware/auth_context.py:480}}
Nov 17 02:49:41 user devstack@keystone.service[46091]: DEBUG keystone.server.flask.request_processing.req_logging [None req-214a4c39-6412-42a2-b327-156fa9d02e2f None admin] REQUEST_METHOD: `GET` {{(pid=46091) log_request_info /opt/stack/keystone/keystone/server/flask/request_processing/req_logging.py:27}}
Nov 17 02:49:41 user devstack@keystone.service[46091]: DEBUG keystone.server.flask.request_processing.req_logging [None req-214a4c39-6412-42a2-b327-156fa9d02e2f None admin] SCRIPT_NAME: `/identity` {{(pid=46091) log_request_info /opt/stack/keystone/keystone/server/flask/request_processing/req_logging.py:28}}
Nov 17 02:49:41 user devstack@keystone.service[46091]: DEBUG keystone.server.flask.request_processing.req_logging [None req-214a4c39-6412-42a2-b327-156fa9d02e2f None admin] PATH_INFO: `/v3/roles` {{(pid=46091) log_request_info /opt/stack/keystone/keystone/server/flask/request_processing/req_logging.py:29}}
Nov 17 02:49:41 user devstack@keystone.service[46091]: DEBUG keystone.common.rbac_enforcer.enforcer [None req-214a4c39-6412-42a2-b327-156fa9d02e2f None admin] RBAC: Adding query filter params (name=member) {{(pid=46091) _extract_filter_values /opt/stack/keystone/keystone/common/rbac_enforcer/enforcer.py:167}}
Nov 17 02:49:41 user devstack@keystone.service[46091]: DEBUG keystone.common.rbac_enforcer.enforcer [None req-214a4c39-6412-42a2-b327-156fa9d02e2f None admin] RBAC: Authorizing `identity:list_roles()` {{(pid=46091) enforce_call /opt/stack/keystone/keystone/common/rbac_enforcer/enforcer.py:449}}
Nov 17 02:49:41 user devstack@keystone.service[46091]: DEBUG keystone.common.rbac_enforcer.enforcer [None req-214a4c39-6412-42a2-b327-156fa9d02e2f None admin] RBAC: Authorization granted {{(pid=46091) enforce_call /opt/stack/keystone/keystone/common/rbac_enforcer/enforcer.py:457}}
Nov 17 02:49:41 user devstack@keystone.service[46091]: [pid: 46091|app: 0|req: 72/203] 10.0.0.210 () {56 vars in 1096 bytes} [Fri Nov 17 02:49:41 2023] GET /identity/v3/roles?name=member => generated 339 bytes in 148 msecs (HTTP/1.1 200) 5 headers in 177 bytes (1 switches on core 0)
Nov 17 02:49:41 user devstack@keystone.service[46089]: DEBUG keystone.server.flask.request_processing.middleware.auth_context [None req-4c990044-fbeb-4a04-8f2f-ddcede06ebee None admin] Authenticating user token {{(pid=46089) process_request /opt/stack/data/venv/lib/python3.10/site-packages/keystonemiddleware/auth_token/__init__.py:406}}
Nov 17 02:49:42 user devstack@keystone.service[46089]: DEBUG keystone.server.flask.request_processing.middleware.auth_context [None req-4c990044-fbeb-4a04-8f2f-ddcede06ebee None admin] Validating token access rules against request {{(pid=46089) validate_allowed_request /opt/stack/data/venv/lib/python3.10/site-packages/keystonemiddleware/auth_token/__init__.py:544}}
Nov 17 02:49:42 user devstack@keystone.service[46089]: DEBUG keystone.server.flask.request_processing.middleware.auth_context [None req-c674fc51-1684-4acc-a113-e6c68cb005e7 None admin] RBAC: auth_context: {'token': , 'domain_id': None, 'trust_id': None, 'trustor_id': None, 'trustee_id': None, 'domain_name': None, 'group_ids': [], 'user_id': '3b494eb563a3423f9a5b6b5d19ebbf5e', 'user_domain_id': 'default', 'system_scope': 'all', 'project_id': None, 'project_domain_id': None, 'roles': ['admin', 'manager', 'member', 'reader'], 'is_admin_project': True, 'service_user_id': None, 'service_user_domain_id': None, 'service_project_id': None, 'service_project_domain_id': None, 'service_roles': []} {{(pid=46089) fill_context /opt/stack/keystone/keystone/server/flask/request_processing/middleware/auth_context.py:480}}
Nov 17 02:49:42 user devstack@keystone.service[46089]: DEBUG keystone.server.flask.request_processing.req_logging [None req-c674fc51-1684-4acc-a113-e6c68cb005e7 None admin] REQUEST_METHOD: `GET` {{(pid=46089) log_request_info /opt/stack/keystone/keystone/server/flask/request_processing/req_logging.py:27}}
Nov 17 02:49:42 user devstack@keystone.service[46089]: DEBUG keystone.server.flask.request_processing.req_logging [None req-c674fc51-1684-4acc-a113-e6c68cb005e7 None admin] SCRIPT_NAME: `/identity` {{(pid=46089) log_request_info /opt/stack/keystone/keystone/server/flask/request_processing/req_logging.py:28}}
Nov 17 02:49:42 user devstack@keystone.service[46089]: DEBUG keystone.server.flask.request_processing.req_logging [None req-c674fc51-1684-4acc-a113-e6c68cb005e7 None admin] PATH_INFO: `/v3/users/fa9972f427ec40a2a3936203ae9f185b` {{(pid=46089) log_request_info /opt/stack/keystone/keystone/server/flask/request_processing/req_logging.py:29}}
Nov 17 02:49:42 user devstack@keystone.service[46089]: DEBUG keystone.common.rbac_enforcer.enforcer [None req-c674fc51-1684-4acc-a113-e6c68cb005e7 None admin] RBAC: Authorizing `identity:get_user(user_id=fa9972f427ec40a2a3936203ae9f185b)` {{(pid=46089) enforce_call /opt/stack/keystone/keystone/common/rbac_enforcer/enforcer.py:449}}
Nov 17 02:49:42 user devstack@keystone.service[46089]: DEBUG keystone.common.rbac_enforcer.enforcer [None req-c674fc51-1684-4acc-a113-e6c68cb005e7 None admin] RBAC: Authorization granted {{(pid=46089) enforce_call /opt/stack/keystone/keystone/common/rbac_enforcer/enforcer.py:457}}
Nov 17 02:49:42 user devstack@keystone.service[46089]: [pid: 46089|app: 0|req: 65/204] 10.0.0.210 () {56 vars in 1172 bytes} [Fri Nov 17 02:49:41 2023] GET /identity/v3/users/fa9972f427ec40a2a3936203ae9f185b => generated 296 bytes in 138 msecs (HTTP/1.1 200) 5 headers in 177 bytes (1 switches on core 0)
Nov 17 02:49:42 user devstack@keystone.service[46090]: DEBUG keystone.server.flask.request_processing.middleware.auth_context [None req-d8993ba0-bae1-407d-b434-985c3198c5c1 None admin] Authenticating user token {{(pid=46090) process_request /opt/stack/data/venv/lib/python3.10/site-packages/keystonemiddleware/auth_token/__init__.py:406}}
Nov 17 02:49:42 user devstack@keystone.service[46090]: DEBUG keystone.server.flask.request_processing.middleware.auth_context [None req-d8993ba0-bae1-407d-b434-985c3198c5c1 None admin] Validating token access rules against request {{(pid=46090) validate_allowed_request /opt/stack/data/venv/lib/python3.10/site-packages/keystonemiddleware/auth_token/__init__.py:544}}
Nov 17 02:49:42 user devstack@keystone.service[46090]: DEBUG keystone.server.flask.request_processing.middleware.auth_context [None req-b11899e7-cd7b-40ca-8006-3eeb483a48b5 None admin] RBAC: auth_context: {'token': , 'domain_id': None, 'trust_id': None, 'trustor_id': None, 'trustee_id': None, 'domain_name': None, 'group_ids': [], 'user_id': '3b494eb563a3423f9a5b6b5d19ebbf5e', 'user_domain_id': 'default', 'system_scope': 'all', 'project_id': None, 'project_domain_id': None, 'roles': ['admin', 'manager', 'member', 'reader'], 'is_admin_project': True, 'service_user_id': None, 'service_user_domain_id': None, 'service_project_id': None, 'service_project_domain_id': None, 'service_roles': []} {{(pid=46090) fill_context /opt/stack/keystone/keystone/server/flask/request_processing/middleware/auth_context.py:480}}
Nov 17 02:49:42 user devstack@keystone.service[46090]: DEBUG keystone.server.flask.request_processing.req_logging [None req-b11899e7-cd7b-40ca-8006-3eeb483a48b5 None admin] REQUEST_METHOD: `GET` {{(pid=46090) log_request_info /opt/stack/keystone/keystone/server/flask/request_processing/req_logging.py:27}}
Nov 17 02:49:42 user devstack@keystone.service[46090]: DEBUG keystone.server.flask.request_processing.req_logging [None req-b11899e7-cd7b-40ca-8006-3eeb483a48b5 None admin] SCRIPT_NAME: `/identity` {{(pid=46090) log_request_info /opt/stack/keystone/keystone/server/flask/request_processing/req_logging.py:28}}
Nov 17 02:49:42 user devstack@keystone.service[46090]: DEBUG keystone.server.flask.request_processing.req_logging [None req-b11899e7-cd7b-40ca-8006-3eeb483a48b5 None admin] PATH_INFO: `/v3/auth/tokens` {{(pid=46090) log_request_info /opt/stack/keystone/keystone/server/flask/request_processing/req_logging.py:29}}
Nov 17 02:49:42 user devstack@keystone.service[46090]: DEBUG keystone.common.rbac_enforcer.enforcer [None req-b11899e7-cd7b-40ca-8006-3eeb483a48b5 None admin] RBAC: Authorizing `identity:validate_token()` {{(pid=46090) enforce_call /opt/stack/keystone/keystone/common/rbac_enforcer/enforcer.py:449}}
Nov 17 02:49:42 user devstack@keystone.service[46090]: DEBUG keystone.common.rbac_enforcer.enforcer [None req-b11899e7-cd7b-40ca-8006-3eeb483a48b5 None admin] RBAC: Authorization granted {{(pid=46090) enforce_call /opt/stack/keystone/keystone/common/rbac_enforcer/enforcer.py:457}}
Nov 17 02:49:42 user devstack@keystone.service[46090]: [pid: 46090|app: 0|req: 68/205] 10.0.0.210 () {58 vars in 1277 bytes} [Fri Nov 17 02:49:42 2023] GET /identity/v3/auth/tokens => generated 861 bytes in 280 msecs (HTTP/1.1 200) 6 headers in 358 bytes (1 switches on core 0)
Nov 17 02:49:42 user devstack@keystone.service[46091]: DEBUG keystone.server.flask.request_processing.middleware.auth_context [None req-214a4c39-6412-42a2-b327-156fa9d02e2f None admin] Authenticating user token {{(pid=46091) process_request /opt/stack/data/venv/lib/python3.10/site-packages/keystonemiddleware/auth_token/__init__.py:406}}
Nov 17 02:49:42 user devstack@keystone.service[46091]: DEBUG keystone.server.flask.request_processing.middleware.auth_context [None req-214a4c39-6412-42a2-b327-156fa9d02e2f None admin] Validating token access rules against request {{(pid=46091) validate_allowed_request /opt/stack/data/venv/lib/python3.10/site-packages/keystonemiddleware/auth_token/__init__.py:544}}
Nov 17 02:49:42 user devstack@keystone.service[46091]: DEBUG keystone.server.flask.request_processing.middleware.auth_context [None req-7c178538-adf4-4317-babe-fa449cffe4fc None admin] RBAC: auth_context: {'token': , 'domain_id': None, 'trust_id': None, 'trustor_id': None, 'trustee_id': None, 'domain_name': None, 'group_ids': [], 'user_id': '3b494eb563a3423f9a5b6b5d19ebbf5e', 'user_domain_id': 'default', 'system_scope': 'all', 'project_id': None, 'project_domain_id': None, 'roles': ['admin', 'manager', 'member', 'reader'], 'is_admin_project': True, 'service_user_id': None, 'service_user_domain_id': None, 'service_project_id': None, 'service_project_domain_id': None, 'service_roles': []} {{(pid=46091) fill_context /opt/stack/keystone/keystone/server/flask/request_processing/middleware/auth_context.py:480}}
Nov 17 02:49:42 user devstack@keystone.service[46091]: DEBUG keystone.server.flask.request_processing.req_logging [None req-7c178538-adf4-4317-babe-fa449cffe4fc None admin] REQUEST_METHOD: `GET` {{(pid=46091) log_request_info /opt/stack/keystone/keystone/server/flask/request_processing/req_logging.py:27}}
Nov 17 02:49:42 user devstack@keystone.service[46091]: DEBUG keystone.server.flask.request_processing.req_logging [None req-7c178538-adf4-4317-babe-fa449cffe4fc None admin] SCRIPT_NAME: `/identity` {{(pid=46091) log_request_info /opt/stack/keystone/keystone/server/flask/request_processing/req_logging.py:28}}
Nov 17 02:49:42 user devstack@keystone.service[46091]: DEBUG keystone.server.flask.request_processing.req_logging [None req-7c178538-adf4-4317-babe-fa449cffe4fc None admin] PATH_INFO: `/v3/projects/c9b282399f554700b7e8548b250ab6a1` {{(pid=46091) log_request_info /opt/stack/keystone/keystone/server/flask/request_processing/req_logging.py:29}}
Nov 17 02:49:42 user devstack@keystone.service[46091]: DEBUG keystone.common.rbac_enforcer.enforcer [None req-7c178538-adf4-4317-babe-fa449cffe4fc None admin] RBAC: Authorizing `identity:get_project(project_id=c9b282399f554700b7e8548b250ab6a1)` {{(pid=46091) enforce_call /opt/stack/keystone/keystone/common/rbac_enforcer/enforcer.py:449}}
Nov 17 02:49:42 user devstack@keystone.service[46091]: DEBUG keystone.common.rbac_enforcer.enforcer [None req-7c178538-adf4-4317-babe-fa449cffe4fc None admin] RBAC: Authorization granted {{(pid=46091) enforce_call /opt/stack/keystone/keystone/common/rbac_enforcer/enforcer.py:457}}
Nov 17 02:49:42 user devstack@keystone.service[46091]: [pid: 46091|app: 0|req: 73/206] 10.0.0.210 () {56 vars in 1181 bytes} [Fri Nov 17 02:49:42 2023] GET /identity/v3/projects/c9b282399f554700b7e8548b250ab6a1 => generated 301 bytes in 135 msecs (HTTP/1.1 200) 5 headers in 177 bytes (1 switches on core 0)
Nov 17 02:49:42 user devstack@keystone.service[46089]: DEBUG keystone.server.flask.request_processing.middleware.auth_context [None req-c674fc51-1684-4acc-a113-e6c68cb005e7 None admin] Authenticating user token {{(pid=46089) process_request /opt/stack/data/venv/lib/python3.10/site-packages/keystonemiddleware/auth_token/__init__.py:406}}
Nov 17 02:49:42 user devstack@keystone.service[46089]: DEBUG keystone.server.flask.request_processing.middleware.auth_context [None req-c674fc51-1684-4acc-a113-e6c68cb005e7 None admin] Validating token access rules against request {{(pid=46089) validate_allowed_request /opt/stack/data/venv/lib/python3.10/site-packages/keystonemiddleware/auth_token/__init__.py:544}}
Nov 17 02:49:42 user devstack@keystone.service[46089]: DEBUG keystone.server.flask.request_processing.middleware.auth_context [None req-e5692469-35b2-48a8-b5b5-8cad77287736 None admin] RBAC: auth_context: {'token': , 'domain_id': None, 'trust_id': None, 'trustor_id': None, 'trustee_id': None, 'domain_name': None, 'group_ids': [], 'user_id': '3b494eb563a3423f9a5b6b5d19ebbf5e', 'user_domain_id': 'default', 'system_scope': 'all', 'project_id': None, 'project_domain_id': None, 'roles': ['admin', 'manager', 'member', 'reader'], 'is_admin_project': True, 'service_user_id': None, 'service_user_domain_id': None, 'service_project_id': None, 'service_project_domain_id': None, 'service_roles': []} {{(pid=46089) fill_context /opt/stack/keystone/keystone/server/flask/request_processing/middleware/auth_context.py:480}}
Nov 17 02:49:42 user devstack@keystone.service[46089]: DEBUG keystone.server.flask.request_processing.req_logging [None req-e5692469-35b2-48a8-b5b5-8cad77287736 None admin] REQUEST_METHOD: `GET` {{(pid=46089) log_request_info /opt/stack/keystone/keystone/server/flask/request_processing/req_logging.py:27}}
Nov 17 02:49:42 user devstack@keystone.service[46089]: DEBUG keystone.server.flask.request_processing.req_logging [None req-e5692469-35b2-48a8-b5b5-8cad77287736 None admin] SCRIPT_NAME: `/identity` {{(pid=46089) log_request_info /opt/stack/keystone/keystone/server/flask/request_processing/req_logging.py:28}}
Nov 17 02:49:42 user devstack@keystone.service[46089]: DEBUG keystone.server.flask.request_processing.req_logging [None req-e5692469-35b2-48a8-b5b5-8cad77287736 None admin] PATH_INFO: `/v3/role_assignments` {{(pid=46089) log_request_info /opt/stack/keystone/keystone/server/flask/request_processing/req_logging.py:29}}
Nov 17 02:49:42 user devstack@keystone.service[46089]: DEBUG keystone.common.rbac_enforcer.enforcer [None req-e5692469-35b2-48a8-b5b5-8cad77287736 None admin] RBAC: Adding query filter params (role.id=97ef584f6b19491b9c7ea4db1d87e369, scope.project.id=c9b282399f554700b7e8548b250ab6a1, user.id=fa9972f427ec40a2a3936203ae9f185b) {{(pid=46089) _extract_filter_values /opt/stack/keystone/keystone/common/rbac_enforcer/enforcer.py:167}}
Nov 17 02:49:42 user devstack@keystone.service[46089]: DEBUG keystone.common.rbac_enforcer.enforcer [None req-e5692469-35b2-48a8-b5b5-8cad77287736 None admin] RBAC: Authorizing `identity:list_role_assignments()` {{(pid=46089) enforce_call /opt/stack/keystone/keystone/common/rbac_enforcer/enforcer.py:449}}
Nov 17 02:49:42 user devstack@keystone.service[46089]: DEBUG keystone.common.rbac_enforcer.enforcer [None req-e5692469-35b2-48a8-b5b5-8cad77287736 None admin] RBAC: Authorization granted {{(pid=46089) enforce_call /opt/stack/keystone/keystone/common/rbac_enforcer/enforcer.py:457}}
Nov 17 02:49:42 user devstack@keystone.service[46089]: [pid: 46089|app: 0|req: 66/207] 10.0.0.210 () {56 vars in 1369 bytes} [Fri Nov 17 02:49:42 2023] GET /identity/v3/role_assignments?user.id=fa9972f427ec40a2a3936203ae9f185b&scope.project.id=c9b282399f554700b7e8548b250ab6a1&role.id=97ef584f6b19491b9c7ea4db1d87e369 => generated 606 bytes in 140 msecs (HTTP/1.1 200) 5 headers in 177 bytes (1 switches on core 0)
Nov 17 02:49:43 user devstack@keystone.service[46090]: DEBUG keystone.server.flask.request_processing.req_logging [None req-fba17675-b92d-4235-b81b-f9b473c47965 None None] REQUEST_METHOD: `GET` {{(pid=46090) log_request_info /opt/stack/keystone/keystone/server/flask/request_processing/req_logging.py:27}}
Nov 17 02:49:43 user devstack@keystone.service[46090]: DEBUG keystone.server.flask.request_processing.req_logging [None req-fba17675-b92d-4235-b81b-f9b473c47965 None None] SCRIPT_NAME: `/identity` {{(pid=46090) log_request_info /opt/stack/keystone/keystone/server/flask/request_processing/req_logging.py:28}}
Nov 17 02:49:43 user devstack@keystone.service[46090]: DEBUG keystone.server.flask.request_processing.req_logging [None req-fba17675-b92d-4235-b81b-f9b473c47965 None None] PATH_INFO: `/` {{(pid=46090) log_request_info /opt/stack/keystone/keystone/server/flask/request_processing/req_logging.py:29}}
Nov 17 02:49:43 user devstack@keystone.service[46090]: [pid: 46090|app: 0|req: 69/208] 10.0.0.210 () {54 vars in 921 bytes} [Fri Nov 17 02:49:43 2023] GET /identity => generated 269 bytes in 3 msecs (HTTP/1.1 300) 6 headers in 233 bytes (1 switches on core 0)
Nov 17 02:49:43 user devstack@keystone.service[46091]: DEBUG keystone.server.flask.request_processing.req_logging [None req-5743e1ee-c8f7-4240-9e16-22f148bdf498 None None] REQUEST_METHOD: `POST` {{(pid=46091) log_request_info /opt/stack/keystone/keystone/server/flask/request_processing/req_logging.py:27}}
Nov 17 02:49:43 user devstack@keystone.service[46091]: DEBUG keystone.server.flask.request_processing.req_logging [None req-5743e1ee-c8f7-4240-9e16-22f148bdf498 None None] SCRIPT_NAME: `/identity` {{(pid=46091) log_request_info /opt/stack/keystone/keystone/server/flask/request_processing/req_logging.py:28}}
Nov 17 02:49:43 user devstack@keystone.service[46091]: DEBUG keystone.server.flask.request_processing.req_logging [None req-5743e1ee-c8f7-4240-9e16-22f148bdf498 None None] PATH_INFO: `/v3/auth/tokens` {{(pid=46091) log_request_info /opt/stack/keystone/keystone/server/flask/request_processing/req_logging.py:29}}
Nov 17 02:49:43 user devstack@keystone.service[46091]: WARNING keystone.common.password_hashing [None req-5743e1ee-c8f7-4240-9e16-22f148bdf498 None None] Truncating password to algorithm specific maximum length 72 characters.
Nov 17 02:49:43 user devstack@keystone.service[46091]: DEBUG keystone.auth.core [None req-5743e1ee-c8f7-4240-9e16-22f148bdf498 None None] MFA Rules not processed for user `3b494eb563a3423f9a5b6b5d19ebbf5e`. Rule list: `[]` (Enabled: `True`). {{(pid=46091) check_auth_methods_against_rules /opt/stack/keystone/keystone/auth/core.py:438}}
