Nov 17 02:49:39 user devstack@keystone.service[46089]: DEBUG keystone.common.rbac_enforcer.enforcer [None req-688a2c99-f9c0-417b-8d79-46d4086ad5ae None admin] RBAC: Authorizing `identity:get_project(project_id=c9b282399f554700b7e8548b250ab6a1)` {{(pid=46089) enforce_call /opt/stack/keystone/keystone/common/rbac_enforcer/enforcer.py:449}}
Nov 17 02:49:39 user devstack@keystone.service[46089]: DEBUG keystone.common.rbac_enforcer.enforcer [None req-688a2c99-f9c0-417b-8d79-46d4086ad5ae None admin] RBAC: Authorization granted {{(pid=46089) enforce_call /opt/stack/keystone/keystone/common/rbac_enforcer/enforcer.py:457}}
Nov 17 02:49:39 user devstack@keystone.service[46089]: [pid: 46089|app: 0|req: 56/180] 10.0.0.210 () {56 vars in 1181 bytes} [Fri Nov 17 02:49:39 2023] GET /identity/v3/projects/c9b282399f554700b7e8548b250ab6a1 => generated 301 bytes in 165 msecs (HTTP/1.1 200) 5 headers in 177 bytes (1 switches on core 0)
Nov 17 02:49:39 user devstack@keystone.service[46089]: DEBUG keystone.server.flask.request_processing.middleware.auth_context [None req-688a2c99-f9c0-417b-8d79-46d4086ad5ae None admin] Authenticating user token {{(pid=46089) process_request /opt/stack/data/venv/lib/python3.10/site-packages/keystonemiddleware/auth_token/__init__.py:406}}
Nov 17 02:49:39 user devstack@keystone.service[46091]: DEBUG keystone.server.flask.request_processing.middleware.auth_context [None req-5616459f-c83a-43ef-8cb2-b7a8dc7f724b None admin] RBAC: auth_context: {'token': , 'domain_id': None, 'trust_id': None, 'trustor_id': None, 'trustee_id': None, 'domain_name': None, 'group_ids': [], 'user_id': '3b494eb563a3423f9a5b6b5d19ebbf5e', 'user_domain_id': 'default', 'system_scope': 'all', 'project_id': None, 'project_domain_id': None, 'roles': ['admin', 'manager', 'member', 'reader'], 'is_admin_project': True, 'service_user_id': None, 'service_user_domain_id': None, 'service_project_id': None, 'service_project_domain_id': None, 'service_roles': []} {{(pid=46091) fill_context /opt/stack/keystone/keystone/server/flask/request_processing/middleware/auth_context.py:480}}
Nov 17 02:49:39 user devstack@keystone.service[46091]: DEBUG keystone.server.flask.request_processing.req_logging [None req-5616459f-c83a-43ef-8cb2-b7a8dc7f724b None admin] REQUEST_METHOD: `GET` {{(pid=46091) log_request_info /opt/stack/keystone/keystone/server/flask/request_processing/req_logging.py:27}}
Nov 17 02:49:39 user devstack@keystone.service[46091]: DEBUG keystone.server.flask.request_processing.req_logging [None req-5616459f-c83a-43ef-8cb2-b7a8dc7f724b None admin] SCRIPT_NAME: `/identity` {{(pid=46091) log_request_info /opt/stack/keystone/keystone/server/flask/request_processing/req_logging.py:28}}
Nov 17 02:49:39 user devstack@keystone.service[46091]: DEBUG keystone.server.flask.request_processing.req_logging [None req-5616459f-c83a-43ef-8cb2-b7a8dc7f724b None admin] PATH_INFO: `/v3/users/c4e8947077cb4690a9e6a5133c8fd58f` {{(pid=46091) log_request_info /opt/stack/keystone/keystone/server/flask/request_processing/req_logging.py:29}}
Nov 17 02:49:39 user devstack@keystone.service[46091]: DEBUG keystone.common.rbac_enforcer.enforcer [None req-5616459f-c83a-43ef-8cb2-b7a8dc7f724b None admin] RBAC: Authorizing `identity:get_user(user_id=c4e8947077cb4690a9e6a5133c8fd58f)` {{(pid=46091) enforce_call /opt/stack/keystone/keystone/common/rbac_enforcer/enforcer.py:449}}
Nov 17 02:49:39 user devstack@keystone.service[46091]: DEBUG keystone.common.rbac_enforcer.enforcer [None req-5616459f-c83a-43ef-8cb2-b7a8dc7f724b None admin] RBAC: Authorization granted {{(pid=46091) enforce_call /opt/stack/keystone/keystone/common/rbac_enforcer/enforcer.py:457}}
Nov 17 02:49:39 user devstack@keystone.service[46091]: [pid: 46091|app: 0|req: 65/181] 10.0.0.210 () {56 vars in 1172 bytes} [Fri Nov 17 02:49:39 2023] GET /identity/v3/users/c4e8947077cb4690a9e6a5133c8fd58f => generated 282 bytes in 141 msecs (HTTP/1.1 200) 5 headers in 177 bytes (2 switches on core 0)
Nov 17 02:49:39 user devstack@keystone.service[46091]: DEBUG keystone.server.flask.request_processing.middleware.auth_context [None req-5616459f-c83a-43ef-8cb2-b7a8dc7f724b None admin] Authenticating user token {{(pid=46091) process_request /opt/stack/data/venv/lib/python3.10/site-packages/keystonemiddleware/auth_token/__init__.py:406}}
Nov 17 02:49:39 user devstack@keystone.service[46090]: DEBUG keystone.server.flask.request_processing.middleware.auth_context [None req-75597b25-d434-44c6-bf4d-d7fdc9b99478 None admin] Validating token access rules against request {{(pid=46090) validate_allowed_request /opt/stack/data/venv/lib/python3.10/site-packages/keystonemiddleware/auth_token/__init__.py:544}}
Nov 17 02:49:39 user devstack@keystone.service[46090]: DEBUG keystone.server.flask.request_processing.middleware.auth_context [None req-fdbaacb9-a3f6-40d9-a3e8-926d979e0736 None admin] RBAC: auth_context: {'token': , 'domain_id': None, 'trust_id': None, 'trustor_id': None, 'trustee_id': None, 'domain_name': None, 'group_ids': [], 'user_id': '3b494eb563a3423f9a5b6b5d19ebbf5e', 'user_domain_id': 'default', 'system_scope': 'all', 'project_id': None, 'project_domain_id': None, 'roles': ['admin', 'manager', 'member', 'reader'], 'is_admin_project': True, 'service_user_id': None, 'service_user_domain_id': None, 'service_project_id': None, 'service_project_domain_id': None, 'service_roles': []} {{(pid=46090) fill_context /opt/stack/keystone/keystone/server/flask/request_processing/middleware/auth_context.py:480}}
Nov 17 02:49:39 user devstack@keystone.service[46090]: DEBUG keystone.server.flask.request_processing.req_logging [None req-fdbaacb9-a3f6-40d9-a3e8-926d979e0736 None admin] REQUEST_METHOD: `GET` {{(pid=46090) log_request_info /opt/stack/keystone/keystone/server/flask/request_processing/req_logging.py:27}}
Nov 17 02:49:39 user devstack@keystone.service[46090]: DEBUG keystone.server.flask.request_processing.req_logging [None req-fdbaacb9-a3f6-40d9-a3e8-926d979e0736 None admin] SCRIPT_NAME: `/identity` {{(pid=46090) log_request_info /opt/stack/keystone/keystone/server/flask/request_processing/req_logging.py:28}}
Nov 17 02:49:39 user devstack@keystone.service[46090]: DEBUG keystone.server.flask.request_processing.req_logging [None req-fdbaacb9-a3f6-40d9-a3e8-926d979e0736 None admin] PATH_INFO: `/v3/auth/tokens` {{(pid=46090) log_request_info /opt/stack/keystone/keystone/server/flask/request_processing/req_logging.py:29}}
Nov 17 02:49:39 user devstack@keystone.service[46091]: DEBUG keystone.server.flask.request_processing.middleware.auth_context [None req-5616459f-c83a-43ef-8cb2-b7a8dc7f724b None admin] Validating token access rules against request {{(pid=46091) validate_allowed_request /opt/stack/data/venv/lib/python3.10/site-packages/keystonemiddleware/auth_token/__init__.py:544}}
Nov 17 02:49:39 user devstack@keystone.service[46090]: DEBUG keystone.common.rbac_enforcer.enforcer [None req-fdbaacb9-a3f6-40d9-a3e8-926d979e0736 None admin] RBAC: Authorizing `identity:validate_token()` {{(pid=46090) enforce_call /opt/stack/keystone/keystone/common/rbac_enforcer/enforcer.py:449}}
Nov 17 02:49:39 user devstack@keystone.service[46090]: DEBUG keystone.common.rbac_enforcer.enforcer [None req-fdbaacb9-a3f6-40d9-a3e8-926d979e0736 None admin] RBAC: Authorization granted {{(pid=46090) enforce_call /opt/stack/keystone/keystone/common/rbac_enforcer/enforcer.py:457}}
Nov 17 02:49:39 user devstack@keystone.service[46091]: DEBUG keystone.server.flask.request_processing.middleware.auth_context [None req-bfa1c33b-a17f-4324-a9a8-712c166993d5 None admin] RBAC: auth_context: {'token': , 'domain_id': None, 'trust_id': None, 'trustor_id': None, 'trustee_id': None, 'domain_name': None, 'group_ids': [], 'user_id': '3b494eb563a3423f9a5b6b5d19ebbf5e', 'user_domain_id': 'default', 'system_scope': 'all', 'project_id': None, 'project_domain_id': None, 'roles': ['admin', 'manager', 'member', 'reader'], 'is_admin_project': True, 'service_user_id': None, 'service_user_domain_id': None, 'service_project_id': None, 'service_project_domain_id': None, 'service_roles': []} {{(pid=46091) fill_context /opt/stack/keystone/keystone/server/flask/request_processing/middleware/auth_context.py:480}}
Nov 17 02:49:39 user devstack@keystone.service[46091]: DEBUG keystone.server.flask.request_processing.req_logging [None req-bfa1c33b-a17f-4324-a9a8-712c166993d5 None admin] REQUEST_METHOD: `GET` {{(pid=46091) log_request_info /opt/stack/keystone/keystone/server/flask/request_processing/req_logging.py:27}}
Nov 17 02:49:39 user devstack@keystone.service[46091]: DEBUG keystone.server.flask.request_processing.req_logging [None req-bfa1c33b-a17f-4324-a9a8-712c166993d5 None admin] SCRIPT_NAME: `/identity` {{(pid=46091) log_request_info /opt/stack/keystone/keystone/server/flask/request_processing/req_logging.py:28}}
Nov 17 02:49:39 user devstack@keystone.service[46091]: DEBUG keystone.server.flask.request_processing.req_logging [None req-bfa1c33b-a17f-4324-a9a8-712c166993d5 None admin] PATH_INFO: `/v3/auth/tokens` {{(pid=46091) log_request_info /opt/stack/keystone/keystone/server/flask/request_processing/req_logging.py:29}}
Nov 17 02:49:39 user devstack@keystone.service[46091]: DEBUG keystone.common.rbac_enforcer.enforcer [None req-bfa1c33b-a17f-4324-a9a8-712c166993d5 None admin] RBAC: Authorizing `identity:validate_token()` {{(pid=46091) enforce_call /opt/stack/keystone/keystone/common/rbac_enforcer/enforcer.py:449}}
Nov 17 02:49:39 user devstack@keystone.service[46091]: DEBUG keystone.common.rbac_enforcer.enforcer [None req-bfa1c33b-a17f-4324-a9a8-712c166993d5 None admin] RBAC: Authorization granted {{(pid=46091) enforce_call /opt/stack/keystone/keystone/common/rbac_enforcer/enforcer.py:457}}
Nov 17 02:49:39 user devstack@keystone.service[46090]: [pid: 46090|app: 0|req: 61/182] 10.0.0.210 () {58 vars in 1277 bytes} [Fri Nov 17 02:49:39 2023] GET /identity/v3/auth/tokens => generated 861 bytes in 289 msecs (HTTP/1.1 200) 6 headers in 358 bytes (2 switches on core 0)
Nov 17 02:49:39 user devstack@keystone.service[46090]: DEBUG keystone.server.flask.request_processing.middleware.auth_context [None req-fdbaacb9-a3f6-40d9-a3e8-926d979e0736 None admin] Authenticating user token {{(pid=46090) process_request /opt/stack/data/venv/lib/python3.10/site-packages/keystonemiddleware/auth_token/__init__.py:406}}
Nov 17 02:49:39 user devstack@keystone.service[46089]: DEBUG keystone.server.flask.request_processing.middleware.auth_context [None req-688a2c99-f9c0-417b-8d79-46d4086ad5ae None admin] Validating token access rules against request {{(pid=46089) validate_allowed_request /opt/stack/data/venv/lib/python3.10/site-packages/keystonemiddleware/auth_token/__init__.py:544}}
Nov 17 02:49:39 user devstack@keystone.service[46091]: [pid: 46091|app: 0|req: 66/183] 10.0.0.210 () {58 vars in 1277 bytes} [Fri Nov 17 02:49:39 2023] GET /identity/v3/auth/tokens => generated 861 bytes in 291 msecs (HTTP/1.1 200) 6 headers in 358 bytes (1 switches on core 0)
Nov 17 02:49:39 user devstack@keystone.service[46091]: DEBUG keystone.server.flask.request_processing.middleware.auth_context [None req-bfa1c33b-a17f-4324-a9a8-712c166993d5 None admin] Authenticating user token {{(pid=46091) process_request /opt/stack/data/venv/lib/python3.10/site-packages/keystonemiddleware/auth_token/__init__.py:406}}
Nov 17 02:49:39 user devstack@keystone.service[46090]: DEBUG keystone.server.flask.request_processing.middleware.auth_context [None req-fdbaacb9-a3f6-40d9-a3e8-926d979e0736 None admin] Validating token access rules against request {{(pid=46090) validate_allowed_request /opt/stack/data/venv/lib/python3.10/site-packages/keystonemiddleware/auth_token/__init__.py:544}}
Nov 17 02:49:39 user devstack@keystone.service[46089]: DEBUG keystone.server.flask.request_processing.middleware.auth_context [None req-b177c7a1-af5b-416f-87bf-aee80558e70e None admin] RBAC: auth_context: {'token': , 'domain_id': None, 'trust_id': None, 'trustor_id': None, 'trustee_id': None, 'domain_name': None, 'group_ids': [], 'user_id': '3b494eb563a3423f9a5b6b5d19ebbf5e', 'user_domain_id': 'default', 'system_scope': 'all', 'project_id': None, 'project_domain_id': None, 'roles': ['admin', 'manager', 'member', 'reader'], 'is_admin_project': True, 'service_user_id': None, 'service_user_domain_id': None, 'service_project_id': None, 'service_project_domain_id': None, 'service_roles': []} {{(pid=46089) fill_context /opt/stack/keystone/keystone/server/flask/request_processing/middleware/auth_context.py:480}}
Nov 17 02:49:39 user devstack@keystone.service[46089]: DEBUG keystone.server.flask.request_processing.req_logging [None req-b177c7a1-af5b-416f-87bf-aee80558e70e None admin] REQUEST_METHOD: `PUT` {{(pid=46089) log_request_info /opt/stack/keystone/keystone/server/flask/request_processing/req_logging.py:27}}
Nov 17 02:49:39 user devstack@keystone.service[46089]: DEBUG keystone.server.flask.request_processing.req_logging [None req-b177c7a1-af5b-416f-87bf-aee80558e70e None admin] SCRIPT_NAME: `/identity` {{(pid=46089) log_request_info /opt/stack/keystone/keystone/server/flask/request_processing/req_logging.py:28}}
Nov 17 02:49:39 user devstack@keystone.service[46089]: DEBUG keystone.server.flask.request_processing.req_logging [None req-b177c7a1-af5b-416f-87bf-aee80558e70e None admin] PATH_INFO: `/v3/projects/c9b282399f554700b7e8548b250ab6a1/users/fa9972f427ec40a2a3936203ae9f185b/roles/97ef584f6b19491b9c7ea4db1d87e369` {{(pid=46089) log_request_info /opt/stack/keystone/keystone/server/flask/request_processing/req_logging.py:29}}
Nov 17 02:49:39 user devstack@keystone.service[46089]: DEBUG keystone.common.rbac_enforcer.enforcer [None req-b177c7a1-af5b-416f-87bf-aee80558e70e None admin] RBAC: Authorizing `identity:create_grant(project_id=c9b282399f554700b7e8548b250ab6a1, user_id=fa9972f427ec40a2a3936203ae9f185b, role_id=97ef584f6b19491b9c7ea4db1d87e369)` {{(pid=46089) enforce_call /opt/stack/keystone/keystone/common/rbac_enforcer/enforcer.py:449}}
Nov 17 02:49:39 user devstack@keystone.service[46089]: DEBUG keystone.common.rbac_enforcer.enforcer [None req-b177c7a1-af5b-416f-87bf-aee80558e70e None admin] RBAC: Authorization granted {{(pid=46089) enforce_call /opt/stack/keystone/keystone/common/rbac_enforcer/enforcer.py:457}}
Nov 17 02:49:39 user devstack@keystone.service[46089]: [pid: 46089|app: 0|req: 57/184] 10.0.0.210 () {58 vars in 1434 bytes} [Fri Nov 17 02:49:39 2023] PUT /identity/v3/projects/c9b282399f554700b7e8548b250ab6a1/users/fa9972f427ec40a2a3936203ae9f185b/roles/97ef584f6b19491b9c7ea4db1d87e369 => generated 0 bytes in 355 msecs (HTTP/1.1 204) 3 headers in 132 bytes (1 switches on core 0)
Nov 17 02:49:39 user devstack@keystone.service[46090]: DEBUG keystone.server.flask.request_processing.middleware.auth_context [None req-c45b721e-2e38-4785-a0b6-f689be2fd643 None admin] RBAC: auth_context: {'token': , 'domain_id': None, 'trust_id': None, 'trustor_id': None, 'trustee_id': None, 'domain_name': None, 'group_ids': [], 'user_id': '3b494eb563a3423f9a5b6b5d19ebbf5e', 'user_domain_id': 'default', 'system_scope': 'all', 'project_id': None, 'project_domain_id': None, 'roles': ['admin', 'manager', 'member', 'reader'], 'is_admin_project': True, 'service_user_id': None, 'service_user_domain_id': None, 'service_project_id': None, 'service_project_domain_id': None, 'service_roles': []} {{(pid=46090) fill_context /opt/stack/keystone/keystone/server/flask/request_processing/middleware/auth_context.py:480}}
Nov 17 02:49:39 user devstack@keystone.service[46090]: DEBUG keystone.server.flask.request_processing.req_logging [None req-c45b721e-2e38-4785-a0b6-f689be2fd643 None admin] REQUEST_METHOD: `GET` {{(pid=46090) log_request_info /opt/stack/keystone/keystone/server/flask/request_processing/req_logging.py:27}}
Nov 17 02:49:39 user devstack@keystone.service[46090]: DEBUG keystone.server.flask.request_processing.req_logging [None req-c45b721e-2e38-4785-a0b6-f689be2fd643 None admin] SCRIPT_NAME: `/identity` {{(pid=46090) log_request_info /opt/stack/keystone/keystone/server/flask/request_processing/req_logging.py:28}}
Nov 17 02:49:39 user devstack@keystone.service[46090]: DEBUG keystone.server.flask.request_processing.req_logging [None req-c45b721e-2e38-4785-a0b6-f689be2fd643 None admin] PATH_INFO: `/v3/projects/c9b282399f554700b7e8548b250ab6a1` {{(pid=46090) log_request_info /opt/stack/keystone/keystone/server/flask/request_processing/req_logging.py:29}}
Nov 17 02:49:39 user devstack@keystone.service[46090]: DEBUG keystone.common.rbac_enforcer.enforcer [None req-c45b721e-2e38-4785-a0b6-f689be2fd643 None admin] RBAC: Authorizing `identity:get_project(project_id=c9b282399f554700b7e8548b250ab6a1)` {{(pid=46090) enforce_call /opt/stack/keystone/keystone/common/rbac_enforcer/enforcer.py:449}}
Nov 17 02:49:39 user devstack@keystone.service[46090]: DEBUG keystone.common.rbac_enforcer.enforcer [None req-c45b721e-2e38-4785-a0b6-f689be2fd643 None admin] RBAC: Authorization granted {{(pid=46090) enforce_call /opt/stack/keystone/keystone/common/rbac_enforcer/enforcer.py:457}}
Nov 17 02:49:39 user devstack@keystone.service[46090]: [pid: 46090|app: 0|req: 62/185] 10.0.0.210 () {56 vars in 1181 bytes} [Fri Nov 17 02:49:39 2023] GET /identity/v3/projects/c9b282399f554700b7e8548b250ab6a1 => generated 301 bytes in 146 msecs (HTTP/1.1 200) 5 headers in 177 bytes (1 switches on core 0)
Nov 17 02:49:39 user devstack@keystone.service[46089]: DEBUG keystone.server.flask.request_processing.middleware.auth_context [None req-b177c7a1-af5b-416f-87bf-aee80558e70e None admin] Authenticating user token {{(pid=46089) process_request /opt/stack/data/venv/lib/python3.10/site-packages/keystonemiddleware/auth_token/__init__.py:406}}
Nov 17 02:49:39 user devstack@keystone.service[46091]: DEBUG keystone.server.flask.request_processing.middleware.auth_context [None req-bfa1c33b-a17f-4324-a9a8-712c166993d5 None admin] Validating token access rules against request {{(pid=46091) validate_allowed_request /opt/stack/data/venv/lib/python3.10/site-packages/keystonemiddleware/auth_token/__init__.py:544}}
Nov 17 02:49:39 user devstack@keystone.service[46091]: DEBUG keystone.server.flask.request_processing.middleware.auth_context [None req-32f519e6-dd54-46df-8419-aad7e25936b2 None admin] RBAC: auth_context: {'token': , 'domain_id': None, 'trust_id': None, 'trustor_id': None, 'trustee_id': None, 'domain_name': None, 'group_ids': [], 'user_id': '3b494eb563a3423f9a5b6b5d19ebbf5e', 'user_domain_id': 'default', 'system_scope': 'all', 'project_id': None, 'project_domain_id': None, 'roles': ['admin', 'manager', 'member', 'reader'], 'is_admin_project': True, 'service_user_id': None, 'service_user_domain_id': None, 'service_project_id': None, 'service_project_domain_id': None, 'service_roles': []} {{(pid=46091) fill_context /opt/stack/keystone/keystone/server/flask/request_processing/middleware/auth_context.py:480}}
Nov 17 02:49:39 user devstack@keystone.service[46091]: DEBUG keystone.server.flask.request_processing.req_logging [None req-32f519e6-dd54-46df-8419-aad7e25936b2 None admin] REQUEST_METHOD: `GET` {{(pid=46091) log_request_info /opt/stack/keystone/keystone/server/flask/request_processing/req_logging.py:27}}
Nov 17 02:49:39 user devstack@keystone.service[46091]: DEBUG keystone.server.flask.request_processing.req_logging [None req-32f519e6-dd54-46df-8419-aad7e25936b2 None admin] SCRIPT_NAME: `/identity` {{(pid=46091) log_request_info /opt/stack/keystone/keystone/server/flask/request_processing/req_logging.py:28}}
Nov 17 02:49:39 user devstack@keystone.service[46091]: DEBUG keystone.server.flask.request_processing.req_logging [None req-32f519e6-dd54-46df-8419-aad7e25936b2 None admin] PATH_INFO: `/v3/projects/c9b282399f554700b7e8548b250ab6a1` {{(pid=46091) log_request_info /opt/stack/keystone/keystone/server/flask/request_processing/req_logging.py:29}}
Nov 17 02:49:39 user devstack@keystone.service[46091]: DEBUG keystone.common.rbac_enforcer.enforcer [None req-32f519e6-dd54-46df-8419-aad7e25936b2 None admin] RBAC: Authorizing `identity:get_project(project_id=c9b282399f554700b7e8548b250ab6a1)` {{(pid=46091) enforce_call /opt/stack/keystone/keystone/common/rbac_enforcer/enforcer.py:449}}
Nov 17 02:49:39 user devstack@keystone.service[46091]: DEBUG keystone.common.rbac_enforcer.enforcer [None req-32f519e6-dd54-46df-8419-aad7e25936b2 None admin] RBAC: Authorization granted {{(pid=46091) enforce_call /opt/stack/keystone/keystone/common/rbac_enforcer/enforcer.py:457}}
Nov 17 02:49:39 user devstack@keystone.service[46091]: [pid: 46091|app: 0|req: 67/186] 10.0.0.210 () {56 vars in 1181 bytes} [Fri Nov 17 02:49:39 2023] GET /identity/v3/projects/c9b282399f554700b7e8548b250ab6a1 => generated 301 bytes in 145 msecs (HTTP/1.1 200) 5 headers in 177 bytes (1 switches on core 0)
Nov 17 02:49:39 user devstack@keystone.service[46090]: DEBUG keystone.server.flask.request_processing.middleware.auth_context [None req-c45b721e-2e38-4785-a0b6-f689be2fd643 None admin] Authenticating user token {{(pid=46090) process_request /opt/stack/data/venv/lib/python3.10/site-packages/keystonemiddleware/auth_token/__init__.py:406}}
Nov 17 02:49:39 user devstack@keystone.service[46089]: DEBUG keystone.server.flask.request_processing.middleware.auth_context [None req-b177c7a1-af5b-416f-87bf-aee80558e70e None admin] Validating token access rules against request {{(pid=46089) validate_allowed_request /opt/stack/data/venv/lib/python3.10/site-packages/keystonemiddleware/auth_token/__init__.py:544}}
Nov 17 02:49:39 user devstack@keystone.service[46090]: DEBUG keystone.server.flask.request_processing.middleware.auth_context [None req-c45b721e-2e38-4785-a0b6-f689be2fd643 None admin] Validating token access rules against request {{(pid=46090) validate_allowed_request /opt/stack/data/venv/lib/python3.10/site-packages/keystonemiddleware/auth_token/__init__.py:544}}
Nov 17 02:49:39 user devstack@keystone.service[46089]: DEBUG keystone.server.flask.request_processing.middleware.auth_context [None req-b224a1ea-a54e-479e-8aab-4d52fe09983e None admin] RBAC: auth_context: {'token': , 'domain_id': None, 'trust_id': None, 'trustor_id': None, 'trustee_id': None, 'domain_name': None, 'group_ids': [], 'user_id': '3b494eb563a3423f9a5b6b5d19ebbf5e', 'user_domain_id': 'default', 'system_scope': 'all', 'project_id': None, 'project_domain_id': None, 'roles': ['admin', 'manager', 'member', 'reader'], 'is_admin_project': True, 'service_user_id': None, 'service_user_domain_id': None, 'service_project_id': None, 'service_project_domain_id': None, 'service_roles': []} {{(pid=46089) fill_context /opt/stack/keystone/keystone/server/flask/request_processing/middleware/auth_context.py:480}}
Nov 17 02:49:39 user devstack@keystone.service[46089]: DEBUG keystone.server.flask.request_processing.req_logging [None req-b224a1ea-a54e-479e-8aab-4d52fe09983e None admin] REQUEST_METHOD: `GET` {{(pid=46089) log_request_info /opt/stack/keystone/keystone/server/flask/request_processing/req_logging.py:27}}
Nov 17 02:49:39 user devstack@keystone.service[46089]: DEBUG keystone.server.flask.request_processing.req_logging [None req-b224a1ea-a54e-479e-8aab-4d52fe09983e None admin] SCRIPT_NAME: `/identity` {{(pid=46089) log_request_info /opt/stack/keystone/keystone/server/flask/request_processing/req_logging.py:28}}
Nov 17 02:49:39 user devstack@keystone.service[46089]: DEBUG keystone.server.flask.request_processing.req_logging [None req-b224a1ea-a54e-479e-8aab-4d52fe09983e None admin] PATH_INFO: `/v3/role_assignments` {{(pid=46089) log_request_info /opt/stack/keystone/keystone/server/flask/request_processing/req_logging.py:29}}
Nov 17 02:49:39 user devstack@keystone.service[46089]: DEBUG keystone.common.rbac_enforcer.enforcer [None req-b224a1ea-a54e-479e-8aab-4d52fe09983e None admin] RBAC: Adding query filter params (role.id=0f495ce7638041c9a8a6ae00d958e9b6, scope.project.id=c9b282399f554700b7e8548b250ab6a1, user.id=c4e8947077cb4690a9e6a5133c8fd58f) {{(pid=46089) _extract_filter_values /opt/stack/keystone/keystone/common/rbac_enforcer/enforcer.py:167}}
Nov 17 02:49:39 user devstack@keystone.service[46089]: DEBUG keystone.common.rbac_enforcer.enforcer [None req-b224a1ea-a54e-479e-8aab-4d52fe09983e None admin] RBAC: Authorizing `identity:list_role_assignments()` {{(pid=46089) enforce_call /opt/stack/keystone/keystone/common/rbac_enforcer/enforcer.py:449}}
Nov 17 02:49:39 user devstack@keystone.service[46089]: DEBUG keystone.common.rbac_enforcer.enforcer [None req-b224a1ea-a54e-479e-8aab-4d52fe09983e None admin] RBAC: Authorization granted {{(pid=46089) enforce_call /opt/stack/keystone/keystone/common/rbac_enforcer/enforcer.py:457}}
Nov 17 02:49:39 user devstack@keystone.service[46089]: [pid: 46089|app: 0|req: 58/187] 10.0.0.210 () {56 vars in 1369 bytes} [Fri Nov 17 02:49:39 2023] GET /identity/v3/role_assignments?user.id=c4e8947077cb4690a9e6a5133c8fd58f&scope.project.id=c9b282399f554700b7e8548b250ab6a1&role.id=0f495ce7638041c9a8a6ae00d958e9b6 => generated 606 bytes in 213 msecs (HTTP/1.1 200) 5 headers in 177 bytes (1 switches on core 0)
Nov 17 02:49:39 user devstack@keystone.service[46090]: DEBUG keystone.server.flask.request_processing.middleware.auth_context [None req-55a51231-74d1-48bc-8015-e3b55050f217 None admin] RBAC: auth_context: {'token': , 'domain_id': None, 'trust_id': None, 'trustor_id': None, 'trustee_id': None, 'domain_name': None, 'group_ids': [], 'user_id': '3b494eb563a3423f9a5b6b5d19ebbf5e', 'user_domain_id': 'default', 'system_scope': 'all', 'project_id': None, 'project_domain_id': None, 'roles': ['admin', 'manager', 'member', 'reader'], 'is_admin_project': True, 'service_user_id': None, 'service_user_domain_id': None, 'service_project_id': None, 'service_project_domain_id': None, 'service_roles': []} {{(pid=46090) fill_context /opt/stack/keystone/keystone/server/flask/request_processing/middleware/auth_context.py:480}}
Nov 17 02:49:39 user devstack@keystone.service[46090]: DEBUG keystone.server.flask.request_processing.req_logging [None req-55a51231-74d1-48bc-8015-e3b55050f217 None admin] REQUEST_METHOD: `GET` {{(pid=46090) log_request_info /opt/stack/keystone/keystone/server/flask/request_processing/req_logging.py:27}}
Nov 17 02:49:39 user devstack@keystone.service[46090]: DEBUG keystone.server.flask.request_processing.req_logging [None req-55a51231-74d1-48bc-8015-e3b55050f217 None admin] SCRIPT_NAME: `/identity` {{(pid=46090) log_request_info /opt/stack/keystone/keystone/server/flask/request_processing/req_logging.py:28}}
Nov 17 02:49:39 user devstack@keystone.service[46090]: DEBUG keystone.server.flask.request_processing.req_logging [None req-55a51231-74d1-48bc-8015-e3b55050f217 None admin] PATH_INFO: `/v3/role_assignments` {{(pid=46090) log_request_info /opt/stack/keystone/keystone/server/flask/request_processing/req_logging.py:29}}
Nov 17 02:49:39 user devstack@keystone.service[46090]: DEBUG keystone.common.rbac_enforcer.enforcer [None req-55a51231-74d1-48bc-8015-e3b55050f217 None admin] RBAC: Adding query filter params (role.id=dafde1b4d68142278c3e60c7d4b959b2, scope.project.id=c9b282399f554700b7e8548b250ab6a1, user.id=c4e8947077cb4690a9e6a5133c8fd58f) {{(pid=46090) _extract_filter_values /opt/stack/keystone/keystone/common/rbac_enforcer/enforcer.py:167}}
Nov 17 02:49:39 user devstack@keystone.service[46090]: DEBUG keystone.common.rbac_enforcer.enforcer [None req-55a51231-74d1-48bc-8015-e3b55050f217 None admin] RBAC: Authorizing `identity:list_role_assignments()` {{(pid=46090) enforce_call /opt/stack/keystone/keystone/common/rbac_enforcer/enforcer.py:449}}
Nov 17 02:49:39 user devstack@keystone.service[46090]: DEBUG keystone.common.rbac_enforcer.enforcer [None req-55a51231-74d1-48bc-8015-e3b55050f217 None admin] RBAC: Authorization granted {{(pid=46090) enforce_call /opt/stack/keystone/keystone/common/rbac_enforcer/enforcer.py:457}}
Nov 17 02:49:39 user devstack@keystone.service[46090]: [pid: 46090|app: 0|req: 63/188] 10.0.0.210 () {56 vars in 1369 bytes} [Fri Nov 17 02:49:39 2023] GET /identity/v3/role_assignments?user.id=c4e8947077cb4690a9e6a5133c8fd58f&scope.project.id=c9b282399f554700b7e8548b250ab6a1&role.id=dafde1b4d68142278c3e60c7d4b959b2 => generated 606 bytes in 176 msecs (HTTP/1.1 200) 5 headers in 177 bytes (1 switches on core 0)
Nov 17 02:49:40 user devstack@keystone.service[46091]: DEBUG keystone.server.flask.request_processing.req_logging [None req-154a3772-d5fb-458b-a01a-8752619bdb85 None None] REQUEST_METHOD: `GET` {{(pid=46091) log_request_info /opt/stack/keystone/keystone/server/flask/request_processing/req_logging.py:27}}
Nov 17 02:49:40 user devstack@keystone.service[46091]: DEBUG keystone.server.flask.request_processing.req_logging [None req-154a3772-d5fb-458b-a01a-8752619bdb85 None None] SCRIPT_NAME: `/identity` {{(pid=46091) log_request_info /opt/stack/keystone/keystone/server/flask/request_processing/req_logging.py:28}}
Nov 17 02:49:40 user devstack@keystone.service[46091]: DEBUG keystone.server.flask.request_processing.req_logging [None req-154a3772-d5fb-458b-a01a-8752619bdb85 None None] PATH_INFO: `/` {{(pid=46091) log_request_info /opt/stack/keystone/keystone/server/flask/request_processing/req_logging.py:29}}
Nov 17 02:49:40 user devstack@keystone.service[46091]: [pid: 46091|app: 0|req: 68/189] 10.0.0.210 () {54 vars in 921 bytes} [Fri Nov 17 02:49:40 2023] GET /identity => generated 269 bytes in 6 msecs (HTTP/1.1 300) 6 headers in 233 bytes (1 switches on core 0)
Nov 17 02:49:40 user devstack@keystone.service[46089]: DEBUG keystone.server.flask.request_processing.req_logging [None req-92489b7a-e0c9-4f6f-938d-51fd1f1a237c None None] REQUEST_METHOD: `POST` {{(pid=46089) log_request_info /opt/stack/keystone/keystone/server/flask/request_processing/req_logging.py:27}}
Nov 17 02:49:40 user devstack@keystone.service[46089]: DEBUG keystone.server.flask.request_processing.req_logging [None req-92489b7a-e0c9-4f6f-938d-51fd1f1a237c None None] SCRIPT_NAME: `/identity` {{(pid=46089) log_request_info /opt/stack/keystone/keystone/server/flask/request_processing/req_logging.py:28}}
Nov 17 02:49:40 user devstack@keystone.service[46089]: DEBUG keystone.server.flask.request_processing.req_logging [None req-92489b7a-e0c9-4f6f-938d-51fd1f1a237c None None] PATH_INFO: `/v3/auth/tokens` {{(pid=46089) log_request_info /opt/stack/keystone/keystone/server/flask/request_processing/req_logging.py:29}}
Nov 17 02:49:40 user devstack@keystone.service[46089]: WARNING keystone.common.password_hashing [None req-92489b7a-e0c9-4f6f-938d-51fd1f1a237c None None] Truncating password to algorithm specific maximum length 72 characters.
Nov 17 02:49:40 user devstack@keystone.service[46089]: DEBUG keystone.auth.core [None req-92489b7a-e0c9-4f6f-938d-51fd1f1a237c None None] MFA Rules not processed for user `3b494eb563a3423f9a5b6b5d19ebbf5e`. Rule list: `[]` (Enabled: `True`). {{(pid=46089) check_auth_methods_against_rules /opt/stack/keystone/keystone/auth/core.py:438}}
Nov 17 02:49:40 user devstack@keystone.service[46089]: DEBUG keystone.common.fernet_utils [None req-92489b7a-e0c9-4f6f-938d-51fd1f1a237c None None] Loaded 2 Fernet keys from /etc/keystone/fernet-keys/, but `[fernet_tokens] max_active_keys = 3`; perhaps there have not been enough key rotations to reach `max_active_keys` yet? {{(pid=46089) load_keys /opt/stack/keystone/keystone/common/fernet_utils.py:286}}
Nov 17 02:49:40 user devstack@keystone.service[46089]: [pid: 46089|app: 0|req: 59/190] 10.0.0.210 () {58 vars in 1018 bytes} [Fri Nov 17 02:49:40 2023] POST /identity/v3/auth/tokens => generated 861 bytes in 90 msecs (HTTP/1.1 201) 6 headers in 363 bytes (1 switches on core 0)
Nov 17 02:49:41 user devstack@keystone.service[46090]: DEBUG keystone.server.flask.request_processing.req_logging [None req-e9627125-d041-469a-a4cd-0ca340162a3f None None] REQUEST_METHOD: `GET` {{(pid=46090) log_request_info /opt/stack/keystone/keystone/server/flask/request_processing/req_logging.py:27}}
Nov 17 02:49:41 user devstack@keystone.service[46090]: DEBUG keystone.server.flask.request_processing.req_logging [None req-e9627125-d041-469a-a4cd-0ca340162a3f None None] SCRIPT_NAME: `/identity` {{(pid=46090) log_request_info /opt/stack/keystone/keystone/server/flask/request_processing/req_logging.py:28}}
Nov 17 02:49:41 user devstack@keystone.service[46090]: DEBUG keystone.server.flask.request_processing.req_logging [None req-e9627125-d041-469a-a4cd-0ca340162a3f None None] PATH_INFO: `/` {{(pid=46090) log_request_info /opt/stack/keystone/keystone/server/flask/request_processing/req_logging.py:29}}
Nov 17 02:49:41 user devstack@keystone.service[46090]: [pid: 46090|app: 0|req: 64/191] 10.0.0.210 () {54 vars in 921 bytes} [Fri Nov 17 02:49:41 2023] GET /identity => generated 269 bytes in 3 msecs (HTTP/1.1 300) 6 headers in 233 bytes (1 switches on core 0)
Nov 17 02:49:41 user devstack@keystone.service[46091]: DEBUG keystone.server.flask.request_processing.req_logging [None req-91360309-0a5e-435e-a7b5-facadbd7153d None None] REQUEST_METHOD: `POST` {{(pid=46091) log_request_info /opt/stack/keystone/keystone/server/flask/request_processing/req_logging.py:27}}
Nov 17 02:49:41 user devstack@keystone.service[46091]: DEBUG keystone.server.flask.request_processing.req_logging [None req-91360309-0a5e-435e-a7b5-facadbd7153d None None] SCRIPT_NAME: `/identity` {{(pid=46091) log_request_info /opt/stack/keystone/keystone/server/flask/request_processing/req_logging.py:28}}
Nov 17 02:49:41 user devstack@keystone.service[46091]: DEBUG keystone.server.flask.request_processing.req_logging [None req-91360309-0a5e-435e-a7b5-facadbd7153d None None] PATH_INFO: `/v3/auth/tokens` {{(pid=46091) log_request_info /opt/stack/keystone/keystone/server/flask/request_processing/req_logging.py:29}}
Nov 17 02:49:41 user devstack@keystone.service[46091]: WARNING keystone.common.password_hashing [None req-91360309-0a5e-435e-a7b5-facadbd7153d None None] Truncating password to algorithm specific maximum length 72 characters.
Nov 17 02:49:41 user devstack@keystone.service[46091]: DEBUG keystone.auth.core [None req-91360309-0a5e-435e-a7b5-facadbd7153d None None] MFA Rules not processed for user `3b494eb563a3423f9a5b6b5d19ebbf5e`. Rule list: `[]` (Enabled: `True`). {{(pid=46091) check_auth_methods_against_rules /opt/stack/keystone/keystone/auth/core.py:438}}
Nov 17 02:49:41 user devstack@keystone.service[46091]: DEBUG keystone.common.fernet_utils [None req-91360309-0a5e-435e-a7b5-facadbd7153d None None] Loaded 2 Fernet keys from /etc/keystone/fernet-keys/, but `[fernet_tokens] max_active_keys = 3`; perhaps there have not been enough key rotations to reach `max_active_keys` yet? {{(pid=46091) load_keys /opt/stack/keystone/keystone/common/fernet_utils.py:286}}
Nov 17 02:49:41 user devstack@keystone.service[46089]: DEBUG keystone.server.flask.request_processing.middleware.auth_context [None req-92489b7a-e0c9-4f6f-938d-51fd1f1a237c None None] Authenticating user token {{(pid=46089) process_request /opt/stack/data/venv/lib/python3.10/site-packages/keystonemiddleware/auth_token/__init__.py:406}}
Nov 17 02:49:41 user devstack@keystone.service[46091]: [pid: 46091|app: 0|req: 69/192] 10.0.0.210 () {58 vars in 1018 bytes} [Fri Nov 17 02:49:41 2023] POST /identity/v3/auth/tokens => generated 861 bytes in 98 msecs (HTTP/1.1 201) 6 headers in 363 bytes (1 switches on core 0)
Nov 17 02:49:41 user devstack@keystone.service[46089]: DEBUG keystone.server.flask.request_processing.middleware.auth_context [None req-92489b7a-e0c9-4f6f-938d-51fd1f1a237c None None] Validating token access rules against request {{(pid=46089) validate_allowed_request /opt/stack/data/venv/lib/python3.10/site-packages/keystonemiddleware/auth_token/__init__.py:544}}
Nov 17 02:49:41 user devstack@keystone.service[46089]: DEBUG keystone.server.flask.request_processing.middleware.auth_context [None req-e0866e3e-13bf-45fc-9ef8-24b4438cb8f2 None admin] RBAC: auth_context: {'token': , 'domain_id': None, 'trust_id': None, 'trustor_id': None, 'trustee_id': None, 'domain_name': None, 'group_ids': [], 'user_id': '3b494eb563a3423f9a5b6b5d19ebbf5e', 'user_domain_id': 'default', 'system_scope': 'all', 'project_id': None, 'project_domain_id': None, 'roles': ['admin', 'manager', 'member', 'reader'], 'is_admin_project': True, 'service_user_id': None, 'service_user_domain_id': None, 'service_project_id': None, 'service_project_domain_id': None, 'service_roles': []} {{(pid=46089) fill_context /opt/stack/keystone/keystone/server/flask/request_processing/middleware/auth_context.py:480}}
Nov 17 02:49:41 user devstack@keystone.service[46089]: DEBUG keystone.server.flask.request_processing.req_logging [None req-e0866e3e-13bf-45fc-9ef8-24b4438cb8f2 None admin] REQUEST_METHOD: `GET` {{(pid=46089) log_request_info /opt/stack/keystone/keystone/server/flask/request_processing/req_logging.py:27}}
Nov 17 02:49:41 user devstack@keystone.service[46089]: DEBUG keystone.server.flask.request_processing.req_logging [None req-e0866e3e-13bf-45fc-9ef8-24b4438cb8f2 None admin] SCRIPT_NAME: `/identity` {{(pid=46089) log_request_info /opt/stack/keystone/keystone/server/flask/request_processing/req_logging.py:28}}
Nov 17 02:49:41 user devstack@keystone.service[46089]: DEBUG keystone.server.flask.request_processing.req_logging [None req-e0866e3e-13bf-45fc-9ef8-24b4438cb8f2 None admin] PATH_INFO: `/v3/roles/reader` {{(pid=46089) log_request_info /opt/stack/keystone/keystone/server/flask/request_processing/req_logging.py:29}}
Nov 17 02:49:41 user devstack@keystone.service[46089]: DEBUG keystone.common.rbac_enforcer.enforcer [None req-e0866e3e-13bf-45fc-9ef8-24b4438cb8f2 None admin] Extracting inferred target data resulted in "NOT FOUND (404)". {{(pid=46089) enforce_call /opt/stack/keystone/keystone/common/rbac_enforcer/enforcer.py:409}}
Nov 17 02:49:41 user devstack@keystone.service[46089]: ERROR keystone.server.flask.application [None req-e0866e3e-13bf-45fc-9ef8-24b4438cb8f2 None admin] Could not find role: reader.: keystone.exception.RoleNotFound: Could not find role: reader.
Nov 17 02:49:41 user devstack@keystone.service[46089]: ERROR keystone.server.flask.application
Traceback (most recent call last):
Nov 17 02:49:41 user devstack@keystone.service[46089]: ERROR keystone.server.flask.application
File "/opt/stack/data/venv/lib/python3.10/site-packages/flask/app.py", line 1823, in full_dispatch_request
Nov 17 02:49:41 user devstack@keystone.service[46089]: ERROR keystone.server.flask.application rv = self.dispatch_request()
Nov 17 02:49:41 user devstack@keystone.service[46089]: ERROR keystone.server.flask.application
File "/opt/stack/data/venv/lib/python3.10/site-packages/flask/app.py", line 1799, in dispatch_request
Nov 17 02:49:41 user devstack@keystone.service[46089]: ERROR keystone.server.flask.application return self.ensure_sync(self.view_functions[rule.endpoint])(**view_args)
Nov 17 02:49:41 user devstack@keystone.service[46089]: ERROR keystone.server.flask.application
File "/opt/stack/data/venv/lib/python3.10/site-packages/flask_restful/__init__.py", line 489, in wrapper
Nov 17 02:49:41 user devstack@keystone.service[46089]: ERROR keystone.server.flask.application resp = resource(*args, **kwargs)
Nov 17 02:49:41 user devstack@keystone.service[46089]: ERROR keystone.server.flask.application
File "/opt/stack/data/venv/lib/python3.10/site-packages/flask/views.py", line 107, in view
Nov 17 02:49:41 user devstack@keystone.service[46089]: ERROR keystone.server.flask.application return current_app.ensure_sync(self.dispatch_request)(**kwargs)
Nov 17 02:49:41 user devstack@keystone.service[46089]: ERROR keystone.server.flask.application
File "/opt/stack/data/venv/lib/python3.10/site-packages/flask_restful/__init__.py", line 604, in dispatch_request
Nov 17 02:49:41 user devstack@keystone.service[46089]: ERROR keystone.server.flask.application resp = meth(*args, **kwargs)
Nov 17 02:49:41 user devstack@keystone.service[46089]: ERROR keystone.server.flask.application
File "/opt/stack/keystone/keystone/api/roles.py", line 50, in get
Nov 17 02:49:41 user devstack@keystone.service[46089]: ERROR keystone.server.flask.application return self._get_role(role_id)
Nov 17 02:49:41 user devstack@keystone.service[46089]: ERROR keystone.server.flask.application
File "/opt/stack/keystone/keystone/api/roles.py", line 70, in _get_role
Nov 17 02:49:41 user devstack@keystone.service[46089]: ERROR keystone.server.flask.application ENFORCER.enforce_call(action='identity:get_role')
Nov 17 02:49:41 user devstack@keystone.service[46089]: ERROR keystone.server.flask.application
File "/opt/stack/keystone/keystone/common/rbac_enforcer/enforcer.py", line 402, in enforce_call
Nov 17 02:49:41 user devstack@keystone.service[46089]: ERROR keystone.server.flask.application policy_dict.update(cls._extract_member_target_data(
Nov 17 02:49:41 user devstack@keystone.service[46089]: ERROR keystone.server.flask.application
File "/opt/stack/keystone/keystone/common/rbac_enforcer/enforcer.py", line 234, in _extract_member_target_data
Nov 17 02:49:41 user devstack@keystone.service[46089]: ERROR keystone.server.flask.application member_name: func(flask.request.view_args[key])
Nov 17 02:49:41 user devstack@keystone.service[46089]: ERROR keystone.server.flask.application
File "/opt/stack/keystone/keystone/common/manager.py", line 115, in wrapped
Nov 17 02:49:41 user devstack@keystone.service[46089]: ERROR keystone.server.flask.application __ret_val = __f(*args, **kwargs)
Nov 17 02:49:41 user devstack@keystone.service[46089]: ERROR keystone.server.flask.application
File "/opt/stack/data/venv/lib/python3.10/site-packages/decorator.py", line 232, in fun
Nov 17 02:49:41 user devstack@keystone.service[46089]: ERROR keystone.server.flask.application return caller(func, *(extras + args), **kw)
Nov 17 02:49:41 user devstack@keystone.service[46089]: ERROR keystone.server.flask.application
File "/opt/stack/data/venv/lib/python3.10/site-packages/dogpile/cache/region.py", line 1594, in get_or_create_for_user_func
Nov 17 02:49:41 user devstack@keystone.service[46089]: ERROR keystone.server.flask.application return self.get_or_create(
Nov 17 02:49:41 user devstack@keystone.service[46089]: ERROR keystone.server.flask.application
File "/opt/stack/data/venv/lib/python3.10/site-packages/dogpile/cache/region.py", line 1054, in get_or_create
Nov 17 02:49:41 user devstack@keystone.service[46089]: ERROR keystone.server.flask.application with Lock(
Nov 17 02:49:41 user devstack@keystone.service[46089]: ERROR keystone.server.flask.application
File "/opt/stack/data/venv/lib/python3.10/site-packages/dogpile/lock.py", line 185, in __enter__
Nov 17 02:49:41 user devstack@keystone.service[46089]: ERROR keystone.server.flask.application return self._enter()
Nov 17 02:49:41 user devstack@keystone.service[46089]: ERROR keystone.server.flask.application
File "/opt/stack/data/venv/lib/python3.10/site-packages/dogpile/lock.py", line 94, in _enter
Nov 17 02:49:41 user devstack@keystone.service[46089]: ERROR keystone.server.flask.application generated = self._enter_create(value, createdtime)
Nov 17 02:49:41 user devstack@keystone.service[46089]: ERROR keystone.server.flask.application
File "/opt/stack/data/venv/lib/python3.10/site-packages/dogpile/lock.py", line 178, in _enter_create
Nov 17 02:49:41 user devstack@keystone.service[46089]: ERROR keystone.server.flask.application return self.creator()
Nov 17 02:49:41 user devstack@keystone.service[46089]: ERROR keystone.server.flask.application
File "/opt/stack/data/venv/lib/python3.10/site-packages/dogpile/cache/region.py", line 1007, in gen_value
Nov 17 02:49:41 user devstack@keystone.service[46089]: ERROR keystone.server.flask.application created_value = creator(
Nov 17 02:49:41 user devstack@keystone.service[46089]: ERROR keystone.server.flask.application
File "/opt/stack/keystone/keystone/assignment/core.py", line 1276, in get_role
Nov 17 02:49:41 user devstack@keystone.service[46089]: ERROR keystone.server.flask.application return self.driver.get_role(role_id)
Nov 17 02:49:41 user devstack@keystone.service[46089]: ERROR keystone.server.flask.application
File "/opt/stack/keystone/keystone/assignment/role_backends/sql.py", line 70, in get_role
Nov 17 02:49:41 user devstack@keystone.service[46089]: ERROR keystone.server.flask.application return self._get_role(session, role_id).to_dict()
Nov 17 02:49:41 user devstack@keystone.service[46089]: ERROR keystone.server.flask.application
File "/opt/stack/keystone/keystone/assignment/role_backends/sql.py", line 65, in _get_role
Nov 17 02:49:41 user devstack@keystone.service[46089]: ERROR keystone.server.flask.application raise exception.RoleNotFound(role_id=role_id)
Nov 17 02:49:41 user devstack@keystone.service[46089]: ERROR keystone.server.flask.application keystone.exception.RoleNotFound: Could not find role: reader.
Nov 17 02:49:41 user devstack@keystone.service[46089]: ERROR keystone.server.flask.application
Nov 17 02:49:41 user devstack@keystone.service[46089]: [pid: 46089|app: 0|req: 60/193] 10.0.0.210 () {56 vars in 1094 bytes} [Fri Nov 17 02:49:41 2023] GET /identity/v3/roles/reader => generated 84 bytes in 159 msecs (HTTP/1.1 404) 5 headers in 183 bytes (1 switches on core 0)
Nov 17 02:49:41 user devstack@keystone.service[46090]: DEBUG keystone.server.flask.request_processing.middleware.auth_context [None req-e9627125-d041-469a-a4cd-0ca340162a3f None None] Authenticating user token {{(pid=46090) process_request /opt/stack/data/venv/lib/python3.10/site-packages/keystonemiddleware/auth_token/__init__.py:406}}
Nov 17 02:49:41 user devstack@keystone.service[46090]: DEBUG keystone.server.flask.request_processing.middleware.auth_context [None req-e9627125-d041-469a-a4cd-0ca340162a3f None None] Validating token access rules against request {{(pid=46090) validate_allowed_request /opt/stack/data/venv/lib/python3.10/site-packages/keystonemiddleware/auth_token/__init__.py:544}}
Nov 17 02:49:41 user devstack@keystone.service[46091]: DEBUG keystone.server.flask.request_processing.middleware.auth_context [None req-91360309-0a5e-435e-a7b5-facadbd7153d None None] Authenticating user token {{(pid=46091) process_request /opt/stack/data/venv/lib/python3.10/site-packages/keystonemiddleware/auth_token/__init__.py:406}}
Nov 17 02:49:41 user devstack@keystone.service[46090]: DEBUG keystone.server.flask.request_processing.middleware.auth_context [None req-3a7e4e7b-e199-444f-9bfc-fdd918038a59 None admin] RBAC: auth_context: {'token': , 'domain_id': None, 'trust_id': None, 'trustor_id': None, 'trustee_id': None, 'domain_name': None, 'group_ids': [], 'user_id': '3b494eb563a3423f9a5b6b5d19ebbf5e', 'user_domain_id': 'default', 'system_scope': 'all', 'project_id': None, 'project_domain_id': None, 'roles': ['admin', 'manager', 'member', 'reader'], 'is_admin_project': True, 'service_user_id': None, 'service_user_domain_id': None, 'service_project_id': None, 'service_project_domain_id': None, 'service_roles': []} {{(pid=46090) fill_context /opt/stack/keystone/keystone/server/flask/request_processing/middleware/auth_context.py:480}}
Nov 17 02:49:41 user devstack@keystone.service[46089]: DEBUG keystone.server.flask.request_processing.req_logging [None req-85b9063b-ea28-4510-86e8-1a48a55b5f52 None None] REQUEST_METHOD: `GET` {{(pid=46089) log_request_info /opt/stack/keystone/keystone/server/flask/request_processing/req_logging.py:27}}
Nov 17 02:49:41 user devstack@keystone.service[46089]: DEBUG keystone.server.flask.request_processing.req_logging [None req-85b9063b-ea28-4510-86e8-1a48a55b5f52 None None] SCRIPT_NAME: `/identity` {{(pid=46089) log_request_info /opt/stack/keystone/keystone/server/flask/request_processing/req_logging.py:28}}
Nov 17 02:49:41 user devstack@keystone.service[46089]: DEBUG keystone.server.flask.request_processing.req_logging [None req-85b9063b-ea28-4510-86e8-1a48a55b5f52 None None] PATH_INFO: `/` {{(pid=46089) log_request_info /opt/stack/keystone/keystone/server/flask/request_processing/req_logging.py:29}}
Nov 17 02:49:41 user devstack@keystone.service[46090]: DEBUG keystone.server.flask.request_processing.req_logging [None req-3a7e4e7b-e199-444f-9bfc-fdd918038a59 None admin] REQUEST_METHOD: `GET` {{(pid=46090) log_request_info /opt/stack/keystone/keystone/server/flask/request_processing/req_logging.py:27}}
Nov 17 02:49:41 user devstack@keystone.service[46090]: DEBUG keystone.server.flask.request_processing.req_logging [None req-3a7e4e7b-e199-444f-9bfc-fdd918038a59 None admin] SCRIPT_NAME: `/identity` {{(pid=46090) log_request_info /opt/stack/keystone/keystone/server/flask/request_processing/req_logging.py:28}}
Nov 17 02:49:41 user devstack@keystone.service[46090]: DEBUG keystone.server.flask.request_processing.req_logging [None req-3a7e4e7b-e199-444f-9bfc-fdd918038a59 None admin] PATH_INFO: `/v3/roles` {{(pid=46090) log_request_info /opt/stack/keystone/keystone/server/flask/request_processing/req_logging.py:29}}
Nov 17 02:49:41 user devstack@keystone.service[46089]: [pid: 46089|app: 0|req: 61/194] 10.0.0.210 () {54 vars in 921 bytes} [Fri Nov 17 02:49:41 2023] GET /identity => generated 269 bytes in 6 msecs (HTTP/1.1 300) 6 headers in 233 bytes (1 switches on core 0)
Nov 17 02:49:41 user devstack@keystone.service[46090]: DEBUG keystone.common.rbac_enforcer.enforcer [None req-3a7e4e7b-e199-444f-9bfc-fdd918038a59 None admin] RBAC: Adding query filter params (name=reader) {{(pid=46090) _extract_filter_values /opt/stack/keystone/keystone/common/rbac_enforcer/enforcer.py:167}}
Nov 17 02:49:41 user devstack@keystone.service[46090]: DEBUG keystone.common.rbac_enforcer.enforcer [None req-3a7e4e7b-e199-444f-9bfc-fdd918038a59 None admin] RBAC: Authorizing `identity:list_roles()` {{(pid=46090) enforce_call /opt/stack/keystone/keystone/common/rbac_enforcer/enforcer.py:449}}
Nov 17 02:49:41 user devstack@keystone.service[46090]: DEBUG keystone.common.rbac_enforcer.enforcer [None req-3a7e4e7b-e199-444f-9bfc-fdd918038a59 None admin] RBAC: Authorization granted {{(pid=46090) enforce_call /opt/stack/keystone/keystone/common/rbac_enforcer/enforcer.py:457}}
