Nov 18 16:53:48 user devstack@keystone.service[45893]: DEBUG keystone.server.flask.request_processing.middleware.auth_context [None req-6ec79dc0-978c-4f9b-8d00-cd16c30c330f admin admin] RBAC: auth_context: {'token': , 'domain_id': None, 'trust_id': None, 'trustor_id': None, 'trustee_id': None, 'domain_name': None, 'group_ids': [], 'user_id': '6698bbee2bae481d8ff8dd0520b9ea53', 'user_domain_id': 'default', 'system_scope': None, 'project_id': 'e135c3aa00df41149fab95db3d88532f', 'project_domain_id': 'default', 'roles': ['member', 'manager', 'reader', 'admin'], 'is_admin_project': True, 'service_user_id': None, 'service_user_domain_id': None, 'service_project_id': None, 'service_project_domain_id': None, 'service_roles': []} {{(pid=45893) fill_context /opt/stack/keystone/keystone/server/flask/request_processing/middleware/auth_context.py:480}}
Nov 18 16:53:48 user devstack@keystone.service[45893]: DEBUG keystone.server.flask.request_processing.req_logging [None req-6ec79dc0-978c-4f9b-8d00-cd16c30c330f admin admin] REQUEST_METHOD: `GET` {{(pid=45893) log_request_info /opt/stack/keystone/keystone/server/flask/request_processing/req_logging.py:27}}
Nov 18 16:53:48 user devstack@keystone.service[45893]: DEBUG keystone.server.flask.request_processing.req_logging [None req-6ec79dc0-978c-4f9b-8d00-cd16c30c330f admin admin] SCRIPT_NAME: `/identity` {{(pid=45893) log_request_info /opt/stack/keystone/keystone/server/flask/request_processing/req_logging.py:28}}
Nov 18 16:53:48 user devstack@keystone.service[45893]: DEBUG keystone.server.flask.request_processing.req_logging [None req-6ec79dc0-978c-4f9b-8d00-cd16c30c330f admin admin] PATH_INFO: `/v3/groups/79a4e68fad6c4190bb9640d73b56a9f5` {{(pid=45893) log_request_info /opt/stack/keystone/keystone/server/flask/request_processing/req_logging.py:29}}
Nov 18 16:53:48 user devstack@keystone.service[45892]: DEBUG keystone.server.flask.request_processing.middleware.auth_context [None req-de55005c-6624-46da-a337-85d9ec9c11ac admin admin] Authenticating user token {{(pid=45892) process_request /opt/stack/data/venv/lib/python3.10/site-packages/keystonemiddleware/auth_token/__init__.py:406}}
Nov 18 16:53:48 user devstack@keystone.service[45893]: DEBUG keystone.common.rbac_enforcer.enforcer [None req-6ec79dc0-978c-4f9b-8d00-cd16c30c330f admin admin] RBAC: Authorizing `identity:get_group(group_id=79a4e68fad6c4190bb9640d73b56a9f5)` {{(pid=45893) enforce_call /opt/stack/keystone/keystone/common/rbac_enforcer/enforcer.py:449}}
Nov 18 16:53:48 user devstack@keystone.service[45893]: WARNING py.warnings [None req-6ec79dc0-978c-4f9b-8d00-cd16c30c330f admin admin] /opt/stack/data/venv/lib/python3.10/site-packages/oslo_policy/policy.py:1130: UserWarning: Policy "identity:get_group": "(role:reader and system_scope:all) or (role:reader and domain_id:%(target.group.domain_id)s)" failed scope check. The token used to make the request was project scoped but the policy requires ['system', 'domain'] scope. This behavior may change in the future where using the intended scope is required
Nov 18 16:53:48 user devstack@keystone.service[45893]: warnings.warn(msg)
Nov 18 16:53:48 user devstack@keystone.service[45893]:
Nov 18 16:53:48 user devstack@keystone.service[45893]: DEBUG keystone.common.rbac_enforcer.enforcer [None req-6ec79dc0-978c-4f9b-8d00-cd16c30c330f admin admin] RBAC: Authorization granted {{(pid=45893) enforce_call /opt/stack/keystone/keystone/common/rbac_enforcer/enforcer.py:457}}
Nov 18 16:53:48 user devstack@keystone.service[45893]: [pid: 45893|app: 0|req: 93/275] 10.0.0.210 () {56 vars in 1196 bytes} [Sat Nov 18 16:53:48 2023] GET /identity/v3/groups/79a4e68fad6c4190bb9640d73b56a9f5 => generated 225 bytes in 21 msecs (HTTP/1.1 200) 5 headers in 177 bytes (1 switches on core 0)
Nov 18 16:53:48 user devstack@keystone.service[45893]: DEBUG keystone.server.flask.request_processing.middleware.auth_context [None req-6ec79dc0-978c-4f9b-8d00-cd16c30c330f admin admin] Authenticating user token {{(pid=45893) process_request /opt/stack/data/venv/lib/python3.10/site-packages/keystonemiddleware/auth_token/__init__.py:406}}
Nov 18 16:53:48 user devstack@keystone.service[45892]: DEBUG keystone.server.flask.request_processing.middleware.auth_context [None req-de55005c-6624-46da-a337-85d9ec9c11ac admin admin] Validating token access rules against request {{(pid=45892) validate_allowed_request /opt/stack/data/venv/lib/python3.10/site-packages/keystonemiddleware/auth_token/__init__.py:544}}
Nov 18 16:53:48 user devstack@keystone.service[45892]: DEBUG keystone.server.flask.request_processing.middleware.auth_context [None req-e2e8c06a-22d9-4936-bcba-a7b65dbd6303 admin admin] RBAC: auth_context: {'token': , 'domain_id': None, 'trust_id': None, 'trustor_id': None, 'trustee_id': None, 'domain_name': None, 'group_ids': [], 'user_id': '6698bbee2bae481d8ff8dd0520b9ea53', 'user_domain_id': 'default', 'system_scope': None, 'project_id': 'e135c3aa00df41149fab95db3d88532f', 'project_domain_id': 'default', 'roles': ['member', 'manager', 'reader', 'admin'], 'is_admin_project': True, 'service_user_id': None, 'service_user_domain_id': None, 'service_project_id': None, 'service_project_domain_id': None, 'service_roles': []} {{(pid=45892) fill_context /opt/stack/keystone/keystone/server/flask/request_processing/middleware/auth_context.py:480}}
Nov 18 16:53:48 user devstack@keystone.service[45892]: DEBUG keystone.server.flask.request_processing.req_logging [None req-e2e8c06a-22d9-4936-bcba-a7b65dbd6303 admin admin] REQUEST_METHOD: `GET` {{(pid=45892) log_request_info /opt/stack/keystone/keystone/server/flask/request_processing/req_logging.py:27}}
Nov 18 16:53:48 user devstack@keystone.service[45893]: DEBUG keystone.server.flask.request_processing.middleware.auth_context [None req-6ec79dc0-978c-4f9b-8d00-cd16c30c330f admin admin] Validating token access rules against request {{(pid=45893) validate_allowed_request /opt/stack/data/venv/lib/python3.10/site-packages/keystonemiddleware/auth_token/__init__.py:544}}
Nov 18 16:53:48 user devstack@keystone.service[45892]: DEBUG keystone.server.flask.request_processing.req_logging [None req-e2e8c06a-22d9-4936-bcba-a7b65dbd6303 admin admin] SCRIPT_NAME: `/identity` {{(pid=45892) log_request_info /opt/stack/keystone/keystone/server/flask/request_processing/req_logging.py:28}}
Nov 18 16:53:48 user devstack@keystone.service[45892]: DEBUG keystone.server.flask.request_processing.req_logging [None req-e2e8c06a-22d9-4936-bcba-a7b65dbd6303 admin admin] PATH_INFO: `/v3/roles` {{(pid=45892) log_request_info /opt/stack/keystone/keystone/server/flask/request_processing/req_logging.py:29}}
Nov 18 16:53:48 user devstack@keystone.service[45892]: DEBUG keystone.common.rbac_enforcer.enforcer [None req-e2e8c06a-22d9-4936-bcba-a7b65dbd6303 admin admin] RBAC: Adding query filter params (name=member) {{(pid=45892) _extract_filter_values /opt/stack/keystone/keystone/common/rbac_enforcer/enforcer.py:167}}
Nov 18 16:53:48 user devstack@keystone.service[45892]: DEBUG keystone.common.rbac_enforcer.enforcer [None req-e2e8c06a-22d9-4936-bcba-a7b65dbd6303 admin admin] RBAC: Authorizing `identity:list_roles()` {{(pid=45892) enforce_call /opt/stack/keystone/keystone/common/rbac_enforcer/enforcer.py:449}}
Nov 18 16:53:48 user devstack@keystone.service[45892]: DEBUG keystone.common.rbac_enforcer.enforcer [None req-e2e8c06a-22d9-4936-bcba-a7b65dbd6303 admin admin] RBAC: Authorization granted {{(pid=45892) enforce_call /opt/stack/keystone/keystone/common/rbac_enforcer/enforcer.py:457}}
Nov 18 16:53:48 user devstack@keystone.service[45893]: DEBUG keystone.server.flask.request_processing.middleware.auth_context [None req-7ac0a86a-2bd8-4722-a3eb-a9046c5b1caa admin admin] RBAC: auth_context: {'token': , 'domain_id': None, 'trust_id': None, 'trustor_id': None, 'trustee_id': None, 'domain_name': None, 'group_ids': [], 'user_id': '6698bbee2bae481d8ff8dd0520b9ea53', 'user_domain_id': 'default', 'system_scope': None, 'project_id': 'e135c3aa00df41149fab95db3d88532f', 'project_domain_id': 'default', 'roles': ['member', 'manager', 'reader', 'admin'], 'is_admin_project': True, 'service_user_id': None, 'service_user_domain_id': None, 'service_project_id': None, 'service_project_domain_id': None, 'service_roles': []} {{(pid=45893) fill_context /opt/stack/keystone/keystone/server/flask/request_processing/middleware/auth_context.py:480}}
Nov 18 16:53:48 user devstack@keystone.service[45893]: DEBUG keystone.server.flask.request_processing.req_logging [None req-7ac0a86a-2bd8-4722-a3eb-a9046c5b1caa admin admin] REQUEST_METHOD: `GET` {{(pid=45893) log_request_info /opt/stack/keystone/keystone/server/flask/request_processing/req_logging.py:27}}
Nov 18 16:53:48 user devstack@keystone.service[45893]: DEBUG keystone.server.flask.request_processing.req_logging [None req-7ac0a86a-2bd8-4722-a3eb-a9046c5b1caa admin admin] SCRIPT_NAME: `/identity` {{(pid=45893) log_request_info /opt/stack/keystone/keystone/server/flask/request_processing/req_logging.py:28}}
Nov 18 16:53:48 user devstack@keystone.service[45893]: DEBUG keystone.server.flask.request_processing.req_logging [None req-7ac0a86a-2bd8-4722-a3eb-a9046c5b1caa admin admin] PATH_INFO: `/v3/projects/0f84cb50c33e45b988e532d08be780b7` {{(pid=45893) log_request_info /opt/stack/keystone/keystone/server/flask/request_processing/req_logging.py:29}}
Nov 18 16:53:48 user devstack@keystone.service[45893]: DEBUG keystone.common.rbac_enforcer.enforcer [None req-7ac0a86a-2bd8-4722-a3eb-a9046c5b1caa admin admin] RBAC: Authorizing `identity:get_project(project_id=0f84cb50c33e45b988e532d08be780b7)` {{(pid=45893) enforce_call /opt/stack/keystone/keystone/common/rbac_enforcer/enforcer.py:449}}
Nov 18 16:53:48 user devstack@keystone.service[45894]: [pid: 45894|app: 0|req: 91/276] 10.0.0.210 () {58 vars in 1018 bytes} [Sat Nov 18 16:53:48 2023] POST /identity/v3/auth/tokens => generated 861 bytes in 101 msecs (HTTP/1.1 201) 6 headers in 363 bytes (2 switches on core 0)
Nov 18 16:53:48 user devstack@keystone.service[45893]: DEBUG keystone.common.rbac_enforcer.enforcer [None req-7ac0a86a-2bd8-4722-a3eb-a9046c5b1caa admin admin] RBAC: Authorization granted {{(pid=45893) enforce_call /opt/stack/keystone/keystone/common/rbac_enforcer/enforcer.py:457}}
Nov 18 16:53:48 user devstack@keystone.service[45893]: [pid: 45893|app: 0|req: 94/277] 10.0.0.210 () {56 vars in 1202 bytes} [Sat Nov 18 16:53:48 2023] GET /identity/v3/projects/0f84cb50c33e45b988e532d08be780b7 => generated 297 bytes in 19 msecs (HTTP/1.1 200) 5 headers in 177 bytes (2 switches on core 0)
Nov 18 16:53:48 user devstack@keystone.service[45892]: [pid: 45892|app: 0|req: 93/278] 10.0.0.210 () {56 vars in 1117 bytes} [Sat Nov 18 16:53:48 2023] GET /identity/v3/roles?name=member => generated 339 bytes in 33 msecs (HTTP/1.1 200) 5 headers in 177 bytes (1 switches on core 0)
Nov 18 16:53:48 user devstack@keystone.service[45894]: DEBUG keystone.server.flask.request_processing.middleware.auth_context [None req-b56f4e8b-bcd3-4c37-9312-d571ddba2b89 None None] Authenticating user token {{(pid=45894) process_request /opt/stack/data/venv/lib/python3.10/site-packages/keystonemiddleware/auth_token/__init__.py:406}}
Nov 18 16:53:48 user devstack@keystone.service[45893]: DEBUG keystone.server.flask.request_processing.middleware.auth_context [None req-7ac0a86a-2bd8-4722-a3eb-a9046c5b1caa admin admin] Authenticating user token {{(pid=45893) process_request /opt/stack/data/venv/lib/python3.10/site-packages/keystonemiddleware/auth_token/__init__.py:406}}
Nov 18 16:53:48 user devstack@keystone.service[45894]: DEBUG keystone.server.flask.request_processing.middleware.auth_context [None req-b56f4e8b-bcd3-4c37-9312-d571ddba2b89 None None] Validating token access rules against request {{(pid=45894) validate_allowed_request /opt/stack/data/venv/lib/python3.10/site-packages/keystonemiddleware/auth_token/__init__.py:544}}
Nov 18 16:53:48 user devstack@keystone.service[45893]: DEBUG keystone.server.flask.request_processing.middleware.auth_context [None req-7ac0a86a-2bd8-4722-a3eb-a9046c5b1caa admin admin] Validating token access rules against request {{(pid=45893) validate_allowed_request /opt/stack/data/venv/lib/python3.10/site-packages/keystonemiddleware/auth_token/__init__.py:544}}
Nov 18 16:53:48 user devstack@keystone.service[45894]: DEBUG keystone.server.flask.request_processing.middleware.auth_context [None req-90a5ae60-57d7-41d4-a8d3-437bfc421e9b admin admin] RBAC: auth_context: {'token': , 'domain_id': None, 'trust_id': None, 'trustor_id': None, 'trustee_id': None, 'domain_name': None, 'group_ids': [], 'user_id': '6698bbee2bae481d8ff8dd0520b9ea53', 'user_domain_id': 'default', 'system_scope': None, 'project_id': 'e135c3aa00df41149fab95db3d88532f', 'project_domain_id': 'default', 'roles': ['member', 'manager', 'reader', 'admin'], 'is_admin_project': True, 'service_user_id': None, 'service_user_domain_id': None, 'service_project_id': None, 'service_project_domain_id': None, 'service_roles': []} {{(pid=45894) fill_context /opt/stack/keystone/keystone/server/flask/request_processing/middleware/auth_context.py:480}}
Nov 18 16:53:48 user devstack@keystone.service[45894]: DEBUG keystone.server.flask.request_processing.req_logging [None req-90a5ae60-57d7-41d4-a8d3-437bfc421e9b admin admin] REQUEST_METHOD: `PUT` {{(pid=45894) log_request_info /opt/stack/keystone/keystone/server/flask/request_processing/req_logging.py:27}}
Nov 18 16:53:48 user devstack@keystone.service[45894]: DEBUG keystone.server.flask.request_processing.req_logging [None req-90a5ae60-57d7-41d4-a8d3-437bfc421e9b admin admin] SCRIPT_NAME: `/identity` {{(pid=45894) log_request_info /opt/stack/keystone/keystone/server/flask/request_processing/req_logging.py:28}}
Nov 18 16:53:48 user devstack@keystone.service[45894]: DEBUG keystone.server.flask.request_processing.req_logging [None req-90a5ae60-57d7-41d4-a8d3-437bfc421e9b admin admin] PATH_INFO: `/v3/projects/0f84cb50c33e45b988e532d08be780b7/groups/79a4e68fad6c4190bb9640d73b56a9f5/roles/4768558f674a4ca3809b73eed14f7301` {{(pid=45894) log_request_info /opt/stack/keystone/keystone/server/flask/request_processing/req_logging.py:29}}
Nov 18 16:53:48 user devstack@keystone.service[45893]: DEBUG keystone.server.flask.request_processing.middleware.auth_context [None req-92b1eaf5-cfb5-4aa6-baac-e215652d5a82 admin admin] RBAC: auth_context: {'token': , 'domain_id': None, 'trust_id': None, 'trustor_id': None, 'trustee_id': None, 'domain_name': None, 'group_ids': [], 'user_id': '6698bbee2bae481d8ff8dd0520b9ea53', 'user_domain_id': 'default', 'system_scope': None, 'project_id': 'e135c3aa00df41149fab95db3d88532f', 'project_domain_id': 'default', 'roles': ['member', 'manager', 'reader', 'admin'], 'is_admin_project': True, 'service_user_id': None, 'service_user_domain_id': None, 'service_project_id': None, 'service_project_domain_id': None, 'service_roles': []} {{(pid=45893) fill_context /opt/stack/keystone/keystone/server/flask/request_processing/middleware/auth_context.py:480}}
Nov 18 16:53:48 user devstack@keystone.service[45893]: DEBUG keystone.server.flask.request_processing.req_logging [None req-92b1eaf5-cfb5-4aa6-baac-e215652d5a82 admin admin] REQUEST_METHOD: `GET` {{(pid=45893) log_request_info /opt/stack/keystone/keystone/server/flask/request_processing/req_logging.py:27}}
Nov 18 16:53:48 user devstack@keystone.service[45893]: DEBUG keystone.server.flask.request_processing.req_logging [None req-92b1eaf5-cfb5-4aa6-baac-e215652d5a82 admin admin] SCRIPT_NAME: `/identity` {{(pid=45893) log_request_info /opt/stack/keystone/keystone/server/flask/request_processing/req_logging.py:28}}
Nov 18 16:53:48 user devstack@keystone.service[45894]: DEBUG keystone.common.rbac_enforcer.enforcer [None req-90a5ae60-57d7-41d4-a8d3-437bfc421e9b admin admin] RBAC: Authorizing `identity:create_grant(project_id=0f84cb50c33e45b988e532d08be780b7, group_id=79a4e68fad6c4190bb9640d73b56a9f5, role_id=4768558f674a4ca3809b73eed14f7301)` {{(pid=45894) enforce_call /opt/stack/keystone/keystone/common/rbac_enforcer/enforcer.py:449}}
Nov 18 16:53:48 user devstack@keystone.service[45893]: DEBUG keystone.server.flask.request_processing.req_logging [None req-92b1eaf5-cfb5-4aa6-baac-e215652d5a82 admin admin] PATH_INFO: `/v3/groups/79a4e68fad6c4190bb9640d73b56a9f5` {{(pid=45893) log_request_info /opt/stack/keystone/keystone/server/flask/request_processing/req_logging.py:29}}
Nov 18 16:53:48 user devstack@keystone.service[45893]: DEBUG keystone.common.rbac_enforcer.enforcer [None req-92b1eaf5-cfb5-4aa6-baac-e215652d5a82 admin admin] RBAC: Authorizing `identity:get_group(group_id=79a4e68fad6c4190bb9640d73b56a9f5)` {{(pid=45893) enforce_call /opt/stack/keystone/keystone/common/rbac_enforcer/enforcer.py:449}}
Nov 18 16:53:48 user devstack@keystone.service[45894]: DEBUG keystone.common.rbac_enforcer.enforcer [None req-90a5ae60-57d7-41d4-a8d3-437bfc421e9b admin admin] RBAC: Authorization granted {{(pid=45894) enforce_call /opt/stack/keystone/keystone/common/rbac_enforcer/enforcer.py:457}}
Nov 18 16:53:48 user devstack@keystone.service[45893]: DEBUG keystone.common.rbac_enforcer.enforcer [None req-92b1eaf5-cfb5-4aa6-baac-e215652d5a82 admin admin] RBAC: Authorization granted {{(pid=45893) enforce_call /opt/stack/keystone/keystone/common/rbac_enforcer/enforcer.py:457}}
Nov 18 16:53:48 user devstack@keystone.service[45893]: [pid: 45893|app: 0|req: 95/279] 10.0.0.210 () {56 vars in 1196 bytes} [Sat Nov 18 16:53:48 2023] GET /identity/v3/groups/79a4e68fad6c4190bb9640d73b56a9f5 => generated 225 bytes in 20 msecs (HTTP/1.1 200) 5 headers in 177 bytes (1 switches on core 0)
Nov 18 16:53:48 user devstack@keystone.service[45892]: DEBUG keystone.server.flask.request_processing.middleware.auth_context [None req-e2e8c06a-22d9-4936-bcba-a7b65dbd6303 admin admin] Authenticating user token {{(pid=45892) process_request /opt/stack/data/venv/lib/python3.10/site-packages/keystonemiddleware/auth_token/__init__.py:406}}
Nov 18 16:53:48 user devstack@keystone.service[45894]: [pid: 45894|app: 0|req: 92/280] 10.0.0.210 () {58 vars in 1458 bytes} [Sat Nov 18 16:53:48 2023] PUT /identity/v3/projects/0f84cb50c33e45b988e532d08be780b7/groups/79a4e68fad6c4190bb9640d73b56a9f5/roles/4768558f674a4ca3809b73eed14f7301 => generated 0 bytes in 35 msecs (HTTP/1.1 204) 3 headers in 132 bytes (0 switches on core 0)
Nov 18 16:53:48 user devstack@keystone.service[45892]: DEBUG keystone.server.flask.request_processing.middleware.auth_context [None req-e2e8c06a-22d9-4936-bcba-a7b65dbd6303 admin admin] Validating token access rules against request {{(pid=45892) validate_allowed_request /opt/stack/data/venv/lib/python3.10/site-packages/keystonemiddleware/auth_token/__init__.py:544}}
Nov 18 16:53:48 user devstack@keystone.service[45892]: DEBUG keystone.server.flask.request_processing.middleware.auth_context [None req-ecc234d2-1ad7-43db-a80b-c992ad0ef03e admin admin] RBAC: auth_context: {'token': , 'domain_id': None, 'trust_id': None, 'trustor_id': None, 'trustee_id': None, 'domain_name': None, 'group_ids': [], 'user_id': '6698bbee2bae481d8ff8dd0520b9ea53', 'user_domain_id': 'default', 'system_scope': None, 'project_id': 'e135c3aa00df41149fab95db3d88532f', 'project_domain_id': 'default', 'roles': ['member', 'manager', 'reader', 'admin'], 'is_admin_project': True, 'service_user_id': None, 'service_user_domain_id': None, 'service_project_id': None, 'service_project_domain_id': None, 'service_roles': []} {{(pid=45892) fill_context /opt/stack/keystone/keystone/server/flask/request_processing/middleware/auth_context.py:480}}
Nov 18 16:53:48 user devstack@keystone.service[45892]: DEBUG keystone.server.flask.request_processing.req_logging [None req-ecc234d2-1ad7-43db-a80b-c992ad0ef03e admin admin] REQUEST_METHOD: `GET` {{(pid=45892) log_request_info /opt/stack/keystone/keystone/server/flask/request_processing/req_logging.py:27}}
Nov 18 16:53:48 user devstack@keystone.service[45892]: DEBUG keystone.server.flask.request_processing.req_logging [None req-ecc234d2-1ad7-43db-a80b-c992ad0ef03e admin admin] SCRIPT_NAME: `/identity` {{(pid=45892) log_request_info /opt/stack/keystone/keystone/server/flask/request_processing/req_logging.py:28}}
Nov 18 16:53:48 user devstack@keystone.service[45892]: DEBUG keystone.server.flask.request_processing.req_logging [None req-ecc234d2-1ad7-43db-a80b-c992ad0ef03e admin admin] PATH_INFO: `/v3/projects/4a876434c8434105b4e444c3b058275c` {{(pid=45892) log_request_info /opt/stack/keystone/keystone/server/flask/request_processing/req_logging.py:29}}
Nov 18 16:53:48 user devstack@keystone.service[45892]: DEBUG keystone.common.rbac_enforcer.enforcer [None req-ecc234d2-1ad7-43db-a80b-c992ad0ef03e admin admin] RBAC: Authorizing `identity:get_project(project_id=4a876434c8434105b4e444c3b058275c)` {{(pid=45892) enforce_call /opt/stack/keystone/keystone/common/rbac_enforcer/enforcer.py:449}}
Nov 18 16:53:49 user devstack@keystone.service[45892]: DEBUG keystone.common.rbac_enforcer.enforcer [None req-ecc234d2-1ad7-43db-a80b-c992ad0ef03e admin admin] RBAC: Authorization granted {{(pid=45892) enforce_call /opt/stack/keystone/keystone/common/rbac_enforcer/enforcer.py:457}}
Nov 18 16:53:49 user devstack@keystone.service[45892]: [pid: 45892|app: 0|req: 94/281] 10.0.0.210 () {56 vars in 1202 bytes} [Sat Nov 18 16:53:48 2023] GET /identity/v3/projects/4a876434c8434105b4e444c3b058275c => generated 301 bytes in 80 msecs (HTTP/1.1 200) 5 headers in 177 bytes (2 switches on core 0)
Nov 18 16:53:49 user devstack@keystone.service[45893]: DEBUG keystone.server.flask.request_processing.middleware.auth_context [None req-92b1eaf5-cfb5-4aa6-baac-e215652d5a82 admin admin] Authenticating user token {{(pid=45893) process_request /opt/stack/data/venv/lib/python3.10/site-packages/keystonemiddleware/auth_token/__init__.py:406}}
Nov 18 16:53:49 user devstack@keystone.service[45893]: DEBUG keystone.server.flask.request_processing.middleware.auth_context [None req-92b1eaf5-cfb5-4aa6-baac-e215652d5a82 admin admin] Validating token access rules against request {{(pid=45893) validate_allowed_request /opt/stack/data/venv/lib/python3.10/site-packages/keystonemiddleware/auth_token/__init__.py:544}}
Nov 18 16:53:49 user devstack@keystone.service[45893]: DEBUG keystone.server.flask.request_processing.middleware.auth_context [None req-2a8081fb-fdc5-40e7-82dc-ec1f667e0f44 admin admin] RBAC: auth_context: {'token': , 'domain_id': None, 'trust_id': None, 'trustor_id': None, 'trustee_id': None, 'domain_name': None, 'group_ids': [], 'user_id': '6698bbee2bae481d8ff8dd0520b9ea53', 'user_domain_id': 'default', 'system_scope': None, 'project_id': 'e135c3aa00df41149fab95db3d88532f', 'project_domain_id': 'default', 'roles': ['member', 'manager', 'reader', 'admin'], 'is_admin_project': True, 'service_user_id': None, 'service_user_domain_id': None, 'service_project_id': None, 'service_project_domain_id': None, 'service_roles': []} {{(pid=45893) fill_context /opt/stack/keystone/keystone/server/flask/request_processing/middleware/auth_context.py:480}}
Nov 18 16:53:49 user devstack@keystone.service[45893]: DEBUG keystone.server.flask.request_processing.req_logging [None req-2a8081fb-fdc5-40e7-82dc-ec1f667e0f44 admin admin] REQUEST_METHOD: `PUT` {{(pid=45893) log_request_info /opt/stack/keystone/keystone/server/flask/request_processing/req_logging.py:27}}
Nov 18 16:53:49 user devstack@keystone.service[45893]: DEBUG keystone.server.flask.request_processing.req_logging [None req-2a8081fb-fdc5-40e7-82dc-ec1f667e0f44 admin admin] SCRIPT_NAME: `/identity` {{(pid=45893) log_request_info /opt/stack/keystone/keystone/server/flask/request_processing/req_logging.py:28}}
Nov 18 16:53:49 user devstack@keystone.service[45893]: DEBUG keystone.server.flask.request_processing.req_logging [None req-2a8081fb-fdc5-40e7-82dc-ec1f667e0f44 admin admin] PATH_INFO: `/v3/projects/4a876434c8434105b4e444c3b058275c/groups/79a4e68fad6c4190bb9640d73b56a9f5/roles/f15cd7b12b4a4f3698a39d0df39fddf0` {{(pid=45893) log_request_info /opt/stack/keystone/keystone/server/flask/request_processing/req_logging.py:29}}
Nov 18 16:53:49 user devstack@keystone.service[45893]: DEBUG keystone.common.rbac_enforcer.enforcer [None req-2a8081fb-fdc5-40e7-82dc-ec1f667e0f44 admin admin] RBAC: Authorizing `identity:create_grant(project_id=4a876434c8434105b4e444c3b058275c, group_id=79a4e68fad6c4190bb9640d73b56a9f5, role_id=f15cd7b12b4a4f3698a39d0df39fddf0)` {{(pid=45893) enforce_call /opt/stack/keystone/keystone/common/rbac_enforcer/enforcer.py:449}}
Nov 18 16:53:49 user devstack@keystone.service[45893]: WARNING py.warnings [None req-2a8081fb-fdc5-40e7-82dc-ec1f667e0f44 admin admin] /opt/stack/data/venv/lib/python3.10/site-packages/oslo_policy/policy.py:1130: UserWarning: Policy "identity:create_grant": "(role:admin and system_scope:all) or ((role:admin and domain_id:%(target.user.domain_id)s and domain_id:%(target.project.domain_id)s) or (role:admin and domain_id:%(target.user.domain_id)s and domain_id:%(target.domain.id)s) or (role:admin and domain_id:%(target.group.domain_id)s and domain_id:%(target.project.domain_id)s) or (role:admin and domain_id:%(target.group.domain_id)s and domain_id:%(target.domain.id)s)) and (domain_id:%(target.role.domain_id)s or None:%(target.role.domain_id)s)" failed scope check. The token used to make the request was project scoped but the policy requires ['system', 'domain'] scope. This behavior may change in the future where using the intended scope is required
Nov 18 16:53:49 user devstack@keystone.service[45893]: warnings.warn(msg)
Nov 18 16:53:49 user devstack@keystone.service[45893]:
Nov 18 16:53:49 user devstack@keystone.service[45893]: DEBUG keystone.common.rbac_enforcer.enforcer [None req-2a8081fb-fdc5-40e7-82dc-ec1f667e0f44 admin admin] RBAC: Authorization granted {{(pid=45893) enforce_call /opt/stack/keystone/keystone/common/rbac_enforcer/enforcer.py:457}}
Nov 18 16:53:49 user devstack@keystone.service[45894]: DEBUG keystone.server.flask.request_processing.middleware.auth_context [None req-90a5ae60-57d7-41d4-a8d3-437bfc421e9b admin admin] Authenticating user token {{(pid=45894) process_request /opt/stack/data/venv/lib/python3.10/site-packages/keystonemiddleware/auth_token/__init__.py:406}}
Nov 18 16:53:49 user devstack@keystone.service[45892]: DEBUG keystone.server.flask.request_processing.req_logging [None req-c7fee219-ff9f-4edc-a93d-8ce3ff89ca0e None None] REQUEST_METHOD: `GET` {{(pid=45892) log_request_info /opt/stack/keystone/keystone/server/flask/request_processing/req_logging.py:27}}
Nov 18 16:53:49 user devstack@keystone.service[45892]: DEBUG keystone.server.flask.request_processing.req_logging [None req-c7fee219-ff9f-4edc-a93d-8ce3ff89ca0e None None] SCRIPT_NAME: `/identity` {{(pid=45892) log_request_info /opt/stack/keystone/keystone/server/flask/request_processing/req_logging.py:28}}
Nov 18 16:53:49 user devstack@keystone.service[45892]: DEBUG keystone.server.flask.request_processing.req_logging [None req-c7fee219-ff9f-4edc-a93d-8ce3ff89ca0e None None] PATH_INFO: `/` {{(pid=45892) log_request_info /opt/stack/keystone/keystone/server/flask/request_processing/req_logging.py:29}}
Nov 18 16:53:49 user devstack@keystone.service[45892]: [pid: 45892|app: 0|req: 95/282] 10.0.0.210 () {54 vars in 921 bytes} [Sat Nov 18 16:53:49 2023] GET /identity => generated 269 bytes in 5 msecs (HTTP/1.1 300) 6 headers in 233 bytes (1 switches on core 0)
Nov 18 16:53:49 user devstack@keystone.service[45893]: [pid: 45893|app: 0|req: 96/283] 10.0.0.210 () {58 vars in 1458 bytes} [Sat Nov 18 16:53:49 2023] PUT /identity/v3/projects/4a876434c8434105b4e444c3b058275c/groups/79a4e68fad6c4190bb9640d73b56a9f5/roles/f15cd7b12b4a4f3698a39d0df39fddf0 => generated 0 bytes in 35 msecs (HTTP/1.1 204) 3 headers in 132 bytes (0 switches on core 0)
Nov 18 16:53:49 user devstack@keystone.service[45894]: DEBUG keystone.server.flask.request_processing.middleware.auth_context [None req-90a5ae60-57d7-41d4-a8d3-437bfc421e9b admin admin] Validating token access rules against request {{(pid=45894) validate_allowed_request /opt/stack/data/venv/lib/python3.10/site-packages/keystonemiddleware/auth_token/__init__.py:544}}
Nov 18 16:53:49 user devstack@keystone.service[45892]: DEBUG keystone.server.flask.request_processing.req_logging [None req-b6738416-c46f-4be5-b4f2-31cb688fce3c None None] REQUEST_METHOD: `POST` {{(pid=45892) log_request_info /opt/stack/keystone/keystone/server/flask/request_processing/req_logging.py:27}}
Nov 18 16:53:49 user devstack@keystone.service[45892]: DEBUG keystone.server.flask.request_processing.req_logging [None req-b6738416-c46f-4be5-b4f2-31cb688fce3c None None] SCRIPT_NAME: `/identity` {{(pid=45892) log_request_info /opt/stack/keystone/keystone/server/flask/request_processing/req_logging.py:28}}
Nov 18 16:53:49 user devstack@keystone.service[45892]: DEBUG keystone.server.flask.request_processing.req_logging [None req-b6738416-c46f-4be5-b4f2-31cb688fce3c None None] PATH_INFO: `/v3/auth/tokens` {{(pid=45892) log_request_info /opt/stack/keystone/keystone/server/flask/request_processing/req_logging.py:29}}
Nov 18 16:53:49 user devstack@keystone.service[45892]: WARNING keystone.common.password_hashing [None req-b6738416-c46f-4be5-b4f2-31cb688fce3c None None] Truncating password to algorithm specific maximum length 72 characters.
Nov 18 16:53:49 user devstack@keystone.service[45892]: DEBUG keystone.auth.core [None req-b6738416-c46f-4be5-b4f2-31cb688fce3c None None] MFA Rules not processed for user `6698bbee2bae481d8ff8dd0520b9ea53`. Rule list: `[]` (Enabled: `True`). {{(pid=45892) check_auth_methods_against_rules /opt/stack/keystone/keystone/auth/core.py:438}}
Nov 18 16:53:49 user devstack@keystone.service[45892]: DEBUG keystone.common.fernet_utils [None req-b6738416-c46f-4be5-b4f2-31cb688fce3c None None] Loaded 2 Fernet keys from /etc/keystone/fernet-keys/, but `[fernet_tokens] max_active_keys = 3`; perhaps there have not been enough key rotations to reach `max_active_keys` yet? {{(pid=45892) load_keys /opt/stack/keystone/keystone/common/fernet_utils.py:286}}
Nov 18 16:53:49 user devstack@keystone.service[45892]: [pid: 45892|app: 0|req: 96/284] 10.0.0.210 () {58 vars in 1018 bytes} [Sat Nov 18 16:53:49 2023] POST /identity/v3/auth/tokens => generated 976 bytes in 83 msecs (HTTP/1.1 201) 6 headers in 384 bytes (1 switches on core 0)
Nov 18 16:53:49 user devstack@keystone.service[45893]: DEBUG keystone.server.flask.request_processing.middleware.auth_context [None req-2a8081fb-fdc5-40e7-82dc-ec1f667e0f44 admin admin] Authenticating user token {{(pid=45893) process_request /opt/stack/data/venv/lib/python3.10/site-packages/keystonemiddleware/auth_token/__init__.py:406}}
Nov 18 16:53:49 user devstack@keystone.service[45894]: DEBUG keystone.server.flask.request_processing.middleware.auth_context [None req-138976d3-87ad-479d-a8a8-90943cea14b0 admin admin] RBAC: auth_context: {'token': , 'domain_id': None, 'trust_id': None, 'trustor_id': None, 'trustee_id': None, 'domain_name': None, 'group_ids': [], 'user_id': '6698bbee2bae481d8ff8dd0520b9ea53', 'user_domain_id': 'default', 'system_scope': None, 'project_id': 'e135c3aa00df41149fab95db3d88532f', 'project_domain_id': 'default', 'roles': ['member', 'manager', 'reader', 'admin'], 'is_admin_project': True, 'service_user_id': None, 'service_user_domain_id': None, 'service_project_id': None, 'service_project_domain_id': None, 'service_roles': []} {{(pid=45894) fill_context /opt/stack/keystone/keystone/server/flask/request_processing/middleware/auth_context.py:480}}
Nov 18 16:53:49 user devstack@keystone.service[45894]: DEBUG keystone.server.flask.request_processing.req_logging [None req-138976d3-87ad-479d-a8a8-90943cea14b0 admin admin] REQUEST_METHOD: `GET` {{(pid=45894) log_request_info /opt/stack/keystone/keystone/server/flask/request_processing/req_logging.py:27}}
Nov 18 16:53:49 user devstack@keystone.service[45894]: DEBUG keystone.server.flask.request_processing.req_logging [None req-138976d3-87ad-479d-a8a8-90943cea14b0 admin admin] SCRIPT_NAME: `/identity` {{(pid=45894) log_request_info /opt/stack/keystone/keystone/server/flask/request_processing/req_logging.py:28}}
Nov 18 16:53:49 user devstack@keystone.service[45894]: DEBUG keystone.server.flask.request_processing.req_logging [None req-138976d3-87ad-479d-a8a8-90943cea14b0 admin admin] PATH_INFO: `/v3/roles/anotherrole` {{(pid=45894) log_request_info /opt/stack/keystone/keystone/server/flask/request_processing/req_logging.py:29}}
Nov 18 16:53:49 user devstack@keystone.service[45894]: DEBUG keystone.common.rbac_enforcer.enforcer [None req-138976d3-87ad-479d-a8a8-90943cea14b0 admin admin] Extracting inferred target data resulted in "NOT FOUND (404)". {{(pid=45894) enforce_call /opt/stack/keystone/keystone/common/rbac_enforcer/enforcer.py:409}}
Nov 18 16:53:49 user devstack@keystone.service[45894]: ERROR keystone.server.flask.application [None req-138976d3-87ad-479d-a8a8-90943cea14b0 admin admin] Could not find role: anotherrole.: keystone.exception.RoleNotFound: Could not find role: anotherrole.
Nov 18 16:53:49 user devstack@keystone.service[45894]: ERROR keystone.server.flask.application
Traceback (most recent call last):
Nov 18 16:53:49 user devstack@keystone.service[45894]: ERROR keystone.server.flask.application
File "/opt/stack/data/venv/lib/python3.10/site-packages/flask/app.py", line 1823, in full_dispatch_request
Nov 18 16:53:49 user devstack@keystone.service[45894]: ERROR keystone.server.flask.application rv = self.dispatch_request()
Nov 18 16:53:49 user devstack@keystone.service[45894]: ERROR keystone.server.flask.application
File "/opt/stack/data/venv/lib/python3.10/site-packages/flask/app.py", line 1799, in dispatch_request
Nov 18 16:53:49 user devstack@keystone.service[45894]: ERROR keystone.server.flask.application return self.ensure_sync(self.view_functions[rule.endpoint])(**view_args)
Nov 18 16:53:49 user devstack@keystone.service[45894]: ERROR keystone.server.flask.application
File "/opt/stack/data/venv/lib/python3.10/site-packages/flask_restful/__init__.py", line 489, in wrapper
Nov 18 16:53:49 user devstack@keystone.service[45894]: ERROR keystone.server.flask.application resp = resource(*args, **kwargs)
Nov 18 16:53:49 user devstack@keystone.service[45894]: ERROR keystone.server.flask.application
File "/opt/stack/data/venv/lib/python3.10/site-packages/flask/views.py", line 107, in view
Nov 18 16:53:49 user devstack@keystone.service[45894]: ERROR keystone.server.flask.application return current_app.ensure_sync(self.dispatch_request)(**kwargs)
Nov 18 16:53:49 user devstack@keystone.service[45894]: ERROR keystone.server.flask.application
File "/opt/stack/data/venv/lib/python3.10/site-packages/flask_restful/__init__.py", line 604, in dispatch_request
Nov 18 16:53:49 user devstack@keystone.service[45894]: ERROR keystone.server.flask.application resp = meth(*args, **kwargs)
Nov 18 16:53:49 user devstack@keystone.service[45894]: ERROR keystone.server.flask.application
File "/opt/stack/keystone/keystone/api/roles.py", line 50, in get
Nov 18 16:53:49 user devstack@keystone.service[45894]: ERROR keystone.server.flask.application return self._get_role(role_id)
Nov 18 16:53:49 user devstack@keystone.service[45894]: ERROR keystone.server.flask.application
File "/opt/stack/keystone/keystone/api/roles.py", line 70, in _get_role
Nov 18 16:53:49 user devstack@keystone.service[45894]: ERROR keystone.server.flask.application ENFORCER.enforce_call(action='identity:get_role')
Nov 18 16:53:49 user devstack@keystone.service[45894]: ERROR keystone.server.flask.application
File "/opt/stack/keystone/keystone/common/rbac_enforcer/enforcer.py", line 402, in enforce_call
Nov 18 16:53:49 user devstack@keystone.service[45894]: ERROR keystone.server.flask.application policy_dict.update(cls._extract_member_target_data(
Nov 18 16:53:49 user devstack@keystone.service[45894]: ERROR keystone.server.flask.application
File "/opt/stack/keystone/keystone/common/rbac_enforcer/enforcer.py", line 234, in _extract_member_target_data
Nov 18 16:53:49 user devstack@keystone.service[45894]: ERROR keystone.server.flask.application member_name: func(flask.request.view_args[key])
Nov 18 16:53:49 user devstack@keystone.service[45894]: ERROR keystone.server.flask.application
File "/opt/stack/keystone/keystone/common/manager.py", line 115, in wrapped
Nov 18 16:53:49 user devstack@keystone.service[45894]: ERROR keystone.server.flask.application __ret_val = __f(*args, **kwargs)
Nov 18 16:53:49 user devstack@keystone.service[45894]: ERROR keystone.server.flask.application
File "/opt/stack/data/venv/lib/python3.10/site-packages/decorator.py", line 232, in fun
Nov 18 16:53:49 user devstack@keystone.service[45894]: ERROR keystone.server.flask.application return caller(func, *(extras + args), **kw)
Nov 18 16:53:49 user devstack@keystone.service[45894]: ERROR keystone.server.flask.application
File "/opt/stack/data/venv/lib/python3.10/site-packages/dogpile/cache/region.py", line 1594, in get_or_create_for_user_func
Nov 18 16:53:49 user devstack@keystone.service[45894]: ERROR keystone.server.flask.application return self.get_or_create(
Nov 18 16:53:49 user devstack@keystone.service[45894]: ERROR keystone.server.flask.application
File "/opt/stack/data/venv/lib/python3.10/site-packages/dogpile/cache/region.py", line 1054, in get_or_create
Nov 18 16:53:49 user devstack@keystone.service[45894]: ERROR keystone.server.flask.application with Lock(
Nov 18 16:53:49 user devstack@keystone.service[45894]: ERROR keystone.server.flask.application
File "/opt/stack/data/venv/lib/python3.10/site-packages/dogpile/lock.py", line 185, in __enter__
Nov 18 16:53:49 user devstack@keystone.service[45894]: ERROR keystone.server.flask.application return self._enter()
Nov 18 16:53:49 user devstack@keystone.service[45894]: ERROR keystone.server.flask.application
File "/opt/stack/data/venv/lib/python3.10/site-packages/dogpile/lock.py", line 94, in _enter
Nov 18 16:53:49 user devstack@keystone.service[45894]: ERROR keystone.server.flask.application generated = self._enter_create(value, createdtime)
Nov 18 16:53:49 user devstack@keystone.service[45894]: ERROR keystone.server.flask.application
File "/opt/stack/data/venv/lib/python3.10/site-packages/dogpile/lock.py", line 178, in _enter_create
Nov 18 16:53:49 user devstack@keystone.service[45894]: ERROR keystone.server.flask.application return self.creator()
Nov 18 16:53:49 user devstack@keystone.service[45894]: ERROR keystone.server.flask.application
File "/opt/stack/data/venv/lib/python3.10/site-packages/dogpile/cache/region.py", line 1007, in gen_value
Nov 18 16:53:49 user devstack@keystone.service[45894]: ERROR keystone.server.flask.application created_value = creator(
Nov 18 16:53:49 user devstack@keystone.service[45894]: ERROR keystone.server.flask.application
File "/opt/stack/keystone/keystone/assignment/core.py", line 1276, in get_role
Nov 18 16:53:49 user devstack@keystone.service[45894]: ERROR keystone.server.flask.application return self.driver.get_role(role_id)
Nov 18 16:53:49 user devstack@keystone.service[45894]: ERROR keystone.server.flask.application
File "/opt/stack/keystone/keystone/assignment/role_backends/sql.py", line 70, in get_role
Nov 18 16:53:49 user devstack@keystone.service[45894]: ERROR keystone.server.flask.application return self._get_role(session, role_id).to_dict()
Nov 18 16:53:49 user devstack@keystone.service[45894]: ERROR keystone.server.flask.application
File "/opt/stack/keystone/keystone/assignment/role_backends/sql.py", line 65, in _get_role
Nov 18 16:53:49 user devstack@keystone.service[45894]: ERROR keystone.server.flask.application raise exception.RoleNotFound(role_id=role_id)
Nov 18 16:53:49 user devstack@keystone.service[45894]: ERROR keystone.server.flask.application keystone.exception.RoleNotFound: Could not find role: anotherrole.
Nov 18 16:53:49 user devstack@keystone.service[45894]: ERROR keystone.server.flask.application
Nov 18 16:53:49 user devstack@keystone.service[45894]: [pid: 45894|app: 0|req: 93/285] 10.0.0.210 () {56 vars in 1130 bytes} [Sat Nov 18 16:53:49 2023] GET /identity/v3/roles/anotherrole => generated 89 bytes in 129 msecs (HTTP/1.1 404) 5 headers in 183 bytes (1 switches on core 0)
Nov 18 16:53:49 user devstack@keystone.service[45892]: DEBUG keystone.server.flask.request_processing.middleware.auth_context [None req-b6738416-c46f-4be5-b4f2-31cb688fce3c None None] Authenticating user token {{(pid=45892) process_request /opt/stack/data/venv/lib/python3.10/site-packages/keystonemiddleware/auth_token/__init__.py:406}}
Nov 18 16:53:49 user devstack@keystone.service[45892]: DEBUG keystone.server.flask.request_processing.middleware.auth_context [None req-b6738416-c46f-4be5-b4f2-31cb688fce3c None None] Validating token access rules against request {{(pid=45892) validate_allowed_request /opt/stack/data/venv/lib/python3.10/site-packages/keystonemiddleware/auth_token/__init__.py:544}}
Nov 18 16:53:49 user devstack@keystone.service[45892]: DEBUG keystone.server.flask.request_processing.middleware.auth_context [None req-46c8a357-c34a-4242-a060-dcff36c16e70 admin admin] RBAC: auth_context: {'token': , 'domain_id': None, 'trust_id': None, 'trustor_id': None, 'trustee_id': None, 'domain_name': None, 'group_ids': [], 'user_id': '6698bbee2bae481d8ff8dd0520b9ea53', 'user_domain_id': 'default', 'system_scope': None, 'project_id': 'e135c3aa00df41149fab95db3d88532f', 'project_domain_id': 'default', 'roles': ['member', 'manager', 'reader', 'admin'], 'is_admin_project': True, 'service_user_id': None, 'service_user_domain_id': None, 'service_project_id': None, 'service_project_domain_id': None, 'service_roles': []} {{(pid=45892) fill_context /opt/stack/keystone/keystone/server/flask/request_processing/middleware/auth_context.py:480}}
Nov 18 16:53:49 user devstack@keystone.service[45892]: DEBUG keystone.server.flask.request_processing.req_logging [None req-46c8a357-c34a-4242-a060-dcff36c16e70 admin admin] REQUEST_METHOD: `GET` {{(pid=45892) log_request_info /opt/stack/keystone/keystone/server/flask/request_processing/req_logging.py:27}}
Nov 18 16:53:49 user devstack@keystone.service[45892]: DEBUG keystone.server.flask.request_processing.req_logging [None req-46c8a357-c34a-4242-a060-dcff36c16e70 admin admin] SCRIPT_NAME: `/identity` {{(pid=45892) log_request_info /opt/stack/keystone/keystone/server/flask/request_processing/req_logging.py:28}}
Nov 18 16:53:49 user devstack@keystone.service[45892]: DEBUG keystone.server.flask.request_processing.req_logging [None req-46c8a357-c34a-4242-a060-dcff36c16e70 admin admin] PATH_INFO: `/v3/roles` {{(pid=45892) log_request_info /opt/stack/keystone/keystone/server/flask/request_processing/req_logging.py:29}}
Nov 18 16:53:49 user devstack@keystone.service[45892]: DEBUG keystone.common.rbac_enforcer.enforcer [None req-46c8a357-c34a-4242-a060-dcff36c16e70 admin admin] RBAC: Adding query filter params (name=anotherrole) {{(pid=45892) _extract_filter_values /opt/stack/keystone/keystone/common/rbac_enforcer/enforcer.py:167}}
Nov 18 16:53:49 user devstack@keystone.service[45892]: DEBUG keystone.common.rbac_enforcer.enforcer [None req-46c8a357-c34a-4242-a060-dcff36c16e70 admin admin] RBAC: Authorizing `identity:list_roles()` {{(pid=45892) enforce_call /opt/stack/keystone/keystone/common/rbac_enforcer/enforcer.py:449}}
Nov 18 16:53:49 user devstack@keystone.service[45892]: DEBUG keystone.common.rbac_enforcer.enforcer [None req-46c8a357-c34a-4242-a060-dcff36c16e70 admin admin] RBAC: Authorization granted {{(pid=45892) enforce_call /opt/stack/keystone/keystone/common/rbac_enforcer/enforcer.py:457}}
Nov 18 16:53:49 user devstack@keystone.service[45892]: [pid: 45892|app: 0|req: 97/286] 10.0.0.210 () {56 vars in 1127 bytes} [Sat Nov 18 16:53:49 2023] GET /identity/v3/roles?name=anotherrole => generated 332 bytes in 29 msecs (HTTP/1.1 200) 5 headers in 177 bytes (1 switches on core 0)
Nov 18 16:53:49 user devstack@keystone.service[45894]: DEBUG keystone.server.flask.request_processing.middleware.auth_context [None req-138976d3-87ad-479d-a8a8-90943cea14b0 admin admin] Authenticating user token {{(pid=45894) process_request /opt/stack/data/venv/lib/python3.10/site-packages/keystonemiddleware/auth_token/__init__.py:406}}
Nov 18 16:53:49 user devstack@keystone.service[45894]: DEBUG keystone.server.flask.request_processing.middleware.auth_context [None req-138976d3-87ad-479d-a8a8-90943cea14b0 admin admin] Validating token access rules against request {{(pid=45894) validate_allowed_request /opt/stack/data/venv/lib/python3.10/site-packages/keystonemiddleware/auth_token/__init__.py:544}}
Nov 18 16:53:49 user devstack@keystone.service[45894]: DEBUG keystone.server.flask.request_processing.middleware.auth_context [None req-ffa48e32-19f5-49bc-9b08-b6650262304c admin admin] RBAC: auth_context: {'token': , 'domain_id': None, 'trust_id': None, 'trustor_id': None, 'trustee_id': None, 'domain_name': None, 'group_ids': [], 'user_id': '6698bbee2bae481d8ff8dd0520b9ea53', 'user_domain_id': 'default', 'system_scope': None, 'project_id': 'e135c3aa00df41149fab95db3d88532f', 'project_domain_id': 'default', 'roles': ['member', 'manager', 'reader', 'admin'], 'is_admin_project': True, 'service_user_id': None, 'service_user_domain_id': None, 'service_project_id': None, 'service_project_domain_id': None, 'service_roles': []} {{(pid=45894) fill_context /opt/stack/keystone/keystone/server/flask/request_processing/middleware/auth_context.py:480}}
Nov 18 16:53:49 user devstack@keystone.service[45894]: DEBUG keystone.server.flask.request_processing.req_logging [None req-ffa48e32-19f5-49bc-9b08-b6650262304c admin admin] REQUEST_METHOD: `GET` {{(pid=45894) log_request_info /opt/stack/keystone/keystone/server/flask/request_processing/req_logging.py:27}}
Nov 18 16:53:49 user devstack@keystone.service[45894]: DEBUG keystone.server.flask.request_processing.req_logging [None req-ffa48e32-19f5-49bc-9b08-b6650262304c admin admin] SCRIPT_NAME: `/identity` {{(pid=45894) log_request_info /opt/stack/keystone/keystone/server/flask/request_processing/req_logging.py:28}}
Nov 18 16:53:49 user devstack@keystone.service[45894]: DEBUG keystone.server.flask.request_processing.req_logging [None req-ffa48e32-19f5-49bc-9b08-b6650262304c admin admin] PATH_INFO: `/v3/groups/79a4e68fad6c4190bb9640d73b56a9f5` {{(pid=45894) log_request_info /opt/stack/keystone/keystone/server/flask/request_processing/req_logging.py:29}}
Nov 18 16:53:49 user devstack@keystone.service[45894]: DEBUG keystone.common.rbac_enforcer.enforcer [None req-ffa48e32-19f5-49bc-9b08-b6650262304c admin admin] RBAC: Authorizing `identity:get_group(group_id=79a4e68fad6c4190bb9640d73b56a9f5)` {{(pid=45894) enforce_call /opt/stack/keystone/keystone/common/rbac_enforcer/enforcer.py:449}}
Nov 18 16:53:49 user devstack@keystone.service[45894]: DEBUG keystone.common.rbac_enforcer.enforcer [None req-ffa48e32-19f5-49bc-9b08-b6650262304c admin admin] RBAC: Authorization granted {{(pid=45894) enforce_call /opt/stack/keystone/keystone/common/rbac_enforcer/enforcer.py:457}}
Nov 18 16:53:49 user devstack@keystone.service[45894]: [pid: 45894|app: 0|req: 94/287] 10.0.0.210 () {56 vars in 1196 bytes} [Sat Nov 18 16:53:49 2023] GET /identity/v3/groups/79a4e68fad6c4190bb9640d73b56a9f5 => generated 225 bytes in 25 msecs (HTTP/1.1 200) 5 headers in 177 bytes (1 switches on core 0)
Nov 18 16:53:49 user devstack@keystone.service[45892]: DEBUG keystone.server.flask.request_processing.middleware.auth_context [None req-46c8a357-c34a-4242-a060-dcff36c16e70 admin admin] Authenticating user token {{(pid=45892) process_request /opt/stack/data/venv/lib/python3.10/site-packages/keystonemiddleware/auth_token/__init__.py:406}}
Nov 18 16:53:49 user devstack@keystone.service[45892]: DEBUG keystone.server.flask.request_processing.middleware.auth_context [None req-46c8a357-c34a-4242-a060-dcff36c16e70 admin admin] Validating token access rules against request {{(pid=45892) validate_allowed_request /opt/stack/data/venv/lib/python3.10/site-packages/keystonemiddleware/auth_token/__init__.py:544}}
Nov 18 16:53:49 user devstack@keystone.service[45892]: DEBUG keystone.server.flask.request_processing.middleware.auth_context [None req-bc658460-c78e-42ff-b6a3-b82e76c7fdb7 admin admin] RBAC: auth_context: {'token': , 'domain_id': None, 'trust_id': None, 'trustor_id': None, 'trustee_id': None, 'domain_name': None, 'group_ids': [], 'user_id': '6698bbee2bae481d8ff8dd0520b9ea53', 'user_domain_id': 'default', 'system_scope': None, 'project_id': 'e135c3aa00df41149fab95db3d88532f', 'project_domain_id': 'default', 'roles': ['member', 'manager', 'reader', 'admin'], 'is_admin_project': True, 'service_user_id': None, 'service_user_domain_id': None, 'service_project_id': None, 'service_project_domain_id': None, 'service_roles': []} {{(pid=45892) fill_context /opt/stack/keystone/keystone/server/flask/request_processing/middleware/auth_context.py:480}}
Nov 18 16:53:49 user devstack@keystone.service[45892]: DEBUG keystone.server.flask.request_processing.req_logging [None req-bc658460-c78e-42ff-b6a3-b82e76c7fdb7 admin admin] REQUEST_METHOD: `GET` {{(pid=45892) log_request_info /opt/stack/keystone/keystone/server/flask/request_processing/req_logging.py:27}}
Nov 18 16:53:49 user devstack@keystone.service[45892]: DEBUG keystone.server.flask.request_processing.req_logging [None req-bc658460-c78e-42ff-b6a3-b82e76c7fdb7 admin admin] SCRIPT_NAME: `/identity` {{(pid=45892) log_request_info /opt/stack/keystone/keystone/server/flask/request_processing/req_logging.py:28}}
Nov 18 16:53:49 user devstack@keystone.service[45892]: DEBUG keystone.server.flask.request_processing.req_logging [None req-bc658460-c78e-42ff-b6a3-b82e76c7fdb7 admin admin] PATH_INFO: `/v3/projects/4a876434c8434105b4e444c3b058275c` {{(pid=45892) log_request_info /opt/stack/keystone/keystone/server/flask/request_processing/req_logging.py:29}}
