Nov 18 16:53:33 user devstack@keystone.service[45894]: [pid: 45894|app: 0|req: 51/153] 10.0.0.210 () {56 vars in 1172 bytes} [Sat Nov 18 16:53:33 2023] GET /identity/v3/users/83c4012b0657494a80397392af9c28de => generated 282 bytes in 163 msecs (HTTP/1.1 200) 5 headers in 177 bytes (1 switches on core 0)
Nov 18 16:53:33 user devstack@keystone.service[45894]: DEBUG keystone.server.flask.request_processing.middleware.auth_context [None req-418eaccd-c856-4b64-b62c-bd1c48138038 None admin] Authenticating user token {{(pid=45894) process_request /opt/stack/data/venv/lib/python3.10/site-packages/keystonemiddleware/auth_token/__init__.py:406}}
Nov 18 16:53:33 user devstack@keystone.service[45893]: DEBUG keystone.server.flask.request_processing.middleware.auth_context [None req-d31cf2ea-0cca-458d-9450-08ad6d157bd6 None admin] RBAC: auth_context: {'token': , 'domain_id': None, 'trust_id': None, 'trustor_id': None, 'trustee_id': None, 'domain_name': None, 'group_ids': [], 'user_id': '6698bbee2bae481d8ff8dd0520b9ea53', 'user_domain_id': 'default', 'system_scope': 'all', 'project_id': None, 'project_domain_id': None, 'roles': ['admin', 'manager', 'member', 'reader'], 'is_admin_project': True, 'service_user_id': None, 'service_user_domain_id': None, 'service_project_id': None, 'service_project_domain_id': None, 'service_roles': []} {{(pid=45893) fill_context /opt/stack/keystone/keystone/server/flask/request_processing/middleware/auth_context.py:480}}
Nov 18 16:53:33 user devstack@keystone.service[45893]: DEBUG keystone.server.flask.request_processing.req_logging [None req-d31cf2ea-0cca-458d-9450-08ad6d157bd6 None admin] REQUEST_METHOD: `GET` {{(pid=45893) log_request_info /opt/stack/keystone/keystone/server/flask/request_processing/req_logging.py:27}}
Nov 18 16:53:33 user devstack@keystone.service[45893]: DEBUG keystone.server.flask.request_processing.req_logging [None req-d31cf2ea-0cca-458d-9450-08ad6d157bd6 None admin] SCRIPT_NAME: `/identity` {{(pid=45893) log_request_info /opt/stack/keystone/keystone/server/flask/request_processing/req_logging.py:28}}
Nov 18 16:53:33 user devstack@keystone.service[45893]: DEBUG keystone.server.flask.request_processing.req_logging [None req-d31cf2ea-0cca-458d-9450-08ad6d157bd6 None admin] PATH_INFO: `/v3/domains/default` {{(pid=45893) log_request_info /opt/stack/keystone/keystone/server/flask/request_processing/req_logging.py:29}}
Nov 18 16:53:33 user devstack@keystone.service[45892]: DEBUG keystone.server.flask.request_processing.middleware.auth_context [None req-1c1f07fc-64bd-4a2d-9ea1-8b1d4d886d44 None admin] Validating token access rules against request {{(pid=45892) validate_allowed_request /opt/stack/data/venv/lib/python3.10/site-packages/keystonemiddleware/auth_token/__init__.py:544}}
Nov 18 16:53:33 user devstack@keystone.service[45893]: DEBUG keystone.common.rbac_enforcer.enforcer [None req-d31cf2ea-0cca-458d-9450-08ad6d157bd6 None admin] RBAC: Authorizing `identity:get_domain(domain_id=default)` {{(pid=45893) enforce_call /opt/stack/keystone/keystone/common/rbac_enforcer/enforcer.py:449}}
Nov 18 16:53:33 user devstack@keystone.service[45893]: DEBUG keystone.common.rbac_enforcer.enforcer [None req-d31cf2ea-0cca-458d-9450-08ad6d157bd6 None admin] RBAC: Authorization granted {{(pid=45893) enforce_call /opt/stack/keystone/keystone/common/rbac_enforcer/enforcer.py:457}}
Nov 18 16:53:33 user devstack@keystone.service[45893]: [pid: 45893|app: 0|req: 54/154] 10.0.0.210 () {56 vars in 1103 bytes} [Sat Nov 18 16:53:33 2023] GET /identity/v3/domains/default => generated 198 bytes in 152 msecs (HTTP/1.1 200) 5 headers in 177 bytes (1 switches on core 0)
Nov 18 16:53:33 user devstack@keystone.service[45893]: DEBUG keystone.server.flask.request_processing.middleware.auth_context [None req-d31cf2ea-0cca-458d-9450-08ad6d157bd6 None admin] Authenticating user token {{(pid=45893) process_request /opt/stack/data/venv/lib/python3.10/site-packages/keystonemiddleware/auth_token/__init__.py:406}}
Nov 18 16:53:33 user devstack@keystone.service[45892]: DEBUG keystone.server.flask.request_processing.middleware.auth_context [None req-171c5aae-aa88-4d29-89f2-5dbbc7e683a0 None admin] RBAC: auth_context: {'token': , 'domain_id': None, 'trust_id': None, 'trustor_id': None, 'trustee_id': None, 'domain_name': None, 'group_ids': [], 'user_id': '6698bbee2bae481d8ff8dd0520b9ea53', 'user_domain_id': 'default', 'system_scope': 'all', 'project_id': None, 'project_domain_id': None, 'roles': ['admin', 'manager', 'member', 'reader'], 'is_admin_project': True, 'service_user_id': None, 'service_user_domain_id': None, 'service_project_id': None, 'service_project_domain_id': None, 'service_roles': []} {{(pid=45892) fill_context /opt/stack/keystone/keystone/server/flask/request_processing/middleware/auth_context.py:480}}
Nov 18 16:53:33 user devstack@keystone.service[45892]: DEBUG keystone.server.flask.request_processing.req_logging [None req-171c5aae-aa88-4d29-89f2-5dbbc7e683a0 None admin] REQUEST_METHOD: `GET` {{(pid=45892) log_request_info /opt/stack/keystone/keystone/server/flask/request_processing/req_logging.py:27}}
Nov 18 16:53:33 user devstack@keystone.service[45892]: DEBUG keystone.server.flask.request_processing.req_logging [None req-171c5aae-aa88-4d29-89f2-5dbbc7e683a0 None admin] SCRIPT_NAME: `/identity` {{(pid=45892) log_request_info /opt/stack/keystone/keystone/server/flask/request_processing/req_logging.py:28}}
Nov 18 16:53:33 user devstack@keystone.service[45892]: DEBUG keystone.server.flask.request_processing.req_logging [None req-171c5aae-aa88-4d29-89f2-5dbbc7e683a0 None admin] PATH_INFO: `/v3/roles` {{(pid=45892) log_request_info /opt/stack/keystone/keystone/server/flask/request_processing/req_logging.py:29}}
Nov 18 16:53:33 user devstack@keystone.service[45892]: DEBUG keystone.common.rbac_enforcer.enforcer [None req-171c5aae-aa88-4d29-89f2-5dbbc7e683a0 None admin] RBAC: Adding query filter params (name=anotherrole) {{(pid=45892) _extract_filter_values /opt/stack/keystone/keystone/common/rbac_enforcer/enforcer.py:167}}
Nov 18 16:53:33 user devstack@keystone.service[45892]: DEBUG keystone.common.rbac_enforcer.enforcer [None req-171c5aae-aa88-4d29-89f2-5dbbc7e683a0 None admin] RBAC: Authorizing `identity:list_roles()` {{(pid=45892) enforce_call /opt/stack/keystone/keystone/common/rbac_enforcer/enforcer.py:449}}
Nov 18 16:53:33 user devstack@keystone.service[45892]: DEBUG keystone.common.rbac_enforcer.enforcer [None req-171c5aae-aa88-4d29-89f2-5dbbc7e683a0 None admin] RBAC: Authorization granted {{(pid=45892) enforce_call /opt/stack/keystone/keystone/common/rbac_enforcer/enforcer.py:457}}
Nov 18 16:53:33 user devstack@keystone.service[45892]: [pid: 45892|app: 0|req: 50/155] 10.0.0.210 () {56 vars in 1106 bytes} [Sat Nov 18 16:53:33 2023] GET /identity/v3/roles?name=anotherrole => generated 332 bytes in 160 msecs (HTTP/1.1 200) 5 headers in 177 bytes (1 switches on core 0)
Nov 18 16:53:33 user devstack@keystone.service[45892]: DEBUG keystone.server.flask.request_processing.middleware.auth_context [None req-171c5aae-aa88-4d29-89f2-5dbbc7e683a0 None admin] Authenticating user token {{(pid=45892) process_request /opt/stack/data/venv/lib/python3.10/site-packages/keystonemiddleware/auth_token/__init__.py:406}}
Nov 18 16:53:33 user devstack@keystone.service[45894]: DEBUG keystone.server.flask.request_processing.middleware.auth_context [None req-418eaccd-c856-4b64-b62c-bd1c48138038 None admin] Validating token access rules against request {{(pid=45894) validate_allowed_request /opt/stack/data/venv/lib/python3.10/site-packages/keystonemiddleware/auth_token/__init__.py:544}}
Nov 18 16:53:33 user devstack@keystone.service[45894]: DEBUG keystone.server.flask.request_processing.middleware.auth_context [None req-632f4914-2d81-445c-88fa-e034b31eee63 None admin] RBAC: auth_context: {'token': , 'domain_id': None, 'trust_id': None, 'trustor_id': None, 'trustee_id': None, 'domain_name': None, 'group_ids': [], 'user_id': '6698bbee2bae481d8ff8dd0520b9ea53', 'user_domain_id': 'default', 'system_scope': 'all', 'project_id': None, 'project_domain_id': None, 'roles': ['admin', 'manager', 'member', 'reader'], 'is_admin_project': True, 'service_user_id': None, 'service_user_domain_id': None, 'service_project_id': None, 'service_project_domain_id': None, 'service_roles': []} {{(pid=45894) fill_context /opt/stack/keystone/keystone/server/flask/request_processing/middleware/auth_context.py:480}}
Nov 18 16:53:33 user devstack@keystone.service[45894]: DEBUG keystone.server.flask.request_processing.req_logging [None req-632f4914-2d81-445c-88fa-e034b31eee63 None admin] REQUEST_METHOD: `GET` {{(pid=45894) log_request_info /opt/stack/keystone/keystone/server/flask/request_processing/req_logging.py:27}}
Nov 18 16:53:33 user devstack@keystone.service[45894]: DEBUG keystone.server.flask.request_processing.req_logging [None req-632f4914-2d81-445c-88fa-e034b31eee63 None admin] SCRIPT_NAME: `/identity` {{(pid=45894) log_request_info /opt/stack/keystone/keystone/server/flask/request_processing/req_logging.py:28}}
Nov 18 16:53:33 user devstack@keystone.service[45894]: DEBUG keystone.server.flask.request_processing.req_logging [None req-632f4914-2d81-445c-88fa-e034b31eee63 None admin] PATH_INFO: `/v3/projects/4a876434c8434105b4e444c3b058275c` {{(pid=45894) log_request_info /opt/stack/keystone/keystone/server/flask/request_processing/req_logging.py:29}}
Nov 18 16:53:33 user devstack@keystone.service[45894]: DEBUG keystone.common.rbac_enforcer.enforcer [None req-632f4914-2d81-445c-88fa-e034b31eee63 None admin] RBAC: Authorizing `identity:get_project(project_id=4a876434c8434105b4e444c3b058275c)` {{(pid=45894) enforce_call /opt/stack/keystone/keystone/common/rbac_enforcer/enforcer.py:449}}
Nov 18 16:53:33 user devstack@keystone.service[45893]: DEBUG keystone.server.flask.request_processing.middleware.auth_context [None req-d31cf2ea-0cca-458d-9450-08ad6d157bd6 None admin] Validating token access rules against request {{(pid=45893) validate_allowed_request /opt/stack/data/venv/lib/python3.10/site-packages/keystonemiddleware/auth_token/__init__.py:544}}
Nov 18 16:53:33 user devstack@keystone.service[45894]: DEBUG keystone.common.rbac_enforcer.enforcer [None req-632f4914-2d81-445c-88fa-e034b31eee63 None admin] RBAC: Authorization granted {{(pid=45894) enforce_call /opt/stack/keystone/keystone/common/rbac_enforcer/enforcer.py:457}}
Nov 18 16:53:33 user devstack@keystone.service[45894]: [pid: 45894|app: 0|req: 52/156] 10.0.0.210 () {56 vars in 1181 bytes} [Sat Nov 18 16:53:33 2023] GET /identity/v3/projects/4a876434c8434105b4e444c3b058275c => generated 301 bytes in 135 msecs (HTTP/1.1 200) 5 headers in 177 bytes (2 switches on core 0)
Nov 18 16:53:33 user devstack@keystone.service[45894]: DEBUG keystone.server.flask.request_processing.middleware.auth_context [None req-632f4914-2d81-445c-88fa-e034b31eee63 None admin] Authenticating user token {{(pid=45894) process_request /opt/stack/data/venv/lib/python3.10/site-packages/keystonemiddleware/auth_token/__init__.py:406}}
Nov 18 16:53:33 user devstack@keystone.service[45893]: DEBUG keystone.server.flask.request_processing.middleware.auth_context [None req-d77a6ea5-3f94-40fc-9fc2-ab9549e2c168 None admin] RBAC: auth_context: {'token': , 'domain_id': None, 'trust_id': None, 'trustor_id': None, 'trustee_id': None, 'domain_name': None, 'group_ids': [], 'user_id': '6698bbee2bae481d8ff8dd0520b9ea53', 'user_domain_id': 'default', 'system_scope': 'all', 'project_id': None, 'project_domain_id': None, 'roles': ['admin', 'manager', 'member', 'reader'], 'is_admin_project': True, 'service_user_id': None, 'service_user_domain_id': None, 'service_project_id': None, 'service_project_domain_id': None, 'service_roles': []} {{(pid=45893) fill_context /opt/stack/keystone/keystone/server/flask/request_processing/middleware/auth_context.py:480}}
Nov 18 16:53:33 user devstack@keystone.service[45893]: DEBUG keystone.server.flask.request_processing.req_logging [None req-d77a6ea5-3f94-40fc-9fc2-ab9549e2c168 None admin] REQUEST_METHOD: `POST` {{(pid=45893) log_request_info /opt/stack/keystone/keystone/server/flask/request_processing/req_logging.py:27}}
Nov 18 16:53:33 user devstack@keystone.service[45893]: DEBUG keystone.server.flask.request_processing.req_logging [None req-d77a6ea5-3f94-40fc-9fc2-ab9549e2c168 None admin] SCRIPT_NAME: `/identity` {{(pid=45893) log_request_info /opt/stack/keystone/keystone/server/flask/request_processing/req_logging.py:28}}
Nov 18 16:53:33 user devstack@keystone.service[45893]: DEBUG keystone.server.flask.request_processing.req_logging [None req-d77a6ea5-3f94-40fc-9fc2-ab9549e2c168 None admin] PATH_INFO: `/v3/users` {{(pid=45893) log_request_info /opt/stack/keystone/keystone/server/flask/request_processing/req_logging.py:29}}
Nov 18 16:53:33 user devstack@keystone.service[45893]: DEBUG keystone.common.rbac_enforcer.enforcer [None req-d77a6ea5-3f94-40fc-9fc2-ab9549e2c168 None admin] RBAC: Authorizing `identity:create_user()` {{(pid=45893) enforce_call /opt/stack/keystone/keystone/common/rbac_enforcer/enforcer.py:449}}
Nov 18 16:53:33 user devstack@keystone.service[45893]: DEBUG keystone.common.rbac_enforcer.enforcer [None req-d77a6ea5-3f94-40fc-9fc2-ab9549e2c168 None admin] RBAC: Authorization granted {{(pid=45893) enforce_call /opt/stack/keystone/keystone/common/rbac_enforcer/enforcer.py:457}}
Nov 18 16:53:33 user devstack@keystone.service[45893]: WARNING keystone.common.password_hashing [None req-d77a6ea5-3f94-40fc-9fc2-ab9549e2c168 None admin] Truncating password to algorithm specific maximum length 72 characters.
Nov 18 16:53:33 user devstack@keystone.service[45893]: [pid: 45893|app: 0|req: 55/157] 10.0.0.210 () {60 vars in 1127 bytes} [Sat Nov 18 16:53:33 2023] POST /identity/v3/users => generated 296 bytes in 169 msecs (HTTP/1.1 201) 5 headers in 182 bytes (2 switches on core 0)
Nov 18 16:53:33 user devstack@keystone.service[45892]: DEBUG keystone.server.flask.request_processing.middleware.auth_context [None req-171c5aae-aa88-4d29-89f2-5dbbc7e683a0 None admin] Validating token access rules against request {{(pid=45892) validate_allowed_request /opt/stack/data/venv/lib/python3.10/site-packages/keystonemiddleware/auth_token/__init__.py:544}}
Nov 18 16:53:33 user devstack@keystone.service[45892]: DEBUG keystone.server.flask.request_processing.middleware.auth_context [None req-c8618d72-08c4-41bd-945c-c63094149fa8 None admin] RBAC: auth_context: {'token': , 'domain_id': None, 'trust_id': None, 'trustor_id': None, 'trustee_id': None, 'domain_name': None, 'group_ids': [], 'user_id': '6698bbee2bae481d8ff8dd0520b9ea53', 'user_domain_id': 'default', 'system_scope': 'all', 'project_id': None, 'project_domain_id': None, 'roles': ['admin', 'manager', 'member', 'reader'], 'is_admin_project': True, 'service_user_id': None, 'service_user_domain_id': None, 'service_project_id': None, 'service_project_domain_id': None, 'service_roles': []} {{(pid=45892) fill_context /opt/stack/keystone/keystone/server/flask/request_processing/middleware/auth_context.py:480}}
Nov 18 16:53:33 user devstack@keystone.service[45892]: DEBUG keystone.server.flask.request_processing.req_logging [None req-c8618d72-08c4-41bd-945c-c63094149fa8 None admin] REQUEST_METHOD: `GET` {{(pid=45892) log_request_info /opt/stack/keystone/keystone/server/flask/request_processing/req_logging.py:27}}
Nov 18 16:53:33 user devstack@keystone.service[45892]: DEBUG keystone.server.flask.request_processing.req_logging [None req-c8618d72-08c4-41bd-945c-c63094149fa8 None admin] SCRIPT_NAME: `/identity` {{(pid=45892) log_request_info /opt/stack/keystone/keystone/server/flask/request_processing/req_logging.py:28}}
Nov 18 16:53:33 user devstack@keystone.service[45892]: DEBUG keystone.server.flask.request_processing.req_logging [None req-c8618d72-08c4-41bd-945c-c63094149fa8 None admin] PATH_INFO: `/v3/users/83c4012b0657494a80397392af9c28de` {{(pid=45892) log_request_info /opt/stack/keystone/keystone/server/flask/request_processing/req_logging.py:29}}
Nov 18 16:53:33 user devstack@keystone.service[45892]: DEBUG keystone.common.rbac_enforcer.enforcer [None req-c8618d72-08c4-41bd-945c-c63094149fa8 None admin] RBAC: Authorizing `identity:get_user(user_id=83c4012b0657494a80397392af9c28de)` {{(pid=45892) enforce_call /opt/stack/keystone/keystone/common/rbac_enforcer/enforcer.py:449}}
Nov 18 16:53:33 user devstack@keystone.service[45894]: DEBUG keystone.server.flask.request_processing.middleware.auth_context [None req-632f4914-2d81-445c-88fa-e034b31eee63 None admin] Validating token access rules against request {{(pid=45894) validate_allowed_request /opt/stack/data/venv/lib/python3.10/site-packages/keystonemiddleware/auth_token/__init__.py:544}}
Nov 18 16:53:33 user devstack@keystone.service[45892]: DEBUG keystone.common.rbac_enforcer.enforcer [None req-c8618d72-08c4-41bd-945c-c63094149fa8 None admin] RBAC: Authorization granted {{(pid=45892) enforce_call /opt/stack/keystone/keystone/common/rbac_enforcer/enforcer.py:457}}
Nov 18 16:53:33 user devstack@keystone.service[45892]: [pid: 45892|app: 0|req: 51/158] 10.0.0.210 () {56 vars in 1172 bytes} [Sat Nov 18 16:53:33 2023] GET /identity/v3/users/83c4012b0657494a80397392af9c28de => generated 282 bytes in 159 msecs (HTTP/1.1 200) 5 headers in 177 bytes (1 switches on core 0)
Nov 18 16:53:33 user devstack@keystone.service[45893]: DEBUG keystone.server.flask.request_processing.middleware.auth_context [None req-d77a6ea5-3f94-40fc-9fc2-ab9549e2c168 None admin] Authenticating user token {{(pid=45893) process_request /opt/stack/data/venv/lib/python3.10/site-packages/keystonemiddleware/auth_token/__init__.py:406}}
Nov 18 16:53:33 user devstack@keystone.service[45894]: DEBUG keystone.server.flask.request_processing.middleware.auth_context [None req-72325a07-1a29-4974-a179-7ee3583eb5b1 None admin] RBAC: auth_context: {'token': , 'domain_id': None, 'trust_id': None, 'trustor_id': None, 'trustee_id': None, 'domain_name': None, 'group_ids': [], 'user_id': '6698bbee2bae481d8ff8dd0520b9ea53', 'user_domain_id': 'default', 'system_scope': 'all', 'project_id': None, 'project_domain_id': None, 'roles': ['admin', 'manager', 'member', 'reader'], 'is_admin_project': True, 'service_user_id': None, 'service_user_domain_id': None, 'service_project_id': None, 'service_project_domain_id': None, 'service_roles': []} {{(pid=45894) fill_context /opt/stack/keystone/keystone/server/flask/request_processing/middleware/auth_context.py:480}}
Nov 18 16:53:33 user devstack@keystone.service[45894]: DEBUG keystone.server.flask.request_processing.req_logging [None req-72325a07-1a29-4974-a179-7ee3583eb5b1 None admin] REQUEST_METHOD: `PUT` {{(pid=45894) log_request_info /opt/stack/keystone/keystone/server/flask/request_processing/req_logging.py:27}}
Nov 18 16:53:33 user devstack@keystone.service[45894]: DEBUG keystone.server.flask.request_processing.req_logging [None req-72325a07-1a29-4974-a179-7ee3583eb5b1 None admin] SCRIPT_NAME: `/identity` {{(pid=45894) log_request_info /opt/stack/keystone/keystone/server/flask/request_processing/req_logging.py:28}}
Nov 18 16:53:33 user devstack@keystone.service[45894]: DEBUG keystone.server.flask.request_processing.req_logging [None req-72325a07-1a29-4974-a179-7ee3583eb5b1 None admin] PATH_INFO: `/v3/projects/4a876434c8434105b4e444c3b058275c/users/83c4012b0657494a80397392af9c28de/roles/897e11d8de07421a8c0c1e862c6f233a` {{(pid=45894) log_request_info /opt/stack/keystone/keystone/server/flask/request_processing/req_logging.py:29}}
Nov 18 16:53:33 user devstack@keystone.service[45894]: DEBUG keystone.common.rbac_enforcer.enforcer [None req-72325a07-1a29-4974-a179-7ee3583eb5b1 None admin] RBAC: Authorizing `identity:create_grant(project_id=4a876434c8434105b4e444c3b058275c, user_id=83c4012b0657494a80397392af9c28de, role_id=897e11d8de07421a8c0c1e862c6f233a)` {{(pid=45894) enforce_call /opt/stack/keystone/keystone/common/rbac_enforcer/enforcer.py:449}}
Nov 18 16:53:33 user devstack@keystone.service[45894]: DEBUG keystone.common.rbac_enforcer.enforcer [None req-72325a07-1a29-4974-a179-7ee3583eb5b1 None admin] RBAC: Authorization granted {{(pid=45894) enforce_call /opt/stack/keystone/keystone/common/rbac_enforcer/enforcer.py:457}}
Nov 18 16:53:33 user devstack@keystone.service[45894]: [pid: 45894|app: 0|req: 53/159] 10.0.0.210 () {58 vars in 1434 bytes} [Sat Nov 18 16:53:33 2023] PUT /identity/v3/projects/4a876434c8434105b4e444c3b058275c/users/83c4012b0657494a80397392af9c28de/roles/897e11d8de07421a8c0c1e862c6f233a => generated 0 bytes in 147 msecs (HTTP/1.1 204) 3 headers in 132 bytes (1 switches on core 0)
Nov 18 16:53:34 user devstack@keystone.service[45893]: DEBUG keystone.server.flask.request_processing.middleware.auth_context [None req-d77a6ea5-3f94-40fc-9fc2-ab9549e2c168 None admin] Validating token access rules against request {{(pid=45893) validate_allowed_request /opt/stack/data/venv/lib/python3.10/site-packages/keystonemiddleware/auth_token/__init__.py:544}}
Nov 18 16:53:34 user devstack@keystone.service[45893]: DEBUG keystone.server.flask.request_processing.middleware.auth_context [None req-30b2a272-e68a-4acf-bf93-7c5ccfd35339 None admin] RBAC: auth_context: {'token': , 'domain_id': None, 'trust_id': None, 'trustor_id': None, 'trustee_id': None, 'domain_name': None, 'group_ids': [], 'user_id': '6698bbee2bae481d8ff8dd0520b9ea53', 'user_domain_id': 'default', 'system_scope': 'all', 'project_id': None, 'project_domain_id': None, 'roles': ['admin', 'manager', 'member', 'reader'], 'is_admin_project': True, 'service_user_id': None, 'service_user_domain_id': None, 'service_project_id': None, 'service_project_domain_id': None, 'service_roles': []} {{(pid=45893) fill_context /opt/stack/keystone/keystone/server/flask/request_processing/middleware/auth_context.py:480}}
Nov 18 16:53:34 user devstack@keystone.service[45893]: DEBUG keystone.server.flask.request_processing.req_logging [None req-30b2a272-e68a-4acf-bf93-7c5ccfd35339 None admin] REQUEST_METHOD: `GET` {{(pid=45893) log_request_info /opt/stack/keystone/keystone/server/flask/request_processing/req_logging.py:27}}
Nov 18 16:53:34 user devstack@keystone.service[45893]: DEBUG keystone.server.flask.request_processing.req_logging [None req-30b2a272-e68a-4acf-bf93-7c5ccfd35339 None admin] SCRIPT_NAME: `/identity` {{(pid=45893) log_request_info /opt/stack/keystone/keystone/server/flask/request_processing/req_logging.py:28}}
Nov 18 16:53:34 user devstack@keystone.service[45893]: DEBUG keystone.server.flask.request_processing.req_logging [None req-30b2a272-e68a-4acf-bf93-7c5ccfd35339 None admin] PATH_INFO: `/v3/projects/4a876434c8434105b4e444c3b058275c` {{(pid=45893) log_request_info /opt/stack/keystone/keystone/server/flask/request_processing/req_logging.py:29}}
Nov 18 16:53:34 user devstack@keystone.service[45893]: DEBUG keystone.common.rbac_enforcer.enforcer [None req-30b2a272-e68a-4acf-bf93-7c5ccfd35339 None admin] RBAC: Authorizing `identity:get_project(project_id=4a876434c8434105b4e444c3b058275c)` {{(pid=45893) enforce_call /opt/stack/keystone/keystone/common/rbac_enforcer/enforcer.py:449}}
Nov 18 16:53:34 user devstack@keystone.service[45893]: DEBUG keystone.common.rbac_enforcer.enforcer [None req-30b2a272-e68a-4acf-bf93-7c5ccfd35339 None admin] RBAC: Authorization granted {{(pid=45893) enforce_call /opt/stack/keystone/keystone/common/rbac_enforcer/enforcer.py:457}}
Nov 18 16:53:34 user devstack@keystone.service[45893]: [pid: 45893|app: 0|req: 56/160] 10.0.0.210 () {56 vars in 1181 bytes} [Sat Nov 18 16:53:33 2023] GET /identity/v3/projects/4a876434c8434105b4e444c3b058275c => generated 301 bytes in 150 msecs (HTTP/1.1 200) 5 headers in 177 bytes (1 switches on core 0)
Nov 18 16:53:34 user devstack@keystone.service[45892]: DEBUG keystone.server.flask.request_processing.middleware.auth_context [None req-c8618d72-08c4-41bd-945c-c63094149fa8 None admin] Authenticating user token {{(pid=45892) process_request /opt/stack/data/venv/lib/python3.10/site-packages/keystonemiddleware/auth_token/__init__.py:406}}
Nov 18 16:53:34 user devstack@keystone.service[45892]: DEBUG keystone.server.flask.request_processing.middleware.auth_context [None req-c8618d72-08c4-41bd-945c-c63094149fa8 None admin] Validating token access rules against request {{(pid=45892) validate_allowed_request /opt/stack/data/venv/lib/python3.10/site-packages/keystonemiddleware/auth_token/__init__.py:544}}
Nov 18 16:53:34 user devstack@keystone.service[45892]: DEBUG keystone.server.flask.request_processing.middleware.auth_context [None req-a45bc336-388c-4864-9c9d-1d57c178e554 None admin] RBAC: auth_context: {'token': , 'domain_id': None, 'trust_id': None, 'trustor_id': None, 'trustee_id': None, 'domain_name': None, 'group_ids': [], 'user_id': '6698bbee2bae481d8ff8dd0520b9ea53', 'user_domain_id': 'default', 'system_scope': 'all', 'project_id': None, 'project_domain_id': None, 'roles': ['admin', 'manager', 'member', 'reader'], 'is_admin_project': True, 'service_user_id': None, 'service_user_domain_id': None, 'service_project_id': None, 'service_project_domain_id': None, 'service_roles': []} {{(pid=45892) fill_context /opt/stack/keystone/keystone/server/flask/request_processing/middleware/auth_context.py:480}}
Nov 18 16:53:34 user devstack@keystone.service[45892]: DEBUG keystone.server.flask.request_processing.req_logging [None req-a45bc336-388c-4864-9c9d-1d57c178e554 None admin] REQUEST_METHOD: `PUT` {{(pid=45892) log_request_info /opt/stack/keystone/keystone/server/flask/request_processing/req_logging.py:27}}
Nov 18 16:53:34 user devstack@keystone.service[45892]: DEBUG keystone.server.flask.request_processing.req_logging [None req-a45bc336-388c-4864-9c9d-1d57c178e554 None admin] SCRIPT_NAME: `/identity` {{(pid=45892) log_request_info /opt/stack/keystone/keystone/server/flask/request_processing/req_logging.py:28}}
Nov 18 16:53:34 user devstack@keystone.service[45892]: DEBUG keystone.server.flask.request_processing.req_logging [None req-a45bc336-388c-4864-9c9d-1d57c178e554 None admin] PATH_INFO: `/v3/projects/4a876434c8434105b4e444c3b058275c/users/83c4012b0657494a80397392af9c28de/roles/4768558f674a4ca3809b73eed14f7301` {{(pid=45892) log_request_info /opt/stack/keystone/keystone/server/flask/request_processing/req_logging.py:29}}
Nov 18 16:53:34 user devstack@keystone.service[45892]: DEBUG keystone.common.rbac_enforcer.enforcer [None req-a45bc336-388c-4864-9c9d-1d57c178e554 None admin] RBAC: Authorizing `identity:create_grant(project_id=4a876434c8434105b4e444c3b058275c, user_id=83c4012b0657494a80397392af9c28de, role_id=4768558f674a4ca3809b73eed14f7301)` {{(pid=45892) enforce_call /opt/stack/keystone/keystone/common/rbac_enforcer/enforcer.py:449}}
Nov 18 16:53:34 user devstack@keystone.service[45892]: DEBUG keystone.common.rbac_enforcer.enforcer [None req-a45bc336-388c-4864-9c9d-1d57c178e554 None admin] RBAC: Authorization granted {{(pid=45892) enforce_call /opt/stack/keystone/keystone/common/rbac_enforcer/enforcer.py:457}}
Nov 18 16:53:34 user devstack@keystone.service[45892]: [pid: 45892|app: 0|req: 52/161] 10.0.0.210 () {58 vars in 1434 bytes} [Sat Nov 18 16:53:34 2023] PUT /identity/v3/projects/4a876434c8434105b4e444c3b058275c/users/83c4012b0657494a80397392af9c28de/roles/4768558f674a4ca3809b73eed14f7301 => generated 0 bytes in 145 msecs (HTTP/1.1 204) 3 headers in 132 bytes (0 switches on core 0)
Nov 18 16:53:35 user devstack@keystone.service[45894]: DEBUG keystone.server.flask.request_processing.req_logging [None req-c50db2cf-2153-4ede-9945-9d01f5137756 None None] REQUEST_METHOD: `GET` {{(pid=45894) log_request_info /opt/stack/keystone/keystone/server/flask/request_processing/req_logging.py:27}}
Nov 18 16:53:35 user devstack@keystone.service[45894]: DEBUG keystone.server.flask.request_processing.req_logging [None req-c50db2cf-2153-4ede-9945-9d01f5137756 None None] SCRIPT_NAME: `/identity` {{(pid=45894) log_request_info /opt/stack/keystone/keystone/server/flask/request_processing/req_logging.py:28}}
Nov 18 16:53:35 user devstack@keystone.service[45894]: DEBUG keystone.server.flask.request_processing.req_logging [None req-c50db2cf-2153-4ede-9945-9d01f5137756 None None] PATH_INFO: `/` {{(pid=45894) log_request_info /opt/stack/keystone/keystone/server/flask/request_processing/req_logging.py:29}}
Nov 18 16:53:35 user devstack@keystone.service[45894]: [pid: 45894|app: 0|req: 54/162] 10.0.0.210 () {54 vars in 921 bytes} [Sat Nov 18 16:53:35 2023] GET /identity => generated 269 bytes in 6 msecs (HTTP/1.1 300) 6 headers in 233 bytes (1 switches on core 0)
Nov 18 16:53:35 user devstack@keystone.service[45893]: DEBUG keystone.server.flask.request_processing.req_logging [None req-f2b1251d-189a-49de-bcb9-f57eb5634b11 None None] REQUEST_METHOD: `POST` {{(pid=45893) log_request_info /opt/stack/keystone/keystone/server/flask/request_processing/req_logging.py:27}}
Nov 18 16:53:35 user devstack@keystone.service[45893]: DEBUG keystone.server.flask.request_processing.req_logging [None req-f2b1251d-189a-49de-bcb9-f57eb5634b11 None None] SCRIPT_NAME: `/identity` {{(pid=45893) log_request_info /opt/stack/keystone/keystone/server/flask/request_processing/req_logging.py:28}}
Nov 18 16:53:35 user devstack@keystone.service[45893]: DEBUG keystone.server.flask.request_processing.req_logging [None req-f2b1251d-189a-49de-bcb9-f57eb5634b11 None None] PATH_INFO: `/v3/auth/tokens` {{(pid=45893) log_request_info /opt/stack/keystone/keystone/server/flask/request_processing/req_logging.py:29}}
Nov 18 16:53:35 user devstack@keystone.service[45893]: WARNING keystone.common.password_hashing [None req-f2b1251d-189a-49de-bcb9-f57eb5634b11 None None] Truncating password to algorithm specific maximum length 72 characters.
Nov 18 16:53:35 user devstack@keystone.service[45893]: DEBUG keystone.auth.core [None req-f2b1251d-189a-49de-bcb9-f57eb5634b11 None None] MFA Rules not processed for user `6698bbee2bae481d8ff8dd0520b9ea53`. Rule list: `[]` (Enabled: `True`). {{(pid=45893) check_auth_methods_against_rules /opt/stack/keystone/keystone/auth/core.py:438}}
Nov 18 16:53:35 user devstack@keystone.service[45893]: DEBUG keystone.common.fernet_utils [None req-f2b1251d-189a-49de-bcb9-f57eb5634b11 None None] Loaded 2 Fernet keys from /etc/keystone/fernet-keys/, but `[fernet_tokens] max_active_keys = 3`; perhaps there have not been enough key rotations to reach `max_active_keys` yet? {{(pid=45893) load_keys /opt/stack/keystone/keystone/common/fernet_utils.py:286}}
Nov 18 16:53:35 user devstack@keystone.service[45892]: DEBUG keystone.server.flask.request_processing.req_logging [None req-09e0d96b-842a-4fd1-aa03-825cf485ff9c None None] REQUEST_METHOD: `GET` {{(pid=45892) log_request_info /opt/stack/keystone/keystone/server/flask/request_processing/req_logging.py:27}}
Nov 18 16:53:35 user devstack@keystone.service[45892]: DEBUG keystone.server.flask.request_processing.req_logging [None req-09e0d96b-842a-4fd1-aa03-825cf485ff9c None None] SCRIPT_NAME: `/identity` {{(pid=45892) log_request_info /opt/stack/keystone/keystone/server/flask/request_processing/req_logging.py:28}}
Nov 18 16:53:35 user devstack@keystone.service[45892]: DEBUG keystone.server.flask.request_processing.req_logging [None req-09e0d96b-842a-4fd1-aa03-825cf485ff9c None None] PATH_INFO: `/` {{(pid=45892) log_request_info /opt/stack/keystone/keystone/server/flask/request_processing/req_logging.py:29}}
Nov 18 16:53:35 user devstack@keystone.service[45892]: [pid: 45892|app: 0|req: 53/163] 10.0.0.210 () {54 vars in 921 bytes} [Sat Nov 18 16:53:35 2023] GET /identity => generated 269 bytes in 3 msecs (HTTP/1.1 300) 6 headers in 233 bytes (1 switches on core 0)
Nov 18 16:53:35 user devstack@keystone.service[45894]: DEBUG keystone.server.flask.request_processing.req_logging [None req-0e93fb83-9838-49d8-93b2-dfabbe2e3f0e None None] REQUEST_METHOD: `POST` {{(pid=45894) log_request_info /opt/stack/keystone/keystone/server/flask/request_processing/req_logging.py:27}}
Nov 18 16:53:35 user devstack@keystone.service[45894]: DEBUG keystone.server.flask.request_processing.req_logging [None req-0e93fb83-9838-49d8-93b2-dfabbe2e3f0e None None] SCRIPT_NAME: `/identity` {{(pid=45894) log_request_info /opt/stack/keystone/keystone/server/flask/request_processing/req_logging.py:28}}
Nov 18 16:53:35 user devstack@keystone.service[45894]: DEBUG keystone.server.flask.request_processing.req_logging [None req-0e93fb83-9838-49d8-93b2-dfabbe2e3f0e None None] PATH_INFO: `/v3/auth/tokens` {{(pid=45894) log_request_info /opt/stack/keystone/keystone/server/flask/request_processing/req_logging.py:29}}
Nov 18 16:53:35 user devstack@keystone.service[45894]: WARNING keystone.common.password_hashing [None req-0e93fb83-9838-49d8-93b2-dfabbe2e3f0e None None] Truncating password to algorithm specific maximum length 72 characters.
Nov 18 16:53:35 user devstack@keystone.service[45894]: DEBUG keystone.auth.core [None req-0e93fb83-9838-49d8-93b2-dfabbe2e3f0e None None] MFA Rules not processed for user `6698bbee2bae481d8ff8dd0520b9ea53`. Rule list: `[]` (Enabled: `True`). {{(pid=45894) check_auth_methods_against_rules /opt/stack/keystone/keystone/auth/core.py:438}}
Nov 18 16:53:35 user devstack@keystone.service[45894]: DEBUG keystone.common.fernet_utils [None req-0e93fb83-9838-49d8-93b2-dfabbe2e3f0e None None] Loaded 2 Fernet keys from /etc/keystone/fernet-keys/, but `[fernet_tokens] max_active_keys = 3`; perhaps there have not been enough key rotations to reach `max_active_keys` yet? {{(pid=45894) load_keys /opt/stack/keystone/keystone/common/fernet_utils.py:286}}
Nov 18 16:53:35 user devstack@keystone.service[45893]: [pid: 45893|app: 0|req: 57/164] 10.0.0.210 () {58 vars in 1018 bytes} [Sat Nov 18 16:53:35 2023] POST /identity/v3/auth/tokens => generated 861 bytes in 86 msecs (HTTP/1.1 201) 6 headers in 363 bytes (1 switches on core 0)
Nov 18 16:53:35 user devstack@keystone.service[45892]: DEBUG keystone.server.flask.request_processing.req_logging [None req-eed0a8ae-ee4d-4011-b4ed-519e35d3670d None None] REQUEST_METHOD: `GET` {{(pid=45892) log_request_info /opt/stack/keystone/keystone/server/flask/request_processing/req_logging.py:27}}
Nov 18 16:53:35 user devstack@keystone.service[45892]: DEBUG keystone.server.flask.request_processing.req_logging [None req-eed0a8ae-ee4d-4011-b4ed-519e35d3670d None None] SCRIPT_NAME: `/identity` {{(pid=45892) log_request_info /opt/stack/keystone/keystone/server/flask/request_processing/req_logging.py:28}}
Nov 18 16:53:35 user devstack@keystone.service[45892]: DEBUG keystone.server.flask.request_processing.req_logging [None req-eed0a8ae-ee4d-4011-b4ed-519e35d3670d None None] PATH_INFO: `/` {{(pid=45892) log_request_info /opt/stack/keystone/keystone/server/flask/request_processing/req_logging.py:29}}
Nov 18 16:53:35 user devstack@keystone.service[45892]: [pid: 45892|app: 0|req: 54/165] 10.0.0.210 () {54 vars in 921 bytes} [Sat Nov 18 16:53:35 2023] GET /identity => generated 269 bytes in 3 msecs (HTTP/1.1 300) 6 headers in 233 bytes (1 switches on core 0)
Nov 18 16:53:35 user devstack@keystone.service[45894]: [pid: 45894|app: 0|req: 55/166] 10.0.0.210 () {58 vars in 1018 bytes} [Sat Nov 18 16:53:35 2023] POST /identity/v3/auth/tokens => generated 861 bytes in 85 msecs (HTTP/1.1 201) 6 headers in 363 bytes (1 switches on core 0)
Nov 18 16:53:35 user devstack@keystone.service[45893]: DEBUG keystone.server.flask.request_processing.req_logging [None req-050bf0aa-a24c-4b03-8e6f-e68a3c461455 None None] REQUEST_METHOD: `POST` {{(pid=45893) log_request_info /opt/stack/keystone/keystone/server/flask/request_processing/req_logging.py:27}}
Nov 18 16:53:35 user devstack@keystone.service[45893]: DEBUG keystone.server.flask.request_processing.req_logging [None req-050bf0aa-a24c-4b03-8e6f-e68a3c461455 None None] SCRIPT_NAME: `/identity` {{(pid=45893) log_request_info /opt/stack/keystone/keystone/server/flask/request_processing/req_logging.py:28}}
Nov 18 16:53:35 user devstack@keystone.service[45893]: DEBUG keystone.server.flask.request_processing.req_logging [None req-050bf0aa-a24c-4b03-8e6f-e68a3c461455 None None] PATH_INFO: `/v3/auth/tokens` {{(pid=45893) log_request_info /opt/stack/keystone/keystone/server/flask/request_processing/req_logging.py:29}}
Nov 18 16:53:35 user devstack@keystone.service[45893]: WARNING keystone.common.password_hashing [None req-050bf0aa-a24c-4b03-8e6f-e68a3c461455 None None] Truncating password to algorithm specific maximum length 72 characters.
Nov 18 16:53:35 user devstack@keystone.service[45893]: DEBUG keystone.auth.core [None req-050bf0aa-a24c-4b03-8e6f-e68a3c461455 None None] MFA Rules not processed for user `6698bbee2bae481d8ff8dd0520b9ea53`. Rule list: `[]` (Enabled: `True`). {{(pid=45893) check_auth_methods_against_rules /opt/stack/keystone/keystone/auth/core.py:438}}
Nov 18 16:53:35 user devstack@keystone.service[45893]: DEBUG keystone.common.fernet_utils [None req-050bf0aa-a24c-4b03-8e6f-e68a3c461455 None None] Loaded 2 Fernet keys from /etc/keystone/fernet-keys/, but `[fernet_tokens] max_active_keys = 3`; perhaps there have not been enough key rotations to reach `max_active_keys` yet? {{(pid=45893) load_keys /opt/stack/keystone/keystone/common/fernet_utils.py:286}}
Nov 18 16:53:35 user devstack@keystone.service[45892]: DEBUG keystone.server.flask.request_processing.req_logging [None req-6ccfe11f-9980-45e9-a23e-c026daa6b1f9 None None] REQUEST_METHOD: `GET` {{(pid=45892) log_request_info /opt/stack/keystone/keystone/server/flask/request_processing/req_logging.py:27}}
Nov 18 16:53:35 user devstack@keystone.service[45892]: DEBUG keystone.server.flask.request_processing.req_logging [None req-6ccfe11f-9980-45e9-a23e-c026daa6b1f9 None None] SCRIPT_NAME: `/identity` {{(pid=45892) log_request_info /opt/stack/keystone/keystone/server/flask/request_processing/req_logging.py:28}}
Nov 18 16:53:35 user devstack@keystone.service[45892]: DEBUG keystone.server.flask.request_processing.req_logging [None req-6ccfe11f-9980-45e9-a23e-c026daa6b1f9 None None] PATH_INFO: `/` {{(pid=45892) log_request_info /opt/stack/keystone/keystone/server/flask/request_processing/req_logging.py:29}}
Nov 18 16:53:35 user devstack@keystone.service[45892]: [pid: 45892|app: 0|req: 55/167] 10.0.0.210 () {54 vars in 921 bytes} [Sat Nov 18 16:53:35 2023] GET /identity => generated 269 bytes in 3 msecs (HTTP/1.1 300) 6 headers in 233 bytes (1 switches on core 0)
Nov 18 16:53:35 user devstack@keystone.service[45894]: DEBUG keystone.server.flask.request_processing.req_logging [None req-5738d873-f785-4ac9-b43a-8b4b1ccf201e None None] REQUEST_METHOD: `POST` {{(pid=45894) log_request_info /opt/stack/keystone/keystone/server/flask/request_processing/req_logging.py:27}}
Nov 18 16:53:35 user devstack@keystone.service[45894]: DEBUG keystone.server.flask.request_processing.req_logging [None req-5738d873-f785-4ac9-b43a-8b4b1ccf201e None None] SCRIPT_NAME: `/identity` {{(pid=45894) log_request_info /opt/stack/keystone/keystone/server/flask/request_processing/req_logging.py:28}}
Nov 18 16:53:35 user devstack@keystone.service[45894]: DEBUG keystone.server.flask.request_processing.req_logging [None req-5738d873-f785-4ac9-b43a-8b4b1ccf201e None None] PATH_INFO: `/v3/auth/tokens` {{(pid=45894) log_request_info /opt/stack/keystone/keystone/server/flask/request_processing/req_logging.py:29}}
Nov 18 16:53:35 user devstack@keystone.service[45893]: [pid: 45893|app: 0|req: 58/168] 10.0.0.210 () {58 vars in 1018 bytes} [Sat Nov 18 16:53:35 2023] POST /identity/v3/auth/tokens => generated 861 bytes in 91 msecs (HTTP/1.1 201) 6 headers in 363 bytes (1 switches on core 0)
Nov 18 16:53:35 user devstack@keystone.service[45894]: WARNING keystone.common.password_hashing [None req-5738d873-f785-4ac9-b43a-8b4b1ccf201e None None] Truncating password to algorithm specific maximum length 72 characters.
Nov 18 16:53:35 user devstack@keystone.service[45894]: DEBUG keystone.auth.core [None req-5738d873-f785-4ac9-b43a-8b4b1ccf201e None None] MFA Rules not processed for user `6698bbee2bae481d8ff8dd0520b9ea53`. Rule list: `[]` (Enabled: `True`). {{(pid=45894) check_auth_methods_against_rules /opt/stack/keystone/keystone/auth/core.py:438}}
Nov 18 16:53:35 user devstack@keystone.service[45894]: DEBUG keystone.common.fernet_utils [None req-5738d873-f785-4ac9-b43a-8b4b1ccf201e None None] Loaded 2 Fernet keys from /etc/keystone/fernet-keys/, but `[fernet_tokens] max_active_keys = 3`; perhaps there have not been enough key rotations to reach `max_active_keys` yet? {{(pid=45894) load_keys /opt/stack/keystone/keystone/common/fernet_utils.py:286}}
Nov 18 16:53:35 user devstack@keystone.service[45892]: DEBUG keystone.server.flask.request_processing.middleware.auth_context [None req-6ccfe11f-9980-45e9-a23e-c026daa6b1f9 None None] Authenticating user token {{(pid=45892) process_request /opt/stack/data/venv/lib/python3.10/site-packages/keystonemiddleware/auth_token/__init__.py:406}}
Nov 18 16:53:35 user devstack@keystone.service[45894]: [pid: 45894|app: 0|req: 56/169] 10.0.0.210 () {58 vars in 1018 bytes} [Sat Nov 18 16:53:35 2023] POST /identity/v3/auth/tokens => generated 861 bytes in 80 msecs (HTTP/1.1 201) 6 headers in 363 bytes (1 switches on core 0)
Nov 18 16:53:35 user devstack@keystone.service[45893]: DEBUG keystone.server.flask.request_processing.middleware.auth_context [None req-050bf0aa-a24c-4b03-8e6f-e68a3c461455 None None] Authenticating user token {{(pid=45893) process_request /opt/stack/data/venv/lib/python3.10/site-packages/keystonemiddleware/auth_token/__init__.py:406}}
Nov 18 16:53:35 user devstack@keystone.service[45892]: DEBUG keystone.server.flask.request_processing.middleware.auth_context [None req-6ccfe11f-9980-45e9-a23e-c026daa6b1f9 None None] Validating token access rules against request {{(pid=45892) validate_allowed_request /opt/stack/data/venv/lib/python3.10/site-packages/keystonemiddleware/auth_token/__init__.py:544}}
Nov 18 16:53:35 user devstack@keystone.service[45892]: DEBUG keystone.server.flask.request_processing.middleware.auth_context [None req-29d00099-4333-4bb8-8b55-c81d713f8b13 None admin] RBAC: auth_context: {'token': , 'domain_id': None, 'trust_id': None, 'trustor_id': None, 'trustee_id': None, 'domain_name': None, 'group_ids': [], 'user_id': '6698bbee2bae481d8ff8dd0520b9ea53', 'user_domain_id': 'default', 'system_scope': 'all', 'project_id': None, 'project_domain_id': None, 'roles': ['admin', 'manager', 'member', 'reader'], 'is_admin_project': True, 'service_user_id': None, 'service_user_domain_id': None, 'service_project_id': None, 'service_project_domain_id': None, 'service_roles': []} {{(pid=45892) fill_context /opt/stack/keystone/keystone/server/flask/request_processing/middleware/auth_context.py:480}}
Nov 18 16:53:35 user devstack@keystone.service[45892]: DEBUG keystone.server.flask.request_processing.req_logging [None req-29d00099-4333-4bb8-8b55-c81d713f8b13 None admin] REQUEST_METHOD: `GET` {{(pid=45892) log_request_info /opt/stack/keystone/keystone/server/flask/request_processing/req_logging.py:27}}
Nov 18 16:53:35 user devstack@keystone.service[45892]: DEBUG keystone.server.flask.request_processing.req_logging [None req-29d00099-4333-4bb8-8b55-c81d713f8b13 None admin] SCRIPT_NAME: `/identity` {{(pid=45892) log_request_info /opt/stack/keystone/keystone/server/flask/request_processing/req_logging.py:28}}
Nov 18 16:53:35 user devstack@keystone.service[45892]: DEBUG keystone.server.flask.request_processing.req_logging [None req-29d00099-4333-4bb8-8b55-c81d713f8b13 None admin] PATH_INFO: `/v3/roles/admin` {{(pid=45892) log_request_info /opt/stack/keystone/keystone/server/flask/request_processing/req_logging.py:29}}
Nov 18 16:53:35 user devstack@keystone.service[45892]: DEBUG keystone.common.rbac_enforcer.enforcer [None req-29d00099-4333-4bb8-8b55-c81d713f8b13 None admin] Extracting inferred target data resulted in "NOT FOUND (404)". {{(pid=45892) enforce_call /opt/stack/keystone/keystone/common/rbac_enforcer/enforcer.py:409}}
Nov 18 16:53:35 user devstack@keystone.service[45892]: ERROR keystone.server.flask.application [None req-29d00099-4333-4bb8-8b55-c81d713f8b13 None admin] Could not find role: admin.: keystone.exception.RoleNotFound: Could not find role: admin.
Nov 18 16:53:35 user devstack@keystone.service[45892]: ERROR keystone.server.flask.application
Traceback (most recent call last):
Nov 18 16:53:35 user devstack@keystone.service[45892]: ERROR keystone.server.flask.application
File "/opt/stack/data/venv/lib/python3.10/site-packages/flask/app.py", line 1823, in full_dispatch_request
Nov 18 16:53:35 user devstack@keystone.service[45892]: ERROR keystone.server.flask.application rv = self.dispatch_request()
Nov 18 16:53:35 user devstack@keystone.service[45892]: ERROR keystone.server.flask.application
File "/opt/stack/data/venv/lib/python3.10/site-packages/flask/app.py", line 1799, in dispatch_request
Nov 18 16:53:35 user devstack@keystone.service[45892]: ERROR keystone.server.flask.application return self.ensure_sync(self.view_functions[rule.endpoint])(**view_args)
Nov 18 16:53:35 user devstack@keystone.service[45892]: ERROR keystone.server.flask.application
File "/opt/stack/data/venv/lib/python3.10/site-packages/flask_restful/__init__.py", line 489, in wrapper
Nov 18 16:53:35 user devstack@keystone.service[45892]: ERROR keystone.server.flask.application resp = resource(*args, **kwargs)
Nov 18 16:53:35 user devstack@keystone.service[45892]: ERROR keystone.server.flask.application
File "/opt/stack/data/venv/lib/python3.10/site-packages/flask/views.py", line 107, in view
Nov 18 16:53:35 user devstack@keystone.service[45892]: ERROR keystone.server.flask.application return current_app.ensure_sync(self.dispatch_request)(**kwargs)
Nov 18 16:53:35 user devstack@keystone.service[45892]: ERROR keystone.server.flask.application
File "/opt/stack/data/venv/lib/python3.10/site-packages/flask_restful/__init__.py", line 604, in dispatch_request
Nov 18 16:53:35 user devstack@keystone.service[45892]: ERROR keystone.server.flask.application resp = meth(*args, **kwargs)
Nov 18 16:53:35 user devstack@keystone.service[45892]: ERROR keystone.server.flask.application
File "/opt/stack/keystone/keystone/api/roles.py", line 50, in get
Nov 18 16:53:35 user devstack@keystone.service[45892]: ERROR keystone.server.flask.application return self._get_role(role_id)
Nov 18 16:53:35 user devstack@keystone.service[45892]: ERROR keystone.server.flask.application
File "/opt/stack/keystone/keystone/api/roles.py", line 70, in _get_role
Nov 18 16:53:35 user devstack@keystone.service[45892]: ERROR keystone.server.flask.application ENFORCER.enforce_call(action='identity:get_role')
Nov 18 16:53:35 user devstack@keystone.service[45892]: ERROR keystone.server.flask.application
File "/opt/stack/keystone/keystone/common/rbac_enforcer/enforcer.py", line 402, in enforce_call
Nov 18 16:53:35 user devstack@keystone.service[45892]: ERROR keystone.server.flask.application policy_dict.update(cls._extract_member_target_data(
Nov 18 16:53:35 user devstack@keystone.service[45892]: ERROR keystone.server.flask.application
File "/opt/stack/keystone/keystone/common/rbac_enforcer/enforcer.py", line 234, in _extract_member_target_data
Nov 18 16:53:35 user devstack@keystone.service[45892]: ERROR keystone.server.flask.application member_name: func(flask.request.view_args[key])
Nov 18 16:53:35 user devstack@keystone.service[45892]: ERROR keystone.server.flask.application
File "/opt/stack/keystone/keystone/common/manager.py", line 115, in wrapped
Nov 18 16:53:35 user devstack@keystone.service[45892]: ERROR keystone.server.flask.application __ret_val = __f(*args, **kwargs)
Nov 18 16:53:35 user devstack@keystone.service[45892]: ERROR keystone.server.flask.application
File "/opt/stack/data/venv/lib/python3.10/site-packages/decorator.py", line 232, in fun
Nov 18 16:53:35 user devstack@keystone.service[45892]: ERROR keystone.server.flask.application return caller(func, *(extras + args), **kw)
Nov 18 16:53:35 user devstack@keystone.service[45892]: ERROR keystone.server.flask.application
File "/opt/stack/data/venv/lib/python3.10/site-packages/dogpile/cache/region.py", line 1594, in get_or_create_for_user_func
Nov 18 16:53:35 user devstack@keystone.service[45892]: ERROR keystone.server.flask.application return self.get_or_create(
Nov 18 16:53:35 user devstack@keystone.service[45892]: ERROR keystone.server.flask.application
File "/opt/stack/data/venv/lib/python3.10/site-packages/dogpile/cache/region.py", line 1054, in get_or_create
Nov 18 16:53:35 user devstack@keystone.service[45892]: ERROR keystone.server.flask.application with Lock(
Nov 18 16:53:35 user devstack@keystone.service[45892]: ERROR keystone.server.flask.application
File "/opt/stack/data/venv/lib/python3.10/site-packages/dogpile/lock.py", line 185, in __enter__
Nov 18 16:53:35 user devstack@keystone.service[45892]: ERROR keystone.server.flask.application return self._enter()
Nov 18 16:53:35 user devstack@keystone.service[45892]: ERROR keystone.server.flask.application
File "/opt/stack/data/venv/lib/python3.10/site-packages/dogpile/lock.py", line 94, in _enter
Nov 18 16:53:35 user devstack@keystone.service[45892]: ERROR keystone.server.flask.application generated = self._enter_create(value, createdtime)
Nov 18 16:53:35 user devstack@keystone.service[45892]: ERROR keystone.server.flask.application
File "/opt/stack/data/venv/lib/python3.10/site-packages/dogpile/lock.py", line 178, in _enter_create
Nov 18 16:53:35 user devstack@keystone.service[45892]: ERROR keystone.server.flask.application return self.creator()
Nov 18 16:53:35 user devstack@keystone.service[45892]: ERROR keystone.server.flask.application
File "/opt/stack/data/venv/lib/python3.10/site-packages/dogpile/cache/region.py", line 1007, in gen_value
Nov 18 16:53:35 user devstack@keystone.service[45892]: ERROR keystone.server.flask.application created_value = creator(
Nov 18 16:53:35 user devstack@keystone.service[45892]: ERROR keystone.server.flask.application
File "/opt/stack/keystone/keystone/assignment/core.py", line 1276, in get_role
