Nov 18 16:53:43 user devstack@keystone.service[45894]: DEBUG keystone.common.rbac_enforcer.enforcer [None req-a95516dc-2b67-47d4-9fe9-6a2f6663034c None admin] RBAC: Adding query filter params (name=reader) {{(pid=45894) _extract_filter_values /opt/stack/keystone/keystone/common/rbac_enforcer/enforcer.py:167}}
Nov 18 16:53:43 user devstack@keystone.service[45894]: DEBUG keystone.common.rbac_enforcer.enforcer [None req-a95516dc-2b67-47d4-9fe9-6a2f6663034c None admin] RBAC: Authorizing `identity:list_roles()` {{(pid=45894) enforce_call /opt/stack/keystone/keystone/common/rbac_enforcer/enforcer.py:449}}
Nov 18 16:53:43 user devstack@keystone.service[45893]: DEBUG keystone.server.flask.request_processing.middleware.auth_context [None req-4fd4dae7-3380-448f-babf-fa45ecdcd694 None admin] Authenticating user token {{(pid=45893) process_request /opt/stack/data/venv/lib/python3.10/site-packages/keystonemiddleware/auth_token/__init__.py:406}}
Nov 18 16:53:43 user devstack@keystone.service[45894]: DEBUG keystone.common.rbac_enforcer.enforcer [None req-a95516dc-2b67-47d4-9fe9-6a2f6663034c None admin] RBAC: Authorization granted {{(pid=45894) enforce_call /opt/stack/keystone/keystone/common/rbac_enforcer/enforcer.py:457}}
Nov 18 16:53:43 user devstack@keystone.service[45894]: [pid: 45894|app: 0|req: 79/235] 10.0.0.210 () {56 vars in 1096 bytes} [Sat Nov 18 16:53:43 2023] GET /identity/v3/roles?name=reader => generated 339 bytes in 277 msecs (HTTP/1.1 200) 5 headers in 177 bytes (1 switches on core 0)
Nov 18 16:53:43 user devstack@keystone.service[45894]: DEBUG keystone.server.flask.request_processing.middleware.auth_context [None req-a95516dc-2b67-47d4-9fe9-6a2f6663034c None admin] Authenticating user token {{(pid=45894) process_request /opt/stack/data/venv/lib/python3.10/site-packages/keystonemiddleware/auth_token/__init__.py:406}}
Nov 18 16:53:43 user devstack@keystone.service[45892]: DEBUG keystone.server.flask.request_processing.middleware.auth_context [None req-dce08e69-66ba-4310-8627-b278836f9769 None admin] Validating token access rules against request {{(pid=45892) validate_allowed_request /opt/stack/data/venv/lib/python3.10/site-packages/keystonemiddleware/auth_token/__init__.py:544}}
Nov 18 16:53:43 user devstack@keystone.service[45892]: DEBUG keystone.server.flask.request_processing.middleware.auth_context [None req-5c4a2ce9-d9cc-4586-87b2-53a82ab98426 None admin] RBAC: auth_context: {'token': , 'domain_id': None, 'trust_id': None, 'trustor_id': None, 'trustee_id': None, 'domain_name': None, 'group_ids': [], 'user_id': '6698bbee2bae481d8ff8dd0520b9ea53', 'user_domain_id': 'default', 'system_scope': 'all', 'project_id': None, 'project_domain_id': None, 'roles': ['admin', 'manager', 'member', 'reader'], 'is_admin_project': True, 'service_user_id': None, 'service_user_domain_id': None, 'service_project_id': None, 'service_project_domain_id': None, 'service_roles': []} {{(pid=45892) fill_context /opt/stack/keystone/keystone/server/flask/request_processing/middleware/auth_context.py:480}}
Nov 18 16:53:43 user devstack@keystone.service[45892]: DEBUG keystone.server.flask.request_processing.req_logging [None req-5c4a2ce9-d9cc-4586-87b2-53a82ab98426 None admin] REQUEST_METHOD: `POST` {{(pid=45892) log_request_info /opt/stack/keystone/keystone/server/flask/request_processing/req_logging.py:27}}
Nov 18 16:53:43 user devstack@keystone.service[45892]: DEBUG keystone.server.flask.request_processing.req_logging [None req-5c4a2ce9-d9cc-4586-87b2-53a82ab98426 None admin] SCRIPT_NAME: `/identity` {{(pid=45892) log_request_info /opt/stack/keystone/keystone/server/flask/request_processing/req_logging.py:28}}
Nov 18 16:53:43 user devstack@keystone.service[45892]: DEBUG keystone.server.flask.request_processing.req_logging [None req-5c4a2ce9-d9cc-4586-87b2-53a82ab98426 None admin] PATH_INFO: `/v3/groups` {{(pid=45892) log_request_info /opt/stack/keystone/keystone/server/flask/request_processing/req_logging.py:29}}
Nov 18 16:53:43 user devstack@keystone.service[45892]: DEBUG keystone.common.rbac_enforcer.enforcer [None req-5c4a2ce9-d9cc-4586-87b2-53a82ab98426 None admin] RBAC: Authorizing `identity:create_group()` {{(pid=45892) enforce_call /opt/stack/keystone/keystone/common/rbac_enforcer/enforcer.py:449}}
Nov 18 16:53:43 user devstack@keystone.service[45892]: DEBUG keystone.common.rbac_enforcer.enforcer [None req-5c4a2ce9-d9cc-4586-87b2-53a82ab98426 None admin] RBAC: Authorization granted {{(pid=45892) enforce_call /opt/stack/keystone/keystone/common/rbac_enforcer/enforcer.py:457}}
Nov 18 16:53:43 user devstack@keystone.service[45893]: DEBUG keystone.server.flask.request_processing.middleware.auth_context [None req-4fd4dae7-3380-448f-babf-fa45ecdcd694 None admin] Validating token access rules against request {{(pid=45893) validate_allowed_request /opt/stack/data/venv/lib/python3.10/site-packages/keystonemiddleware/auth_token/__init__.py:544}}
Nov 18 16:53:43 user devstack@keystone.service[45892]: [pid: 45892|app: 0|req: 80/236] 10.0.0.210 () {60 vars in 1129 bytes} [Sat Nov 18 16:53:43 2023] POST /identity/v3/groups => generated 228 bytes in 259 msecs (HTTP/1.1 201) 5 headers in 182 bytes (2 switches on core 0)
Nov 18 16:53:43 user devstack@keystone.service[45894]: DEBUG keystone.server.flask.request_processing.middleware.auth_context [None req-a95516dc-2b67-47d4-9fe9-6a2f6663034c None admin] Validating token access rules against request {{(pid=45894) validate_allowed_request /opt/stack/data/venv/lib/python3.10/site-packages/keystonemiddleware/auth_token/__init__.py:544}}
Nov 18 16:53:43 user devstack@keystone.service[45893]: DEBUG keystone.server.flask.request_processing.middleware.auth_context [None req-06020c81-7e32-4339-9a92-2671b6786d8b None admin] RBAC: auth_context: {'token': , 'domain_id': None, 'trust_id': None, 'trustor_id': None, 'trustee_id': None, 'domain_name': None, 'group_ids': [], 'user_id': '6698bbee2bae481d8ff8dd0520b9ea53', 'user_domain_id': 'default', 'system_scope': 'all', 'project_id': None, 'project_domain_id': None, 'roles': ['admin', 'manager', 'member', 'reader'], 'is_admin_project': True, 'service_user_id': None, 'service_user_domain_id': None, 'service_project_id': None, 'service_project_domain_id': None, 'service_roles': []} {{(pid=45893) fill_context /opt/stack/keystone/keystone/server/flask/request_processing/middleware/auth_context.py:480}}
Nov 18 16:53:43 user devstack@keystone.service[45893]: DEBUG keystone.server.flask.request_processing.req_logging [None req-06020c81-7e32-4339-9a92-2671b6786d8b None admin] REQUEST_METHOD: `GET` {{(pid=45893) log_request_info /opt/stack/keystone/keystone/server/flask/request_processing/req_logging.py:27}}
Nov 18 16:53:43 user devstack@keystone.service[45893]: DEBUG keystone.server.flask.request_processing.req_logging [None req-06020c81-7e32-4339-9a92-2671b6786d8b None admin] SCRIPT_NAME: `/identity` {{(pid=45893) log_request_info /opt/stack/keystone/keystone/server/flask/request_processing/req_logging.py:28}}
Nov 18 16:53:43 user devstack@keystone.service[45893]: DEBUG keystone.server.flask.request_processing.req_logging [None req-06020c81-7e32-4339-9a92-2671b6786d8b None admin] PATH_INFO: `/v3/roles` {{(pid=45893) log_request_info /opt/stack/keystone/keystone/server/flask/request_processing/req_logging.py:29}}
Nov 18 16:53:43 user devstack@keystone.service[45893]: DEBUG keystone.common.rbac_enforcer.enforcer [None req-06020c81-7e32-4339-9a92-2671b6786d8b None admin] RBAC: Adding query filter params (name=member) {{(pid=45893) _extract_filter_values /opt/stack/keystone/keystone/common/rbac_enforcer/enforcer.py:167}}
Nov 18 16:53:43 user devstack@keystone.service[45893]: DEBUG keystone.common.rbac_enforcer.enforcer [None req-06020c81-7e32-4339-9a92-2671b6786d8b None admin] RBAC: Authorizing `identity:list_roles()` {{(pid=45893) enforce_call /opt/stack/keystone/keystone/common/rbac_enforcer/enforcer.py:449}}
Nov 18 16:53:43 user devstack@keystone.service[45893]: DEBUG keystone.common.rbac_enforcer.enforcer [None req-06020c81-7e32-4339-9a92-2671b6786d8b None admin] RBAC: Authorization granted {{(pid=45893) enforce_call /opt/stack/keystone/keystone/common/rbac_enforcer/enforcer.py:457}}
Nov 18 16:53:44 user devstack@keystone.service[45893]: [pid: 45893|app: 0|req: 78/237] 10.0.0.210 () {56 vars in 1096 bytes} [Sat Nov 18 16:53:43 2023] GET /identity/v3/roles?name=member => generated 339 bytes in 195 msecs (HTTP/1.1 200) 5 headers in 177 bytes (2 switches on core 0)
Nov 18 16:53:44 user devstack@keystone.service[45892]: DEBUG keystone.server.flask.request_processing.middleware.auth_context [None req-5c4a2ce9-d9cc-4586-87b2-53a82ab98426 None admin] Authenticating user token {{(pid=45892) process_request /opt/stack/data/venv/lib/python3.10/site-packages/keystonemiddleware/auth_token/__init__.py:406}}
Nov 18 16:53:44 user devstack@keystone.service[45894]: DEBUG keystone.server.flask.request_processing.middleware.auth_context [None req-eb2b16bc-5394-4cf8-9b55-b145f59b82ef None admin] RBAC: auth_context: {'token': , 'domain_id': None, 'trust_id': None, 'trustor_id': None, 'trustee_id': None, 'domain_name': None, 'group_ids': [], 'user_id': '6698bbee2bae481d8ff8dd0520b9ea53', 'user_domain_id': 'default', 'system_scope': 'all', 'project_id': None, 'project_domain_id': None, 'roles': ['admin', 'manager', 'member', 'reader'], 'is_admin_project': True, 'service_user_id': None, 'service_user_domain_id': None, 'service_project_id': None, 'service_project_domain_id': None, 'service_roles': []} {{(pid=45894) fill_context /opt/stack/keystone/keystone/server/flask/request_processing/middleware/auth_context.py:480}}
Nov 18 16:53:44 user devstack@keystone.service[45894]: DEBUG keystone.server.flask.request_processing.req_logging [None req-eb2b16bc-5394-4cf8-9b55-b145f59b82ef None admin] REQUEST_METHOD: `GET` {{(pid=45894) log_request_info /opt/stack/keystone/keystone/server/flask/request_processing/req_logging.py:27}}
Nov 18 16:53:44 user devstack@keystone.service[45894]: DEBUG keystone.server.flask.request_processing.req_logging [None req-eb2b16bc-5394-4cf8-9b55-b145f59b82ef None admin] SCRIPT_NAME: `/identity` {{(pid=45894) log_request_info /opt/stack/keystone/keystone/server/flask/request_processing/req_logging.py:28}}
Nov 18 16:53:44 user devstack@keystone.service[45894]: DEBUG keystone.server.flask.request_processing.req_logging [None req-eb2b16bc-5394-4cf8-9b55-b145f59b82ef None admin] PATH_INFO: `/v3/users/c93daac9833c45dbb7913df20a274ef4` {{(pid=45894) log_request_info /opt/stack/keystone/keystone/server/flask/request_processing/req_logging.py:29}}
Nov 18 16:53:44 user devstack@keystone.service[45894]: DEBUG keystone.common.rbac_enforcer.enforcer [None req-eb2b16bc-5394-4cf8-9b55-b145f59b82ef None admin] RBAC: Authorizing `identity:get_user(user_id=c93daac9833c45dbb7913df20a274ef4)` {{(pid=45894) enforce_call /opt/stack/keystone/keystone/common/rbac_enforcer/enforcer.py:449}}
Nov 18 16:53:44 user devstack@keystone.service[45894]: DEBUG keystone.common.rbac_enforcer.enforcer [None req-eb2b16bc-5394-4cf8-9b55-b145f59b82ef None admin] RBAC: Authorization granted {{(pid=45894) enforce_call /opt/stack/keystone/keystone/common/rbac_enforcer/enforcer.py:457}}
Nov 18 16:53:44 user devstack@keystone.service[45894]: [pid: 45894|app: 0|req: 80/238] 10.0.0.210 () {56 vars in 1172 bytes} [Sat Nov 18 16:53:43 2023] GET /identity/v3/users/c93daac9833c45dbb7913df20a274ef4 => generated 292 bytes in 245 msecs (HTTP/1.1 200) 5 headers in 177 bytes (1 switches on core 0)
Nov 18 16:53:44 user devstack@keystone.service[45893]: DEBUG keystone.server.flask.request_processing.middleware.auth_context [None req-06020c81-7e32-4339-9a92-2671b6786d8b None admin] Authenticating user token {{(pid=45893) process_request /opt/stack/data/venv/lib/python3.10/site-packages/keystonemiddleware/auth_token/__init__.py:406}}
Nov 18 16:53:44 user devstack@keystone.service[45892]: DEBUG keystone.server.flask.request_processing.middleware.auth_context [None req-5c4a2ce9-d9cc-4586-87b2-53a82ab98426 None admin] Validating token access rules against request {{(pid=45892) validate_allowed_request /opt/stack/data/venv/lib/python3.10/site-packages/keystonemiddleware/auth_token/__init__.py:544}}
Nov 18 16:53:44 user devstack@keystone.service[45893]: DEBUG keystone.server.flask.request_processing.middleware.auth_context [None req-06020c81-7e32-4339-9a92-2671b6786d8b None admin] Validating token access rules against request {{(pid=45893) validate_allowed_request /opt/stack/data/venv/lib/python3.10/site-packages/keystonemiddleware/auth_token/__init__.py:544}}
Nov 18 16:53:44 user devstack@keystone.service[45892]: DEBUG keystone.server.flask.request_processing.middleware.auth_context [None req-b085f08d-6474-4410-b17f-5a23c6ad5bda None admin] RBAC: auth_context: {'token': , 'domain_id': None, 'trust_id': None, 'trustor_id': None, 'trustee_id': None, 'domain_name': None, 'group_ids': [], 'user_id': '6698bbee2bae481d8ff8dd0520b9ea53', 'user_domain_id': 'default', 'system_scope': 'all', 'project_id': None, 'project_domain_id': None, 'roles': ['admin', 'manager', 'member', 'reader'], 'is_admin_project': True, 'service_user_id': None, 'service_user_domain_id': None, 'service_project_id': None, 'service_project_domain_id': None, 'service_roles': []} {{(pid=45892) fill_context /opt/stack/keystone/keystone/server/flask/request_processing/middleware/auth_context.py:480}}
Nov 18 16:53:44 user devstack@keystone.service[45892]: DEBUG keystone.server.flask.request_processing.req_logging [None req-b085f08d-6474-4410-b17f-5a23c6ad5bda None admin] REQUEST_METHOD: `GET` {{(pid=45892) log_request_info /opt/stack/keystone/keystone/server/flask/request_processing/req_logging.py:27}}
Nov 18 16:53:44 user devstack@keystone.service[45892]: DEBUG keystone.server.flask.request_processing.req_logging [None req-b085f08d-6474-4410-b17f-5a23c6ad5bda None admin] SCRIPT_NAME: `/identity` {{(pid=45892) log_request_info /opt/stack/keystone/keystone/server/flask/request_processing/req_logging.py:28}}
Nov 18 16:53:44 user devstack@keystone.service[45892]: DEBUG keystone.server.flask.request_processing.req_logging [None req-b085f08d-6474-4410-b17f-5a23c6ad5bda None admin] PATH_INFO: `/v3/users/087ee33ce17743be9f72b6dff3e894ce` {{(pid=45892) log_request_info /opt/stack/keystone/keystone/server/flask/request_processing/req_logging.py:29}}
Nov 18 16:53:44 user devstack@keystone.service[45892]: DEBUG keystone.common.rbac_enforcer.enforcer [None req-b085f08d-6474-4410-b17f-5a23c6ad5bda None admin] RBAC: Authorizing `identity:get_user(user_id=087ee33ce17743be9f72b6dff3e894ce)` {{(pid=45892) enforce_call /opt/stack/keystone/keystone/common/rbac_enforcer/enforcer.py:449}}
Nov 18 16:53:44 user devstack@keystone.service[45892]: DEBUG keystone.common.rbac_enforcer.enforcer [None req-b085f08d-6474-4410-b17f-5a23c6ad5bda None admin] RBAC: Authorization granted {{(pid=45892) enforce_call /opt/stack/keystone/keystone/common/rbac_enforcer/enforcer.py:457}}
Nov 18 16:53:44 user devstack@keystone.service[45892]: [pid: 45892|app: 0|req: 81/239] 10.0.0.210 () {56 vars in 1172 bytes} [Sat Nov 18 16:53:44 2023] GET /identity/v3/users/087ee33ce17743be9f72b6dff3e894ce => generated 292 bytes in 218 msecs (HTTP/1.1 200) 5 headers in 177 bytes (1 switches on core 0)
Nov 18 16:53:44 user devstack@keystone.service[45894]: DEBUG keystone.server.flask.request_processing.middleware.auth_context [None req-eb2b16bc-5394-4cf8-9b55-b145f59b82ef None admin] Authenticating user token {{(pid=45894) process_request /opt/stack/data/venv/lib/python3.10/site-packages/keystonemiddleware/auth_token/__init__.py:406}}
Nov 18 16:53:44 user devstack@keystone.service[45893]: DEBUG keystone.server.flask.request_processing.middleware.auth_context [None req-56adc3fb-6d5a-4ff7-bd7c-7ea58bd5631c None admin] RBAC: auth_context: {'token': , 'domain_id': None, 'trust_id': None, 'trustor_id': None, 'trustee_id': None, 'domain_name': None, 'group_ids': [], 'user_id': '6698bbee2bae481d8ff8dd0520b9ea53', 'user_domain_id': 'default', 'system_scope': 'all', 'project_id': None, 'project_domain_id': None, 'roles': ['admin', 'manager', 'member', 'reader'], 'is_admin_project': True, 'service_user_id': None, 'service_user_domain_id': None, 'service_project_id': None, 'service_project_domain_id': None, 'service_roles': []} {{(pid=45893) fill_context /opt/stack/keystone/keystone/server/flask/request_processing/middleware/auth_context.py:480}}
Nov 18 16:53:44 user devstack@keystone.service[45893]: DEBUG keystone.server.flask.request_processing.req_logging [None req-56adc3fb-6d5a-4ff7-bd7c-7ea58bd5631c None admin] REQUEST_METHOD: `GET` {{(pid=45893) log_request_info /opt/stack/keystone/keystone/server/flask/request_processing/req_logging.py:27}}
Nov 18 16:53:44 user devstack@keystone.service[45893]: DEBUG keystone.server.flask.request_processing.req_logging [None req-56adc3fb-6d5a-4ff7-bd7c-7ea58bd5631c None admin] SCRIPT_NAME: `/identity` {{(pid=45893) log_request_info /opt/stack/keystone/keystone/server/flask/request_processing/req_logging.py:28}}
Nov 18 16:53:44 user devstack@keystone.service[45893]: DEBUG keystone.server.flask.request_processing.req_logging [None req-56adc3fb-6d5a-4ff7-bd7c-7ea58bd5631c None admin] PATH_INFO: `/v3/role_assignments` {{(pid=45893) log_request_info /opt/stack/keystone/keystone/server/flask/request_processing/req_logging.py:29}}
Nov 18 16:53:44 user devstack@keystone.service[45893]: DEBUG keystone.common.rbac_enforcer.enforcer [None req-56adc3fb-6d5a-4ff7-bd7c-7ea58bd5631c None admin] RBAC: Adding query filter params (role.id=a340391616034ba9a53a64347d5ea7ea, user.id=c93daac9833c45dbb7913df20a274ef4, scope.system=all) {{(pid=45893) _extract_filter_values /opt/stack/keystone/keystone/common/rbac_enforcer/enforcer.py:167}}
Nov 18 16:53:44 user devstack@keystone.service[45893]: DEBUG keystone.common.rbac_enforcer.enforcer [None req-56adc3fb-6d5a-4ff7-bd7c-7ea58bd5631c None admin] RBAC: Authorizing `identity:list_role_assignments()` {{(pid=45893) enforce_call /opt/stack/keystone/keystone/common/rbac_enforcer/enforcer.py:449}}
Nov 18 16:53:44 user devstack@keystone.service[45893]: DEBUG keystone.common.rbac_enforcer.enforcer [None req-56adc3fb-6d5a-4ff7-bd7c-7ea58bd5631c None admin] RBAC: Authorization granted {{(pid=45893) enforce_call /opt/stack/keystone/keystone/common/rbac_enforcer/enforcer.py:457}}
Nov 18 16:53:44 user devstack@keystone.service[45893]: [pid: 45893|app: 0|req: 79/240] 10.0.0.210 () {56 vars in 1303 bytes} [Sat Nov 18 16:53:44 2023] GET /identity/v3/role_assignments?user.id=c93daac9833c45dbb7913df20a274ef4&scope.system=all&role.id=a340391616034ba9a53a64347d5ea7ea => generated 225 bytes in 197 msecs (HTTP/1.1 200) 5 headers in 177 bytes (1 switches on core 0)
Nov 18 16:53:44 user devstack@keystone.service[45894]: DEBUG keystone.server.flask.request_processing.middleware.auth_context [None req-eb2b16bc-5394-4cf8-9b55-b145f59b82ef None admin] Validating token access rules against request {{(pid=45894) validate_allowed_request /opt/stack/data/venv/lib/python3.10/site-packages/keystonemiddleware/auth_token/__init__.py:544}}
Nov 18 16:53:44 user devstack@keystone.service[45894]: DEBUG keystone.server.flask.request_processing.middleware.auth_context [None req-8d63c3cd-7a9c-4dad-987a-63e2462413d9 None admin] RBAC: auth_context: {'token': , 'domain_id': None, 'trust_id': None, 'trustor_id': None, 'trustee_id': None, 'domain_name': None, 'group_ids': [], 'user_id': '6698bbee2bae481d8ff8dd0520b9ea53', 'user_domain_id': 'default', 'system_scope': 'all', 'project_id': None, 'project_domain_id': None, 'roles': ['admin', 'manager', 'member', 'reader'], 'is_admin_project': True, 'service_user_id': None, 'service_user_domain_id': None, 'service_project_id': None, 'service_project_domain_id': None, 'service_roles': []} {{(pid=45894) fill_context /opt/stack/keystone/keystone/server/flask/request_processing/middleware/auth_context.py:480}}
Nov 18 16:53:44 user devstack@keystone.service[45894]: DEBUG keystone.server.flask.request_processing.req_logging [None req-8d63c3cd-7a9c-4dad-987a-63e2462413d9 None admin] REQUEST_METHOD: `PUT` {{(pid=45894) log_request_info /opt/stack/keystone/keystone/server/flask/request_processing/req_logging.py:27}}
Nov 18 16:53:44 user devstack@keystone.service[45894]: DEBUG keystone.server.flask.request_processing.req_logging [None req-8d63c3cd-7a9c-4dad-987a-63e2462413d9 None admin] SCRIPT_NAME: `/identity` {{(pid=45894) log_request_info /opt/stack/keystone/keystone/server/flask/request_processing/req_logging.py:28}}
Nov 18 16:53:44 user devstack@keystone.service[45894]: DEBUG keystone.server.flask.request_processing.req_logging [None req-8d63c3cd-7a9c-4dad-987a-63e2462413d9 None admin] PATH_INFO: `/v3/system/users/087ee33ce17743be9f72b6dff3e894ce/roles/f15cd7b12b4a4f3698a39d0df39fddf0` {{(pid=45894) log_request_info /opt/stack/keystone/keystone/server/flask/request_processing/req_logging.py:29}}
Nov 18 16:53:44 user devstack@keystone.service[45894]: DEBUG keystone.common.rbac_enforcer.enforcer [None req-8d63c3cd-7a9c-4dad-987a-63e2462413d9 None admin] RBAC: Authorizing `identity:create_system_grant_for_user(user_id=087ee33ce17743be9f72b6dff3e894ce, role_id=f15cd7b12b4a4f3698a39d0df39fddf0)` {{(pid=45894) enforce_call /opt/stack/keystone/keystone/common/rbac_enforcer/enforcer.py:449}}
Nov 18 16:53:44 user devstack@keystone.service[45894]: DEBUG keystone.common.rbac_enforcer.enforcer [None req-8d63c3cd-7a9c-4dad-987a-63e2462413d9 None admin] RBAC: Authorization granted {{(pid=45894) enforce_call /opt/stack/keystone/keystone/common/rbac_enforcer/enforcer.py:457}}
Nov 18 16:53:44 user devstack@keystone.service[45894]: [pid: 45894|app: 0|req: 81/241] 10.0.0.210 () {58 vars in 1329 bytes} [Sat Nov 18 16:53:44 2023] PUT /identity/v3/system/users/087ee33ce17743be9f72b6dff3e894ce/roles/f15cd7b12b4a4f3698a39d0df39fddf0 => generated 0 bytes in 216 msecs (HTTP/1.1 204) 3 headers in 132 bytes (0 switches on core 0)
Nov 18 16:53:45 user devstack@keystone.service[45892]: DEBUG keystone.server.flask.request_processing.req_logging [None req-c97da9a6-ce56-42df-b9c6-66be973d1f6d None None] REQUEST_METHOD: `GET` {{(pid=45892) log_request_info /opt/stack/keystone/keystone/server/flask/request_processing/req_logging.py:27}}
Nov 18 16:53:45 user devstack@keystone.service[45892]: DEBUG keystone.server.flask.request_processing.req_logging [None req-c97da9a6-ce56-42df-b9c6-66be973d1f6d None None] SCRIPT_NAME: `/identity` {{(pid=45892) log_request_info /opt/stack/keystone/keystone/server/flask/request_processing/req_logging.py:28}}
Nov 18 16:53:45 user devstack@keystone.service[45892]: DEBUG keystone.server.flask.request_processing.req_logging [None req-c97da9a6-ce56-42df-b9c6-66be973d1f6d None None] PATH_INFO: `/` {{(pid=45892) log_request_info /opt/stack/keystone/keystone/server/flask/request_processing/req_logging.py:29}}
Nov 18 16:53:45 user devstack@keystone.service[45892]: [pid: 45892|app: 0|req: 82/242] 10.0.0.210 () {54 vars in 921 bytes} [Sat Nov 18 16:53:45 2023] GET /identity => generated 269 bytes in 3 msecs (HTTP/1.1 300) 6 headers in 233 bytes (1 switches on core 0)
Nov 18 16:53:45 user devstack@keystone.service[45893]: DEBUG keystone.server.flask.request_processing.req_logging [None req-29700901-bf69-4db4-83b0-7937d2f73485 None None] REQUEST_METHOD: `POST` {{(pid=45893) log_request_info /opt/stack/keystone/keystone/server/flask/request_processing/req_logging.py:27}}
Nov 18 16:53:45 user devstack@keystone.service[45893]: DEBUG keystone.server.flask.request_processing.req_logging [None req-29700901-bf69-4db4-83b0-7937d2f73485 None None] SCRIPT_NAME: `/identity` {{(pid=45893) log_request_info /opt/stack/keystone/keystone/server/flask/request_processing/req_logging.py:28}}
Nov 18 16:53:45 user devstack@keystone.service[45893]: DEBUG keystone.server.flask.request_processing.req_logging [None req-29700901-bf69-4db4-83b0-7937d2f73485 None None] PATH_INFO: `/v3/auth/tokens` {{(pid=45893) log_request_info /opt/stack/keystone/keystone/server/flask/request_processing/req_logging.py:29}}
Nov 18 16:53:45 user devstack@keystone.service[45893]: WARNING keystone.common.password_hashing [None req-29700901-bf69-4db4-83b0-7937d2f73485 None None] Truncating password to algorithm specific maximum length 72 characters.
Nov 18 16:53:45 user devstack@keystone.service[45893]: DEBUG keystone.auth.core [None req-29700901-bf69-4db4-83b0-7937d2f73485 None None] MFA Rules not processed for user `6698bbee2bae481d8ff8dd0520b9ea53`. Rule list: `[]` (Enabled: `True`). {{(pid=45893) check_auth_methods_against_rules /opt/stack/keystone/keystone/auth/core.py:438}}
Nov 18 16:53:45 user devstack@keystone.service[45893]: DEBUG keystone.common.fernet_utils [None req-29700901-bf69-4db4-83b0-7937d2f73485 None None] Loaded 2 Fernet keys from /etc/keystone/fernet-keys/, but `[fernet_tokens] max_active_keys = 3`; perhaps there have not been enough key rotations to reach `max_active_keys` yet? {{(pid=45893) load_keys /opt/stack/keystone/keystone/common/fernet_utils.py:286}}
Nov 18 16:53:45 user devstack@keystone.service[45893]: [pid: 45893|app: 0|req: 80/243] 10.0.0.210 () {58 vars in 1018 bytes} [Sat Nov 18 16:53:45 2023] POST /identity/v3/auth/tokens => generated 861 bytes in 89 msecs (HTTP/1.1 201) 6 headers in 363 bytes (1 switches on core 0)
Nov 18 16:53:46 user devstack@keystone.service[45894]: DEBUG keystone.server.flask.request_processing.req_logging [None req-a6ca1a91-e15e-4d56-af77-148995a4524b None None] REQUEST_METHOD: `GET` {{(pid=45894) log_request_info /opt/stack/keystone/keystone/server/flask/request_processing/req_logging.py:27}}
Nov 18 16:53:46 user devstack@keystone.service[45894]: DEBUG keystone.server.flask.request_processing.req_logging [None req-a6ca1a91-e15e-4d56-af77-148995a4524b None None] SCRIPT_NAME: `/identity` {{(pid=45894) log_request_info /opt/stack/keystone/keystone/server/flask/request_processing/req_logging.py:28}}
Nov 18 16:53:46 user devstack@keystone.service[45894]: DEBUG keystone.server.flask.request_processing.req_logging [None req-a6ca1a91-e15e-4d56-af77-148995a4524b None None] PATH_INFO: `/` {{(pid=45894) log_request_info /opt/stack/keystone/keystone/server/flask/request_processing/req_logging.py:29}}
Nov 18 16:53:46 user devstack@keystone.service[45894]: [pid: 45894|app: 0|req: 82/244] 10.0.0.210 () {54 vars in 921 bytes} [Sat Nov 18 16:53:46 2023] GET /identity => generated 269 bytes in 3 msecs (HTTP/1.1 300) 6 headers in 233 bytes (1 switches on core 0)
Nov 18 16:53:46 user devstack@keystone.service[45892]: DEBUG keystone.server.flask.request_processing.req_logging [None req-6c33e8e1-8140-4019-9269-9d485bbd0347 None None] REQUEST_METHOD: `POST` {{(pid=45892) log_request_info /opt/stack/keystone/keystone/server/flask/request_processing/req_logging.py:27}}
Nov 18 16:53:46 user devstack@keystone.service[45892]: DEBUG keystone.server.flask.request_processing.req_logging [None req-6c33e8e1-8140-4019-9269-9d485bbd0347 None None] SCRIPT_NAME: `/identity` {{(pid=45892) log_request_info /opt/stack/keystone/keystone/server/flask/request_processing/req_logging.py:28}}
Nov 18 16:53:46 user devstack@keystone.service[45892]: DEBUG keystone.server.flask.request_processing.req_logging [None req-6c33e8e1-8140-4019-9269-9d485bbd0347 None None] PATH_INFO: `/v3/auth/tokens` {{(pid=45892) log_request_info /opt/stack/keystone/keystone/server/flask/request_processing/req_logging.py:29}}
Nov 18 16:53:46 user devstack@keystone.service[45893]: DEBUG keystone.server.flask.request_processing.middleware.auth_context [None req-29700901-bf69-4db4-83b0-7937d2f73485 None None] Authenticating user token {{(pid=45893) process_request /opt/stack/data/venv/lib/python3.10/site-packages/keystonemiddleware/auth_token/__init__.py:406}}
Nov 18 16:53:46 user devstack@keystone.service[45892]: WARNING keystone.common.password_hashing [None req-6c33e8e1-8140-4019-9269-9d485bbd0347 None None] Truncating password to algorithm specific maximum length 72 characters.
Nov 18 16:53:46 user devstack@keystone.service[45892]: DEBUG keystone.auth.core [None req-6c33e8e1-8140-4019-9269-9d485bbd0347 None None] MFA Rules not processed for user `6698bbee2bae481d8ff8dd0520b9ea53`. Rule list: `[]` (Enabled: `True`). {{(pid=45892) check_auth_methods_against_rules /opt/stack/keystone/keystone/auth/core.py:438}}
Nov 18 16:53:46 user devstack@keystone.service[45892]: DEBUG keystone.common.fernet_utils [None req-6c33e8e1-8140-4019-9269-9d485bbd0347 None None] Loaded 2 Fernet keys from /etc/keystone/fernet-keys/, but `[fernet_tokens] max_active_keys = 3`; perhaps there have not been enough key rotations to reach `max_active_keys` yet? {{(pid=45892) load_keys /opt/stack/keystone/keystone/common/fernet_utils.py:286}}
Nov 18 16:53:46 user devstack@keystone.service[45892]: [pid: 45892|app: 0|req: 83/245] 10.0.0.210 () {58 vars in 1018 bytes} [Sat Nov 18 16:53:46 2023] POST /identity/v3/auth/tokens => generated 861 bytes in 139 msecs (HTTP/1.1 201) 6 headers in 363 bytes (1 switches on core 0)
Nov 18 16:53:46 user devstack@keystone.service[45893]: DEBUG keystone.server.flask.request_processing.middleware.auth_context [None req-29700901-bf69-4db4-83b0-7937d2f73485 None None] Validating token access rules against request {{(pid=45893) validate_allowed_request /opt/stack/data/venv/lib/python3.10/site-packages/keystonemiddleware/auth_token/__init__.py:544}}
Nov 18 16:53:46 user devstack@keystone.service[45893]: DEBUG keystone.server.flask.request_processing.middleware.auth_context [None req-db11cdcc-fbbd-495c-b59c-e37c465e1e67 None admin] RBAC: auth_context: {'token': , 'domain_id': None, 'trust_id': None, 'trustor_id': None, 'trustee_id': None, 'domain_name': None, 'group_ids': [], 'user_id': '6698bbee2bae481d8ff8dd0520b9ea53', 'user_domain_id': 'default', 'system_scope': 'all', 'project_id': None, 'project_domain_id': None, 'roles': ['admin', 'manager', 'member', 'reader'], 'is_admin_project': True, 'service_user_id': None, 'service_user_domain_id': None, 'service_project_id': None, 'service_project_domain_id': None, 'service_roles': []} {{(pid=45893) fill_context /opt/stack/keystone/keystone/server/flask/request_processing/middleware/auth_context.py:480}}
Nov 18 16:53:46 user devstack@keystone.service[45893]: DEBUG keystone.server.flask.request_processing.req_logging [None req-db11cdcc-fbbd-495c-b59c-e37c465e1e67 None admin] REQUEST_METHOD: `GET` {{(pid=45893) log_request_info /opt/stack/keystone/keystone/server/flask/request_processing/req_logging.py:27}}
Nov 18 16:53:46 user devstack@keystone.service[45893]: DEBUG keystone.server.flask.request_processing.req_logging [None req-db11cdcc-fbbd-495c-b59c-e37c465e1e67 None admin] SCRIPT_NAME: `/identity` {{(pid=45893) log_request_info /opt/stack/keystone/keystone/server/flask/request_processing/req_logging.py:28}}
Nov 18 16:53:46 user devstack@keystone.service[45893]: DEBUG keystone.server.flask.request_processing.req_logging [None req-db11cdcc-fbbd-495c-b59c-e37c465e1e67 None admin] PATH_INFO: `/v3/domains/default` {{(pid=45893) log_request_info /opt/stack/keystone/keystone/server/flask/request_processing/req_logging.py:29}}
Nov 18 16:53:46 user devstack@keystone.service[45893]: DEBUG keystone.common.rbac_enforcer.enforcer [None req-db11cdcc-fbbd-495c-b59c-e37c465e1e67 None admin] RBAC: Authorizing `identity:get_domain(domain_id=default)` {{(pid=45893) enforce_call /opt/stack/keystone/keystone/common/rbac_enforcer/enforcer.py:449}}
Nov 18 16:53:46 user devstack@keystone.service[45893]: DEBUG keystone.common.rbac_enforcer.enforcer [None req-db11cdcc-fbbd-495c-b59c-e37c465e1e67 None admin] RBAC: Authorization granted {{(pid=45893) enforce_call /opt/stack/keystone/keystone/common/rbac_enforcer/enforcer.py:457}}
Nov 18 16:53:46 user devstack@keystone.service[45893]: [pid: 45893|app: 0|req: 81/246] 10.0.0.210 () {56 vars in 1103 bytes} [Sat Nov 18 16:53:46 2023] GET /identity/v3/domains/default => generated 198 bytes in 187 msecs (HTTP/1.1 200) 5 headers in 177 bytes (1 switches on core 0)
Nov 18 16:53:46 user devstack@keystone.service[45894]: DEBUG keystone.server.flask.request_processing.middleware.auth_context [None req-a6ca1a91-e15e-4d56-af77-148995a4524b None None] Authenticating user token {{(pid=45894) process_request /opt/stack/data/venv/lib/python3.10/site-packages/keystonemiddleware/auth_token/__init__.py:406}}
Nov 18 16:53:46 user devstack@keystone.service[45892]: DEBUG keystone.server.flask.request_processing.req_logging [None req-2a4e835c-390e-4072-8246-1848ce867d76 None None] REQUEST_METHOD: `GET` {{(pid=45892) log_request_info /opt/stack/keystone/keystone/server/flask/request_processing/req_logging.py:27}}
Nov 18 16:53:46 user devstack@keystone.service[45892]: DEBUG keystone.server.flask.request_processing.req_logging [None req-2a4e835c-390e-4072-8246-1848ce867d76 None None] SCRIPT_NAME: `/identity` {{(pid=45892) log_request_info /opt/stack/keystone/keystone/server/flask/request_processing/req_logging.py:28}}
Nov 18 16:53:46 user devstack@keystone.service[45892]: DEBUG keystone.server.flask.request_processing.req_logging [None req-2a4e835c-390e-4072-8246-1848ce867d76 None None] PATH_INFO: `/` {{(pid=45892) log_request_info /opt/stack/keystone/keystone/server/flask/request_processing/req_logging.py:29}}
Nov 18 16:53:46 user devstack@keystone.service[45892]: [pid: 45892|app: 0|req: 84/247] 10.0.0.210 () {54 vars in 921 bytes} [Sat Nov 18 16:53:46 2023] GET /identity => generated 269 bytes in 5 msecs (HTTP/1.1 300) 6 headers in 233 bytes (1 switches on core 0)
Nov 18 16:53:46 user devstack@keystone.service[45893]: DEBUG keystone.server.flask.request_processing.req_logging [None req-f3013e0d-5094-4764-a002-ec847792ebc5 None None] REQUEST_METHOD: `POST` {{(pid=45893) log_request_info /opt/stack/keystone/keystone/server/flask/request_processing/req_logging.py:27}}
Nov 18 16:53:46 user devstack@keystone.service[45893]: DEBUG keystone.server.flask.request_processing.req_logging [None req-f3013e0d-5094-4764-a002-ec847792ebc5 None None] SCRIPT_NAME: `/identity` {{(pid=45893) log_request_info /opt/stack/keystone/keystone/server/flask/request_processing/req_logging.py:28}}
Nov 18 16:53:46 user devstack@keystone.service[45893]: DEBUG keystone.server.flask.request_processing.req_logging [None req-f3013e0d-5094-4764-a002-ec847792ebc5 None None] PATH_INFO: `/v3/auth/tokens` {{(pid=45893) log_request_info /opt/stack/keystone/keystone/server/flask/request_processing/req_logging.py:29}}
Nov 18 16:53:46 user devstack@keystone.service[45893]: WARNING keystone.common.password_hashing [None req-f3013e0d-5094-4764-a002-ec847792ebc5 None None] Truncating password to algorithm specific maximum length 72 characters.
Nov 18 16:53:46 user devstack@keystone.service[45893]: DEBUG keystone.auth.core [None req-f3013e0d-5094-4764-a002-ec847792ebc5 None None] MFA Rules not processed for user `6698bbee2bae481d8ff8dd0520b9ea53`. Rule list: `[]` (Enabled: `True`). {{(pid=45893) check_auth_methods_against_rules /opt/stack/keystone/keystone/auth/core.py:438}}
Nov 18 16:53:46 user devstack@keystone.service[45893]: DEBUG keystone.common.fernet_utils [None req-f3013e0d-5094-4764-a002-ec847792ebc5 None None] Loaded 2 Fernet keys from /etc/keystone/fernet-keys/, but `[fernet_tokens] max_active_keys = 3`; perhaps there have not been enough key rotations to reach `max_active_keys` yet? {{(pid=45893) load_keys /opt/stack/keystone/keystone/common/fernet_utils.py:286}}
Nov 18 16:53:46 user devstack@keystone.service[45894]: DEBUG keystone.server.flask.request_processing.middleware.auth_context [None req-a6ca1a91-e15e-4d56-af77-148995a4524b None None] Validating token access rules against request {{(pid=45894) validate_allowed_request /opt/stack/data/venv/lib/python3.10/site-packages/keystonemiddleware/auth_token/__init__.py:544}}
Nov 18 16:53:46 user devstack@keystone.service[45893]: [pid: 45893|app: 0|req: 82/248] 10.0.0.210 () {58 vars in 1018 bytes} [Sat Nov 18 16:53:46 2023] POST /identity/v3/auth/tokens => generated 861 bytes in 88 msecs (HTTP/1.1 201) 6 headers in 363 bytes (1 switches on core 0)
Nov 18 16:53:46 user devstack@keystone.service[45894]: DEBUG keystone.server.flask.request_processing.middleware.auth_context [None req-2d2a3f0b-0424-4b3a-bb55-4fb7db66aa3d None admin] RBAC: auth_context: {'token': , 'domain_id': None, 'trust_id': None, 'trustor_id': None, 'trustee_id': None, 'domain_name': None, 'group_ids': [], 'user_id': '6698bbee2bae481d8ff8dd0520b9ea53', 'user_domain_id': 'default', 'system_scope': 'all', 'project_id': None, 'project_domain_id': None, 'roles': ['admin', 'manager', 'member', 'reader'], 'is_admin_project': True, 'service_user_id': None, 'service_user_domain_id': None, 'service_project_id': None, 'service_project_domain_id': None, 'service_roles': []} {{(pid=45894) fill_context /opt/stack/keystone/keystone/server/flask/request_processing/middleware/auth_context.py:480}}
Nov 18 16:53:46 user devstack@keystone.service[45894]: DEBUG keystone.server.flask.request_processing.req_logging [None req-2d2a3f0b-0424-4b3a-bb55-4fb7db66aa3d None admin] REQUEST_METHOD: `POST` {{(pid=45894) log_request_info /opt/stack/keystone/keystone/server/flask/request_processing/req_logging.py:27}}
Nov 18 16:53:46 user devstack@keystone.service[45894]: DEBUG keystone.server.flask.request_processing.req_logging [None req-2d2a3f0b-0424-4b3a-bb55-4fb7db66aa3d None admin] SCRIPT_NAME: `/identity` {{(pid=45894) log_request_info /opt/stack/keystone/keystone/server/flask/request_processing/req_logging.py:28}}
Nov 18 16:53:46 user devstack@keystone.service[45894]: DEBUG keystone.server.flask.request_processing.req_logging [None req-2d2a3f0b-0424-4b3a-bb55-4fb7db66aa3d None admin] PATH_INFO: `/v3/groups` {{(pid=45894) log_request_info /opt/stack/keystone/keystone/server/flask/request_processing/req_logging.py:29}}
Nov 18 16:53:46 user devstack@keystone.service[45894]: DEBUG keystone.common.rbac_enforcer.enforcer [None req-2d2a3f0b-0424-4b3a-bb55-4fb7db66aa3d None admin] RBAC: Authorizing `identity:create_group()` {{(pid=45894) enforce_call /opt/stack/keystone/keystone/common/rbac_enforcer/enforcer.py:449}}
Nov 18 16:53:46 user devstack@keystone.service[45894]: DEBUG keystone.common.rbac_enforcer.enforcer [None req-2d2a3f0b-0424-4b3a-bb55-4fb7db66aa3d None admin] RBAC: Authorization granted {{(pid=45894) enforce_call /opt/stack/keystone/keystone/common/rbac_enforcer/enforcer.py:457}}
Nov 18 16:53:46 user devstack@keystone.service[45894]: [pid: 45894|app: 0|req: 83/249] 10.0.0.210 () {60 vars in 1129 bytes} [Sat Nov 18 16:53:46 2023] POST /identity/v3/groups => generated 225 bytes in 145 msecs (HTTP/1.1 201) 5 headers in 182 bytes (1 switches on core 0)
Nov 18 16:53:46 user devstack@keystone.service[45892]: DEBUG keystone.server.flask.request_processing.middleware.auth_context [None req-2a4e835c-390e-4072-8246-1848ce867d76 None None] Authenticating user token {{(pid=45892) process_request /opt/stack/data/venv/lib/python3.10/site-packages/keystonemiddleware/auth_token/__init__.py:406}}
Nov 18 16:53:46 user devstack@keystone.service[45892]: DEBUG keystone.server.flask.request_processing.middleware.auth_context [None req-2a4e835c-390e-4072-8246-1848ce867d76 None None] Validating token access rules against request {{(pid=45892) validate_allowed_request /opt/stack/data/venv/lib/python3.10/site-packages/keystonemiddleware/auth_token/__init__.py:544}}
Nov 18 16:53:46 user devstack@keystone.service[45892]: DEBUG keystone.server.flask.request_processing.middleware.auth_context [None req-b6dfe5bc-88c8-4091-be4a-ab78ed617eb3 None admin] RBAC: auth_context: {'token': , 'domain_id': None, 'trust_id': None, 'trustor_id': None, 'trustee_id': None, 'domain_name': None, 'group_ids': [], 'user_id': '6698bbee2bae481d8ff8dd0520b9ea53', 'user_domain_id': 'default', 'system_scope': 'all', 'project_id': None, 'project_domain_id': None, 'roles': ['admin', 'manager', 'member', 'reader'], 'is_admin_project': True, 'service_user_id': None, 'service_user_domain_id': None, 'service_project_id': None, 'service_project_domain_id': None, 'service_roles': []} {{(pid=45892) fill_context /opt/stack/keystone/keystone/server/flask/request_processing/middleware/auth_context.py:480}}
Nov 18 16:53:46 user devstack@keystone.service[45892]: DEBUG keystone.server.flask.request_processing.req_logging [None req-b6dfe5bc-88c8-4091-be4a-ab78ed617eb3 None admin] REQUEST_METHOD: `GET` {{(pid=45892) log_request_info /opt/stack/keystone/keystone/server/flask/request_processing/req_logging.py:27}}
Nov 18 16:53:46 user devstack@keystone.service[45892]: DEBUG keystone.server.flask.request_processing.req_logging [None req-b6dfe5bc-88c8-4091-be4a-ab78ed617eb3 None admin] SCRIPT_NAME: `/identity` {{(pid=45892) log_request_info /opt/stack/keystone/keystone/server/flask/request_processing/req_logging.py:28}}
Nov 18 16:53:46 user devstack@keystone.service[45892]: DEBUG keystone.server.flask.request_processing.req_logging [None req-b6dfe5bc-88c8-4091-be4a-ab78ed617eb3 None admin] PATH_INFO: `/v3/roles/reader` {{(pid=45892) log_request_info /opt/stack/keystone/keystone/server/flask/request_processing/req_logging.py:29}}
Nov 18 16:53:46 user devstack@keystone.service[45892]: DEBUG keystone.common.rbac_enforcer.enforcer [None req-b6dfe5bc-88c8-4091-be4a-ab78ed617eb3 None admin] Extracting inferred target data resulted in "NOT FOUND (404)". {{(pid=45892) enforce_call /opt/stack/keystone/keystone/common/rbac_enforcer/enforcer.py:409}}
Nov 18 16:53:46 user devstack@keystone.service[45892]: ERROR keystone.server.flask.application [None req-b6dfe5bc-88c8-4091-be4a-ab78ed617eb3 None admin] Could not find role: reader.: keystone.exception.RoleNotFound: Could not find role: reader.
Nov 18 16:53:46 user devstack@keystone.service[45892]: ERROR keystone.server.flask.application
Traceback (most recent call last):
Nov 18 16:53:46 user devstack@keystone.service[45892]: ERROR keystone.server.flask.application
File "/opt/stack/data/venv/lib/python3.10/site-packages/flask/app.py", line 1823, in full_dispatch_request
Nov 18 16:53:46 user devstack@keystone.service[45892]: ERROR keystone.server.flask.application rv = self.dispatch_request()
Nov 18 16:53:46 user devstack@keystone.service[45892]: ERROR keystone.server.flask.application
File "/opt/stack/data/venv/lib/python3.10/site-packages/flask/app.py", line 1799, in dispatch_request
Nov 18 16:53:46 user devstack@keystone.service[45892]: ERROR keystone.server.flask.application return self.ensure_sync(self.view_functions[rule.endpoint])(**view_args)
Nov 18 16:53:46 user devstack@keystone.service[45892]: ERROR keystone.server.flask.application
File "/opt/stack/data/venv/lib/python3.10/site-packages/flask_restful/__init__.py", line 489, in wrapper
Nov 18 16:53:46 user devstack@keystone.service[45892]: ERROR keystone.server.flask.application resp = resource(*args, **kwargs)
Nov 18 16:53:46 user devstack@keystone.service[45892]: ERROR keystone.server.flask.application
File "/opt/stack/data/venv/lib/python3.10/site-packages/flask/views.py", line 107, in view
Nov 18 16:53:46 user devstack@keystone.service[45892]: ERROR keystone.server.flask.application return current_app.ensure_sync(self.dispatch_request)(**kwargs)
Nov 18 16:53:46 user devstack@keystone.service[45892]: ERROR keystone.server.flask.application
File "/opt/stack/data/venv/lib/python3.10/site-packages/flask_restful/__init__.py", line 604, in dispatch_request
Nov 18 16:53:46 user devstack@keystone.service[45892]: ERROR keystone.server.flask.application resp = meth(*args, **kwargs)
Nov 18 16:53:46 user devstack@keystone.service[45892]: ERROR keystone.server.flask.application
File "/opt/stack/keystone/keystone/api/roles.py", line 50, in get
Nov 18 16:53:46 user devstack@keystone.service[45892]: ERROR keystone.server.flask.application return self._get_role(role_id)
Nov 18 16:53:46 user devstack@keystone.service[45892]: ERROR keystone.server.flask.application
File "/opt/stack/keystone/keystone/api/roles.py", line 70, in _get_role
Nov 18 16:53:46 user devstack@keystone.service[45892]: ERROR keystone.server.flask.application ENFORCER.enforce_call(action='identity:get_role')
Nov 18 16:53:46 user devstack@keystone.service[45892]: ERROR keystone.server.flask.application
File "/opt/stack/keystone/keystone/common/rbac_enforcer/enforcer.py", line 402, in enforce_call
Nov 18 16:53:46 user devstack@keystone.service[45892]: ERROR keystone.server.flask.application policy_dict.update(cls._extract_member_target_data(
Nov 18 16:53:46 user devstack@keystone.service[45892]: ERROR keystone.server.flask.application
File "/opt/stack/keystone/keystone/common/rbac_enforcer/enforcer.py", line 234, in _extract_member_target_data
Nov 18 16:53:46 user devstack@keystone.service[45892]: ERROR keystone.server.flask.application member_name: func(flask.request.view_args[key])
Nov 18 16:53:46 user devstack@keystone.service[45892]: ERROR keystone.server.flask.application
File "/opt/stack/keystone/keystone/common/manager.py", line 115, in wrapped
Nov 18 16:53:46 user devstack@keystone.service[45892]: ERROR keystone.server.flask.application __ret_val = __f(*args, **kwargs)
Nov 18 16:53:46 user devstack@keystone.service[45892]: ERROR keystone.server.flask.application
File "/opt/stack/data/venv/lib/python3.10/site-packages/decorator.py", line 232, in fun
Nov 18 16:53:46 user devstack@keystone.service[45892]: ERROR keystone.server.flask.application return caller(func, *(extras + args), **kw)
Nov 18 16:53:46 user devstack@keystone.service[45892]: ERROR keystone.server.flask.application
File "/opt/stack/data/venv/lib/python3.10/site-packages/dogpile/cache/region.py", line 1594, in get_or_create_for_user_func
Nov 18 16:53:46 user devstack@keystone.service[45892]: ERROR keystone.server.flask.application return self.get_or_create(
Nov 18 16:53:46 user devstack@keystone.service[45892]: ERROR keystone.server.flask.application
File "/opt/stack/data/venv/lib/python3.10/site-packages/dogpile/cache/region.py", line 1054, in get_or_create
Nov 18 16:53:46 user devstack@keystone.service[45892]: ERROR keystone.server.flask.application with Lock(
Nov 18 16:53:46 user devstack@keystone.service[45892]: ERROR keystone.server.flask.application
File "/opt/stack/data/venv/lib/python3.10/site-packages/dogpile/lock.py", line 185, in __enter__
Nov 18 16:53:46 user devstack@keystone.service[45892]: ERROR keystone.server.flask.application return self._enter()
Nov 18 16:53:46 user devstack@keystone.service[45892]: ERROR keystone.server.flask.application
File "/opt/stack/data/venv/lib/python3.10/site-packages/dogpile/lock.py", line 94, in _enter
Nov 18 16:53:46 user devstack@keystone.service[45892]: ERROR keystone.server.flask.application generated = self._enter_create(value, createdtime)
Nov 18 16:53:46 user devstack@keystone.service[45892]: ERROR keystone.server.flask.application
File "/opt/stack/data/venv/lib/python3.10/site-packages/dogpile/lock.py", line 178, in _enter_create
Nov 18 16:53:46 user devstack@keystone.service[45892]: ERROR keystone.server.flask.application return self.creator()
Nov 18 16:53:46 user devstack@keystone.service[45892]: ERROR keystone.server.flask.application
File "/opt/stack/data/venv/lib/python3.10/site-packages/dogpile/cache/region.py", line 1007, in gen_value
Nov 18 16:53:46 user devstack@keystone.service[45892]: ERROR keystone.server.flask.application created_value = creator(
Nov 18 16:53:46 user devstack@keystone.service[45892]: ERROR keystone.server.flask.application
File "/opt/stack/keystone/keystone/assignment/core.py", line 1276, in get_role
Nov 18 16:53:46 user devstack@keystone.service[45892]: ERROR keystone.server.flask.application return self.driver.get_role(role_id)
Nov 18 16:53:46 user devstack@keystone.service[45892]: ERROR keystone.server.flask.application
File "/opt/stack/keystone/keystone/assignment/role_backends/sql.py", line 70, in get_role
Nov 18 16:53:46 user devstack@keystone.service[45892]: ERROR keystone.server.flask.application return self._get_role(session, role_id).to_dict()
Nov 18 16:53:46 user devstack@keystone.service[45892]: ERROR keystone.server.flask.application
File "/opt/stack/keystone/keystone/assignment/role_backends/sql.py", line 65, in _get_role
Nov 18 16:53:46 user devstack@keystone.service[45892]: ERROR keystone.server.flask.application raise exception.RoleNotFound(role_id=role_id)
Nov 18 16:53:46 user devstack@keystone.service[45892]: ERROR keystone.server.flask.application keystone.exception.RoleNotFound: Could not find role: reader.
Nov 18 16:53:46 user devstack@keystone.service[45892]: ERROR keystone.server.flask.application
Nov 18 16:53:46 user devstack@keystone.service[45892]: [pid: 45892|app: 0|req: 85/250] 10.0.0.210 () {56 vars in 1094 bytes} [Sat Nov 18 16:53:46 2023] GET /identity/v3/roles/reader => generated 84 bytes in 161 msecs (HTTP/1.1 404) 5 headers in 183 bytes (1 switches on core 0)
Nov 18 16:53:46 user devstack@keystone.service[45893]: DEBUG keystone.server.flask.request_processing.middleware.auth_context [None req-f3013e0d-5094-4764-a002-ec847792ebc5 None None] Authenticating user token {{(pid=45893) process_request /opt/stack/data/venv/lib/python3.10/site-packages/keystonemiddleware/auth_token/__init__.py:406}}
Nov 18 16:53:46 user devstack@keystone.service[45894]: DEBUG keystone.server.flask.request_processing.middleware.auth_context [None req-2d2a3f0b-0424-4b3a-bb55-4fb7db66aa3d None admin] Authenticating user token {{(pid=45894) process_request /opt/stack/data/venv/lib/python3.10/site-packages/keystonemiddleware/auth_token/__init__.py:406}}
Nov 18 16:53:46 user devstack@keystone.service[45893]: DEBUG keystone.server.flask.request_processing.middleware.auth_context [None req-f3013e0d-5094-4764-a002-ec847792ebc5 None None] Validating token access rules against request {{(pid=45893) validate_allowed_request /opt/stack/data/venv/lib/python3.10/site-packages/keystonemiddleware/auth_token/__init__.py:544}}
