Oct 30 05:32:35 user devstack@keystone.service[46269]: DEBUG keystone.server.flask.request_processing.req_logging [None req-f78b383e-2d90-492a-b496-3df3559bd695 None admin] SCRIPT_NAME: `/identity` {{(pid=46269) log_request_info /opt/stack/keystone/keystone/server/flask/request_processing/req_logging.py:28}}
Oct 30 05:32:35 user devstack@keystone.service[46269]: DEBUG keystone.server.flask.request_processing.req_logging [None req-f78b383e-2d90-492a-b496-3df3559bd695 None admin] PATH_INFO: `/v3/auth/tokens` {{(pid=46269) log_request_info /opt/stack/keystone/keystone/server/flask/request_processing/req_logging.py:29}}
Oct 30 05:32:35 user devstack@keystone.service[46268]: DEBUG keystone.server.flask.request_processing.middleware.auth_context [None req-9082fff2-81d0-4999-89ad-2c2251852a77 None admin] Validating token access rules against request {{(pid=46268) validate_allowed_request /opt/stack/data/venv/lib/python3.10/site-packages/keystonemiddleware/auth_token/__init__.py:544}}
Oct 30 05:32:35 user devstack@keystone.service[46270]: [pid: 46270|app: 0|req: 40/125] 10.0.0.210 () {58 vars in 1277 bytes} [Mon Oct 30 05:32:35 2023] GET /identity/v3/auth/tokens => generated 861 bytes in 324 msecs (HTTP/1.1 200) 6 headers in 358 bytes (1 switches on core 0)
Oct 30 05:32:35 user devstack@keystone.service[46270]: DEBUG keystone.server.flask.request_processing.middleware.auth_context [None req-ebe3154d-43e5-49aa-9f40-cd7f2bcfb86f None admin] Authenticating user token {{(pid=46270) process_request /opt/stack/data/venv/lib/python3.10/site-packages/keystonemiddleware/auth_token/__init__.py:406}}
Oct 30 05:32:35 user devstack@keystone.service[46268]: DEBUG keystone.server.flask.request_processing.middleware.auth_context [None req-48f8ba69-f09b-4d05-bce5-f54842f275a9 None admin] RBAC: auth_context: {'token': , 'domain_id': None, 'trust_id': None, 'trustor_id': None, 'trustee_id': None, 'domain_name': None, 'group_ids': [], 'user_id': '7b078d2c9363419c8ffa18ab71bf281d', 'user_domain_id': 'default', 'system_scope': 'all', 'project_id': None, 'project_domain_id': None, 'roles': ['admin', 'manager', 'member', 'reader'], 'is_admin_project': True, 'service_user_id': None, 'service_user_domain_id': None, 'service_project_id': None, 'service_project_domain_id': None, 'service_roles': []} {{(pid=46268) fill_context /opt/stack/keystone/keystone/server/flask/request_processing/middleware/auth_context.py:480}}
Oct 30 05:32:35 user devstack@keystone.service[46268]: DEBUG keystone.server.flask.request_processing.req_logging [None req-48f8ba69-f09b-4d05-bce5-f54842f275a9 None admin] REQUEST_METHOD: `GET` {{(pid=46268) log_request_info /opt/stack/keystone/keystone/server/flask/request_processing/req_logging.py:27}}
Oct 30 05:32:35 user devstack@keystone.service[46268]: DEBUG keystone.server.flask.request_processing.req_logging [None req-48f8ba69-f09b-4d05-bce5-f54842f275a9 None admin] SCRIPT_NAME: `/identity` {{(pid=46268) log_request_info /opt/stack/keystone/keystone/server/flask/request_processing/req_logging.py:28}}
Oct 30 05:32:35 user devstack@keystone.service[46268]: DEBUG keystone.server.flask.request_processing.req_logging [None req-48f8ba69-f09b-4d05-bce5-f54842f275a9 None admin] PATH_INFO: `/v3/role_assignments` {{(pid=46268) log_request_info /opt/stack/keystone/keystone/server/flask/request_processing/req_logging.py:29}}
Oct 30 05:32:35 user devstack@keystone.service[46268]: DEBUG keystone.common.rbac_enforcer.enforcer [None req-48f8ba69-f09b-4d05-bce5-f54842f275a9 None admin] RBAC: Adding query filter params (role.id=188222c1fe53426a94b031811c2e92dd, scope.project.id=a049b91a99134012922e2930c29cf6aa, user.id=7b078d2c9363419c8ffa18ab71bf281d) {{(pid=46268) _extract_filter_values /opt/stack/keystone/keystone/common/rbac_enforcer/enforcer.py:167}}
Oct 30 05:32:35 user devstack@keystone.service[46268]: DEBUG keystone.common.rbac_enforcer.enforcer [None req-48f8ba69-f09b-4d05-bce5-f54842f275a9 None admin] RBAC: Authorizing `identity:list_role_assignments()` {{(pid=46268) enforce_call /opt/stack/keystone/keystone/common/rbac_enforcer/enforcer.py:449}}
Oct 30 05:32:35 user devstack@keystone.service[46268]: DEBUG keystone.common.rbac_enforcer.enforcer [None req-48f8ba69-f09b-4d05-bce5-f54842f275a9 None admin] RBAC: Authorization granted {{(pid=46268) enforce_call /opt/stack/keystone/keystone/common/rbac_enforcer/enforcer.py:457}}
Oct 30 05:32:35 user devstack@keystone.service[46268]: [pid: 46268|app: 0|req: 44/126] 10.0.0.210 () {56 vars in 1369 bytes} [Mon Oct 30 05:32:35 2023] GET /identity/v3/role_assignments?user.id=7b078d2c9363419c8ffa18ab71bf281d&scope.project.id=a049b91a99134012922e2930c29cf6aa&role.id=188222c1fe53426a94b031811c2e92dd => generated 606 bytes in 148 msecs (HTTP/1.1 200) 5 headers in 177 bytes (1 switches on core 0)
Oct 30 05:32:35 user devstack@keystone.service[46269]: DEBUG keystone.common.rbac_enforcer.enforcer [None req-f78b383e-2d90-492a-b496-3df3559bd695 None admin] RBAC: Authorizing `identity:validate_token()` {{(pid=46269) enforce_call /opt/stack/keystone/keystone/common/rbac_enforcer/enforcer.py:449}}
Oct 30 05:32:35 user devstack@keystone.service[46269]: DEBUG keystone.common.rbac_enforcer.enforcer [None req-f78b383e-2d90-492a-b496-3df3559bd695 None admin] RBAC: Authorization granted {{(pid=46269) enforce_call /opt/stack/keystone/keystone/common/rbac_enforcer/enforcer.py:457}}
Oct 30 05:32:35 user devstack@keystone.service[46270]: DEBUG keystone.server.flask.request_processing.middleware.auth_context [None req-ebe3154d-43e5-49aa-9f40-cd7f2bcfb86f None admin] Validating token access rules against request {{(pid=46270) validate_allowed_request /opt/stack/data/venv/lib/python3.10/site-packages/keystonemiddleware/auth_token/__init__.py:544}}
Oct 30 05:32:35 user devstack@keystone.service[46270]: DEBUG keystone.server.flask.request_processing.middleware.auth_context [None req-49107cc7-0806-4edb-a5b6-9def15b7a176 None admin] RBAC: auth_context: {'token': , 'domain_id': None, 'trust_id': None, 'trustor_id': None, 'trustee_id': None, 'domain_name': None, 'group_ids': [], 'user_id': '7b078d2c9363419c8ffa18ab71bf281d', 'user_domain_id': 'default', 'system_scope': 'all', 'project_id': None, 'project_domain_id': None, 'roles': ['admin', 'manager', 'member', 'reader'], 'is_admin_project': True, 'service_user_id': None, 'service_user_domain_id': None, 'service_project_id': None, 'service_project_domain_id': None, 'service_roles': []} {{(pid=46270) fill_context /opt/stack/keystone/keystone/server/flask/request_processing/middleware/auth_context.py:480}}
Oct 30 05:32:35 user devstack@keystone.service[46270]: DEBUG keystone.server.flask.request_processing.req_logging [None req-49107cc7-0806-4edb-a5b6-9def15b7a176 None admin] REQUEST_METHOD: `GET` {{(pid=46270) log_request_info /opt/stack/keystone/keystone/server/flask/request_processing/req_logging.py:27}}
Oct 30 05:32:35 user devstack@keystone.service[46270]: DEBUG keystone.server.flask.request_processing.req_logging [None req-49107cc7-0806-4edb-a5b6-9def15b7a176 None admin] SCRIPT_NAME: `/identity` {{(pid=46270) log_request_info /opt/stack/keystone/keystone/server/flask/request_processing/req_logging.py:28}}
Oct 30 05:32:35 user devstack@keystone.service[46270]: DEBUG keystone.server.flask.request_processing.req_logging [None req-49107cc7-0806-4edb-a5b6-9def15b7a176 None admin] PATH_INFO: `/v3/projects/d05e2ad0694a4c2ba7a8b449c11293ef` {{(pid=46270) log_request_info /opt/stack/keystone/keystone/server/flask/request_processing/req_logging.py:29}}
Oct 30 05:32:35 user devstack@keystone.service[46270]: DEBUG keystone.common.rbac_enforcer.enforcer [None req-49107cc7-0806-4edb-a5b6-9def15b7a176 None admin] RBAC: Authorizing `identity:get_project(project_id=d05e2ad0694a4c2ba7a8b449c11293ef)` {{(pid=46270) enforce_call /opt/stack/keystone/keystone/common/rbac_enforcer/enforcer.py:449}}
Oct 30 05:32:35 user devstack@keystone.service[46270]: DEBUG keystone.common.rbac_enforcer.enforcer [None req-49107cc7-0806-4edb-a5b6-9def15b7a176 None admin] RBAC: Authorization granted {{(pid=46270) enforce_call /opt/stack/keystone/keystone/common/rbac_enforcer/enforcer.py:457}}
Oct 30 05:32:35 user devstack@keystone.service[46270]: [pid: 46270|app: 0|req: 41/127] 10.0.0.210 () {56 vars in 1181 bytes} [Mon Oct 30 05:32:35 2023] GET /identity/v3/projects/d05e2ad0694a4c2ba7a8b449c11293ef => generated 311 bytes in 147 msecs (HTTP/1.1 200) 5 headers in 177 bytes (2 switches on core 0)
Oct 30 05:32:35 user devstack@keystone.service[46268]: DEBUG keystone.server.flask.request_processing.middleware.auth_context [None req-48f8ba69-f09b-4d05-bce5-f54842f275a9 None admin] Authenticating user token {{(pid=46268) process_request /opt/stack/data/venv/lib/python3.10/site-packages/keystonemiddleware/auth_token/__init__.py:406}}
Oct 30 05:32:35 user devstack@keystone.service[46269]: [pid: 46269|app: 0|req: 43/128] 10.0.0.210 () {58 vars in 1277 bytes} [Mon Oct 30 05:32:35 2023] GET /identity/v3/auth/tokens => generated 861 bytes in 334 msecs (HTTP/1.1 200) 6 headers in 358 bytes (1 switches on core 0)
Oct 30 05:32:35 user devstack@keystone.service[46270]: DEBUG keystone.server.flask.request_processing.middleware.auth_context [None req-49107cc7-0806-4edb-a5b6-9def15b7a176 None admin] Authenticating user token {{(pid=46270) process_request /opt/stack/data/venv/lib/python3.10/site-packages/keystonemiddleware/auth_token/__init__.py:406}}
Oct 30 05:32:35 user devstack@keystone.service[46268]: DEBUG keystone.server.flask.request_processing.middleware.auth_context [None req-48f8ba69-f09b-4d05-bce5-f54842f275a9 None admin] Validating token access rules against request {{(pid=46268) validate_allowed_request /opt/stack/data/venv/lib/python3.10/site-packages/keystonemiddleware/auth_token/__init__.py:544}}
Oct 30 05:32:35 user devstack@keystone.service[46268]: DEBUG keystone.server.flask.request_processing.middleware.auth_context [None req-88e9b672-9c23-4830-9113-7e7e0debfe2e None admin] RBAC: auth_context: {'token': , 'domain_id': None, 'trust_id': None, 'trustor_id': None, 'trustee_id': None, 'domain_name': None, 'group_ids': [], 'user_id': '7b078d2c9363419c8ffa18ab71bf281d', 'user_domain_id': 'default', 'system_scope': 'all', 'project_id': None, 'project_domain_id': None, 'roles': ['admin', 'manager', 'member', 'reader'], 'is_admin_project': True, 'service_user_id': None, 'service_user_domain_id': None, 'service_project_id': None, 'service_project_domain_id': None, 'service_roles': []} {{(pid=46268) fill_context /opt/stack/keystone/keystone/server/flask/request_processing/middleware/auth_context.py:480}}
Oct 30 05:32:35 user devstack@keystone.service[46268]: DEBUG keystone.server.flask.request_processing.req_logging [None req-88e9b672-9c23-4830-9113-7e7e0debfe2e None admin] REQUEST_METHOD: `GET` {{(pid=46268) log_request_info /opt/stack/keystone/keystone/server/flask/request_processing/req_logging.py:27}}
Oct 30 05:32:35 user devstack@keystone.service[46268]: DEBUG keystone.server.flask.request_processing.req_logging [None req-88e9b672-9c23-4830-9113-7e7e0debfe2e None admin] SCRIPT_NAME: `/identity` {{(pid=46268) log_request_info /opt/stack/keystone/keystone/server/flask/request_processing/req_logging.py:28}}
Oct 30 05:32:35 user devstack@keystone.service[46268]: DEBUG keystone.server.flask.request_processing.req_logging [None req-88e9b672-9c23-4830-9113-7e7e0debfe2e None admin] PATH_INFO: `/v3/role_assignments` {{(pid=46268) log_request_info /opt/stack/keystone/keystone/server/flask/request_processing/req_logging.py:29}}
Oct 30 05:32:35 user devstack@keystone.service[46268]: DEBUG keystone.common.rbac_enforcer.enforcer [None req-88e9b672-9c23-4830-9113-7e7e0debfe2e None admin] RBAC: Adding query filter params (role.id=6d0bfadafa084379a0a9415dda2e8cb4, scope.project.id=d05e2ad0694a4c2ba7a8b449c11293ef, user.id=0dcd959f68194cfc8252ecc85faf84c6) {{(pid=46268) _extract_filter_values /opt/stack/keystone/keystone/common/rbac_enforcer/enforcer.py:167}}
Oct 30 05:32:35 user devstack@keystone.service[46268]: DEBUG keystone.common.rbac_enforcer.enforcer [None req-88e9b672-9c23-4830-9113-7e7e0debfe2e None admin] RBAC: Authorizing `identity:list_role_assignments()` {{(pid=46268) enforce_call /opt/stack/keystone/keystone/common/rbac_enforcer/enforcer.py:449}}
Oct 30 05:32:35 user devstack@keystone.service[46270]: DEBUG keystone.server.flask.request_processing.middleware.auth_context [None req-49107cc7-0806-4edb-a5b6-9def15b7a176 None admin] Validating token access rules against request {{(pid=46270) validate_allowed_request /opt/stack/data/venv/lib/python3.10/site-packages/keystonemiddleware/auth_token/__init__.py:544}}
Oct 30 05:32:35 user devstack@keystone.service[46268]: DEBUG keystone.common.rbac_enforcer.enforcer [None req-88e9b672-9c23-4830-9113-7e7e0debfe2e None admin] RBAC: Authorization granted {{(pid=46268) enforce_call /opt/stack/keystone/keystone/common/rbac_enforcer/enforcer.py:457}}
Oct 30 05:32:35 user devstack@keystone.service[46268]: [pid: 46268|app: 0|req: 45/129] 10.0.0.210 () {56 vars in 1369 bytes} [Mon Oct 30 05:32:35 2023] GET /identity/v3/role_assignments?user.id=0dcd959f68194cfc8252ecc85faf84c6&scope.project.id=d05e2ad0694a4c2ba7a8b449c11293ef&role.id=6d0bfadafa084379a0a9415dda2e8cb4 => generated 606 bytes in 167 msecs (HTTP/1.1 200) 5 headers in 177 bytes (1 switches on core 0)
Oct 30 05:32:35 user devstack@keystone.service[46270]: DEBUG keystone.server.flask.request_processing.middleware.auth_context [None req-d30e7586-985d-4126-a849-cc3c5e577f29 None admin] RBAC: auth_context: {'token': , 'domain_id': None, 'trust_id': None, 'trustor_id': None, 'trustee_id': None, 'domain_name': None, 'group_ids': [], 'user_id': '7b078d2c9363419c8ffa18ab71bf281d', 'user_domain_id': 'default', 'system_scope': 'all', 'project_id': None, 'project_domain_id': None, 'roles': ['admin', 'manager', 'member', 'reader'], 'is_admin_project': True, 'service_user_id': None, 'service_user_domain_id': None, 'service_project_id': None, 'service_project_domain_id': None, 'service_roles': []} {{(pid=46270) fill_context /opt/stack/keystone/keystone/server/flask/request_processing/middleware/auth_context.py:480}}
Oct 30 05:32:35 user devstack@keystone.service[46270]: DEBUG keystone.server.flask.request_processing.req_logging [None req-d30e7586-985d-4126-a849-cc3c5e577f29 None admin] REQUEST_METHOD: `GET` {{(pid=46270) log_request_info /opt/stack/keystone/keystone/server/flask/request_processing/req_logging.py:27}}
Oct 30 05:32:35 user devstack@keystone.service[46270]: DEBUG keystone.server.flask.request_processing.req_logging [None req-d30e7586-985d-4126-a849-cc3c5e577f29 None admin] SCRIPT_NAME: `/identity` {{(pid=46270) log_request_info /opt/stack/keystone/keystone/server/flask/request_processing/req_logging.py:28}}
Oct 30 05:32:35 user devstack@keystone.service[46270]: DEBUG keystone.server.flask.request_processing.req_logging [None req-d30e7586-985d-4126-a849-cc3c5e577f29 None admin] PATH_INFO: `/v3/projects/a049b91a99134012922e2930c29cf6aa` {{(pid=46270) log_request_info /opt/stack/keystone/keystone/server/flask/request_processing/req_logging.py:29}}
Oct 30 05:32:35 user devstack@keystone.service[46270]: DEBUG keystone.common.rbac_enforcer.enforcer [None req-d30e7586-985d-4126-a849-cc3c5e577f29 None admin] RBAC: Authorizing `identity:get_project(project_id=a049b91a99134012922e2930c29cf6aa)` {{(pid=46270) enforce_call /opt/stack/keystone/keystone/common/rbac_enforcer/enforcer.py:449}}
Oct 30 05:32:35 user devstack@keystone.service[46270]: DEBUG keystone.common.rbac_enforcer.enforcer [None req-d30e7586-985d-4126-a849-cc3c5e577f29 None admin] RBAC: Authorization granted {{(pid=46270) enforce_call /opt/stack/keystone/keystone/common/rbac_enforcer/enforcer.py:457}}
Oct 30 05:32:35 user devstack@keystone.service[46270]: [pid: 46270|app: 0|req: 42/130] 10.0.0.210 () {56 vars in 1181 bytes} [Mon Oct 30 05:32:35 2023] GET /identity/v3/projects/a049b91a99134012922e2930c29cf6aa => generated 297 bytes in 206 msecs (HTTP/1.1 200) 5 headers in 177 bytes (1 switches on core 0)
Oct 30 05:32:35 user devstack@keystone.service[46269]: DEBUG keystone.server.flask.request_processing.middleware.auth_context [None req-f78b383e-2d90-492a-b496-3df3559bd695 None admin] Authenticating user token {{(pid=46269) process_request /opt/stack/data/venv/lib/python3.10/site-packages/keystonemiddleware/auth_token/__init__.py:406}}
Oct 30 05:32:35 user devstack@keystone.service[46269]: DEBUG keystone.server.flask.request_processing.middleware.auth_context [None req-f78b383e-2d90-492a-b496-3df3559bd695 None admin] Validating token access rules against request {{(pid=46269) validate_allowed_request /opt/stack/data/venv/lib/python3.10/site-packages/keystonemiddleware/auth_token/__init__.py:544}}
Oct 30 05:32:35 user devstack@keystone.service[46269]: DEBUG keystone.server.flask.request_processing.middleware.auth_context [None req-21b40575-3b6e-488a-9ce0-f217f5e9c4da None admin] RBAC: auth_context: {'token': , 'domain_id': None, 'trust_id': None, 'trustor_id': None, 'trustee_id': None, 'domain_name': None, 'group_ids': [], 'user_id': '7b078d2c9363419c8ffa18ab71bf281d', 'user_domain_id': 'default', 'system_scope': 'all', 'project_id': None, 'project_domain_id': None, 'roles': ['admin', 'manager', 'member', 'reader'], 'is_admin_project': True, 'service_user_id': None, 'service_user_domain_id': None, 'service_project_id': None, 'service_project_domain_id': None, 'service_roles': []} {{(pid=46269) fill_context /opt/stack/keystone/keystone/server/flask/request_processing/middleware/auth_context.py:480}}
Oct 30 05:32:35 user devstack@keystone.service[46269]: DEBUG keystone.server.flask.request_processing.req_logging [None req-21b40575-3b6e-488a-9ce0-f217f5e9c4da None admin] REQUEST_METHOD: `GET` {{(pid=46269) log_request_info /opt/stack/keystone/keystone/server/flask/request_processing/req_logging.py:27}}
Oct 30 05:32:35 user devstack@keystone.service[46269]: DEBUG keystone.server.flask.request_processing.req_logging [None req-21b40575-3b6e-488a-9ce0-f217f5e9c4da None admin] SCRIPT_NAME: `/identity` {{(pid=46269) log_request_info /opt/stack/keystone/keystone/server/flask/request_processing/req_logging.py:28}}
Oct 30 05:32:35 user devstack@keystone.service[46269]: DEBUG keystone.server.flask.request_processing.req_logging [None req-21b40575-3b6e-488a-9ce0-f217f5e9c4da None admin] PATH_INFO: `/v3/role_assignments` {{(pid=46269) log_request_info /opt/stack/keystone/keystone/server/flask/request_processing/req_logging.py:29}}
Oct 30 05:32:35 user devstack@keystone.service[46269]: DEBUG keystone.common.rbac_enforcer.enforcer [None req-21b40575-3b6e-488a-9ce0-f217f5e9c4da None admin] RBAC: Adding query filter params (role.id=f0791287b57046cabc776b3b665f3095, scope.project.id=a049b91a99134012922e2930c29cf6aa, user.id=0dcd959f68194cfc8252ecc85faf84c6) {{(pid=46269) _extract_filter_values /opt/stack/keystone/keystone/common/rbac_enforcer/enforcer.py:167}}
Oct 30 05:32:35 user devstack@keystone.service[46269]: DEBUG keystone.common.rbac_enforcer.enforcer [None req-21b40575-3b6e-488a-9ce0-f217f5e9c4da None admin] RBAC: Authorizing `identity:list_role_assignments()` {{(pid=46269) enforce_call /opt/stack/keystone/keystone/common/rbac_enforcer/enforcer.py:449}}
Oct 30 05:32:35 user devstack@keystone.service[46269]: DEBUG keystone.common.rbac_enforcer.enforcer [None req-21b40575-3b6e-488a-9ce0-f217f5e9c4da None admin] RBAC: Authorization granted {{(pid=46269) enforce_call /opt/stack/keystone/keystone/common/rbac_enforcer/enforcer.py:457}}
Oct 30 05:32:35 user devstack@keystone.service[46269]: [pid: 46269|app: 0|req: 44/131] 10.0.0.210 () {56 vars in 1369 bytes} [Mon Oct 30 05:32:35 2023] GET /identity/v3/role_assignments?user.id=0dcd959f68194cfc8252ecc85faf84c6&scope.project.id=a049b91a99134012922e2930c29cf6aa&role.id=f0791287b57046cabc776b3b665f3095 => generated 606 bytes in 148 msecs (HTTP/1.1 200) 5 headers in 177 bytes (1 switches on core 0)
Oct 30 05:32:36 user devstack@keystone.service[46268]: DEBUG keystone.server.flask.request_processing.req_logging [None req-c31968a4-d99c-42aa-be4a-bfda16005f33 None None] REQUEST_METHOD: `GET` {{(pid=46268) log_request_info /opt/stack/keystone/keystone/server/flask/request_processing/req_logging.py:27}}
Oct 30 05:32:36 user devstack@keystone.service[46268]: DEBUG keystone.server.flask.request_processing.req_logging [None req-c31968a4-d99c-42aa-be4a-bfda16005f33 None None] SCRIPT_NAME: `/identity` {{(pid=46268) log_request_info /opt/stack/keystone/keystone/server/flask/request_processing/req_logging.py:28}}
Oct 30 05:32:36 user devstack@keystone.service[46268]: DEBUG keystone.server.flask.request_processing.req_logging [None req-c31968a4-d99c-42aa-be4a-bfda16005f33 None None] PATH_INFO: `/` {{(pid=46268) log_request_info /opt/stack/keystone/keystone/server/flask/request_processing/req_logging.py:29}}
Oct 30 05:32:36 user devstack@keystone.service[46268]: [pid: 46268|app: 0|req: 46/132] 10.0.0.210 () {54 vars in 921 bytes} [Mon Oct 30 05:32:36 2023] GET /identity => generated 269 bytes in 6 msecs (HTTP/1.1 300) 6 headers in 233 bytes (1 switches on core 0)
Oct 30 05:32:36 user devstack@keystone.service[46270]: DEBUG keystone.server.flask.request_processing.req_logging [None req-1f924e91-2a97-4222-b345-bf8c906a68be None None] REQUEST_METHOD: `POST` {{(pid=46270) log_request_info /opt/stack/keystone/keystone/server/flask/request_processing/req_logging.py:27}}
Oct 30 05:32:36 user devstack@keystone.service[46270]: DEBUG keystone.server.flask.request_processing.req_logging [None req-1f924e91-2a97-4222-b345-bf8c906a68be None None] SCRIPT_NAME: `/identity` {{(pid=46270) log_request_info /opt/stack/keystone/keystone/server/flask/request_processing/req_logging.py:28}}
Oct 30 05:32:36 user devstack@keystone.service[46270]: DEBUG keystone.server.flask.request_processing.req_logging [None req-1f924e91-2a97-4222-b345-bf8c906a68be None None] PATH_INFO: `/v3/auth/tokens` {{(pid=46270) log_request_info /opt/stack/keystone/keystone/server/flask/request_processing/req_logging.py:29}}
Oct 30 05:32:36 user devstack@keystone.service[46270]: WARNING keystone.common.password_hashing [None req-1f924e91-2a97-4222-b345-bf8c906a68be None None] Truncating password to algorithm specific maximum length 72 characters.
Oct 30 05:32:36 user devstack@keystone.service[46270]: DEBUG keystone.auth.core [None req-1f924e91-2a97-4222-b345-bf8c906a68be None None] MFA Rules not processed for user `7b078d2c9363419c8ffa18ab71bf281d`. Rule list: `[]` (Enabled: `True`). {{(pid=46270) check_auth_methods_against_rules /opt/stack/keystone/keystone/auth/core.py:438}}
Oct 30 05:32:36 user devstack@keystone.service[46270]: DEBUG keystone.common.fernet_utils [None req-1f924e91-2a97-4222-b345-bf8c906a68be None None] Loaded 2 Fernet keys from /etc/keystone/fernet-keys/, but `[fernet_tokens] max_active_keys = 3`; perhaps there have not been enough key rotations to reach `max_active_keys` yet? {{(pid=46270) load_keys /opt/stack/keystone/keystone/common/fernet_utils.py:286}}
Oct 30 05:32:36 user devstack@keystone.service[46270]: [pid: 46270|app: 0|req: 43/133] 10.0.0.210 () {58 vars in 1018 bytes} [Mon Oct 30 05:32:36 2023] POST /identity/v3/auth/tokens => generated 861 bytes in 96 msecs (HTTP/1.1 201) 6 headers in 363 bytes (1 switches on core 0)
Oct 30 05:32:36 user devstack@keystone.service[46269]: DEBUG keystone.server.flask.request_processing.middleware.auth_context [None req-21b40575-3b6e-488a-9ce0-f217f5e9c4da None admin] Authenticating user token {{(pid=46269) process_request /opt/stack/data/venv/lib/python3.10/site-packages/keystonemiddleware/auth_token/__init__.py:406}}
Oct 30 05:32:36 user devstack@keystone.service[46269]: DEBUG keystone.server.flask.request_processing.middleware.auth_context [None req-21b40575-3b6e-488a-9ce0-f217f5e9c4da None admin] Validating token access rules against request {{(pid=46269) validate_allowed_request /opt/stack/data/venv/lib/python3.10/site-packages/keystonemiddleware/auth_token/__init__.py:544}}
Oct 30 05:32:36 user devstack@keystone.service[46269]: DEBUG keystone.server.flask.request_processing.middleware.auth_context [None req-32bd1254-4e1b-4121-8b36-24aba6ec9a7e None admin] RBAC: auth_context: {'token': , 'domain_id': None, 'trust_id': None, 'trustor_id': None, 'trustee_id': None, 'domain_name': None, 'group_ids': [], 'user_id': '7b078d2c9363419c8ffa18ab71bf281d', 'user_domain_id': 'default', 'system_scope': 'all', 'project_id': None, 'project_domain_id': None, 'roles': ['admin', 'manager', 'member', 'reader'], 'is_admin_project': True, 'service_user_id': None, 'service_user_domain_id': None, 'service_project_id': None, 'service_project_domain_id': None, 'service_roles': []} {{(pid=46269) fill_context /opt/stack/keystone/keystone/server/flask/request_processing/middleware/auth_context.py:480}}
Oct 30 05:32:36 user devstack@keystone.service[46269]: DEBUG keystone.server.flask.request_processing.req_logging [None req-32bd1254-4e1b-4121-8b36-24aba6ec9a7e None admin] REQUEST_METHOD: `GET` {{(pid=46269) log_request_info /opt/stack/keystone/keystone/server/flask/request_processing/req_logging.py:27}}
Oct 30 05:32:36 user devstack@keystone.service[46269]: DEBUG keystone.server.flask.request_processing.req_logging [None req-32bd1254-4e1b-4121-8b36-24aba6ec9a7e None admin] SCRIPT_NAME: `/identity` {{(pid=46269) log_request_info /opt/stack/keystone/keystone/server/flask/request_processing/req_logging.py:28}}
Oct 30 05:32:36 user devstack@keystone.service[46269]: DEBUG keystone.server.flask.request_processing.req_logging [None req-32bd1254-4e1b-4121-8b36-24aba6ec9a7e None admin] PATH_INFO: `/v3/domains/default` {{(pid=46269) log_request_info /opt/stack/keystone/keystone/server/flask/request_processing/req_logging.py:29}}
Oct 30 05:32:36 user devstack@keystone.service[46269]: DEBUG keystone.common.rbac_enforcer.enforcer [None req-32bd1254-4e1b-4121-8b36-24aba6ec9a7e None admin] RBAC: Authorizing `identity:get_domain(domain_id=default)` {{(pid=46269) enforce_call /opt/stack/keystone/keystone/common/rbac_enforcer/enforcer.py:449}}
Oct 30 05:32:36 user devstack@keystone.service[46269]: DEBUG keystone.common.rbac_enforcer.enforcer [None req-32bd1254-4e1b-4121-8b36-24aba6ec9a7e None admin] RBAC: Authorization granted {{(pid=46269) enforce_call /opt/stack/keystone/keystone/common/rbac_enforcer/enforcer.py:457}}
Oct 30 05:32:36 user devstack@keystone.service[46269]: [pid: 46269|app: 0|req: 45/134] 10.0.0.210 () {56 vars in 1103 bytes} [Mon Oct 30 05:32:36 2023] GET /identity/v3/domains/default => generated 198 bytes in 130 msecs (HTTP/1.1 200) 5 headers in 177 bytes (1 switches on core 0)
Oct 30 05:32:36 user devstack@keystone.service[46268]: DEBUG keystone.server.flask.request_processing.middleware.auth_context [None req-c31968a4-d99c-42aa-be4a-bfda16005f33 None None] Authenticating user token {{(pid=46268) process_request /opt/stack/data/venv/lib/python3.10/site-packages/keystonemiddleware/auth_token/__init__.py:406}}
Oct 30 05:32:36 user devstack@keystone.service[46270]: DEBUG keystone.server.flask.request_processing.req_logging [None req-a321ccf8-d797-453f-9b7e-2c01900a8f28 None None] REQUEST_METHOD: `GET` {{(pid=46270) log_request_info /opt/stack/keystone/keystone/server/flask/request_processing/req_logging.py:27}}
Oct 30 05:32:36 user devstack@keystone.service[46270]: DEBUG keystone.server.flask.request_processing.req_logging [None req-a321ccf8-d797-453f-9b7e-2c01900a8f28 None None] SCRIPT_NAME: `/identity` {{(pid=46270) log_request_info /opt/stack/keystone/keystone/server/flask/request_processing/req_logging.py:28}}
Oct 30 05:32:36 user devstack@keystone.service[46270]: DEBUG keystone.server.flask.request_processing.req_logging [None req-a321ccf8-d797-453f-9b7e-2c01900a8f28 None None] PATH_INFO: `/` {{(pid=46270) log_request_info /opt/stack/keystone/keystone/server/flask/request_processing/req_logging.py:29}}
Oct 30 05:32:36 user devstack@keystone.service[46270]: [pid: 46270|app: 0|req: 44/135] 10.0.0.210 () {54 vars in 921 bytes} [Mon Oct 30 05:32:36 2023] GET /identity => generated 269 bytes in 3 msecs (HTTP/1.1 300) 6 headers in 233 bytes (1 switches on core 0)
Oct 30 05:32:36 user devstack@keystone.service[46269]: DEBUG keystone.server.flask.request_processing.req_logging [None req-1d687df9-6801-4852-beda-7f3a8e38d5f0 None None] REQUEST_METHOD: `POST` {{(pid=46269) log_request_info /opt/stack/keystone/keystone/server/flask/request_processing/req_logging.py:27}}
Oct 30 05:32:36 user devstack@keystone.service[46269]: DEBUG keystone.server.flask.request_processing.req_logging [None req-1d687df9-6801-4852-beda-7f3a8e38d5f0 None None] SCRIPT_NAME: `/identity` {{(pid=46269) log_request_info /opt/stack/keystone/keystone/server/flask/request_processing/req_logging.py:28}}
Oct 30 05:32:36 user devstack@keystone.service[46269]: DEBUG keystone.server.flask.request_processing.req_logging [None req-1d687df9-6801-4852-beda-7f3a8e38d5f0 None None] PATH_INFO: `/v3/auth/tokens` {{(pid=46269) log_request_info /opt/stack/keystone/keystone/server/flask/request_processing/req_logging.py:29}}
Oct 30 05:32:37 user devstack@keystone.service[46269]: WARNING keystone.common.password_hashing [None req-1d687df9-6801-4852-beda-7f3a8e38d5f0 None None] Truncating password to algorithm specific maximum length 72 characters.
Oct 30 05:32:37 user devstack@keystone.service[46268]: DEBUG keystone.server.flask.request_processing.middleware.auth_context [None req-c31968a4-d99c-42aa-be4a-bfda16005f33 None None] Validating token access rules against request {{(pid=46268) validate_allowed_request /opt/stack/data/venv/lib/python3.10/site-packages/keystonemiddleware/auth_token/__init__.py:544}}
Oct 30 05:32:37 user devstack@keystone.service[46269]: DEBUG keystone.auth.core [None req-1d687df9-6801-4852-beda-7f3a8e38d5f0 None None] MFA Rules not processed for user `7b078d2c9363419c8ffa18ab71bf281d`. Rule list: `[]` (Enabled: `True`). {{(pid=46269) check_auth_methods_against_rules /opt/stack/keystone/keystone/auth/core.py:438}}
Oct 30 05:32:37 user devstack@keystone.service[46269]: DEBUG keystone.common.fernet_utils [None req-1d687df9-6801-4852-beda-7f3a8e38d5f0 None None] Loaded 2 Fernet keys from /etc/keystone/fernet-keys/, but `[fernet_tokens] max_active_keys = 3`; perhaps there have not been enough key rotations to reach `max_active_keys` yet? {{(pid=46269) load_keys /opt/stack/keystone/keystone/common/fernet_utils.py:286}}
Oct 30 05:32:37 user devstack@keystone.service[46268]: DEBUG keystone.server.flask.request_processing.middleware.auth_context [None req-51e6258c-8bb6-432d-9757-db24d699fbcc None admin] RBAC: auth_context: {'token': , 'domain_id': None, 'trust_id': None, 'trustor_id': None, 'trustee_id': None, 'domain_name': None, 'group_ids': [], 'user_id': '7b078d2c9363419c8ffa18ab71bf281d', 'user_domain_id': 'default', 'system_scope': 'all', 'project_id': None, 'project_domain_id': None, 'roles': ['admin', 'manager', 'member', 'reader'], 'is_admin_project': True, 'service_user_id': None, 'service_user_domain_id': None, 'service_project_id': None, 'service_project_domain_id': None, 'service_roles': []} {{(pid=46268) fill_context /opt/stack/keystone/keystone/server/flask/request_processing/middleware/auth_context.py:480}}
Oct 30 05:32:37 user devstack@keystone.service[46268]: DEBUG keystone.server.flask.request_processing.req_logging [None req-51e6258c-8bb6-432d-9757-db24d699fbcc None admin] REQUEST_METHOD: `POST` {{(pid=46268) log_request_info /opt/stack/keystone/keystone/server/flask/request_processing/req_logging.py:27}}
Oct 30 05:32:37 user devstack@keystone.service[46268]: DEBUG keystone.server.flask.request_processing.req_logging [None req-51e6258c-8bb6-432d-9757-db24d699fbcc None admin] SCRIPT_NAME: `/identity` {{(pid=46268) log_request_info /opt/stack/keystone/keystone/server/flask/request_processing/req_logging.py:28}}
Oct 30 05:32:37 user devstack@keystone.service[46268]: DEBUG keystone.server.flask.request_processing.req_logging [None req-51e6258c-8bb6-432d-9757-db24d699fbcc None admin] PATH_INFO: `/v3/users` {{(pid=46268) log_request_info /opt/stack/keystone/keystone/server/flask/request_processing/req_logging.py:29}}
Oct 30 05:32:37 user devstack@keystone.service[46268]: DEBUG keystone.common.rbac_enforcer.enforcer [None req-51e6258c-8bb6-432d-9757-db24d699fbcc None admin] RBAC: Authorizing `identity:create_user()` {{(pid=46268) enforce_call /opt/stack/keystone/keystone/common/rbac_enforcer/enforcer.py:449}}
Oct 30 05:32:37 user devstack@keystone.service[46268]: DEBUG keystone.common.rbac_enforcer.enforcer [None req-51e6258c-8bb6-432d-9757-db24d699fbcc None admin] RBAC: Authorization granted {{(pid=46268) enforce_call /opt/stack/keystone/keystone/common/rbac_enforcer/enforcer.py:457}}
Oct 30 05:32:37 user devstack@keystone.service[46268]: WARNING keystone.common.password_hashing [None req-51e6258c-8bb6-432d-9757-db24d699fbcc None admin] Truncating password to algorithm specific maximum length 72 characters.
Oct 30 05:32:37 user devstack@keystone.service[46269]: [pid: 46269|app: 0|req: 46/136] 10.0.0.210 () {58 vars in 1018 bytes} [Mon Oct 30 05:32:36 2023] POST /identity/v3/auth/tokens => generated 861 bytes in 166 msecs (HTTP/1.1 201) 6 headers in 363 bytes (1 switches on core 0)
Oct 30 05:32:37 user devstack@keystone.service[46268]: [pid: 46268|app: 0|req: 47/137] 10.0.0.210 () {60 vars in 1127 bytes} [Mon Oct 30 05:32:36 2023] POST /identity/v3/users => generated 282 bytes in 271 msecs (HTTP/1.1 201) 5 headers in 182 bytes (1 switches on core 0)
Oct 30 05:32:37 user devstack@keystone.service[46270]: DEBUG keystone.server.flask.request_processing.middleware.auth_context [None req-a321ccf8-d797-453f-9b7e-2c01900a8f28 None None] Authenticating user token {{(pid=46270) process_request /opt/stack/data/venv/lib/python3.10/site-packages/keystonemiddleware/auth_token/__init__.py:406}}
Oct 30 05:32:37 user devstack@keystone.service[46270]: DEBUG keystone.server.flask.request_processing.middleware.auth_context [None req-a321ccf8-d797-453f-9b7e-2c01900a8f28 None None] Validating token access rules against request {{(pid=46270) validate_allowed_request /opt/stack/data/venv/lib/python3.10/site-packages/keystonemiddleware/auth_token/__init__.py:544}}
Oct 30 05:32:37 user devstack@keystone.service[46270]: DEBUG keystone.server.flask.request_processing.middleware.auth_context [None req-f6043d86-e493-41f5-ba15-62db3ad85ada None admin] RBAC: auth_context: {'token': , 'domain_id': None, 'trust_id': None, 'trustor_id': None, 'trustee_id': None, 'domain_name': None, 'group_ids': [], 'user_id': '7b078d2c9363419c8ffa18ab71bf281d', 'user_domain_id': 'default', 'system_scope': 'all', 'project_id': None, 'project_domain_id': None, 'roles': ['admin', 'manager', 'member', 'reader'], 'is_admin_project': True, 'service_user_id': None, 'service_user_domain_id': None, 'service_project_id': None, 'service_project_domain_id': None, 'service_roles': []} {{(pid=46270) fill_context /opt/stack/keystone/keystone/server/flask/request_processing/middleware/auth_context.py:480}}
Oct 30 05:32:37 user devstack@keystone.service[46270]: DEBUG keystone.server.flask.request_processing.req_logging [None req-f6043d86-e493-41f5-ba15-62db3ad85ada None admin] REQUEST_METHOD: `GET` {{(pid=46270) log_request_info /opt/stack/keystone/keystone/server/flask/request_processing/req_logging.py:27}}
Oct 30 05:32:37 user devstack@keystone.service[46270]: DEBUG keystone.server.flask.request_processing.req_logging [None req-f6043d86-e493-41f5-ba15-62db3ad85ada None admin] SCRIPT_NAME: `/identity` {{(pid=46270) log_request_info /opt/stack/keystone/keystone/server/flask/request_processing/req_logging.py:28}}
Oct 30 05:32:37 user devstack@keystone.service[46270]: DEBUG keystone.server.flask.request_processing.req_logging [None req-f6043d86-e493-41f5-ba15-62db3ad85ada None admin] PATH_INFO: `/v3/roles/reader` {{(pid=46270) log_request_info /opt/stack/keystone/keystone/server/flask/request_processing/req_logging.py:29}}
Oct 30 05:32:37 user devstack@keystone.service[46270]: DEBUG keystone.common.rbac_enforcer.enforcer [None req-f6043d86-e493-41f5-ba15-62db3ad85ada None admin] Extracting inferred target data resulted in "NOT FOUND (404)". {{(pid=46270) enforce_call /opt/stack/keystone/keystone/common/rbac_enforcer/enforcer.py:409}}
Oct 30 05:32:37 user devstack@keystone.service[46270]: ERROR keystone.server.flask.application [None req-f6043d86-e493-41f5-ba15-62db3ad85ada None admin] Could not find role: reader.: keystone.exception.RoleNotFound: Could not find role: reader.
Oct 30 05:32:37 user devstack@keystone.service[46270]: ERROR keystone.server.flask.application
Traceback (most recent call last):
Oct 30 05:32:37 user devstack@keystone.service[46270]: ERROR keystone.server.flask.application
File "/opt/stack/data/venv/lib/python3.10/site-packages/flask/app.py", line 1823, in full_dispatch_request
Oct 30 05:32:37 user devstack@keystone.service[46270]: ERROR keystone.server.flask.application rv = self.dispatch_request()
Oct 30 05:32:37 user devstack@keystone.service[46270]: ERROR keystone.server.flask.application
File "/opt/stack/data/venv/lib/python3.10/site-packages/flask/app.py", line 1799, in dispatch_request
Oct 30 05:32:37 user devstack@keystone.service[46270]: ERROR keystone.server.flask.application return self.ensure_sync(self.view_functions[rule.endpoint])(**view_args)
Oct 30 05:32:37 user devstack@keystone.service[46270]: ERROR keystone.server.flask.application
File "/opt/stack/data/venv/lib/python3.10/site-packages/flask_restful/__init__.py", line 489, in wrapper
Oct 30 05:32:37 user devstack@keystone.service[46270]: ERROR keystone.server.flask.application resp = resource(*args, **kwargs)
Oct 30 05:32:37 user devstack@keystone.service[46270]: ERROR keystone.server.flask.application
File "/opt/stack/data/venv/lib/python3.10/site-packages/flask/views.py", line 107, in view
Oct 30 05:32:37 user devstack@keystone.service[46270]: ERROR keystone.server.flask.application return current_app.ensure_sync(self.dispatch_request)(**kwargs)
Oct 30 05:32:37 user devstack@keystone.service[46270]: ERROR keystone.server.flask.application
File "/opt/stack/data/venv/lib/python3.10/site-packages/flask_restful/__init__.py", line 604, in dispatch_request
Oct 30 05:32:37 user devstack@keystone.service[46270]: ERROR keystone.server.flask.application resp = meth(*args, **kwargs)
Oct 30 05:32:37 user devstack@keystone.service[46270]: ERROR keystone.server.flask.application
File "/opt/stack/keystone/keystone/api/roles.py", line 50, in get
Oct 30 05:32:37 user devstack@keystone.service[46270]: ERROR keystone.server.flask.application return self._get_role(role_id)
Oct 30 05:32:37 user devstack@keystone.service[46270]: ERROR keystone.server.flask.application
File "/opt/stack/keystone/keystone/api/roles.py", line 70, in _get_role
Oct 30 05:32:37 user devstack@keystone.service[46270]: ERROR keystone.server.flask.application ENFORCER.enforce_call(action='identity:get_role')
Oct 30 05:32:37 user devstack@keystone.service[46270]: ERROR keystone.server.flask.application
File "/opt/stack/keystone/keystone/common/rbac_enforcer/enforcer.py", line 402, in enforce_call
Oct 30 05:32:37 user devstack@keystone.service[46270]: ERROR keystone.server.flask.application policy_dict.update(cls._extract_member_target_data(
Oct 30 05:32:37 user devstack@keystone.service[46270]: ERROR keystone.server.flask.application
File "/opt/stack/keystone/keystone/common/rbac_enforcer/enforcer.py", line 234, in _extract_member_target_data
Oct 30 05:32:37 user devstack@keystone.service[46270]: ERROR keystone.server.flask.application member_name: func(flask.request.view_args[key])
Oct 30 05:32:37 user devstack@keystone.service[46270]: ERROR keystone.server.flask.application
File "/opt/stack/keystone/keystone/common/manager.py", line 115, in wrapped
Oct 30 05:32:37 user devstack@keystone.service[46270]: ERROR keystone.server.flask.application __ret_val = __f(*args, **kwargs)
Oct 30 05:32:37 user devstack@keystone.service[46270]: ERROR keystone.server.flask.application
File "/opt/stack/data/venv/lib/python3.10/site-packages/decorator.py", line 232, in fun
Oct 30 05:32:37 user devstack@keystone.service[46270]: ERROR keystone.server.flask.application return caller(func, *(extras + args), **kw)
Oct 30 05:32:37 user devstack@keystone.service[46270]: ERROR keystone.server.flask.application
File "/opt/stack/data/venv/lib/python3.10/site-packages/dogpile/cache/region.py", line 1594, in get_or_create_for_user_func
Oct 30 05:32:37 user devstack@keystone.service[46270]: ERROR keystone.server.flask.application return self.get_or_create(
Oct 30 05:32:37 user devstack@keystone.service[46270]: ERROR keystone.server.flask.application
File "/opt/stack/data/venv/lib/python3.10/site-packages/dogpile/cache/region.py", line 1054, in get_or_create
Oct 30 05:32:37 user devstack@keystone.service[46270]: ERROR keystone.server.flask.application with Lock(
Oct 30 05:32:37 user devstack@keystone.service[46270]: ERROR keystone.server.flask.application
File "/opt/stack/data/venv/lib/python3.10/site-packages/dogpile/lock.py", line 185, in __enter__
Oct 30 05:32:37 user devstack@keystone.service[46270]: ERROR keystone.server.flask.application return self._enter()
Oct 30 05:32:37 user devstack@keystone.service[46270]: ERROR keystone.server.flask.application
File "/opt/stack/data/venv/lib/python3.10/site-packages/dogpile/lock.py", line 94, in _enter
Oct 30 05:32:37 user devstack@keystone.service[46270]: ERROR keystone.server.flask.application generated = self._enter_create(value, createdtime)
Oct 30 05:32:37 user devstack@keystone.service[46270]: ERROR keystone.server.flask.application
File "/opt/stack/data/venv/lib/python3.10/site-packages/dogpile/lock.py", line 178, in _enter_create
Oct 30 05:32:37 user devstack@keystone.service[46270]: ERROR keystone.server.flask.application return self.creator()
Oct 30 05:32:37 user devstack@keystone.service[46270]: ERROR keystone.server.flask.application
File "/opt/stack/data/venv/lib/python3.10/site-packages/dogpile/cache/region.py", line 1007, in gen_value
Oct 30 05:32:37 user devstack@keystone.service[46270]: ERROR keystone.server.flask.application created_value = creator(
Oct 30 05:32:37 user devstack@keystone.service[46270]: ERROR keystone.server.flask.application
File "/opt/stack/keystone/keystone/assignment/core.py", line 1276, in get_role
Oct 30 05:32:37 user devstack@keystone.service[46270]: ERROR keystone.server.flask.application return self.driver.get_role(role_id)
Oct 30 05:32:37 user devstack@keystone.service[46270]: ERROR keystone.server.flask.application
File "/opt/stack/keystone/keystone/assignment/role_backends/sql.py", line 70, in get_role
Oct 30 05:32:37 user devstack@keystone.service[46270]: ERROR keystone.server.flask.application return self._get_role(session, role_id).to_dict()
Oct 30 05:32:37 user devstack@keystone.service[46270]: ERROR keystone.server.flask.application
File "/opt/stack/keystone/keystone/assignment/role_backends/sql.py", line 65, in _get_role
Oct 30 05:32:37 user devstack@keystone.service[46270]: ERROR keystone.server.flask.application raise exception.RoleNotFound(role_id=role_id)
Oct 30 05:32:37 user devstack@keystone.service[46270]: ERROR keystone.server.flask.application keystone.exception.RoleNotFound: Could not find role: reader.
Oct 30 05:32:37 user devstack@keystone.service[46270]: ERROR keystone.server.flask.application
Oct 30 05:32:37 user devstack@keystone.service[46270]: [pid: 46270|app: 0|req: 45/138] 10.0.0.210 () {56 vars in 1094 bytes} [Mon Oct 30 05:32:37 2023] GET /identity/v3/roles/reader => generated 84 bytes in 150 msecs (HTTP/1.1 404) 5 headers in 183 bytes (1 switches on core 0)
Oct 30 05:32:37 user devstack@keystone.service[46269]: DEBUG keystone.server.flask.request_processing.middleware.auth_context [None req-1d687df9-6801-4852-beda-7f3a8e38d5f0 None None] Authenticating user token {{(pid=46269) process_request /opt/stack/data/venv/lib/python3.10/site-packages/keystonemiddleware/auth_token/__init__.py:406}}
Oct 30 05:32:37 user devstack@keystone.service[46269]: DEBUG keystone.server.flask.request_processing.middleware.auth_context [None req-1d687df9-6801-4852-beda-7f3a8e38d5f0 None None] Validating token access rules against request {{(pid=46269) validate_allowed_request /opt/stack/data/venv/lib/python3.10/site-packages/keystonemiddleware/auth_token/__init__.py:544}}
Oct 30 05:32:37 user devstack@keystone.service[46269]: DEBUG keystone.server.flask.request_processing.middleware.auth_context [None req-a167441e-9f6a-4131-8e0a-92133ed09398 None admin] RBAC: auth_context: {'token': , 'domain_id': None, 'trust_id': None, 'trustor_id': None, 'trustee_id': None, 'domain_name': None, 'group_ids': [], 'user_id': '7b078d2c9363419c8ffa18ab71bf281d', 'user_domain_id': 'default', 'system_scope': 'all', 'project_id': None, 'project_domain_id': None, 'roles': ['admin', 'manager', 'member', 'reader'], 'is_admin_project': True, 'service_user_id': None, 'service_user_domain_id': None, 'service_project_id': None, 'service_project_domain_id': None, 'service_roles': []} {{(pid=46269) fill_context /opt/stack/keystone/keystone/server/flask/request_processing/middleware/auth_context.py:480}}
Oct 30 05:32:37 user devstack@keystone.service[46269]: DEBUG keystone.server.flask.request_processing.req_logging [None req-a167441e-9f6a-4131-8e0a-92133ed09398 None admin] REQUEST_METHOD: `GET` {{(pid=46269) log_request_info /opt/stack/keystone/keystone/server/flask/request_processing/req_logging.py:27}}
Oct 30 05:32:37 user devstack@keystone.service[46269]: DEBUG keystone.server.flask.request_processing.req_logging [None req-a167441e-9f6a-4131-8e0a-92133ed09398 None admin] SCRIPT_NAME: `/identity` {{(pid=46269) log_request_info /opt/stack/keystone/keystone/server/flask/request_processing/req_logging.py:28}}
Oct 30 05:32:37 user devstack@keystone.service[46269]: DEBUG keystone.server.flask.request_processing.req_logging [None req-a167441e-9f6a-4131-8e0a-92133ed09398 None admin] PATH_INFO: `/v3/roles` {{(pid=46269) log_request_info /opt/stack/keystone/keystone/server/flask/request_processing/req_logging.py:29}}
Oct 30 05:32:37 user devstack@keystone.service[46269]: DEBUG keystone.common.rbac_enforcer.enforcer [None req-a167441e-9f6a-4131-8e0a-92133ed09398 None admin] RBAC: Adding query filter params (name=reader) {{(pid=46269) _extract_filter_values /opt/stack/keystone/keystone/common/rbac_enforcer/enforcer.py:167}}
Oct 30 05:32:37 user devstack@keystone.service[46269]: DEBUG keystone.common.rbac_enforcer.enforcer [None req-a167441e-9f6a-4131-8e0a-92133ed09398 None admin] RBAC: Authorizing `identity:list_roles()` {{(pid=46269) enforce_call /opt/stack/keystone/keystone/common/rbac_enforcer/enforcer.py:449}}
Oct 30 05:32:37 user devstack@keystone.service[46269]: DEBUG keystone.common.rbac_enforcer.enforcer [None req-a167441e-9f6a-4131-8e0a-92133ed09398 None admin] RBAC: Authorization granted {{(pid=46269) enforce_call /opt/stack/keystone/keystone/common/rbac_enforcer/enforcer.py:457}}
Oct 30 05:32:37 user devstack@keystone.service[46269]: [pid: 46269|app: 0|req: 47/139] 10.0.0.210 () {56 vars in 1096 bytes} [Mon Oct 30 05:32:37 2023] GET /identity/v3/roles?name=reader => generated 339 bytes in 156 msecs (HTTP/1.1 200) 5 headers in 177 bytes (1 switches on core 0)
Oct 30 05:32:37 user devstack@keystone.service[46268]: DEBUG keystone.server.flask.request_processing.middleware.auth_context [None req-51e6258c-8bb6-432d-9757-db24d699fbcc None admin] Authenticating user token {{(pid=46268) process_request /opt/stack/data/venv/lib/python3.10/site-packages/keystonemiddleware/auth_token/__init__.py:406}}
Oct 30 05:32:37 user devstack@keystone.service[46268]: DEBUG keystone.server.flask.request_processing.middleware.auth_context [None req-51e6258c-8bb6-432d-9757-db24d699fbcc None admin] Validating token access rules against request {{(pid=46268) validate_allowed_request /opt/stack/data/venv/lib/python3.10/site-packages/keystonemiddleware/auth_token/__init__.py:544}}
Oct 30 05:32:37 user devstack@keystone.service[46268]: DEBUG keystone.server.flask.request_processing.middleware.auth_context [None req-32578537-672d-4e4b-863d-3c85355aba3f None admin] RBAC: auth_context: {'token': , 'domain_id': None, 'trust_id': None, 'trustor_id': None, 'trustee_id': None, 'domain_name': None, 'group_ids': [], 'user_id': '7b078d2c9363419c8ffa18ab71bf281d', 'user_domain_id': 'default', 'system_scope': 'all', 'project_id': None, 'project_domain_id': None, 'roles': ['admin', 'manager', 'member', 'reader'], 'is_admin_project': True, 'service_user_id': None, 'service_user_domain_id': None, 'service_project_id': None, 'service_project_domain_id': None, 'service_roles': []} {{(pid=46268) fill_context /opt/stack/keystone/keystone/server/flask/request_processing/middleware/auth_context.py:480}}
Oct 30 05:32:37 user devstack@keystone.service[46268]: DEBUG keystone.server.flask.request_processing.req_logging [None req-32578537-672d-4e4b-863d-3c85355aba3f None admin] REQUEST_METHOD: `GET` {{(pid=46268) log_request_info /opt/stack/keystone/keystone/server/flask/request_processing/req_logging.py:27}}
Oct 30 05:32:37 user devstack@keystone.service[46268]: DEBUG keystone.server.flask.request_processing.req_logging [None req-32578537-672d-4e4b-863d-3c85355aba3f None admin] SCRIPT_NAME: `/identity` {{(pid=46268) log_request_info /opt/stack/keystone/keystone/server/flask/request_processing/req_logging.py:28}}
Oct 30 05:32:37 user devstack@keystone.service[46268]: DEBUG keystone.server.flask.request_processing.req_logging [None req-32578537-672d-4e4b-863d-3c85355aba3f None admin] PATH_INFO: `/v3/users/33459d59d980403e8f85ba4fe34a822f` {{(pid=46268) log_request_info /opt/stack/keystone/keystone/server/flask/request_processing/req_logging.py:29}}
