Nov 29 08:30:19 user devstack@keystone.service[46614]: [pid: 46614|app: 0|req: 63/195] 10.0.0.210 () {56 vars in 1094 bytes} [Wed Nov 29 08:30:19 2023] GET /identity/v3/roles/reader => generated 84 bytes in 176 msecs (HTTP/1.1 404) 5 headers in 183 bytes (1 switches on core 0)
Nov 29 08:30:19 user devstack@keystone.service[46615]: DEBUG keystone.server.flask.request_processing.middleware.auth_context [None req-6cfd4df0-a4dd-43b0-a31a-1e57b6b46e87 None None] Authenticating user token {{(pid=46615) process_request /opt/stack/data/venv/lib/python3.10/site-packages/keystonemiddleware/auth_token/__init__.py:406}}
Nov 29 08:30:19 user devstack@keystone.service[46613]: DEBUG keystone.server.flask.request_processing.middleware.auth_context [None req-18792d1d-76a9-4ef2-a4ab-91cfcd822e62 None None] Validating token access rules against request {{(pid=46613) validate_allowed_request /opt/stack/data/venv/lib/python3.10/site-packages/keystonemiddleware/auth_token/__init__.py:544}}
Nov 29 08:30:19 user devstack@keystone.service[46613]: DEBUG keystone.server.flask.request_processing.middleware.auth_context [None req-a2ffa10a-f36a-4698-b0ce-306a9c8407be None admin] RBAC: auth_context: {'token': , 'domain_id': None, 'trust_id': None, 'trustor_id': None, 'trustee_id': None, 'domain_name': None, 'group_ids': [], 'user_id': '5b908e7d22474108bce7858b751b925a', 'user_domain_id': 'default', 'system_scope': 'all', 'project_id': None, 'project_domain_id': None, 'roles': ['admin', 'manager', 'member', 'reader'], 'is_admin_project': True, 'service_user_id': None, 'service_user_domain_id': None, 'service_project_id': None, 'service_project_domain_id': None, 'service_roles': []} {{(pid=46613) fill_context /opt/stack/keystone/keystone/server/flask/request_processing/middleware/auth_context.py:480}}
Nov 29 08:30:19 user devstack@keystone.service[46613]: DEBUG keystone.server.flask.request_processing.req_logging [None req-a2ffa10a-f36a-4698-b0ce-306a9c8407be None admin] REQUEST_METHOD: `GET` {{(pid=46613) log_request_info /opt/stack/keystone/keystone/server/flask/request_processing/req_logging.py:27}}
Nov 29 08:30:19 user devstack@keystone.service[46613]: DEBUG keystone.server.flask.request_processing.req_logging [None req-a2ffa10a-f36a-4698-b0ce-306a9c8407be None admin] SCRIPT_NAME: `/identity` {{(pid=46613) log_request_info /opt/stack/keystone/keystone/server/flask/request_processing/req_logging.py:28}}
Nov 29 08:30:19 user devstack@keystone.service[46613]: DEBUG keystone.server.flask.request_processing.req_logging [None req-a2ffa10a-f36a-4698-b0ce-306a9c8407be None admin] PATH_INFO: `/v3/domains/default` {{(pid=46613) log_request_info /opt/stack/keystone/keystone/server/flask/request_processing/req_logging.py:29}}
Nov 29 08:30:19 user devstack@keystone.service[46613]: DEBUG keystone.common.rbac_enforcer.enforcer [None req-a2ffa10a-f36a-4698-b0ce-306a9c8407be None admin] RBAC: Authorizing `identity:get_domain(domain_id=default)` {{(pid=46613) enforce_call /opt/stack/keystone/keystone/common/rbac_enforcer/enforcer.py:449}}
Nov 29 08:30:19 user devstack@keystone.service[46613]: DEBUG keystone.common.rbac_enforcer.enforcer [None req-a2ffa10a-f36a-4698-b0ce-306a9c8407be None admin] RBAC: Authorization granted {{(pid=46613) enforce_call /opt/stack/keystone/keystone/common/rbac_enforcer/enforcer.py:457}}
Nov 29 08:30:19 user devstack@keystone.service[46613]: [pid: 46613|app: 0|req: 67/196] 10.0.0.210 () {56 vars in 1103 bytes} [Wed Nov 29 08:30:19 2023] GET /identity/v3/domains/default => generated 198 bytes in 145 msecs (HTTP/1.1 200) 5 headers in 177 bytes (1 switches on core 0)
Nov 29 08:30:19 user devstack@keystone.service[46614]: DEBUG keystone.server.flask.request_processing.middleware.auth_context [None req-58b5f708-d98d-4de8-ac82-a42fbc86d4aa None admin] Authenticating user token {{(pid=46614) process_request /opt/stack/data/venv/lib/python3.10/site-packages/keystonemiddleware/auth_token/__init__.py:406}}
Nov 29 08:30:20 user devstack@keystone.service[46615]: DEBUG keystone.server.flask.request_processing.middleware.auth_context [None req-6cfd4df0-a4dd-43b0-a31a-1e57b6b46e87 None None] Validating token access rules against request {{(pid=46615) validate_allowed_request /opt/stack/data/venv/lib/python3.10/site-packages/keystonemiddleware/auth_token/__init__.py:544}}
Nov 29 08:30:20 user devstack@keystone.service[46615]: DEBUG keystone.server.flask.request_processing.middleware.auth_context [None req-bda456f4-04e1-491e-9f8b-d485c1aab72a None admin] RBAC: auth_context: {'token': , 'domain_id': None, 'trust_id': None, 'trustor_id': None, 'trustee_id': None, 'domain_name': None, 'group_ids': [], 'user_id': '5b908e7d22474108bce7858b751b925a', 'user_domain_id': 'default', 'system_scope': 'all', 'project_id': None, 'project_domain_id': None, 'roles': ['admin', 'manager', 'member', 'reader'], 'is_admin_project': True, 'service_user_id': None, 'service_user_domain_id': None, 'service_project_id': None, 'service_project_domain_id': None, 'service_roles': []} {{(pid=46615) fill_context /opt/stack/keystone/keystone/server/flask/request_processing/middleware/auth_context.py:480}}
Nov 29 08:30:20 user devstack@keystone.service[46615]: DEBUG keystone.server.flask.request_processing.req_logging [None req-bda456f4-04e1-491e-9f8b-d485c1aab72a None admin] REQUEST_METHOD: `GET` {{(pid=46615) log_request_info /opt/stack/keystone/keystone/server/flask/request_processing/req_logging.py:27}}
Nov 29 08:30:20 user devstack@keystone.service[46615]: DEBUG keystone.server.flask.request_processing.req_logging [None req-bda456f4-04e1-491e-9f8b-d485c1aab72a None admin] SCRIPT_NAME: `/identity` {{(pid=46615) log_request_info /opt/stack/keystone/keystone/server/flask/request_processing/req_logging.py:28}}
Nov 29 08:30:20 user devstack@keystone.service[46615]: DEBUG keystone.server.flask.request_processing.req_logging [None req-bda456f4-04e1-491e-9f8b-d485c1aab72a None admin] PATH_INFO: `/v3/roles` {{(pid=46615) log_request_info /opt/stack/keystone/keystone/server/flask/request_processing/req_logging.py:29}}
Nov 29 08:30:20 user devstack@keystone.service[46615]: DEBUG keystone.common.rbac_enforcer.enforcer [None req-bda456f4-04e1-491e-9f8b-d485c1aab72a None admin] RBAC: Adding query filter params (name=reader) {{(pid=46615) _extract_filter_values /opt/stack/keystone/keystone/common/rbac_enforcer/enforcer.py:167}}
Nov 29 08:30:20 user devstack@keystone.service[46615]: DEBUG keystone.common.rbac_enforcer.enforcer [None req-bda456f4-04e1-491e-9f8b-d485c1aab72a None admin] RBAC: Authorizing `identity:list_roles()` {{(pid=46615) enforce_call /opt/stack/keystone/keystone/common/rbac_enforcer/enforcer.py:449}}
Nov 29 08:30:20 user devstack@keystone.service[46615]: DEBUG keystone.common.rbac_enforcer.enforcer [None req-bda456f4-04e1-491e-9f8b-d485c1aab72a None admin] RBAC: Authorization granted {{(pid=46615) enforce_call /opt/stack/keystone/keystone/common/rbac_enforcer/enforcer.py:457}}
Nov 29 08:30:20 user devstack@keystone.service[46615]: [pid: 46615|app: 0|req: 67/197] 10.0.0.210 () {56 vars in 1096 bytes} [Wed Nov 29 08:30:19 2023] GET /identity/v3/roles?name=reader => generated 339 bytes in 143 msecs (HTTP/1.1 200) 5 headers in 177 bytes (1 switches on core 0)
Nov 29 08:30:20 user devstack@keystone.service[46613]: DEBUG keystone.server.flask.request_processing.middleware.auth_context [None req-a2ffa10a-f36a-4698-b0ce-306a9c8407be None admin] Authenticating user token {{(pid=46613) process_request /opt/stack/data/venv/lib/python3.10/site-packages/keystonemiddleware/auth_token/__init__.py:406}}
Nov 29 08:30:20 user devstack@keystone.service[46614]: DEBUG keystone.server.flask.request_processing.middleware.auth_context [None req-58b5f708-d98d-4de8-ac82-a42fbc86d4aa None admin] Validating token access rules against request {{(pid=46614) validate_allowed_request /opt/stack/data/venv/lib/python3.10/site-packages/keystonemiddleware/auth_token/__init__.py:544}}
Nov 29 08:30:20 user devstack@keystone.service[46615]: DEBUG keystone.server.flask.request_processing.middleware.auth_context [None req-bda456f4-04e1-491e-9f8b-d485c1aab72a None admin] Authenticating user token {{(pid=46615) process_request /opt/stack/data/venv/lib/python3.10/site-packages/keystonemiddleware/auth_token/__init__.py:406}}
Nov 29 08:30:20 user devstack@keystone.service[46614]: DEBUG keystone.server.flask.request_processing.middleware.auth_context [None req-01c266d4-e075-44b3-81f4-06424270982c None admin] RBAC: auth_context: {'token': , 'domain_id': None, 'trust_id': None, 'trustor_id': None, 'trustee_id': None, 'domain_name': None, 'group_ids': [], 'user_id': '5b908e7d22474108bce7858b751b925a', 'user_domain_id': 'default', 'system_scope': 'all', 'project_id': None, 'project_domain_id': None, 'roles': ['admin', 'manager', 'member', 'reader'], 'is_admin_project': True, 'service_user_id': None, 'service_user_domain_id': None, 'service_project_id': None, 'service_project_domain_id': None, 'service_roles': []} {{(pid=46614) fill_context /opt/stack/keystone/keystone/server/flask/request_processing/middleware/auth_context.py:480}}
Nov 29 08:30:20 user devstack@keystone.service[46614]: DEBUG keystone.server.flask.request_processing.req_logging [None req-01c266d4-e075-44b3-81f4-06424270982c None admin] REQUEST_METHOD: `POST` {{(pid=46614) log_request_info /opt/stack/keystone/keystone/server/flask/request_processing/req_logging.py:27}}
Nov 29 08:30:20 user devstack@keystone.service[46614]: DEBUG keystone.server.flask.request_processing.req_logging [None req-01c266d4-e075-44b3-81f4-06424270982c None admin] SCRIPT_NAME: `/identity` {{(pid=46614) log_request_info /opt/stack/keystone/keystone/server/flask/request_processing/req_logging.py:28}}
Nov 29 08:30:20 user devstack@keystone.service[46614]: DEBUG keystone.server.flask.request_processing.req_logging [None req-01c266d4-e075-44b3-81f4-06424270982c None admin] PATH_INFO: `/v3/users` {{(pid=46614) log_request_info /opt/stack/keystone/keystone/server/flask/request_processing/req_logging.py:29}}
Nov 29 08:30:20 user devstack@keystone.service[46614]: DEBUG keystone.common.rbac_enforcer.enforcer [None req-01c266d4-e075-44b3-81f4-06424270982c None admin] RBAC: Authorizing `identity:create_user()` {{(pid=46614) enforce_call /opt/stack/keystone/keystone/common/rbac_enforcer/enforcer.py:449}}
Nov 29 08:30:20 user devstack@keystone.service[46614]: DEBUG keystone.common.rbac_enforcer.enforcer [None req-01c266d4-e075-44b3-81f4-06424270982c None admin] RBAC: Authorization granted {{(pid=46614) enforce_call /opt/stack/keystone/keystone/common/rbac_enforcer/enforcer.py:457}}
Nov 29 08:30:20 user devstack@keystone.service[46614]: WARNING keystone.common.password_hashing [None req-01c266d4-e075-44b3-81f4-06424270982c None admin] Truncating password to algorithm specific maximum length 72 characters.
Nov 29 08:30:20 user devstack@keystone.service[46614]: [pid: 46614|app: 0|req: 64/198] 10.0.0.210 () {60 vars in 1127 bytes} [Wed Nov 29 08:30:19 2023] POST /identity/v3/users => generated 292 bytes in 154 msecs (HTTP/1.1 201) 5 headers in 182 bytes (1 switches on core 0)
Nov 29 08:30:20 user devstack@keystone.service[46613]: DEBUG keystone.server.flask.request_processing.middleware.auth_context [None req-a2ffa10a-f36a-4698-b0ce-306a9c8407be None admin] Validating token access rules against request {{(pid=46613) validate_allowed_request /opt/stack/data/venv/lib/python3.10/site-packages/keystonemiddleware/auth_token/__init__.py:544}}
Nov 29 08:30:20 user devstack@keystone.service[46613]: DEBUG keystone.server.flask.request_processing.middleware.auth_context [None req-a8798fcb-dc99-4c4a-ac98-2e002d9719d5 None admin] RBAC: auth_context: {'token': , 'domain_id': None, 'trust_id': None, 'trustor_id': None, 'trustee_id': None, 'domain_name': None, 'group_ids': [], 'user_id': '5b908e7d22474108bce7858b751b925a', 'user_domain_id': 'default', 'system_scope': 'all', 'project_id': None, 'project_domain_id': None, 'roles': ['admin', 'manager', 'member', 'reader'], 'is_admin_project': True, 'service_user_id': None, 'service_user_domain_id': None, 'service_project_id': None, 'service_project_domain_id': None, 'service_roles': []} {{(pid=46613) fill_context /opt/stack/keystone/keystone/server/flask/request_processing/middleware/auth_context.py:480}}
Nov 29 08:30:20 user devstack@keystone.service[46613]: DEBUG keystone.server.flask.request_processing.req_logging [None req-a8798fcb-dc99-4c4a-ac98-2e002d9719d5 None admin] REQUEST_METHOD: `GET` {{(pid=46613) log_request_info /opt/stack/keystone/keystone/server/flask/request_processing/req_logging.py:27}}
Nov 29 08:30:20 user devstack@keystone.service[46613]: DEBUG keystone.server.flask.request_processing.req_logging [None req-a8798fcb-dc99-4c4a-ac98-2e002d9719d5 None admin] SCRIPT_NAME: `/identity` {{(pid=46613) log_request_info /opt/stack/keystone/keystone/server/flask/request_processing/req_logging.py:28}}
Nov 29 08:30:20 user devstack@keystone.service[46613]: DEBUG keystone.server.flask.request_processing.req_logging [None req-a8798fcb-dc99-4c4a-ac98-2e002d9719d5 None admin] PATH_INFO: `/v3/users/40d2e8f4e9944445b19dcd922fb3e84b` {{(pid=46613) log_request_info /opt/stack/keystone/keystone/server/flask/request_processing/req_logging.py:29}}
Nov 29 08:30:20 user devstack@keystone.service[46613]: DEBUG keystone.common.rbac_enforcer.enforcer [None req-a8798fcb-dc99-4c4a-ac98-2e002d9719d5 None admin] RBAC: Authorizing `identity:get_user(user_id=40d2e8f4e9944445b19dcd922fb3e84b)` {{(pid=46613) enforce_call /opt/stack/keystone/keystone/common/rbac_enforcer/enforcer.py:449}}
Nov 29 08:30:20 user devstack@keystone.service[46615]: DEBUG keystone.server.flask.request_processing.middleware.auth_context [None req-bda456f4-04e1-491e-9f8b-d485c1aab72a None admin] Validating token access rules against request {{(pid=46615) validate_allowed_request /opt/stack/data/venv/lib/python3.10/site-packages/keystonemiddleware/auth_token/__init__.py:544}}
Nov 29 08:30:20 user devstack@keystone.service[46613]: DEBUG keystone.common.rbac_enforcer.enforcer [None req-a8798fcb-dc99-4c4a-ac98-2e002d9719d5 None admin] RBAC: Authorization granted {{(pid=46613) enforce_call /opt/stack/keystone/keystone/common/rbac_enforcer/enforcer.py:457}}
Nov 29 08:30:20 user devstack@keystone.service[46613]: [pid: 46613|app: 0|req: 68/199] 10.0.0.210 () {56 vars in 1172 bytes} [Wed Nov 29 08:30:20 2023] GET /identity/v3/users/40d2e8f4e9944445b19dcd922fb3e84b => generated 296 bytes in 145 msecs (HTTP/1.1 200) 5 headers in 177 bytes (1 switches on core 0)
Nov 29 08:30:20 user devstack@keystone.service[46614]: DEBUG keystone.server.flask.request_processing.middleware.auth_context [None req-01c266d4-e075-44b3-81f4-06424270982c None admin] Authenticating user token {{(pid=46614) process_request /opt/stack/data/venv/lib/python3.10/site-packages/keystonemiddleware/auth_token/__init__.py:406}}
Nov 29 08:30:20 user devstack@keystone.service[46615]: DEBUG keystone.server.flask.request_processing.middleware.auth_context [None req-a1920e81-7d90-4b36-a691-30280244f2c3 None admin] RBAC: auth_context: {'token': , 'domain_id': None, 'trust_id': None, 'trustor_id': None, 'trustee_id': None, 'domain_name': None, 'group_ids': [], 'user_id': '5b908e7d22474108bce7858b751b925a', 'user_domain_id': 'default', 'system_scope': 'all', 'project_id': None, 'project_domain_id': None, 'roles': ['admin', 'manager', 'member', 'reader'], 'is_admin_project': True, 'service_user_id': None, 'service_user_domain_id': None, 'service_project_id': None, 'service_project_domain_id': None, 'service_roles': []} {{(pid=46615) fill_context /opt/stack/keystone/keystone/server/flask/request_processing/middleware/auth_context.py:480}}
Nov 29 08:30:20 user devstack@keystone.service[46615]: DEBUG keystone.server.flask.request_processing.req_logging [None req-a1920e81-7d90-4b36-a691-30280244f2c3 None admin] REQUEST_METHOD: `GET` {{(pid=46615) log_request_info /opt/stack/keystone/keystone/server/flask/request_processing/req_logging.py:27}}
Nov 29 08:30:20 user devstack@keystone.service[46615]: DEBUG keystone.server.flask.request_processing.req_logging [None req-a1920e81-7d90-4b36-a691-30280244f2c3 None admin] SCRIPT_NAME: `/identity` {{(pid=46615) log_request_info /opt/stack/keystone/keystone/server/flask/request_processing/req_logging.py:28}}
Nov 29 08:30:20 user devstack@keystone.service[46615]: DEBUG keystone.server.flask.request_processing.req_logging [None req-a1920e81-7d90-4b36-a691-30280244f2c3 None admin] PATH_INFO: `/v3/roles/member` {{(pid=46615) log_request_info /opt/stack/keystone/keystone/server/flask/request_processing/req_logging.py:29}}
Nov 29 08:30:20 user devstack@keystone.service[46615]: DEBUG keystone.common.rbac_enforcer.enforcer [None req-a1920e81-7d90-4b36-a691-30280244f2c3 None admin] Extracting inferred target data resulted in "NOT FOUND (404)". {{(pid=46615) enforce_call /opt/stack/keystone/keystone/common/rbac_enforcer/enforcer.py:409}}
Nov 29 08:30:20 user devstack@keystone.service[46615]: ERROR keystone.server.flask.application [None req-a1920e81-7d90-4b36-a691-30280244f2c3 None admin] Could not find role: member.: keystone.exception.RoleNotFound: Could not find role: member.
Nov 29 08:30:20 user devstack@keystone.service[46615]: ERROR keystone.server.flask.application
Traceback (most recent call last):
Nov 29 08:30:20 user devstack@keystone.service[46615]: ERROR keystone.server.flask.application
File "/opt/stack/data/venv/lib/python3.10/site-packages/flask/app.py", line 1823, in full_dispatch_request
Nov 29 08:30:20 user devstack@keystone.service[46615]: ERROR keystone.server.flask.application rv = self.dispatch_request()
Nov 29 08:30:20 user devstack@keystone.service[46615]: ERROR keystone.server.flask.application
File "/opt/stack/data/venv/lib/python3.10/site-packages/flask/app.py", line 1799, in dispatch_request
Nov 29 08:30:20 user devstack@keystone.service[46615]: ERROR keystone.server.flask.application return self.ensure_sync(self.view_functions[rule.endpoint])(**view_args)
Nov 29 08:30:20 user devstack@keystone.service[46615]: ERROR keystone.server.flask.application
File "/opt/stack/data/venv/lib/python3.10/site-packages/flask_restful/__init__.py", line 489, in wrapper
Nov 29 08:30:20 user devstack@keystone.service[46615]: ERROR keystone.server.flask.application resp = resource(*args, **kwargs)
Nov 29 08:30:20 user devstack@keystone.service[46615]: ERROR keystone.server.flask.application
File "/opt/stack/data/venv/lib/python3.10/site-packages/flask/views.py", line 107, in view
Nov 29 08:30:20 user devstack@keystone.service[46615]: ERROR keystone.server.flask.application return current_app.ensure_sync(self.dispatch_request)(**kwargs)
Nov 29 08:30:20 user devstack@keystone.service[46615]: ERROR keystone.server.flask.application
File "/opt/stack/data/venv/lib/python3.10/site-packages/flask_restful/__init__.py", line 604, in dispatch_request
Nov 29 08:30:20 user devstack@keystone.service[46615]: ERROR keystone.server.flask.application resp = meth(*args, **kwargs)
Nov 29 08:30:20 user devstack@keystone.service[46615]: ERROR keystone.server.flask.application
File "/opt/stack/keystone/keystone/api/roles.py", line 50, in get
Nov 29 08:30:20 user devstack@keystone.service[46615]: ERROR keystone.server.flask.application return self._get_role(role_id)
Nov 29 08:30:20 user devstack@keystone.service[46615]: ERROR keystone.server.flask.application
File "/opt/stack/keystone/keystone/api/roles.py", line 70, in _get_role
Nov 29 08:30:20 user devstack@keystone.service[46615]: ERROR keystone.server.flask.application ENFORCER.enforce_call(action='identity:get_role')
Nov 29 08:30:20 user devstack@keystone.service[46615]: ERROR keystone.server.flask.application
File "/opt/stack/keystone/keystone/common/rbac_enforcer/enforcer.py", line 402, in enforce_call
Nov 29 08:30:20 user devstack@keystone.service[46615]: ERROR keystone.server.flask.application policy_dict.update(cls._extract_member_target_data(
Nov 29 08:30:20 user devstack@keystone.service[46615]: ERROR keystone.server.flask.application
File "/opt/stack/keystone/keystone/common/rbac_enforcer/enforcer.py", line 234, in _extract_member_target_data
Nov 29 08:30:20 user devstack@keystone.service[46615]: ERROR keystone.server.flask.application member_name: func(flask.request.view_args[key])
Nov 29 08:30:20 user devstack@keystone.service[46615]: ERROR keystone.server.flask.application
File "/opt/stack/keystone/keystone/common/manager.py", line 115, in wrapped
Nov 29 08:30:20 user devstack@keystone.service[46615]: ERROR keystone.server.flask.application __ret_val = __f(*args, **kwargs)
Nov 29 08:30:20 user devstack@keystone.service[46615]: ERROR keystone.server.flask.application
File "/opt/stack/data/venv/lib/python3.10/site-packages/decorator.py", line 232, in fun
Nov 29 08:30:20 user devstack@keystone.service[46615]: ERROR keystone.server.flask.application return caller(func, *(extras + args), **kw)
Nov 29 08:30:20 user devstack@keystone.service[46615]: ERROR keystone.server.flask.application
File "/opt/stack/data/venv/lib/python3.10/site-packages/dogpile/cache/region.py", line 1594, in get_or_create_for_user_func
Nov 29 08:30:20 user devstack@keystone.service[46615]: ERROR keystone.server.flask.application return self.get_or_create(
Nov 29 08:30:20 user devstack@keystone.service[46615]: ERROR keystone.server.flask.application
File "/opt/stack/data/venv/lib/python3.10/site-packages/dogpile/cache/region.py", line 1054, in get_or_create
Nov 29 08:30:20 user devstack@keystone.service[46615]: ERROR keystone.server.flask.application with Lock(
Nov 29 08:30:20 user devstack@keystone.service[46615]: ERROR keystone.server.flask.application
File "/opt/stack/data/venv/lib/python3.10/site-packages/dogpile/lock.py", line 185, in __enter__
Nov 29 08:30:20 user devstack@keystone.service[46615]: ERROR keystone.server.flask.application return self._enter()
Nov 29 08:30:20 user devstack@keystone.service[46615]: ERROR keystone.server.flask.application
File "/opt/stack/data/venv/lib/python3.10/site-packages/dogpile/lock.py", line 94, in _enter
Nov 29 08:30:20 user devstack@keystone.service[46615]: ERROR keystone.server.flask.application generated = self._enter_create(value, createdtime)
Nov 29 08:30:20 user devstack@keystone.service[46615]: ERROR keystone.server.flask.application
File "/opt/stack/data/venv/lib/python3.10/site-packages/dogpile/lock.py", line 178, in _enter_create
Nov 29 08:30:20 user devstack@keystone.service[46615]: ERROR keystone.server.flask.application return self.creator()
Nov 29 08:30:20 user devstack@keystone.service[46615]: ERROR keystone.server.flask.application
File "/opt/stack/data/venv/lib/python3.10/site-packages/dogpile/cache/region.py", line 1007, in gen_value
Nov 29 08:30:20 user devstack@keystone.service[46615]: ERROR keystone.server.flask.application created_value = creator(
Nov 29 08:30:20 user devstack@keystone.service[46615]: ERROR keystone.server.flask.application
File "/opt/stack/keystone/keystone/assignment/core.py", line 1276, in get_role
Nov 29 08:30:20 user devstack@keystone.service[46615]: ERROR keystone.server.flask.application return self.driver.get_role(role_id)
Nov 29 08:30:20 user devstack@keystone.service[46615]: ERROR keystone.server.flask.application
File "/opt/stack/keystone/keystone/assignment/role_backends/sql.py", line 70, in get_role
Nov 29 08:30:20 user devstack@keystone.service[46615]: ERROR keystone.server.flask.application return self._get_role(session, role_id).to_dict()
Nov 29 08:30:20 user devstack@keystone.service[46615]: ERROR keystone.server.flask.application
File "/opt/stack/keystone/keystone/assignment/role_backends/sql.py", line 65, in _get_role
Nov 29 08:30:20 user devstack@keystone.service[46615]: ERROR keystone.server.flask.application raise exception.RoleNotFound(role_id=role_id)
Nov 29 08:30:20 user devstack@keystone.service[46615]: ERROR keystone.server.flask.application keystone.exception.RoleNotFound: Could not find role: member.
Nov 29 08:30:20 user devstack@keystone.service[46615]: ERROR keystone.server.flask.application
Nov 29 08:30:20 user devstack@keystone.service[46615]: [pid: 46615|app: 0|req: 68/200] 10.0.0.210 () {56 vars in 1094 bytes} [Wed Nov 29 08:30:20 2023] GET /identity/v3/roles/member => generated 84 bytes in 165 msecs (HTTP/1.1 404) 5 headers in 183 bytes (2 switches on core 0)
Nov 29 08:30:20 user devstack@keystone.service[46613]: DEBUG keystone.server.flask.request_processing.middleware.auth_context [None req-a8798fcb-dc99-4c4a-ac98-2e002d9719d5 None admin] Authenticating user token {{(pid=46613) process_request /opt/stack/data/venv/lib/python3.10/site-packages/keystonemiddleware/auth_token/__init__.py:406}}
Nov 29 08:30:20 user devstack@keystone.service[46614]: DEBUG keystone.server.flask.request_processing.middleware.auth_context [None req-01c266d4-e075-44b3-81f4-06424270982c None admin] Validating token access rules against request {{(pid=46614) validate_allowed_request /opt/stack/data/venv/lib/python3.10/site-packages/keystonemiddleware/auth_token/__init__.py:544}}
Nov 29 08:30:20 user devstack@keystone.service[46614]: DEBUG keystone.server.flask.request_processing.middleware.auth_context [None req-7fd86e97-4c9a-447a-a2a7-a89bda3fae50 None admin] RBAC: auth_context: {'token': , 'domain_id': None, 'trust_id': None, 'trustor_id': None, 'trustee_id': None, 'domain_name': None, 'group_ids': [], 'user_id': '5b908e7d22474108bce7858b751b925a', 'user_domain_id': 'default', 'system_scope': 'all', 'project_id': None, 'project_domain_id': None, 'roles': ['admin', 'manager', 'member', 'reader'], 'is_admin_project': True, 'service_user_id': None, 'service_user_domain_id': None, 'service_project_id': None, 'service_project_domain_id': None, 'service_roles': []} {{(pid=46614) fill_context /opt/stack/keystone/keystone/server/flask/request_processing/middleware/auth_context.py:480}}
Nov 29 08:30:20 user devstack@keystone.service[46614]: DEBUG keystone.server.flask.request_processing.req_logging [None req-7fd86e97-4c9a-447a-a2a7-a89bda3fae50 None admin] REQUEST_METHOD: `GET` {{(pid=46614) log_request_info /opt/stack/keystone/keystone/server/flask/request_processing/req_logging.py:27}}
Nov 29 08:30:20 user devstack@keystone.service[46614]: DEBUG keystone.server.flask.request_processing.req_logging [None req-7fd86e97-4c9a-447a-a2a7-a89bda3fae50 None admin] SCRIPT_NAME: `/identity` {{(pid=46614) log_request_info /opt/stack/keystone/keystone/server/flask/request_processing/req_logging.py:28}}
Nov 29 08:30:20 user devstack@keystone.service[46614]: DEBUG keystone.server.flask.request_processing.req_logging [None req-7fd86e97-4c9a-447a-a2a7-a89bda3fae50 None admin] PATH_INFO: `/v3/projects/605dc18ad0cf4c1f961436df6fd4529d` {{(pid=46614) log_request_info /opt/stack/keystone/keystone/server/flask/request_processing/req_logging.py:29}}
Nov 29 08:30:20 user devstack@keystone.service[46614]: DEBUG keystone.common.rbac_enforcer.enforcer [None req-7fd86e97-4c9a-447a-a2a7-a89bda3fae50 None admin] RBAC: Authorizing `identity:get_project(project_id=605dc18ad0cf4c1f961436df6fd4529d)` {{(pid=46614) enforce_call /opt/stack/keystone/keystone/common/rbac_enforcer/enforcer.py:449}}
Nov 29 08:30:20 user devstack@keystone.service[46614]: DEBUG keystone.common.rbac_enforcer.enforcer [None req-7fd86e97-4c9a-447a-a2a7-a89bda3fae50 None admin] RBAC: Authorization granted {{(pid=46614) enforce_call /opt/stack/keystone/keystone/common/rbac_enforcer/enforcer.py:457}}
Nov 29 08:30:20 user devstack@keystone.service[46614]: [pid: 46614|app: 0|req: 65/201] 10.0.0.210 () {56 vars in 1181 bytes} [Wed Nov 29 08:30:20 2023] GET /identity/v3/projects/605dc18ad0cf4c1f961436df6fd4529d => generated 301 bytes in 135 msecs (HTTP/1.1 200) 5 headers in 177 bytes (1 switches on core 0)
Nov 29 08:30:20 user devstack@keystone.service[46615]: DEBUG keystone.server.flask.request_processing.middleware.auth_context [None req-a1920e81-7d90-4b36-a691-30280244f2c3 None admin] Authenticating user token {{(pid=46615) process_request /opt/stack/data/venv/lib/python3.10/site-packages/keystonemiddleware/auth_token/__init__.py:406}}
Nov 29 08:30:20 user devstack@keystone.service[46613]: DEBUG keystone.server.flask.request_processing.middleware.auth_context [None req-a8798fcb-dc99-4c4a-ac98-2e002d9719d5 None admin] Validating token access rules against request {{(pid=46613) validate_allowed_request /opt/stack/data/venv/lib/python3.10/site-packages/keystonemiddleware/auth_token/__init__.py:544}}
Nov 29 08:30:20 user devstack@keystone.service[46613]: DEBUG keystone.server.flask.request_processing.middleware.auth_context [None req-c0b63641-4cb6-40ac-a112-5c036f111f83 None admin] RBAC: auth_context: {'token': , 'domain_id': None, 'trust_id': None, 'trustor_id': None, 'trustee_id': None, 'domain_name': None, 'group_ids': [], 'user_id': '5b908e7d22474108bce7858b751b925a', 'user_domain_id': 'default', 'system_scope': 'all', 'project_id': None, 'project_domain_id': None, 'roles': ['admin', 'manager', 'member', 'reader'], 'is_admin_project': True, 'service_user_id': None, 'service_user_domain_id': None, 'service_project_id': None, 'service_project_domain_id': None, 'service_roles': []} {{(pid=46613) fill_context /opt/stack/keystone/keystone/server/flask/request_processing/middleware/auth_context.py:480}}
Nov 29 08:30:20 user devstack@keystone.service[46613]: DEBUG keystone.server.flask.request_processing.req_logging [None req-c0b63641-4cb6-40ac-a112-5c036f111f83 None admin] REQUEST_METHOD: `GET` {{(pid=46613) log_request_info /opt/stack/keystone/keystone/server/flask/request_processing/req_logging.py:27}}
Nov 29 08:30:20 user devstack@keystone.service[46613]: DEBUG keystone.server.flask.request_processing.req_logging [None req-c0b63641-4cb6-40ac-a112-5c036f111f83 None admin] SCRIPT_NAME: `/identity` {{(pid=46613) log_request_info /opt/stack/keystone/keystone/server/flask/request_processing/req_logging.py:28}}
Nov 29 08:30:20 user devstack@keystone.service[46613]: DEBUG keystone.server.flask.request_processing.req_logging [None req-c0b63641-4cb6-40ac-a112-5c036f111f83 None admin] PATH_INFO: `/v3/roles` {{(pid=46613) log_request_info /opt/stack/keystone/keystone/server/flask/request_processing/req_logging.py:29}}
Nov 29 08:30:20 user devstack@keystone.service[46613]: DEBUG keystone.common.rbac_enforcer.enforcer [None req-c0b63641-4cb6-40ac-a112-5c036f111f83 None admin] RBAC: Adding query filter params (name=member) {{(pid=46613) _extract_filter_values /opt/stack/keystone/keystone/common/rbac_enforcer/enforcer.py:167}}
Nov 29 08:30:20 user devstack@keystone.service[46613]: DEBUG keystone.common.rbac_enforcer.enforcer [None req-c0b63641-4cb6-40ac-a112-5c036f111f83 None admin] RBAC: Authorizing `identity:list_roles()` {{(pid=46613) enforce_call /opt/stack/keystone/keystone/common/rbac_enforcer/enforcer.py:449}}
Nov 29 08:30:20 user devstack@keystone.service[46613]: DEBUG keystone.common.rbac_enforcer.enforcer [None req-c0b63641-4cb6-40ac-a112-5c036f111f83 None admin] RBAC: Authorization granted {{(pid=46613) enforce_call /opt/stack/keystone/keystone/common/rbac_enforcer/enforcer.py:457}}
Nov 29 08:30:20 user devstack@keystone.service[46613]: [pid: 46613|app: 0|req: 69/202] 10.0.0.210 () {56 vars in 1096 bytes} [Wed Nov 29 08:30:20 2023] GET /identity/v3/roles?name=member => generated 339 bytes in 139 msecs (HTTP/1.1 200) 5 headers in 177 bytes (1 switches on core 0)
Nov 29 08:30:20 user devstack@keystone.service[46614]: DEBUG keystone.server.flask.request_processing.middleware.auth_context [None req-7fd86e97-4c9a-447a-a2a7-a89bda3fae50 None admin] Authenticating user token {{(pid=46614) process_request /opt/stack/data/venv/lib/python3.10/site-packages/keystonemiddleware/auth_token/__init__.py:406}}
Nov 29 08:30:20 user devstack@keystone.service[46615]: DEBUG keystone.server.flask.request_processing.middleware.auth_context [None req-a1920e81-7d90-4b36-a691-30280244f2c3 None admin] Validating token access rules against request {{(pid=46615) validate_allowed_request /opt/stack/data/venv/lib/python3.10/site-packages/keystonemiddleware/auth_token/__init__.py:544}}
Nov 29 08:30:20 user devstack@keystone.service[46614]: DEBUG keystone.server.flask.request_processing.middleware.auth_context [None req-7fd86e97-4c9a-447a-a2a7-a89bda3fae50 None admin] Validating token access rules against request {{(pid=46614) validate_allowed_request /opt/stack/data/venv/lib/python3.10/site-packages/keystonemiddleware/auth_token/__init__.py:544}}
Nov 29 08:30:20 user devstack@keystone.service[46615]: DEBUG keystone.server.flask.request_processing.middleware.auth_context [None req-8a60a629-7fe0-4543-a3c9-508cd84256cd None admin] RBAC: auth_context: {'token': , 'domain_id': None, 'trust_id': None, 'trustor_id': None, 'trustee_id': None, 'domain_name': None, 'group_ids': [], 'user_id': '5b908e7d22474108bce7858b751b925a', 'user_domain_id': 'default', 'system_scope': 'all', 'project_id': None, 'project_domain_id': None, 'roles': ['admin', 'manager', 'member', 'reader'], 'is_admin_project': True, 'service_user_id': None, 'service_user_domain_id': None, 'service_project_id': None, 'service_project_domain_id': None, 'service_roles': []} {{(pid=46615) fill_context /opt/stack/keystone/keystone/server/flask/request_processing/middleware/auth_context.py:480}}
Nov 29 08:30:20 user devstack@keystone.service[46615]: DEBUG keystone.server.flask.request_processing.req_logging [None req-8a60a629-7fe0-4543-a3c9-508cd84256cd None admin] REQUEST_METHOD: `PUT` {{(pid=46615) log_request_info /opt/stack/keystone/keystone/server/flask/request_processing/req_logging.py:27}}
Nov 29 08:30:20 user devstack@keystone.service[46615]: DEBUG keystone.server.flask.request_processing.req_logging [None req-8a60a629-7fe0-4543-a3c9-508cd84256cd None admin] SCRIPT_NAME: `/identity` {{(pid=46615) log_request_info /opt/stack/keystone/keystone/server/flask/request_processing/req_logging.py:28}}
Nov 29 08:30:20 user devstack@keystone.service[46615]: DEBUG keystone.server.flask.request_processing.req_logging [None req-8a60a629-7fe0-4543-a3c9-508cd84256cd None admin] PATH_INFO: `/v3/projects/605dc18ad0cf4c1f961436df6fd4529d/users/40d2e8f4e9944445b19dcd922fb3e84b/roles/1c3467e7cad44ef8b8762d94b68d3493` {{(pid=46615) log_request_info /opt/stack/keystone/keystone/server/flask/request_processing/req_logging.py:29}}
Nov 29 08:30:20 user devstack@keystone.service[46615]: DEBUG keystone.common.rbac_enforcer.enforcer [None req-8a60a629-7fe0-4543-a3c9-508cd84256cd None admin] RBAC: Authorizing `identity:create_grant(project_id=605dc18ad0cf4c1f961436df6fd4529d, user_id=40d2e8f4e9944445b19dcd922fb3e84b, role_id=1c3467e7cad44ef8b8762d94b68d3493)` {{(pid=46615) enforce_call /opt/stack/keystone/keystone/common/rbac_enforcer/enforcer.py:449}}
Nov 29 08:30:20 user devstack@keystone.service[46615]: DEBUG keystone.common.rbac_enforcer.enforcer [None req-8a60a629-7fe0-4543-a3c9-508cd84256cd None admin] RBAC: Authorization granted {{(pid=46615) enforce_call /opt/stack/keystone/keystone/common/rbac_enforcer/enforcer.py:457}}
Nov 29 08:30:20 user devstack@keystone.service[46615]: [pid: 46615|app: 0|req: 69/203] 10.0.0.210 () {58 vars in 1434 bytes} [Wed Nov 29 08:30:20 2023] PUT /identity/v3/projects/605dc18ad0cf4c1f961436df6fd4529d/users/40d2e8f4e9944445b19dcd922fb3e84b/roles/1c3467e7cad44ef8b8762d94b68d3493 => generated 0 bytes in 202 msecs (HTTP/1.1 204) 3 headers in 132 bytes (0 switches on core 0)
Nov 29 08:30:20 user devstack@keystone.service[46614]: DEBUG keystone.server.flask.request_processing.middleware.auth_context [None req-0cfbbea9-97c9-416c-9ec3-e6de022ed241 None admin] RBAC: auth_context: {'token': , 'domain_id': None, 'trust_id': None, 'trustor_id': None, 'trustee_id': None, 'domain_name': None, 'group_ids': [], 'user_id': '5b908e7d22474108bce7858b751b925a', 'user_domain_id': 'default', 'system_scope': 'all', 'project_id': None, 'project_domain_id': None, 'roles': ['admin', 'manager', 'member', 'reader'], 'is_admin_project': True, 'service_user_id': None, 'service_user_domain_id': None, 'service_project_id': None, 'service_project_domain_id': None, 'service_roles': []} {{(pid=46614) fill_context /opt/stack/keystone/keystone/server/flask/request_processing/middleware/auth_context.py:480}}
Nov 29 08:30:20 user devstack@keystone.service[46614]: DEBUG keystone.server.flask.request_processing.req_logging [None req-0cfbbea9-97c9-416c-9ec3-e6de022ed241 None admin] REQUEST_METHOD: `GET` {{(pid=46614) log_request_info /opt/stack/keystone/keystone/server/flask/request_processing/req_logging.py:27}}
Nov 29 08:30:20 user devstack@keystone.service[46614]: DEBUG keystone.server.flask.request_processing.req_logging [None req-0cfbbea9-97c9-416c-9ec3-e6de022ed241 None admin] SCRIPT_NAME: `/identity` {{(pid=46614) log_request_info /opt/stack/keystone/keystone/server/flask/request_processing/req_logging.py:28}}
Nov 29 08:30:20 user devstack@keystone.service[46614]: DEBUG keystone.server.flask.request_processing.req_logging [None req-0cfbbea9-97c9-416c-9ec3-e6de022ed241 None admin] PATH_INFO: `/v3/users/e01b25068c134b98894cd4a300ac8b2f` {{(pid=46614) log_request_info /opt/stack/keystone/keystone/server/flask/request_processing/req_logging.py:29}}
Nov 29 08:30:20 user devstack@keystone.service[46614]: DEBUG keystone.common.rbac_enforcer.enforcer [None req-0cfbbea9-97c9-416c-9ec3-e6de022ed241 None admin] RBAC: Authorizing `identity:get_user(user_id=e01b25068c134b98894cd4a300ac8b2f)` {{(pid=46614) enforce_call /opt/stack/keystone/keystone/common/rbac_enforcer/enforcer.py:449}}
Nov 29 08:30:20 user devstack@keystone.service[46614]: DEBUG keystone.common.rbac_enforcer.enforcer [None req-0cfbbea9-97c9-416c-9ec3-e6de022ed241 None admin] RBAC: Authorization granted {{(pid=46614) enforce_call /opt/stack/keystone/keystone/common/rbac_enforcer/enforcer.py:457}}
Nov 29 08:30:20 user devstack@keystone.service[46614]: [pid: 46614|app: 0|req: 66/204] 10.0.0.210 () {56 vars in 1172 bytes} [Wed Nov 29 08:30:20 2023] GET /identity/v3/users/e01b25068c134b98894cd4a300ac8b2f => generated 296 bytes in 166 msecs (HTTP/1.1 200) 5 headers in 177 bytes (1 switches on core 0)
Nov 29 08:30:20 user devstack@keystone.service[46613]: DEBUG keystone.server.flask.request_processing.middleware.auth_context [None req-c0b63641-4cb6-40ac-a112-5c036f111f83 None admin] Authenticating user token {{(pid=46613) process_request /opt/stack/data/venv/lib/python3.10/site-packages/keystonemiddleware/auth_token/__init__.py:406}}
Nov 29 08:30:20 user devstack@keystone.service[46613]: DEBUG keystone.server.flask.request_processing.middleware.auth_context [None req-c0b63641-4cb6-40ac-a112-5c036f111f83 None admin] Validating token access rules against request {{(pid=46613) validate_allowed_request /opt/stack/data/venv/lib/python3.10/site-packages/keystonemiddleware/auth_token/__init__.py:544}}
Nov 29 08:30:20 user devstack@keystone.service[46613]: DEBUG keystone.server.flask.request_processing.middleware.auth_context [None req-76b3aafa-63de-4fb5-b3f8-2d0284b7073c None admin] RBAC: auth_context: {'token': , 'domain_id': None, 'trust_id': None, 'trustor_id': None, 'trustee_id': None, 'domain_name': None, 'group_ids': [], 'user_id': '5b908e7d22474108bce7858b751b925a', 'user_domain_id': 'default', 'system_scope': 'all', 'project_id': None, 'project_domain_id': None, 'roles': ['admin', 'manager', 'member', 'reader'], 'is_admin_project': True, 'service_user_id': None, 'service_user_domain_id': None, 'service_project_id': None, 'service_project_domain_id': None, 'service_roles': []} {{(pid=46613) fill_context /opt/stack/keystone/keystone/server/flask/request_processing/middleware/auth_context.py:480}}
Nov 29 08:30:20 user devstack@keystone.service[46613]: DEBUG keystone.server.flask.request_processing.req_logging [None req-76b3aafa-63de-4fb5-b3f8-2d0284b7073c None admin] REQUEST_METHOD: `GET` {{(pid=46613) log_request_info /opt/stack/keystone/keystone/server/flask/request_processing/req_logging.py:27}}
Nov 29 08:30:20 user devstack@keystone.service[46613]: DEBUG keystone.server.flask.request_processing.req_logging [None req-76b3aafa-63de-4fb5-b3f8-2d0284b7073c None admin] SCRIPT_NAME: `/identity` {{(pid=46613) log_request_info /opt/stack/keystone/keystone/server/flask/request_processing/req_logging.py:28}}
Nov 29 08:30:20 user devstack@keystone.service[46613]: DEBUG keystone.server.flask.request_processing.req_logging [None req-76b3aafa-63de-4fb5-b3f8-2d0284b7073c None admin] PATH_INFO: `/v3/auth/tokens` {{(pid=46613) log_request_info /opt/stack/keystone/keystone/server/flask/request_processing/req_logging.py:29}}
Nov 29 08:30:20 user devstack@keystone.service[46613]: DEBUG keystone.common.rbac_enforcer.enforcer [None req-76b3aafa-63de-4fb5-b3f8-2d0284b7073c None admin] RBAC: Authorizing `identity:validate_token()` {{(pid=46613) enforce_call /opt/stack/keystone/keystone/common/rbac_enforcer/enforcer.py:449}}
Nov 29 08:30:20 user devstack@keystone.service[46613]: DEBUG keystone.common.rbac_enforcer.enforcer [None req-76b3aafa-63de-4fb5-b3f8-2d0284b7073c None admin] RBAC: Authorization granted {{(pid=46613) enforce_call /opt/stack/keystone/keystone/common/rbac_enforcer/enforcer.py:457}}
Nov 29 08:30:20 user devstack@keystone.service[46613]: [pid: 46613|app: 0|req: 70/205] 10.0.0.210 () {58 vars in 1277 bytes} [Wed Nov 29 08:30:20 2023] GET /identity/v3/auth/tokens => generated 861 bytes in 303 msecs (HTTP/1.1 200) 6 headers in 358 bytes (1 switches on core 0)
Nov 29 08:30:20 user devstack@keystone.service[46615]: DEBUG keystone.server.flask.request_processing.middleware.auth_context [None req-8a60a629-7fe0-4543-a3c9-508cd84256cd None admin] Authenticating user token {{(pid=46615) process_request /opt/stack/data/venv/lib/python3.10/site-packages/keystonemiddleware/auth_token/__init__.py:406}}
Nov 29 08:30:21 user devstack@keystone.service[46615]: DEBUG keystone.server.flask.request_processing.middleware.auth_context [None req-8a60a629-7fe0-4543-a3c9-508cd84256cd None admin] Validating token access rules against request {{(pid=46615) validate_allowed_request /opt/stack/data/venv/lib/python3.10/site-packages/keystonemiddleware/auth_token/__init__.py:544}}
Nov 29 08:30:21 user devstack@keystone.service[46615]: DEBUG keystone.server.flask.request_processing.middleware.auth_context [None req-3a1f9ffc-45e5-4cff-8d44-cbed7e834d7d None admin] RBAC: auth_context: {'token': , 'domain_id': None, 'trust_id': None, 'trustor_id': None, 'trustee_id': None, 'domain_name': None, 'group_ids': [], 'user_id': '5b908e7d22474108bce7858b751b925a', 'user_domain_id': 'default', 'system_scope': 'all', 'project_id': None, 'project_domain_id': None, 'roles': ['admin', 'manager', 'member', 'reader'], 'is_admin_project': True, 'service_user_id': None, 'service_user_domain_id': None, 'service_project_id': None, 'service_project_domain_id': None, 'service_roles': []} {{(pid=46615) fill_context /opt/stack/keystone/keystone/server/flask/request_processing/middleware/auth_context.py:480}}
Nov 29 08:30:21 user devstack@keystone.service[46615]: DEBUG keystone.server.flask.request_processing.req_logging [None req-3a1f9ffc-45e5-4cff-8d44-cbed7e834d7d None admin] REQUEST_METHOD: `GET` {{(pid=46615) log_request_info /opt/stack/keystone/keystone/server/flask/request_processing/req_logging.py:27}}
Nov 29 08:30:21 user devstack@keystone.service[46615]: DEBUG keystone.server.flask.request_processing.req_logging [None req-3a1f9ffc-45e5-4cff-8d44-cbed7e834d7d None admin] SCRIPT_NAME: `/identity` {{(pid=46615) log_request_info /opt/stack/keystone/keystone/server/flask/request_processing/req_logging.py:28}}
Nov 29 08:30:21 user devstack@keystone.service[46615]: DEBUG keystone.server.flask.request_processing.req_logging [None req-3a1f9ffc-45e5-4cff-8d44-cbed7e834d7d None admin] PATH_INFO: `/v3/projects/605dc18ad0cf4c1f961436df6fd4529d` {{(pid=46615) log_request_info /opt/stack/keystone/keystone/server/flask/request_processing/req_logging.py:29}}
Nov 29 08:30:21 user devstack@keystone.service[46615]: DEBUG keystone.common.rbac_enforcer.enforcer [None req-3a1f9ffc-45e5-4cff-8d44-cbed7e834d7d None admin] RBAC: Authorizing `identity:get_project(project_id=605dc18ad0cf4c1f961436df6fd4529d)` {{(pid=46615) enforce_call /opt/stack/keystone/keystone/common/rbac_enforcer/enforcer.py:449}}
Nov 29 08:30:21 user devstack@keystone.service[46615]: DEBUG keystone.common.rbac_enforcer.enforcer [None req-3a1f9ffc-45e5-4cff-8d44-cbed7e834d7d None admin] RBAC: Authorization granted {{(pid=46615) enforce_call /opt/stack/keystone/keystone/common/rbac_enforcer/enforcer.py:457}}
Nov 29 08:30:21 user devstack@keystone.service[46615]: [pid: 46615|app: 0|req: 70/206] 10.0.0.210 () {56 vars in 1181 bytes} [Wed Nov 29 08:30:20 2023] GET /identity/v3/projects/605dc18ad0cf4c1f961436df6fd4529d => generated 301 bytes in 163 msecs (HTTP/1.1 200) 5 headers in 177 bytes (1 switches on core 0)
Nov 29 08:30:21 user devstack@keystone.service[46614]: DEBUG keystone.server.flask.request_processing.middleware.auth_context [None req-0cfbbea9-97c9-416c-9ec3-e6de022ed241 None admin] Authenticating user token {{(pid=46614) process_request /opt/stack/data/venv/lib/python3.10/site-packages/keystonemiddleware/auth_token/__init__.py:406}}
Nov 29 08:30:21 user devstack@keystone.service[46614]: DEBUG keystone.server.flask.request_processing.middleware.auth_context [None req-0cfbbea9-97c9-416c-9ec3-e6de022ed241 None admin] Validating token access rules against request {{(pid=46614) validate_allowed_request /opt/stack/data/venv/lib/python3.10/site-packages/keystonemiddleware/auth_token/__init__.py:544}}
Nov 29 08:30:21 user devstack@keystone.service[46614]: DEBUG keystone.server.flask.request_processing.middleware.auth_context [None req-ebf31d10-1337-4768-a2ca-45754979af39 None admin] RBAC: auth_context: {'token': , 'domain_id': None, 'trust_id': None, 'trustor_id': None, 'trustee_id': None, 'domain_name': None, 'group_ids': [], 'user_id': '5b908e7d22474108bce7858b751b925a', 'user_domain_id': 'default', 'system_scope': 'all', 'project_id': None, 'project_domain_id': None, 'roles': ['admin', 'manager', 'member', 'reader'], 'is_admin_project': True, 'service_user_id': None, 'service_user_domain_id': None, 'service_project_id': None, 'service_project_domain_id': None, 'service_roles': []} {{(pid=46614) fill_context /opt/stack/keystone/keystone/server/flask/request_processing/middleware/auth_context.py:480}}
Nov 29 08:30:21 user devstack@keystone.service[46614]: DEBUG keystone.server.flask.request_processing.req_logging [None req-ebf31d10-1337-4768-a2ca-45754979af39 None admin] REQUEST_METHOD: `GET` {{(pid=46614) log_request_info /opt/stack/keystone/keystone/server/flask/request_processing/req_logging.py:27}}
Nov 29 08:30:21 user devstack@keystone.service[46614]: DEBUG keystone.server.flask.request_processing.req_logging [None req-ebf31d10-1337-4768-a2ca-45754979af39 None admin] SCRIPT_NAME: `/identity` {{(pid=46614) log_request_info /opt/stack/keystone/keystone/server/flask/request_processing/req_logging.py:28}}
Nov 29 08:30:21 user devstack@keystone.service[46614]: DEBUG keystone.server.flask.request_processing.req_logging [None req-ebf31d10-1337-4768-a2ca-45754979af39 None admin] PATH_INFO: `/v3/role_assignments` {{(pid=46614) log_request_info /opt/stack/keystone/keystone/server/flask/request_processing/req_logging.py:29}}
Nov 29 08:30:21 user devstack@keystone.service[46614]: DEBUG keystone.common.rbac_enforcer.enforcer [None req-ebf31d10-1337-4768-a2ca-45754979af39 None admin] RBAC: Adding query filter params (role.id=7bf188a8988a4d8b9579c4235ff18ca0, scope.project.id=605dc18ad0cf4c1f961436df6fd4529d, user.id=e01b25068c134b98894cd4a300ac8b2f) {{(pid=46614) _extract_filter_values /opt/stack/keystone/keystone/common/rbac_enforcer/enforcer.py:167}}
Nov 29 08:30:21 user devstack@keystone.service[46614]: DEBUG keystone.common.rbac_enforcer.enforcer [None req-ebf31d10-1337-4768-a2ca-45754979af39 None admin] RBAC: Authorizing `identity:list_role_assignments()` {{(pid=46614) enforce_call /opt/stack/keystone/keystone/common/rbac_enforcer/enforcer.py:449}}
Nov 29 08:30:21 user devstack@keystone.service[46614]: DEBUG keystone.common.rbac_enforcer.enforcer [None req-ebf31d10-1337-4768-a2ca-45754979af39 None admin] RBAC: Authorization granted {{(pid=46614) enforce_call /opt/stack/keystone/keystone/common/rbac_enforcer/enforcer.py:457}}
Nov 29 08:30:21 user devstack@keystone.service[46614]: [pid: 46614|app: 0|req: 67/207] 10.0.0.210 () {56 vars in 1369 bytes} [Wed Nov 29 08:30:21 2023] GET /identity/v3/role_assignments?user.id=e01b25068c134b98894cd4a300ac8b2f&scope.project.id=605dc18ad0cf4c1f961436df6fd4529d&role.id=7bf188a8988a4d8b9579c4235ff18ca0 => generated 606 bytes in 160 msecs (HTTP/1.1 200) 5 headers in 177 bytes (1 switches on core 0)
Nov 29 08:30:22 user devstack@keystone.service[46613]: DEBUG keystone.server.flask.request_processing.req_logging [None req-2d8d5844-2489-465c-bcbc-50d41920f433 None None] REQUEST_METHOD: `GET` {{(pid=46613) log_request_info /opt/stack/keystone/keystone/server/flask/request_processing/req_logging.py:27}}
Nov 29 08:30:22 user devstack@keystone.service[46613]: DEBUG keystone.server.flask.request_processing.req_logging [None req-2d8d5844-2489-465c-bcbc-50d41920f433 None None] SCRIPT_NAME: `/identity` {{(pid=46613) log_request_info /opt/stack/keystone/keystone/server/flask/request_processing/req_logging.py:28}}
Nov 29 08:30:22 user devstack@keystone.service[46613]: DEBUG keystone.server.flask.request_processing.req_logging [None req-2d8d5844-2489-465c-bcbc-50d41920f433 None None] PATH_INFO: `/` {{(pid=46613) log_request_info /opt/stack/keystone/keystone/server/flask/request_processing/req_logging.py:29}}
Nov 29 08:30:22 user devstack@keystone.service[46613]: [pid: 46613|app: 0|req: 71/208] 10.0.0.210 () {54 vars in 921 bytes} [Wed Nov 29 08:30:22 2023] GET /identity => generated 269 bytes in 4 msecs (HTTP/1.1 300) 6 headers in 233 bytes (1 switches on core 0)
