Nov 29 08:30:37 user devstack@keystone.service[46614]: DEBUG keystone.server.flask.request_processing.req_logging [None req-e144ec86-d9a2-498c-8e7c-9c88146d731c None admin] PATH_INFO: `/v3/domains` {{(pid=46614) log_request_info /opt/stack/keystone/keystone/server/flask/request_processing/req_logging.py:29}}
Nov 29 08:30:37 user devstack@keystone.service[46613]: DEBUG keystone.server.flask.request_processing.req_logging [None req-f0c68ce3-f69d-4940-a8f0-87757d004e64 None admin] SCRIPT_NAME: `/identity` {{(pid=46613) log_request_info /opt/stack/keystone/keystone/server/flask/request_processing/req_logging.py:28}}
Nov 29 08:30:37 user devstack@keystone.service[46613]: DEBUG keystone.server.flask.request_processing.req_logging [None req-f0c68ce3-f69d-4940-a8f0-87757d004e64 None admin] PATH_INFO: `/v3/domains/Default` {{(pid=46613) log_request_info /opt/stack/keystone/keystone/server/flask/request_processing/req_logging.py:29}}
Nov 29 08:30:37 user devstack@keystone.service[46614]: DEBUG keystone.common.rbac_enforcer.enforcer [None req-e144ec86-d9a2-498c-8e7c-9c88146d731c None admin] RBAC: Adding query filter params (name=Default) {{(pid=46614) _extract_filter_values /opt/stack/keystone/keystone/common/rbac_enforcer/enforcer.py:167}}
Nov 29 08:30:37 user devstack@keystone.service[46614]: DEBUG keystone.common.rbac_enforcer.enforcer [None req-e144ec86-d9a2-498c-8e7c-9c88146d731c None admin] RBAC: Authorizing `identity:list_domains()` {{(pid=46614) enforce_call /opt/stack/keystone/keystone/common/rbac_enforcer/enforcer.py:449}}
Nov 29 08:30:37 user devstack@keystone.service[46614]: DEBUG keystone.common.rbac_enforcer.enforcer [None req-e144ec86-d9a2-498c-8e7c-9c88146d731c None admin] RBAC: Authorization granted {{(pid=46614) enforce_call /opt/stack/keystone/keystone/common/rbac_enforcer/enforcer.py:457}}
Nov 29 08:30:37 user devstack@keystone.service[46613]: DEBUG keystone.common.rbac_enforcer.enforcer [None req-f0c68ce3-f69d-4940-a8f0-87757d004e64 None admin] RBAC: Authorizing `identity:get_domain(domain_id=Default)` {{(pid=46613) enforce_call /opt/stack/keystone/keystone/common/rbac_enforcer/enforcer.py:449}}
Nov 29 08:30:37 user devstack@keystone.service[46613]: DEBUG keystone.common.rbac_enforcer.enforcer [None req-f0c68ce3-f69d-4940-a8f0-87757d004e64 None admin] RBAC: Authorization granted {{(pid=46613) enforce_call /opt/stack/keystone/keystone/common/rbac_enforcer/enforcer.py:457}}
Nov 29 08:30:37 user devstack@keystone.service[46614]: [pid: 46614|app: 0|req: 114/351] 10.0.0.210 () {56 vars in 1104 bytes} [Wed Nov 29 08:30:37 2023] GET /identity/v3/domains?name=Default => generated 306 bytes in 180 msecs (HTTP/1.1 200) 5 headers in 177 bytes (1 switches on core 0)
Nov 29 08:30:37 user devstack@keystone.service[46615]: DEBUG keystone.server.flask.request_processing.middleware.auth_context [None req-fff3b357-9f98-48d9-898f-ae9eae411c2e None None] Authenticating user token {{(pid=46615) process_request /opt/stack/data/venv/lib/python3.10/site-packages/keystonemiddleware/auth_token/__init__.py:406}}
Nov 29 08:30:37 user devstack@keystone.service[46613]: ERROR keystone.server.flask.application [None req-f0c68ce3-f69d-4940-a8f0-87757d004e64 None admin] Could not find domain: Default.: keystone.exception.DomainNotFound: Could not find domain: Default.
Nov 29 08:30:37 user devstack@keystone.service[46613]: ERROR keystone.server.flask.application
Traceback (most recent call last):
Nov 29 08:30:37 user devstack@keystone.service[46613]: ERROR keystone.server.flask.application
File "/opt/stack/data/venv/lib/python3.10/site-packages/flask/app.py", line 1823, in full_dispatch_request
Nov 29 08:30:37 user devstack@keystone.service[46613]: ERROR keystone.server.flask.application rv = self.dispatch_request()
Nov 29 08:30:37 user devstack@keystone.service[46613]: ERROR keystone.server.flask.application
File "/opt/stack/data/venv/lib/python3.10/site-packages/flask/app.py", line 1799, in dispatch_request
Nov 29 08:30:37 user devstack@keystone.service[46613]: ERROR keystone.server.flask.application return self.ensure_sync(self.view_functions[rule.endpoint])(**view_args)
Nov 29 08:30:37 user devstack@keystone.service[46613]: ERROR keystone.server.flask.application
File "/opt/stack/data/venv/lib/python3.10/site-packages/flask_restful/__init__.py", line 489, in wrapper
Nov 29 08:30:37 user devstack@keystone.service[46613]: ERROR keystone.server.flask.application resp = resource(*args, **kwargs)
Nov 29 08:30:37 user devstack@keystone.service[46613]: ERROR keystone.server.flask.application
File "/opt/stack/data/venv/lib/python3.10/site-packages/flask/views.py", line 107, in view
Nov 29 08:30:37 user devstack@keystone.service[46613]: ERROR keystone.server.flask.application return current_app.ensure_sync(self.dispatch_request)(**kwargs)
Nov 29 08:30:37 user devstack@keystone.service[46613]: ERROR keystone.server.flask.application
File "/opt/stack/data/venv/lib/python3.10/site-packages/flask_restful/__init__.py", line 604, in dispatch_request
Nov 29 08:30:37 user devstack@keystone.service[46613]: ERROR keystone.server.flask.application resp = meth(*args, **kwargs)
Nov 29 08:30:37 user devstack@keystone.service[46613]: ERROR keystone.server.flask.application
File "/opt/stack/keystone/keystone/api/domains.py", line 89, in get
Nov 29 08:30:37 user devstack@keystone.service[46613]: ERROR keystone.server.flask.application return self._get_domain(domain_id)
Nov 29 08:30:37 user devstack@keystone.service[46613]: ERROR keystone.server.flask.application
File "/opt/stack/keystone/keystone/api/domains.py", line 97, in _get_domain
Nov 29 08:30:37 user devstack@keystone.service[46613]: ERROR keystone.server.flask.application domain = PROVIDERS.resource_api.get_domain(domain_id)
Nov 29 08:30:37 user devstack@keystone.service[46613]: ERROR keystone.server.flask.application
File "/opt/stack/keystone/keystone/common/manager.py", line 115, in wrapped
Nov 29 08:30:37 user devstack@keystone.service[46613]: ERROR keystone.server.flask.application __ret_val = __f(*args, **kwargs)
Nov 29 08:30:37 user devstack@keystone.service[46613]: ERROR keystone.server.flask.application
File "/opt/stack/data/venv/lib/python3.10/site-packages/decorator.py", line 232, in fun
Nov 29 08:30:37 user devstack@keystone.service[46613]: ERROR keystone.server.flask.application return caller(func, *(extras + args), **kw)
Nov 29 08:30:37 user devstack@keystone.service[46613]: ERROR keystone.server.flask.application
File "/opt/stack/data/venv/lib/python3.10/site-packages/dogpile/cache/region.py", line 1594, in get_or_create_for_user_func
Nov 29 08:30:37 user devstack@keystone.service[46613]: ERROR keystone.server.flask.application return self.get_or_create(
Nov 29 08:30:37 user devstack@keystone.service[46613]: ERROR keystone.server.flask.application
File "/opt/stack/data/venv/lib/python3.10/site-packages/dogpile/cache/region.py", line 1054, in get_or_create
Nov 29 08:30:37 user devstack@keystone.service[46613]: ERROR keystone.server.flask.application with Lock(
Nov 29 08:30:37 user devstack@keystone.service[46613]: ERROR keystone.server.flask.application
File "/opt/stack/data/venv/lib/python3.10/site-packages/dogpile/lock.py", line 185, in __enter__
Nov 29 08:30:37 user devstack@keystone.service[46613]: ERROR keystone.server.flask.application return self._enter()
Nov 29 08:30:37 user devstack@keystone.service[46613]: ERROR keystone.server.flask.application
File "/opt/stack/data/venv/lib/python3.10/site-packages/dogpile/lock.py", line 94, in _enter
Nov 29 08:30:37 user devstack@keystone.service[46613]: ERROR keystone.server.flask.application generated = self._enter_create(value, createdtime)
Nov 29 08:30:37 user devstack@keystone.service[46613]: ERROR keystone.server.flask.application
File "/opt/stack/data/venv/lib/python3.10/site-packages/dogpile/lock.py", line 178, in _enter_create
Nov 29 08:30:37 user devstack@keystone.service[46613]: ERROR keystone.server.flask.application return self.creator()
Nov 29 08:30:37 user devstack@keystone.service[46613]: ERROR keystone.server.flask.application
File "/opt/stack/data/venv/lib/python3.10/site-packages/dogpile/cache/region.py", line 1007, in gen_value
Nov 29 08:30:37 user devstack@keystone.service[46613]: ERROR keystone.server.flask.application created_value = creator(
Nov 29 08:30:37 user devstack@keystone.service[46613]: ERROR keystone.server.flask.application
File "/opt/stack/keystone/keystone/resource/core.py", line 716, in get_domain
Nov 29 08:30:37 user devstack@keystone.service[46613]: ERROR keystone.server.flask.application raise exception.DomainNotFound(domain_id=domain_id)
Nov 29 08:30:37 user devstack@keystone.service[46613]: ERROR keystone.server.flask.application keystone.exception.DomainNotFound: Could not find domain: Default.
Nov 29 08:30:37 user devstack@keystone.service[46613]: ERROR keystone.server.flask.application
Nov 29 08:30:37 user devstack@keystone.service[46613]: [pid: 46613|app: 0|req: 120/352] 10.0.0.210 () {56 vars in 1103 bytes} [Wed Nov 29 08:30:37 2023] GET /identity/v3/domains/Default => generated 87 bytes in 159 msecs (HTTP/1.1 404) 5 headers in 183 bytes (1 switches on core 0)
Nov 29 08:30:37 user devstack@keystone.service[46614]: DEBUG keystone.server.flask.request_processing.middleware.auth_context [None req-e144ec86-d9a2-498c-8e7c-9c88146d731c None admin] Authenticating user token {{(pid=46614) process_request /opt/stack/data/venv/lib/python3.10/site-packages/keystonemiddleware/auth_token/__init__.py:406}}
Nov 29 08:30:37 user devstack@keystone.service[46615]: DEBUG keystone.server.flask.request_processing.middleware.auth_context [None req-fff3b357-9f98-48d9-898f-ae9eae411c2e None None] Validating token access rules against request {{(pid=46615) validate_allowed_request /opt/stack/data/venv/lib/python3.10/site-packages/keystonemiddleware/auth_token/__init__.py:544}}
Nov 29 08:30:37 user devstack@keystone.service[46614]: DEBUG keystone.server.flask.request_processing.middleware.auth_context [None req-e144ec86-d9a2-498c-8e7c-9c88146d731c None admin] Validating token access rules against request {{(pid=46614) validate_allowed_request /opt/stack/data/venv/lib/python3.10/site-packages/keystonemiddleware/auth_token/__init__.py:544}}
Nov 29 08:30:37 user devstack@keystone.service[46615]: DEBUG keystone.server.flask.request_processing.middleware.auth_context [None req-5bf807e7-a535-40e8-94bc-b84bcd97e6f0 None admin] RBAC: auth_context: {'token': , 'domain_id': None, 'trust_id': None, 'trustor_id': None, 'trustee_id': None, 'domain_name': None, 'group_ids': [], 'user_id': '5b908e7d22474108bce7858b751b925a', 'user_domain_id': 'default', 'system_scope': 'all', 'project_id': None, 'project_domain_id': None, 'roles': ['admin', 'manager', 'member', 'reader'], 'is_admin_project': True, 'service_user_id': None, 'service_user_domain_id': None, 'service_project_id': None, 'service_project_domain_id': None, 'service_roles': []} {{(pid=46615) fill_context /opt/stack/keystone/keystone/server/flask/request_processing/middleware/auth_context.py:480}}
Nov 29 08:30:37 user devstack@keystone.service[46615]: DEBUG keystone.server.flask.request_processing.req_logging [None req-5bf807e7-a535-40e8-94bc-b84bcd97e6f0 None admin] REQUEST_METHOD: `POST` {{(pid=46615) log_request_info /opt/stack/keystone/keystone/server/flask/request_processing/req_logging.py:27}}
Nov 29 08:30:37 user devstack@keystone.service[46615]: DEBUG keystone.server.flask.request_processing.req_logging [None req-5bf807e7-a535-40e8-94bc-b84bcd97e6f0 None admin] SCRIPT_NAME: `/identity` {{(pid=46615) log_request_info /opt/stack/keystone/keystone/server/flask/request_processing/req_logging.py:28}}
Nov 29 08:30:37 user devstack@keystone.service[46615]: DEBUG keystone.server.flask.request_processing.req_logging [None req-5bf807e7-a535-40e8-94bc-b84bcd97e6f0 None admin] PATH_INFO: `/v3/users` {{(pid=46615) log_request_info /opt/stack/keystone/keystone/server/flask/request_processing/req_logging.py:29}}
Nov 29 08:30:37 user devstack@keystone.service[46615]: DEBUG keystone.common.rbac_enforcer.enforcer [None req-5bf807e7-a535-40e8-94bc-b84bcd97e6f0 None admin] RBAC: Authorizing `identity:create_user()` {{(pid=46615) enforce_call /opt/stack/keystone/keystone/common/rbac_enforcer/enforcer.py:449}}
Nov 29 08:30:37 user devstack@keystone.service[46615]: DEBUG keystone.common.rbac_enforcer.enforcer [None req-5bf807e7-a535-40e8-94bc-b84bcd97e6f0 None admin] RBAC: Authorization granted {{(pid=46615) enforce_call /opt/stack/keystone/keystone/common/rbac_enforcer/enforcer.py:457}}
Nov 29 08:30:37 user devstack@keystone.service[46615]: WARNING keystone.common.password_hashing [None req-5bf807e7-a535-40e8-94bc-b84bcd97e6f0 None admin] Truncating password to algorithm specific maximum length 72 characters.
Nov 29 08:30:37 user devstack@keystone.service[46613]: DEBUG keystone.server.flask.request_processing.middleware.auth_context [None req-f0c68ce3-f69d-4940-a8f0-87757d004e64 None admin] Authenticating user token {{(pid=46613) process_request /opt/stack/data/venv/lib/python3.10/site-packages/keystonemiddleware/auth_token/__init__.py:406}}
Nov 29 08:30:37 user devstack@keystone.service[46614]: DEBUG keystone.server.flask.request_processing.middleware.auth_context [None req-8e726530-afd7-46a9-8e59-a34806cd1c5a None admin] RBAC: auth_context: {'token': , 'domain_id': None, 'trust_id': None, 'trustor_id': None, 'trustee_id': None, 'domain_name': None, 'group_ids': [], 'user_id': '5b908e7d22474108bce7858b751b925a', 'user_domain_id': 'default', 'system_scope': 'all', 'project_id': None, 'project_domain_id': None, 'roles': ['admin', 'manager', 'member', 'reader'], 'is_admin_project': True, 'service_user_id': None, 'service_user_domain_id': None, 'service_project_id': None, 'service_project_domain_id': None, 'service_roles': []} {{(pid=46614) fill_context /opt/stack/keystone/keystone/server/flask/request_processing/middleware/auth_context.py:480}}
Nov 29 08:30:37 user devstack@keystone.service[46614]: DEBUG keystone.server.flask.request_processing.req_logging [None req-8e726530-afd7-46a9-8e59-a34806cd1c5a None admin] REQUEST_METHOD: `GET` {{(pid=46614) log_request_info /opt/stack/keystone/keystone/server/flask/request_processing/req_logging.py:27}}
Nov 29 08:30:37 user devstack@keystone.service[46614]: DEBUG keystone.server.flask.request_processing.req_logging [None req-8e726530-afd7-46a9-8e59-a34806cd1c5a None admin] SCRIPT_NAME: `/identity` {{(pid=46614) log_request_info /opt/stack/keystone/keystone/server/flask/request_processing/req_logging.py:28}}
Nov 29 08:30:37 user devstack@keystone.service[46614]: DEBUG keystone.server.flask.request_processing.req_logging [None req-8e726530-afd7-46a9-8e59-a34806cd1c5a None admin] PATH_INFO: `/v3/domains` {{(pid=46614) log_request_info /opt/stack/keystone/keystone/server/flask/request_processing/req_logging.py:29}}
Nov 29 08:30:37 user devstack@keystone.service[46614]: DEBUG keystone.common.rbac_enforcer.enforcer [None req-8e726530-afd7-46a9-8e59-a34806cd1c5a None admin] RBAC: Adding query filter params (name=Default) {{(pid=46614) _extract_filter_values /opt/stack/keystone/keystone/common/rbac_enforcer/enforcer.py:167}}
Nov 29 08:30:37 user devstack@keystone.service[46614]: DEBUG keystone.common.rbac_enforcer.enforcer [None req-8e726530-afd7-46a9-8e59-a34806cd1c5a None admin] RBAC: Authorizing `identity:list_domains()` {{(pid=46614) enforce_call /opt/stack/keystone/keystone/common/rbac_enforcer/enforcer.py:449}}
Nov 29 08:30:37 user devstack@keystone.service[46614]: DEBUG keystone.common.rbac_enforcer.enforcer [None req-8e726530-afd7-46a9-8e59-a34806cd1c5a None admin] RBAC: Authorization granted {{(pid=46614) enforce_call /opt/stack/keystone/keystone/common/rbac_enforcer/enforcer.py:457}}
Nov 29 08:30:37 user devstack@keystone.service[46615]: [pid: 46615|app: 0|req: 119/353] 10.0.0.210 () {60 vars in 1127 bytes} [Wed Nov 29 08:30:37 2023] POST /identity/v3/users => generated 247 bytes in 169 msecs (HTTP/1.1 201) 5 headers in 182 bytes (1 switches on core 0)
Nov 29 08:30:37 user devstack@keystone.service[46614]: [pid: 46614|app: 0|req: 115/354] 10.0.0.210 () {56 vars in 1104 bytes} [Wed Nov 29 08:30:37 2023] GET /identity/v3/domains?name=Default => generated 306 bytes in 166 msecs (HTTP/1.1 200) 5 headers in 177 bytes (1 switches on core 0)
Nov 29 08:30:37 user devstack@keystone.service[46615]: DEBUG keystone.server.flask.request_processing.middleware.auth_context [None req-5bf807e7-a535-40e8-94bc-b84bcd97e6f0 None admin] Authenticating user token {{(pid=46615) process_request /opt/stack/data/venv/lib/python3.10/site-packages/keystonemiddleware/auth_token/__init__.py:406}}
Nov 29 08:30:37 user devstack@keystone.service[46613]: DEBUG keystone.server.flask.request_processing.middleware.auth_context [None req-f0c68ce3-f69d-4940-a8f0-87757d004e64 None admin] Validating token access rules against request {{(pid=46613) validate_allowed_request /opt/stack/data/venv/lib/python3.10/site-packages/keystonemiddleware/auth_token/__init__.py:544}}
Nov 29 08:30:37 user devstack@keystone.service[46613]: DEBUG keystone.server.flask.request_processing.middleware.auth_context [None req-a80a774d-856e-4c08-8b3d-4ebbf768dd07 None admin] RBAC: auth_context: {'token': , 'domain_id': None, 'trust_id': None, 'trustor_id': None, 'trustee_id': None, 'domain_name': None, 'group_ids': [], 'user_id': '5b908e7d22474108bce7858b751b925a', 'user_domain_id': 'default', 'system_scope': 'all', 'project_id': None, 'project_domain_id': None, 'roles': ['admin', 'manager', 'member', 'reader'], 'is_admin_project': True, 'service_user_id': None, 'service_user_domain_id': None, 'service_project_id': None, 'service_project_domain_id': None, 'service_roles': []} {{(pid=46613) fill_context /opt/stack/keystone/keystone/server/flask/request_processing/middleware/auth_context.py:480}}
Nov 29 08:30:37 user devstack@keystone.service[46613]: DEBUG keystone.server.flask.request_processing.req_logging [None req-a80a774d-856e-4c08-8b3d-4ebbf768dd07 None admin] REQUEST_METHOD: `GET` {{(pid=46613) log_request_info /opt/stack/keystone/keystone/server/flask/request_processing/req_logging.py:27}}
Nov 29 08:30:37 user devstack@keystone.service[46613]: DEBUG keystone.server.flask.request_processing.req_logging [None req-a80a774d-856e-4c08-8b3d-4ebbf768dd07 None admin] SCRIPT_NAME: `/identity` {{(pid=46613) log_request_info /opt/stack/keystone/keystone/server/flask/request_processing/req_logging.py:28}}
Nov 29 08:30:37 user devstack@keystone.service[46613]: DEBUG keystone.server.flask.request_processing.req_logging [None req-a80a774d-856e-4c08-8b3d-4ebbf768dd07 None admin] PATH_INFO: `/v3/domains/Default` {{(pid=46613) log_request_info /opt/stack/keystone/keystone/server/flask/request_processing/req_logging.py:29}}
Nov 29 08:30:37 user devstack@keystone.service[46615]: DEBUG keystone.server.flask.request_processing.middleware.auth_context [None req-5bf807e7-a535-40e8-94bc-b84bcd97e6f0 None admin] Validating token access rules against request {{(pid=46615) validate_allowed_request /opt/stack/data/venv/lib/python3.10/site-packages/keystonemiddleware/auth_token/__init__.py:544}}
Nov 29 08:30:37 user devstack@keystone.service[46613]: DEBUG keystone.common.rbac_enforcer.enforcer [None req-a80a774d-856e-4c08-8b3d-4ebbf768dd07 None admin] RBAC: Authorizing `identity:get_domain(domain_id=Default)` {{(pid=46613) enforce_call /opt/stack/keystone/keystone/common/rbac_enforcer/enforcer.py:449}}
Nov 29 08:30:37 user devstack@keystone.service[46613]: DEBUG keystone.common.rbac_enforcer.enforcer [None req-a80a774d-856e-4c08-8b3d-4ebbf768dd07 None admin] RBAC: Authorization granted {{(pid=46613) enforce_call /opt/stack/keystone/keystone/common/rbac_enforcer/enforcer.py:457}}
Nov 29 08:30:37 user devstack@keystone.service[46613]: ERROR keystone.server.flask.application [None req-a80a774d-856e-4c08-8b3d-4ebbf768dd07 None admin] Could not find domain: Default.: keystone.exception.DomainNotFound: Could not find domain: Default.
Nov 29 08:30:37 user devstack@keystone.service[46613]: ERROR keystone.server.flask.application
Traceback (most recent call last):
Nov 29 08:30:37 user devstack@keystone.service[46613]: ERROR keystone.server.flask.application
File "/opt/stack/data/venv/lib/python3.10/site-packages/flask/app.py", line 1823, in full_dispatch_request
Nov 29 08:30:37 user devstack@keystone.service[46613]: ERROR keystone.server.flask.application rv = self.dispatch_request()
Nov 29 08:30:37 user devstack@keystone.service[46613]: ERROR keystone.server.flask.application
File "/opt/stack/data/venv/lib/python3.10/site-packages/flask/app.py", line 1799, in dispatch_request
Nov 29 08:30:37 user devstack@keystone.service[46613]: ERROR keystone.server.flask.application return self.ensure_sync(self.view_functions[rule.endpoint])(**view_args)
Nov 29 08:30:37 user devstack@keystone.service[46613]: ERROR keystone.server.flask.application
File "/opt/stack/data/venv/lib/python3.10/site-packages/flask_restful/__init__.py", line 489, in wrapper
Nov 29 08:30:37 user devstack@keystone.service[46613]: ERROR keystone.server.flask.application resp = resource(*args, **kwargs)
Nov 29 08:30:37 user devstack@keystone.service[46613]: ERROR keystone.server.flask.application
File "/opt/stack/data/venv/lib/python3.10/site-packages/flask/views.py", line 107, in view
Nov 29 08:30:37 user devstack@keystone.service[46613]: ERROR keystone.server.flask.application return current_app.ensure_sync(self.dispatch_request)(**kwargs)
Nov 29 08:30:37 user devstack@keystone.service[46613]: ERROR keystone.server.flask.application
File "/opt/stack/data/venv/lib/python3.10/site-packages/flask_restful/__init__.py", line 604, in dispatch_request
Nov 29 08:30:37 user devstack@keystone.service[46613]: ERROR keystone.server.flask.application resp = meth(*args, **kwargs)
Nov 29 08:30:37 user devstack@keystone.service[46613]: ERROR keystone.server.flask.application
File "/opt/stack/keystone/keystone/api/domains.py", line 89, in get
Nov 29 08:30:37 user devstack@keystone.service[46613]: ERROR keystone.server.flask.application return self._get_domain(domain_id)
Nov 29 08:30:37 user devstack@keystone.service[46613]: ERROR keystone.server.flask.application
File "/opt/stack/keystone/keystone/api/domains.py", line 97, in _get_domain
Nov 29 08:30:37 user devstack@keystone.service[46613]: ERROR keystone.server.flask.application domain = PROVIDERS.resource_api.get_domain(domain_id)
Nov 29 08:30:37 user devstack@keystone.service[46613]: ERROR keystone.server.flask.application
File "/opt/stack/keystone/keystone/common/manager.py", line 115, in wrapped
Nov 29 08:30:37 user devstack@keystone.service[46613]: ERROR keystone.server.flask.application __ret_val = __f(*args, **kwargs)
Nov 29 08:30:37 user devstack@keystone.service[46613]: ERROR keystone.server.flask.application
File "/opt/stack/data/venv/lib/python3.10/site-packages/decorator.py", line 232, in fun
Nov 29 08:30:37 user devstack@keystone.service[46613]: ERROR keystone.server.flask.application return caller(func, *(extras + args), **kw)
Nov 29 08:30:37 user devstack@keystone.service[46613]: ERROR keystone.server.flask.application
File "/opt/stack/data/venv/lib/python3.10/site-packages/dogpile/cache/region.py", line 1594, in get_or_create_for_user_func
Nov 29 08:30:37 user devstack@keystone.service[46613]: ERROR keystone.server.flask.application return self.get_or_create(
Nov 29 08:30:37 user devstack@keystone.service[46613]: ERROR keystone.server.flask.application
File "/opt/stack/data/venv/lib/python3.10/site-packages/dogpile/cache/region.py", line 1054, in get_or_create
Nov 29 08:30:37 user devstack@keystone.service[46613]: ERROR keystone.server.flask.application with Lock(
Nov 29 08:30:37 user devstack@keystone.service[46613]: ERROR keystone.server.flask.application
File "/opt/stack/data/venv/lib/python3.10/site-packages/dogpile/lock.py", line 185, in __enter__
Nov 29 08:30:37 user devstack@keystone.service[46613]: ERROR keystone.server.flask.application return self._enter()
Nov 29 08:30:37 user devstack@keystone.service[46613]: ERROR keystone.server.flask.application
File "/opt/stack/data/venv/lib/python3.10/site-packages/dogpile/lock.py", line 94, in _enter
Nov 29 08:30:37 user devstack@keystone.service[46613]: ERROR keystone.server.flask.application generated = self._enter_create(value, createdtime)
Nov 29 08:30:37 user devstack@keystone.service[46613]: ERROR keystone.server.flask.application
File "/opt/stack/data/venv/lib/python3.10/site-packages/dogpile/lock.py", line 178, in _enter_create
Nov 29 08:30:37 user devstack@keystone.service[46613]: ERROR keystone.server.flask.application return self.creator()
Nov 29 08:30:37 user devstack@keystone.service[46613]: ERROR keystone.server.flask.application
File "/opt/stack/data/venv/lib/python3.10/site-packages/dogpile/cache/region.py", line 1007, in gen_value
Nov 29 08:30:37 user devstack@keystone.service[46613]: ERROR keystone.server.flask.application created_value = creator(
Nov 29 08:30:37 user devstack@keystone.service[46613]: ERROR keystone.server.flask.application
File "/opt/stack/keystone/keystone/resource/core.py", line 716, in get_domain
Nov 29 08:30:37 user devstack@keystone.service[46613]: ERROR keystone.server.flask.application raise exception.DomainNotFound(domain_id=domain_id)
Nov 29 08:30:37 user devstack@keystone.service[46613]: ERROR keystone.server.flask.application keystone.exception.DomainNotFound: Could not find domain: Default.
Nov 29 08:30:37 user devstack@keystone.service[46613]: ERROR keystone.server.flask.application
Nov 29 08:30:37 user devstack@keystone.service[46613]: [pid: 46613|app: 0|req: 121/355] 10.0.0.210 () {56 vars in 1103 bytes} [Wed Nov 29 08:30:37 2023] GET /identity/v3/domains/Default => generated 87 bytes in 160 msecs (HTTP/1.1 404) 5 headers in 183 bytes (1 switches on core 0)
Nov 29 08:30:37 user devstack@keystone.service[46614]: DEBUG keystone.server.flask.request_processing.middleware.auth_context [None req-8e726530-afd7-46a9-8e59-a34806cd1c5a None admin] Authenticating user token {{(pid=46614) process_request /opt/stack/data/venv/lib/python3.10/site-packages/keystonemiddleware/auth_token/__init__.py:406}}
Nov 29 08:30:37 user devstack@keystone.service[46615]: DEBUG keystone.server.flask.request_processing.middleware.auth_context [None req-ee69acbd-7ea3-4f2a-917c-910c1674ae36 None admin] RBAC: auth_context: {'token': , 'domain_id': None, 'trust_id': None, 'trustor_id': None, 'trustee_id': None, 'domain_name': None, 'group_ids': [], 'user_id': '5b908e7d22474108bce7858b751b925a', 'user_domain_id': 'default', 'system_scope': 'all', 'project_id': None, 'project_domain_id': None, 'roles': ['admin', 'manager', 'member', 'reader'], 'is_admin_project': True, 'service_user_id': None, 'service_user_domain_id': None, 'service_project_id': None, 'service_project_domain_id': None, 'service_roles': []} {{(pid=46615) fill_context /opt/stack/keystone/keystone/server/flask/request_processing/middleware/auth_context.py:480}}
Nov 29 08:30:37 user devstack@keystone.service[46615]: DEBUG keystone.server.flask.request_processing.req_logging [None req-ee69acbd-7ea3-4f2a-917c-910c1674ae36 None admin] REQUEST_METHOD: `POST` {{(pid=46615) log_request_info /opt/stack/keystone/keystone/server/flask/request_processing/req_logging.py:27}}
Nov 29 08:30:37 user devstack@keystone.service[46615]: DEBUG keystone.server.flask.request_processing.req_logging [None req-ee69acbd-7ea3-4f2a-917c-910c1674ae36 None admin] SCRIPT_NAME: `/identity` {{(pid=46615) log_request_info /opt/stack/keystone/keystone/server/flask/request_processing/req_logging.py:28}}
Nov 29 08:30:37 user devstack@keystone.service[46615]: DEBUG keystone.server.flask.request_processing.req_logging [None req-ee69acbd-7ea3-4f2a-917c-910c1674ae36 None admin] PATH_INFO: `/v3/users` {{(pid=46615) log_request_info /opt/stack/keystone/keystone/server/flask/request_processing/req_logging.py:29}}
Nov 29 08:30:37 user devstack@keystone.service[46615]: DEBUG keystone.common.rbac_enforcer.enforcer [None req-ee69acbd-7ea3-4f2a-917c-910c1674ae36 None admin] RBAC: Authorizing `identity:create_user()` {{(pid=46615) enforce_call /opt/stack/keystone/keystone/common/rbac_enforcer/enforcer.py:449}}
Nov 29 08:30:37 user devstack@keystone.service[46615]: DEBUG keystone.common.rbac_enforcer.enforcer [None req-ee69acbd-7ea3-4f2a-917c-910c1674ae36 None admin] RBAC: Authorization granted {{(pid=46615) enforce_call /opt/stack/keystone/keystone/common/rbac_enforcer/enforcer.py:457}}
Nov 29 08:30:37 user devstack@keystone.service[46615]: WARNING keystone.common.password_hashing [None req-ee69acbd-7ea3-4f2a-917c-910c1674ae36 None admin] Truncating password to algorithm specific maximum length 72 characters.
Nov 29 08:30:37 user devstack@keystone.service[46615]: [pid: 46615|app: 0|req: 120/356] 10.0.0.210 () {60 vars in 1127 bytes} [Wed Nov 29 08:30:37 2023] POST /identity/v3/users => generated 247 bytes in 184 msecs (HTTP/1.1 201) 5 headers in 182 bytes (1 switches on core 0)
Nov 29 08:30:37 user devstack@keystone.service[46614]: DEBUG keystone.server.flask.request_processing.middleware.auth_context [None req-8e726530-afd7-46a9-8e59-a34806cd1c5a None admin] Validating token access rules against request {{(pid=46614) validate_allowed_request /opt/stack/data/venv/lib/python3.10/site-packages/keystonemiddleware/auth_token/__init__.py:544}}
Nov 29 08:30:37 user devstack@keystone.service[46614]: DEBUG keystone.server.flask.request_processing.middleware.auth_context [None req-f57d8d7a-fe7b-42c1-96f5-e81f44a59909 None admin] RBAC: auth_context: {'token': , 'domain_id': None, 'trust_id': None, 'trustor_id': None, 'trustee_id': None, 'domain_name': None, 'group_ids': [], 'user_id': '5b908e7d22474108bce7858b751b925a', 'user_domain_id': 'default', 'system_scope': 'all', 'project_id': None, 'project_domain_id': None, 'roles': ['admin', 'manager', 'member', 'reader'], 'is_admin_project': True, 'service_user_id': None, 'service_user_domain_id': None, 'service_project_id': None, 'service_project_domain_id': None, 'service_roles': []} {{(pid=46614) fill_context /opt/stack/keystone/keystone/server/flask/request_processing/middleware/auth_context.py:480}}
Nov 29 08:30:37 user devstack@keystone.service[46614]: DEBUG keystone.server.flask.request_processing.req_logging [None req-f57d8d7a-fe7b-42c1-96f5-e81f44a59909 None admin] REQUEST_METHOD: `GET` {{(pid=46614) log_request_info /opt/stack/keystone/keystone/server/flask/request_processing/req_logging.py:27}}
Nov 29 08:30:37 user devstack@keystone.service[46614]: DEBUG keystone.server.flask.request_processing.req_logging [None req-f57d8d7a-fe7b-42c1-96f5-e81f44a59909 None admin] SCRIPT_NAME: `/identity` {{(pid=46614) log_request_info /opt/stack/keystone/keystone/server/flask/request_processing/req_logging.py:28}}
Nov 29 08:30:37 user devstack@keystone.service[46614]: DEBUG keystone.server.flask.request_processing.req_logging [None req-f57d8d7a-fe7b-42c1-96f5-e81f44a59909 None admin] PATH_INFO: `/v3/domains` {{(pid=46614) log_request_info /opt/stack/keystone/keystone/server/flask/request_processing/req_logging.py:29}}
Nov 29 08:30:37 user devstack@keystone.service[46614]: DEBUG keystone.common.rbac_enforcer.enforcer [None req-f57d8d7a-fe7b-42c1-96f5-e81f44a59909 None admin] RBAC: Adding query filter params (name=Default) {{(pid=46614) _extract_filter_values /opt/stack/keystone/keystone/common/rbac_enforcer/enforcer.py:167}}
Nov 29 08:30:37 user devstack@keystone.service[46614]: DEBUG keystone.common.rbac_enforcer.enforcer [None req-f57d8d7a-fe7b-42c1-96f5-e81f44a59909 None admin] RBAC: Authorizing `identity:list_domains()` {{(pid=46614) enforce_call /opt/stack/keystone/keystone/common/rbac_enforcer/enforcer.py:449}}
Nov 29 08:30:37 user devstack@keystone.service[46614]: DEBUG keystone.common.rbac_enforcer.enforcer [None req-f57d8d7a-fe7b-42c1-96f5-e81f44a59909 None admin] RBAC: Authorization granted {{(pid=46614) enforce_call /opt/stack/keystone/keystone/common/rbac_enforcer/enforcer.py:457}}
Nov 29 08:30:37 user devstack@keystone.service[46614]: [pid: 46614|app: 0|req: 116/357] 10.0.0.210 () {56 vars in 1104 bytes} [Wed Nov 29 08:30:37 2023] GET /identity/v3/domains?name=Default => generated 306 bytes in 203 msecs (HTTP/1.1 200) 5 headers in 177 bytes (1 switches on core 0)
Nov 29 08:30:37 user devstack@keystone.service[46613]: DEBUG keystone.server.flask.request_processing.middleware.auth_context [None req-a80a774d-856e-4c08-8b3d-4ebbf768dd07 None admin] Authenticating user token {{(pid=46613) process_request /opt/stack/data/venv/lib/python3.10/site-packages/keystonemiddleware/auth_token/__init__.py:406}}
Nov 29 08:30:37 user devstack@keystone.service[46613]: DEBUG keystone.server.flask.request_processing.middleware.auth_context [None req-a80a774d-856e-4c08-8b3d-4ebbf768dd07 None admin] Validating token access rules against request {{(pid=46613) validate_allowed_request /opt/stack/data/venv/lib/python3.10/site-packages/keystonemiddleware/auth_token/__init__.py:544}}
Nov 29 08:30:37 user devstack@keystone.service[46613]: DEBUG keystone.server.flask.request_processing.middleware.auth_context [None req-414fbec6-55c0-4f56-9a02-aa17e3225888 None admin] RBAC: auth_context: {'token': , 'domain_id': None, 'trust_id': None, 'trustor_id': None, 'trustee_id': None, 'domain_name': None, 'group_ids': [], 'user_id': '5b908e7d22474108bce7858b751b925a', 'user_domain_id': 'default', 'system_scope': 'all', 'project_id': None, 'project_domain_id': None, 'roles': ['admin', 'manager', 'member', 'reader'], 'is_admin_project': True, 'service_user_id': None, 'service_user_domain_id': None, 'service_project_id': None, 'service_project_domain_id': None, 'service_roles': []} {{(pid=46613) fill_context /opt/stack/keystone/keystone/server/flask/request_processing/middleware/auth_context.py:480}}
Nov 29 08:30:37 user devstack@keystone.service[46613]: DEBUG keystone.server.flask.request_processing.req_logging [None req-414fbec6-55c0-4f56-9a02-aa17e3225888 None admin] REQUEST_METHOD: `POST` {{(pid=46613) log_request_info /opt/stack/keystone/keystone/server/flask/request_processing/req_logging.py:27}}
Nov 29 08:30:37 user devstack@keystone.service[46613]: DEBUG keystone.server.flask.request_processing.req_logging [None req-414fbec6-55c0-4f56-9a02-aa17e3225888 None admin] SCRIPT_NAME: `/identity` {{(pid=46613) log_request_info /opt/stack/keystone/keystone/server/flask/request_processing/req_logging.py:28}}
Nov 29 08:30:37 user devstack@keystone.service[46613]: DEBUG keystone.server.flask.request_processing.req_logging [None req-414fbec6-55c0-4f56-9a02-aa17e3225888 None admin] PATH_INFO: `/v3/users` {{(pid=46613) log_request_info /opt/stack/keystone/keystone/server/flask/request_processing/req_logging.py:29}}
Nov 29 08:30:37 user devstack@keystone.service[46613]: DEBUG keystone.common.rbac_enforcer.enforcer [None req-414fbec6-55c0-4f56-9a02-aa17e3225888 None admin] RBAC: Authorizing `identity:create_user()` {{(pid=46613) enforce_call /opt/stack/keystone/keystone/common/rbac_enforcer/enforcer.py:449}}
Nov 29 08:30:37 user devstack@keystone.service[46613]: DEBUG keystone.common.rbac_enforcer.enforcer [None req-414fbec6-55c0-4f56-9a02-aa17e3225888 None admin] RBAC: Authorization granted {{(pid=46613) enforce_call /opt/stack/keystone/keystone/common/rbac_enforcer/enforcer.py:457}}
Nov 29 08:30:37 user devstack@keystone.service[46613]: WARNING keystone.common.password_hashing [None req-414fbec6-55c0-4f56-9a02-aa17e3225888 None admin] Truncating password to algorithm specific maximum length 72 characters.
Nov 29 08:30:37 user devstack@keystone.service[46613]: [pid: 46613|app: 0|req: 122/358] 10.0.0.210 () {60 vars in 1127 bytes} [Wed Nov 29 08:30:37 2023] POST /identity/v3/users => generated 248 bytes in 169 msecs (HTTP/1.1 201) 5 headers in 182 bytes (1 switches on core 0)
Nov 29 08:30:38 user devstack@keystone.service[46615]: DEBUG keystone.server.flask.request_processing.req_logging [None req-d3176757-e7c8-46c0-b290-ce0c0bdb7adb None None] REQUEST_METHOD: `GET` {{(pid=46615) log_request_info /opt/stack/keystone/keystone/server/flask/request_processing/req_logging.py:27}}
Nov 29 08:30:38 user devstack@keystone.service[46615]: DEBUG keystone.server.flask.request_processing.req_logging [None req-d3176757-e7c8-46c0-b290-ce0c0bdb7adb None None] SCRIPT_NAME: `/identity` {{(pid=46615) log_request_info /opt/stack/keystone/keystone/server/flask/request_processing/req_logging.py:28}}
Nov 29 08:30:38 user devstack@keystone.service[46615]: DEBUG keystone.server.flask.request_processing.req_logging [None req-d3176757-e7c8-46c0-b290-ce0c0bdb7adb None None] PATH_INFO: `/` {{(pid=46615) log_request_info /opt/stack/keystone/keystone/server/flask/request_processing/req_logging.py:29}}
Nov 29 08:30:38 user devstack@keystone.service[46615]: [pid: 46615|app: 0|req: 121/359] 10.0.0.210 () {54 vars in 921 bytes} [Wed Nov 29 08:30:38 2023] GET /identity => generated 269 bytes in 4 msecs (HTTP/1.1 300) 6 headers in 233 bytes (1 switches on core 0)
Nov 29 08:30:38 user devstack@keystone.service[46614]: DEBUG keystone.server.flask.request_processing.req_logging [None req-b925e1b4-e9d3-48ce-b6f1-b949723c97a7 None None] REQUEST_METHOD: `POST` {{(pid=46614) log_request_info /opt/stack/keystone/keystone/server/flask/request_processing/req_logging.py:27}}
Nov 29 08:30:38 user devstack@keystone.service[46614]: DEBUG keystone.server.flask.request_processing.req_logging [None req-b925e1b4-e9d3-48ce-b6f1-b949723c97a7 None None] SCRIPT_NAME: `/identity` {{(pid=46614) log_request_info /opt/stack/keystone/keystone/server/flask/request_processing/req_logging.py:28}}
Nov 29 08:30:38 user devstack@keystone.service[46614]: DEBUG keystone.server.flask.request_processing.req_logging [None req-b925e1b4-e9d3-48ce-b6f1-b949723c97a7 None None] PATH_INFO: `/v3/auth/tokens` {{(pid=46614) log_request_info /opt/stack/keystone/keystone/server/flask/request_processing/req_logging.py:29}}
Nov 29 08:30:38 user devstack@keystone.service[46614]: WARNING keystone.common.password_hashing [None req-b925e1b4-e9d3-48ce-b6f1-b949723c97a7 None None] Truncating password to algorithm specific maximum length 72 characters.
Nov 29 08:30:38 user devstack@keystone.service[46614]: DEBUG keystone.auth.core [None req-b925e1b4-e9d3-48ce-b6f1-b949723c97a7 None None] MFA Rules not processed for user `5b908e7d22474108bce7858b751b925a`. Rule list: `[]` (Enabled: `True`). {{(pid=46614) check_auth_methods_against_rules /opt/stack/keystone/keystone/auth/core.py:438}}
Nov 29 08:30:38 user devstack@keystone.service[46614]: DEBUG keystone.common.fernet_utils [None req-b925e1b4-e9d3-48ce-b6f1-b949723c97a7 None None] Loaded 2 Fernet keys from /etc/keystone/fernet-keys/, but `[fernet_tokens] max_active_keys = 3`; perhaps there have not been enough key rotations to reach `max_active_keys` yet? {{(pid=46614) load_keys /opt/stack/keystone/keystone/common/fernet_utils.py:286}}
Nov 29 08:30:38 user devstack@keystone.service[46614]: [pid: 46614|app: 0|req: 117/360] 10.0.0.210 () {58 vars in 1018 bytes} [Wed Nov 29 08:30:38 2023] POST /identity/v3/auth/tokens => generated 861 bytes in 88 msecs (HTTP/1.1 201) 6 headers in 363 bytes (1 switches on core 0)
Nov 29 08:30:39 user devstack@keystone.service[46613]: DEBUG keystone.server.flask.request_processing.middleware.auth_context [None req-414fbec6-55c0-4f56-9a02-aa17e3225888 None admin] Authenticating user token {{(pid=46613) process_request /opt/stack/data/venv/lib/python3.10/site-packages/keystonemiddleware/auth_token/__init__.py:406}}
Nov 29 08:30:39 user devstack@keystone.service[46615]: DEBUG keystone.server.flask.request_processing.req_logging [None req-f43d3f7d-8804-4368-9ee9-d8e586236fd4 None None] REQUEST_METHOD: `GET` {{(pid=46615) log_request_info /opt/stack/keystone/keystone/server/flask/request_processing/req_logging.py:27}}
Nov 29 08:30:39 user devstack@keystone.service[46615]: DEBUG keystone.server.flask.request_processing.req_logging [None req-f43d3f7d-8804-4368-9ee9-d8e586236fd4 None None] SCRIPT_NAME: `/identity` {{(pid=46615) log_request_info /opt/stack/keystone/keystone/server/flask/request_processing/req_logging.py:28}}
Nov 29 08:30:39 user devstack@keystone.service[46615]: DEBUG keystone.server.flask.request_processing.req_logging [None req-f43d3f7d-8804-4368-9ee9-d8e586236fd4 None None] PATH_INFO: `/` {{(pid=46615) log_request_info /opt/stack/keystone/keystone/server/flask/request_processing/req_logging.py:29}}
Nov 29 08:30:39 user devstack@keystone.service[46615]: [pid: 46615|app: 0|req: 122/361] 10.0.0.210 () {54 vars in 921 bytes} [Wed Nov 29 08:30:39 2023] GET /identity => generated 269 bytes in 3 msecs (HTTP/1.1 300) 6 headers in 233 bytes (1 switches on core 0)
Nov 29 08:30:39 user devstack@keystone.service[46614]: DEBUG keystone.server.flask.request_processing.req_logging [None req-f5d3e43c-238e-4ed7-adfe-2028d9358ec0 None None] REQUEST_METHOD: `POST` {{(pid=46614) log_request_info /opt/stack/keystone/keystone/server/flask/request_processing/req_logging.py:27}}
Nov 29 08:30:39 user devstack@keystone.service[46614]: DEBUG keystone.server.flask.request_processing.req_logging [None req-f5d3e43c-238e-4ed7-adfe-2028d9358ec0 None None] SCRIPT_NAME: `/identity` {{(pid=46614) log_request_info /opt/stack/keystone/keystone/server/flask/request_processing/req_logging.py:28}}
Nov 29 08:30:39 user devstack@keystone.service[46614]: DEBUG keystone.server.flask.request_processing.req_logging [None req-f5d3e43c-238e-4ed7-adfe-2028d9358ec0 None None] PATH_INFO: `/v3/auth/tokens` {{(pid=46614) log_request_info /opt/stack/keystone/keystone/server/flask/request_processing/req_logging.py:29}}
Nov 29 08:30:39 user devstack@keystone.service[46614]: WARNING keystone.common.password_hashing [None req-f5d3e43c-238e-4ed7-adfe-2028d9358ec0 None None] Truncating password to algorithm specific maximum length 72 characters.
Nov 29 08:30:39 user devstack@keystone.service[46614]: DEBUG keystone.auth.core [None req-f5d3e43c-238e-4ed7-adfe-2028d9358ec0 None None] MFA Rules not processed for user `5b908e7d22474108bce7858b751b925a`. Rule list: `[]` (Enabled: `True`). {{(pid=46614) check_auth_methods_against_rules /opt/stack/keystone/keystone/auth/core.py:438}}
Nov 29 08:30:39 user devstack@keystone.service[46614]: DEBUG keystone.common.fernet_utils [None req-f5d3e43c-238e-4ed7-adfe-2028d9358ec0 None None] Loaded 2 Fernet keys from /etc/keystone/fernet-keys/, but `[fernet_tokens] max_active_keys = 3`; perhaps there have not been enough key rotations to reach `max_active_keys` yet? {{(pid=46614) load_keys /opt/stack/keystone/keystone/common/fernet_utils.py:286}}
Nov 29 08:30:39 user devstack@keystone.service[46613]: DEBUG keystone.server.flask.request_processing.middleware.auth_context [None req-414fbec6-55c0-4f56-9a02-aa17e3225888 None admin] Validating token access rules against request {{(pid=46613) validate_allowed_request /opt/stack/data/venv/lib/python3.10/site-packages/keystonemiddleware/auth_token/__init__.py:544}}
Nov 29 08:30:39 user devstack@keystone.service[46613]: DEBUG keystone.server.flask.request_processing.middleware.auth_context [None req-2daf7a51-6aa1-4407-bcbe-d593d06c9ad4 None admin] RBAC: auth_context: {'token': , 'domain_id': None, 'trust_id': None, 'trustor_id': None, 'trustee_id': None, 'domain_name': None, 'group_ids': [], 'user_id': '5b908e7d22474108bce7858b751b925a', 'user_domain_id': 'default', 'system_scope': 'all', 'project_id': None, 'project_domain_id': None, 'roles': ['admin', 'manager', 'member', 'reader'], 'is_admin_project': True, 'service_user_id': None, 'service_user_domain_id': None, 'service_project_id': None, 'service_project_domain_id': None, 'service_roles': []} {{(pid=46613) fill_context /opt/stack/keystone/keystone/server/flask/request_processing/middleware/auth_context.py:480}}
Nov 29 08:30:39 user devstack@keystone.service[46613]: DEBUG keystone.server.flask.request_processing.req_logging [None req-2daf7a51-6aa1-4407-bcbe-d593d06c9ad4 None admin] REQUEST_METHOD: `GET` {{(pid=46613) log_request_info /opt/stack/keystone/keystone/server/flask/request_processing/req_logging.py:27}}
Nov 29 08:30:39 user devstack@keystone.service[46613]: DEBUG keystone.server.flask.request_processing.req_logging [None req-2daf7a51-6aa1-4407-bcbe-d593d06c9ad4 None admin] SCRIPT_NAME: `/identity` {{(pid=46613) log_request_info /opt/stack/keystone/keystone/server/flask/request_processing/req_logging.py:28}}
Nov 29 08:30:39 user devstack@keystone.service[46613]: DEBUG keystone.server.flask.request_processing.req_logging [None req-2daf7a51-6aa1-4407-bcbe-d593d06c9ad4 None admin] PATH_INFO: `/v3/roles/service` {{(pid=46613) log_request_info /opt/stack/keystone/keystone/server/flask/request_processing/req_logging.py:29}}
Nov 29 08:30:39 user devstack@keystone.service[46615]: DEBUG keystone.server.flask.request_processing.req_logging [None req-eead33cd-7f3a-4361-95b9-c880d23c5710 None None] REQUEST_METHOD: `GET` {{(pid=46615) log_request_info /opt/stack/keystone/keystone/server/flask/request_processing/req_logging.py:27}}
Nov 29 08:30:39 user devstack@keystone.service[46615]: DEBUG keystone.server.flask.request_processing.req_logging [None req-eead33cd-7f3a-4361-95b9-c880d23c5710 None None] SCRIPT_NAME: `/identity` {{(pid=46615) log_request_info /opt/stack/keystone/keystone/server/flask/request_processing/req_logging.py:28}}
Nov 29 08:30:39 user devstack@keystone.service[46615]: DEBUG keystone.server.flask.request_processing.req_logging [None req-eead33cd-7f3a-4361-95b9-c880d23c5710 None None] PATH_INFO: `/` {{(pid=46615) log_request_info /opt/stack/keystone/keystone/server/flask/request_processing/req_logging.py:29}}
Nov 29 08:30:39 user devstack@keystone.service[46614]: [pid: 46614|app: 0|req: 118/362] 10.0.0.210 () {58 vars in 1018 bytes} [Wed Nov 29 08:30:39 2023] POST /identity/v3/auth/tokens => generated 861 bytes in 89 msecs (HTTP/1.1 201) 6 headers in 363 bytes (1 switches on core 0)
Nov 29 08:30:39 user devstack@keystone.service[46615]: [pid: 46615|app: 0|req: 123/363] 10.0.0.210 () {54 vars in 921 bytes} [Wed Nov 29 08:30:39 2023] GET /identity => generated 269 bytes in 3 msecs (HTTP/1.1 300) 6 headers in 233 bytes (1 switches on core 0)
Nov 29 08:30:39 user devstack@keystone.service[46613]: DEBUG keystone.common.rbac_enforcer.enforcer [None req-2daf7a51-6aa1-4407-bcbe-d593d06c9ad4 None admin] Extracting inferred target data resulted in "NOT FOUND (404)". {{(pid=46613) enforce_call /opt/stack/keystone/keystone/common/rbac_enforcer/enforcer.py:409}}
Nov 29 08:30:39 user devstack@keystone.service[46614]: DEBUG keystone.server.flask.request_processing.req_logging [None req-7898b9c9-ffdb-42e1-a8af-2b50b1609c1a None None] REQUEST_METHOD: `POST` {{(pid=46614) log_request_info /opt/stack/keystone/keystone/server/flask/request_processing/req_logging.py:27}}
Nov 29 08:30:39 user devstack@keystone.service[46614]: DEBUG keystone.server.flask.request_processing.req_logging [None req-7898b9c9-ffdb-42e1-a8af-2b50b1609c1a None None] SCRIPT_NAME: `/identity` {{(pid=46614) log_request_info /opt/stack/keystone/keystone/server/flask/request_processing/req_logging.py:28}}
Nov 29 08:30:39 user devstack@keystone.service[46614]: DEBUG keystone.server.flask.request_processing.req_logging [None req-7898b9c9-ffdb-42e1-a8af-2b50b1609c1a None None] PATH_INFO: `/v3/auth/tokens` {{(pid=46614) log_request_info /opt/stack/keystone/keystone/server/flask/request_processing/req_logging.py:29}}
Nov 29 08:30:39 user devstack@keystone.service[46613]: ERROR keystone.server.flask.application [None req-2daf7a51-6aa1-4407-bcbe-d593d06c9ad4 None admin] Could not find role: service.: keystone.exception.RoleNotFound: Could not find role: service.
Nov 29 08:30:39 user devstack@keystone.service[46613]: ERROR keystone.server.flask.application
Traceback (most recent call last):
Nov 29 08:30:39 user devstack@keystone.service[46613]: ERROR keystone.server.flask.application
File "/opt/stack/data/venv/lib/python3.10/site-packages/flask/app.py", line 1823, in full_dispatch_request
Nov 29 08:30:39 user devstack@keystone.service[46613]: ERROR keystone.server.flask.application rv = self.dispatch_request()
Nov 29 08:30:39 user devstack@keystone.service[46613]: ERROR keystone.server.flask.application
File "/opt/stack/data/venv/lib/python3.10/site-packages/flask/app.py", line 1799, in dispatch_request
Nov 29 08:30:39 user devstack@keystone.service[46613]: ERROR keystone.server.flask.application return self.ensure_sync(self.view_functions[rule.endpoint])(**view_args)
Nov 29 08:30:39 user devstack@keystone.service[46613]: ERROR keystone.server.flask.application
File "/opt/stack/data/venv/lib/python3.10/site-packages/flask_restful/__init__.py", line 489, in wrapper
Nov 29 08:30:39 user devstack@keystone.service[46613]: ERROR keystone.server.flask.application resp = resource(*args, **kwargs)
Nov 29 08:30:39 user devstack@keystone.service[46613]: ERROR keystone.server.flask.application
File "/opt/stack/data/venv/lib/python3.10/site-packages/flask/views.py", line 107, in view
Nov 29 08:30:39 user devstack@keystone.service[46613]: ERROR keystone.server.flask.application return current_app.ensure_sync(self.dispatch_request)(**kwargs)
Nov 29 08:30:39 user devstack@keystone.service[46613]: ERROR keystone.server.flask.application
File "/opt/stack/data/venv/lib/python3.10/site-packages/flask_restful/__init__.py", line 604, in dispatch_request
Nov 29 08:30:39 user devstack@keystone.service[46613]: ERROR keystone.server.flask.application resp = meth(*args, **kwargs)
Nov 29 08:30:39 user devstack@keystone.service[46613]: ERROR keystone.server.flask.application
File "/opt/stack/keystone/keystone/api/roles.py", line 50, in get
Nov 29 08:30:39 user devstack@keystone.service[46613]: ERROR keystone.server.flask.application return self._get_role(role_id)
Nov 29 08:30:39 user devstack@keystone.service[46613]: ERROR keystone.server.flask.application
File "/opt/stack/keystone/keystone/api/roles.py", line 70, in _get_role
