Nov 15 01:07:21 user devstack@n-api.service[64850]: DEBUG oslo_db.sqlalchemy.engines [None req-bfa0f9a6-c3e8-4bf0-8e84-e7a4c0730143 None None] MySQL server mode set to STRICT_TRANS_TABLES,STRICT_ALL_TABLES,NO_ZERO_IN_DATE,NO_ZERO_DATE,ERROR_FOR_DIVISION_BY_ZERO,TRADITIONAL,NO_ENGINE_SUBSTITUTION {{(pid=64850) _check_effective_sql_mode /opt/stack/data/venv/lib/python3.10/site-packages/oslo_db/sqlalchemy/engines.py:342}}
Nov 15 01:07:21 user devstack@n-api.service[64848]: DEBUG oslo_db.sqlalchemy.engines [None req-4badaca0-6504-493d-86a5-c1c142256572 None None] MySQL server mode set to STRICT_TRANS_TABLES,STRICT_ALL_TABLES,NO_ZERO_IN_DATE,NO_ZERO_DATE,ERROR_FOR_DIVISION_BY_ZERO,TRADITIONAL,NO_ENGINE_SUBSTITUTION {{(pid=64848) _check_effective_sql_mode /opt/stack/data/venv/lib/python3.10/site-packages/oslo_db/sqlalchemy/engines.py:342}}
Nov 15 01:07:21 user devstack@n-api.service[64850]: DEBUG dbcounter [-] [64850] Writer thread running {{(pid=64850) stat_writer /opt/stack/data/venv/lib/python3.10/site-packages/dbcounter.py:102}}
Nov 15 01:07:21 user devstack@n-api.service[64848]: DEBUG dbcounter [-] [64848] Writer thread running {{(pid=64848) stat_writer /opt/stack/data/venv/lib/python3.10/site-packages/dbcounter.py:102}}
Nov 15 01:07:21 user devstack@n-api.service[64849]: DEBUG nova.context [None req-ba0d1989-daf3-42d5-ae04-5e8d165f47e6 None None] Found 2 cells: 00000000-0000-0000-0000-000000000000(cell0),aff24b39-1903-4565-bb50-56b4a93f6393(cell1) {{(pid=64849) load_cells /opt/stack/nova/nova/context.py:464}}
Nov 15 01:07:21 user devstack@n-api.service[64849]: DEBUG oslo_concurrency.lockutils [None req-ba0d1989-daf3-42d5-ae04-5e8d165f47e6 None None] Acquiring lock "00000000-0000-0000-0000-000000000000" by "nova.context.set_target_cell..get_or_set_cached_cell_and_set_connections" {{(pid=64849) inner /opt/stack/data/venv/lib/python3.10/site-packages/oslo_concurrency/lockutils.py:404}}
Nov 15 01:07:21 user devstack@n-api.service[64849]: DEBUG oslo_concurrency.lockutils [None req-ba0d1989-daf3-42d5-ae04-5e8d165f47e6 None None] Lock "00000000-0000-0000-0000-000000000000" acquired by "nova.context.set_target_cell..get_or_set_cached_cell_and_set_connections" :: waited 0.000s {{(pid=64849) inner /opt/stack/data/venv/lib/python3.10/site-packages/oslo_concurrency/lockutils.py:409}}
Nov 15 01:07:21 user devstack@n-api.service[64849]: DEBUG oslo_concurrency.lockutils [None req-ba0d1989-daf3-42d5-ae04-5e8d165f47e6 None None] Lock "00000000-0000-0000-0000-000000000000" "released" by "nova.context.set_target_cell..get_or_set_cached_cell_and_set_connections" :: held 0.001s {{(pid=64849) inner /opt/stack/data/venv/lib/python3.10/site-packages/oslo_concurrency/lockutils.py:423}}
Nov 15 01:07:21 user devstack@n-api.service[64849]: DEBUG oslo_concurrency.lockutils [None req-ba0d1989-daf3-42d5-ae04-5e8d165f47e6 None None] Acquiring lock "aff24b39-1903-4565-bb50-56b4a93f6393" by "nova.context.set_target_cell..get_or_set_cached_cell_and_set_connections" {{(pid=64849) inner /opt/stack/data/venv/lib/python3.10/site-packages/oslo_concurrency/lockutils.py:404}}
Nov 15 01:07:21 user devstack@n-api.service[64849]: DEBUG oslo_concurrency.lockutils [None req-ba0d1989-daf3-42d5-ae04-5e8d165f47e6 None None] Lock "aff24b39-1903-4565-bb50-56b4a93f6393" acquired by "nova.context.set_target_cell..get_or_set_cached_cell_and_set_connections" :: waited 0.000s {{(pid=64849) inner /opt/stack/data/venv/lib/python3.10/site-packages/oslo_concurrency/lockutils.py:409}}
Nov 15 01:07:21 user devstack@n-api.service[64849]: DEBUG oslo_concurrency.lockutils [None req-ba0d1989-daf3-42d5-ae04-5e8d165f47e6 None None] Lock "aff24b39-1903-4565-bb50-56b4a93f6393" "released" by "nova.context.set_target_cell..get_or_set_cached_cell_and_set_connections" :: held 0.002s {{(pid=64849) inner /opt/stack/data/venv/lib/python3.10/site-packages/oslo_concurrency/lockutils.py:423}}
Nov 15 01:07:21 user devstack@n-api.service[64849]: INFO dbcounter [None req-ba0d1989-daf3-42d5-ae04-5e8d165f47e6 None None] Registered counter for database nova_cell0
Nov 15 01:07:21 user devstack@n-api.service[64849]: INFO dbcounter [None req-ba0d1989-daf3-42d5-ae04-5e8d165f47e6 None None] Registered counter for database nova_cell1
Nov 15 01:07:21 user devstack@n-api.service[64850]: DEBUG nova.context [None req-bfa0f9a6-c3e8-4bf0-8e84-e7a4c0730143 None None] Found 2 cells: 00000000-0000-0000-0000-000000000000(cell0),aff24b39-1903-4565-bb50-56b4a93f6393(cell1) {{(pid=64850) load_cells /opt/stack/nova/nova/context.py:464}}
Nov 15 01:07:21 user devstack@n-api.service[64850]: DEBUG oslo_concurrency.lockutils [None req-bfa0f9a6-c3e8-4bf0-8e84-e7a4c0730143 None None] Acquiring lock "00000000-0000-0000-0000-000000000000" by "nova.context.set_target_cell..get_or_set_cached_cell_and_set_connections" {{(pid=64850) inner /opt/stack/data/venv/lib/python3.10/site-packages/oslo_concurrency/lockutils.py:404}}
Nov 15 01:07:21 user devstack@n-api.service[64850]: DEBUG oslo_concurrency.lockutils [None req-bfa0f9a6-c3e8-4bf0-8e84-e7a4c0730143 None None] Lock "00000000-0000-0000-0000-000000000000" acquired by "nova.context.set_target_cell..get_or_set_cached_cell_and_set_connections" :: waited 0.001s {{(pid=64850) inner /opt/stack/data/venv/lib/python3.10/site-packages/oslo_concurrency/lockutils.py:409}}
Nov 15 01:07:21 user devstack@n-api.service[64850]: DEBUG oslo_concurrency.lockutils [None req-bfa0f9a6-c3e8-4bf0-8e84-e7a4c0730143 None None] Lock "00000000-0000-0000-0000-000000000000" "released" by "nova.context.set_target_cell..get_or_set_cached_cell_and_set_connections" :: held 0.001s {{(pid=64850) inner /opt/stack/data/venv/lib/python3.10/site-packages/oslo_concurrency/lockutils.py:423}}
Nov 15 01:07:21 user devstack@n-api.service[64850]: DEBUG oslo_concurrency.lockutils [None req-bfa0f9a6-c3e8-4bf0-8e84-e7a4c0730143 None None] Acquiring lock "aff24b39-1903-4565-bb50-56b4a93f6393" by "nova.context.set_target_cell..get_or_set_cached_cell_and_set_connections" {{(pid=64850) inner /opt/stack/data/venv/lib/python3.10/site-packages/oslo_concurrency/lockutils.py:404}}
Nov 15 01:07:21 user devstack@n-api.service[64850]: DEBUG oslo_concurrency.lockutils [None req-bfa0f9a6-c3e8-4bf0-8e84-e7a4c0730143 None None] Lock "aff24b39-1903-4565-bb50-56b4a93f6393" acquired by "nova.context.set_target_cell..get_or_set_cached_cell_and_set_connections" :: waited 0.000s {{(pid=64850) inner /opt/stack/data/venv/lib/python3.10/site-packages/oslo_concurrency/lockutils.py:409}}
Nov 15 01:07:21 user devstack@n-api.service[64850]: DEBUG oslo_concurrency.lockutils [None req-bfa0f9a6-c3e8-4bf0-8e84-e7a4c0730143 None None] Lock "aff24b39-1903-4565-bb50-56b4a93f6393" "released" by "nova.context.set_target_cell..get_or_set_cached_cell_and_set_connections" :: held 0.002s {{(pid=64850) inner /opt/stack/data/venv/lib/python3.10/site-packages/oslo_concurrency/lockutils.py:423}}
Nov 15 01:07:21 user devstack@n-api.service[64849]: DEBUG oslo_db.sqlalchemy.engines [None req-ba0d1989-daf3-42d5-ae04-5e8d165f47e6 None None] MySQL server mode set to STRICT_TRANS_TABLES,STRICT_ALL_TABLES,NO_ZERO_IN_DATE,NO_ZERO_DATE,ERROR_FOR_DIVISION_BY_ZERO,TRADITIONAL,NO_ENGINE_SUBSTITUTION {{(pid=64849) _check_effective_sql_mode /opt/stack/data/venv/lib/python3.10/site-packages/oslo_db/sqlalchemy/engines.py:342}}
Nov 15 01:07:21 user devstack@n-api.service[64850]: INFO dbcounter [None req-bfa0f9a6-c3e8-4bf0-8e84-e7a4c0730143 None None] Registered counter for database nova_cell0
Nov 15 01:07:21 user devstack@n-api.service[64849]: DEBUG dbcounter [-] [64849] Writer thread running {{(pid=64849) stat_writer /opt/stack/data/venv/lib/python3.10/site-packages/dbcounter.py:102}}
Nov 15 01:07:21 user devstack@n-api.service[64849]: DEBUG oslo_db.sqlalchemy.engines [None req-ba0d1989-daf3-42d5-ae04-5e8d165f47e6 None None] MySQL server mode set to STRICT_TRANS_TABLES,STRICT_ALL_TABLES,NO_ZERO_IN_DATE,NO_ZERO_DATE,ERROR_FOR_DIVISION_BY_ZERO,TRADITIONAL,NO_ENGINE_SUBSTITUTION {{(pid=64849) _check_effective_sql_mode /opt/stack/data/venv/lib/python3.10/site-packages/oslo_db/sqlalchemy/engines.py:342}}
Nov 15 01:07:21 user devstack@n-api.service[64850]: INFO dbcounter [None req-bfa0f9a6-c3e8-4bf0-8e84-e7a4c0730143 None None] Registered counter for database nova_cell1
Nov 15 01:07:21 user devstack@n-api.service[64850]: DEBUG oslo_db.sqlalchemy.engines [None req-bfa0f9a6-c3e8-4bf0-8e84-e7a4c0730143 None None] MySQL server mode set to STRICT_TRANS_TABLES,STRICT_ALL_TABLES,NO_ZERO_IN_DATE,NO_ZERO_DATE,ERROR_FOR_DIVISION_BY_ZERO,TRADITIONAL,NO_ENGINE_SUBSTITUTION {{(pid=64850) _check_effective_sql_mode /opt/stack/data/venv/lib/python3.10/site-packages/oslo_db/sqlalchemy/engines.py:342}}
Nov 15 01:07:21 user devstack@n-api.service[64850]: DEBUG dbcounter [-] [64850] Writer thread running {{(pid=64850) stat_writer /opt/stack/data/venv/lib/python3.10/site-packages/dbcounter.py:102}}
Nov 15 01:07:21 user devstack@n-api.service[64850]: DEBUG oslo_db.sqlalchemy.engines [None req-bfa0f9a6-c3e8-4bf0-8e84-e7a4c0730143 None None] MySQL server mode set to STRICT_TRANS_TABLES,STRICT_ALL_TABLES,NO_ZERO_IN_DATE,NO_ZERO_DATE,ERROR_FOR_DIVISION_BY_ZERO,TRADITIONAL,NO_ENGINE_SUBSTITUTION {{(pid=64850) _check_effective_sql_mode /opt/stack/data/venv/lib/python3.10/site-packages/oslo_db/sqlalchemy/engines.py:342}}
Nov 15 01:07:21 user devstack@n-api.service[64848]: DEBUG nova.context [None req-4badaca0-6504-493d-86a5-c1c142256572 None None] Found 2 cells: 00000000-0000-0000-0000-000000000000(cell0),aff24b39-1903-4565-bb50-56b4a93f6393(cell1) {{(pid=64848) load_cells /opt/stack/nova/nova/context.py:464}}
Nov 15 01:07:21 user devstack@n-api.service[64848]: DEBUG oslo_concurrency.lockutils [None req-4badaca0-6504-493d-86a5-c1c142256572 None None] Acquiring lock "00000000-0000-0000-0000-000000000000" by "nova.context.set_target_cell..get_or_set_cached_cell_and_set_connections" {{(pid=64848) inner /opt/stack/data/venv/lib/python3.10/site-packages/oslo_concurrency/lockutils.py:404}}
Nov 15 01:07:21 user devstack@n-api.service[64848]: DEBUG oslo_concurrency.lockutils [None req-4badaca0-6504-493d-86a5-c1c142256572 None None] Lock "00000000-0000-0000-0000-000000000000" acquired by "nova.context.set_target_cell..get_or_set_cached_cell_and_set_connections" :: waited 0.001s {{(pid=64848) inner /opt/stack/data/venv/lib/python3.10/site-packages/oslo_concurrency/lockutils.py:409}}
Nov 15 01:07:21 user devstack@n-api.service[64848]: DEBUG oslo_concurrency.lockutils [None req-4badaca0-6504-493d-86a5-c1c142256572 None None] Lock "00000000-0000-0000-0000-000000000000" "released" by "nova.context.set_target_cell..get_or_set_cached_cell_and_set_connections" :: held 0.001s {{(pid=64848) inner /opt/stack/data/venv/lib/python3.10/site-packages/oslo_concurrency/lockutils.py:423}}
Nov 15 01:07:21 user devstack@n-api.service[64848]: DEBUG oslo_concurrency.lockutils [None req-4badaca0-6504-493d-86a5-c1c142256572 None None] Acquiring lock "aff24b39-1903-4565-bb50-56b4a93f6393" by "nova.context.set_target_cell..get_or_set_cached_cell_and_set_connections" {{(pid=64848) inner /opt/stack/data/venv/lib/python3.10/site-packages/oslo_concurrency/lockutils.py:404}}
Nov 15 01:07:21 user devstack@n-api.service[64848]: DEBUG oslo_concurrency.lockutils [None req-4badaca0-6504-493d-86a5-c1c142256572 None None] Lock "aff24b39-1903-4565-bb50-56b4a93f6393" acquired by "nova.context.set_target_cell..get_or_set_cached_cell_and_set_connections" :: waited 0.000s {{(pid=64848) inner /opt/stack/data/venv/lib/python3.10/site-packages/oslo_concurrency/lockutils.py:409}}
Nov 15 01:07:21 user devstack@n-api.service[64848]: DEBUG oslo_concurrency.lockutils [None req-4badaca0-6504-493d-86a5-c1c142256572 None None] Lock "aff24b39-1903-4565-bb50-56b4a93f6393" "released" by "nova.context.set_target_cell..get_or_set_cached_cell_and_set_connections" :: held 0.004s {{(pid=64848) inner /opt/stack/data/venv/lib/python3.10/site-packages/oslo_concurrency/lockutils.py:423}}
Nov 15 01:07:21 user devstack@n-api.service[64848]: INFO dbcounter [None req-4badaca0-6504-493d-86a5-c1c142256572 None None] Registered counter for database nova_cell0
Nov 15 01:07:21 user devstack@n-api.service[64848]: INFO dbcounter [None req-4badaca0-6504-493d-86a5-c1c142256572 None None] Registered counter for database nova_cell1
Nov 15 01:07:21 user devstack@n-api.service[64848]: DEBUG oslo_db.sqlalchemy.engines [None req-4badaca0-6504-493d-86a5-c1c142256572 None None] MySQL server mode set to STRICT_TRANS_TABLES,STRICT_ALL_TABLES,NO_ZERO_IN_DATE,NO_ZERO_DATE,ERROR_FOR_DIVISION_BY_ZERO,TRADITIONAL,NO_ENGINE_SUBSTITUTION {{(pid=64848) _check_effective_sql_mode /opt/stack/data/venv/lib/python3.10/site-packages/oslo_db/sqlalchemy/engines.py:342}}
Nov 15 01:07:21 user devstack@n-api.service[64848]: DEBUG dbcounter [-] [64848] Writer thread running {{(pid=64848) stat_writer /opt/stack/data/venv/lib/python3.10/site-packages/dbcounter.py:102}}
Nov 15 01:07:21 user devstack@n-api.service[64848]: DEBUG oslo_db.sqlalchemy.engines [None req-4badaca0-6504-493d-86a5-c1c142256572 None None] MySQL server mode set to STRICT_TRANS_TABLES,STRICT_ALL_TABLES,NO_ZERO_IN_DATE,NO_ZERO_DATE,ERROR_FOR_DIVISION_BY_ZERO,TRADITIONAL,NO_ENGINE_SUBSTITUTION {{(pid=64848) _check_effective_sql_mode /opt/stack/data/venv/lib/python3.10/site-packages/oslo_db/sqlalchemy/engines.py:342}}
Nov 15 01:07:21 user devstack@n-api.service[64849]: DEBUG dbcounter [-] [64849] Writer thread running {{(pid=64849) stat_writer /opt/stack/data/venv/lib/python3.10/site-packages/dbcounter.py:102}}
Nov 15 01:07:21 user devstack@n-api.service[64849]: INFO dbcounter [None req-ba0d1989-daf3-42d5-ae04-5e8d165f47e6 None None] Registered counter for database nova_cell0
Nov 15 01:07:21 user devstack@n-api.service[64850]: DEBUG dbcounter [-] [64850] Writer thread running {{(pid=64850) stat_writer /opt/stack/data/venv/lib/python3.10/site-packages/dbcounter.py:102}}
Nov 15 01:07:21 user devstack@n-api.service[64849]: DEBUG oslo_db.sqlalchemy.engines [None req-ba0d1989-daf3-42d5-ae04-5e8d165f47e6 None None] MySQL server mode set to STRICT_TRANS_TABLES,STRICT_ALL_TABLES,NO_ZERO_IN_DATE,NO_ZERO_DATE,ERROR_FOR_DIVISION_BY_ZERO,TRADITIONAL,NO_ENGINE_SUBSTITUTION {{(pid=64849) _check_effective_sql_mode /opt/stack/data/venv/lib/python3.10/site-packages/oslo_db/sqlalchemy/engines.py:342}}
Nov 15 01:07:21 user devstack@n-api.service[64849]: DEBUG dbcounter [-] [64849] Writer thread running {{(pid=64849) stat_writer /opt/stack/data/venv/lib/python3.10/site-packages/dbcounter.py:102}}
Nov 15 01:07:21 user devstack@n-api.service[64850]: INFO dbcounter [None req-bfa0f9a6-c3e8-4bf0-8e84-e7a4c0730143 None None] Registered counter for database nova_cell0
Nov 15 01:07:21 user devstack@n-api.service[64850]: DEBUG oslo_db.sqlalchemy.engines [None req-bfa0f9a6-c3e8-4bf0-8e84-e7a4c0730143 None None] MySQL server mode set to STRICT_TRANS_TABLES,STRICT_ALL_TABLES,NO_ZERO_IN_DATE,NO_ZERO_DATE,ERROR_FOR_DIVISION_BY_ZERO,TRADITIONAL,NO_ENGINE_SUBSTITUTION {{(pid=64850) _check_effective_sql_mode /opt/stack/data/venv/lib/python3.10/site-packages/oslo_db/sqlalchemy/engines.py:342}}
Nov 15 01:07:21 user devstack@n-api.service[64850]: DEBUG dbcounter [-] [64850] Writer thread running {{(pid=64850) stat_writer /opt/stack/data/venv/lib/python3.10/site-packages/dbcounter.py:102}}
Nov 15 01:07:21 user devstack@n-api.service[64848]: DEBUG dbcounter [-] [64848] Writer thread running {{(pid=64848) stat_writer /opt/stack/data/venv/lib/python3.10/site-packages/dbcounter.py:102}}
Nov 15 01:07:22 user devstack@n-api.service[64848]: INFO dbcounter [None req-4badaca0-6504-493d-86a5-c1c142256572 None None] Registered counter for database nova_cell0
Nov 15 01:07:22 user devstack@n-api.service[64848]: DEBUG oslo_db.sqlalchemy.engines [None req-4badaca0-6504-493d-86a5-c1c142256572 None None] MySQL server mode set to STRICT_TRANS_TABLES,STRICT_ALL_TABLES,NO_ZERO_IN_DATE,NO_ZERO_DATE,ERROR_FOR_DIVISION_BY_ZERO,TRADITIONAL,NO_ENGINE_SUBSTITUTION {{(pid=64848) _check_effective_sql_mode /opt/stack/data/venv/lib/python3.10/site-packages/oslo_db/sqlalchemy/engines.py:342}}
Nov 15 01:07:22 user devstack@n-api.service[64848]: DEBUG dbcounter [-] [64848] Writer thread running {{(pid=64848) stat_writer /opt/stack/data/venv/lib/python3.10/site-packages/dbcounter.py:102}}
Nov 15 01:07:22 user devstack@n-api.service[64849]: WARNING keystonemiddleware.auth_token [None req-ba0d1989-daf3-42d5-ae04-5e8d165f47e6 None None] AuthToken middleware is set with keystone_authtoken.service_token_roles_required set to False. This is backwards compatible but deprecated behaviour. Please set this to True.
Nov 15 01:07:22 user devstack@n-api.service[64849]: WARNING keystonemiddleware.auth_token [None req-ba0d1989-daf3-42d5-ae04-5e8d165f47e6 None None] Configuring www_authenticate_uri to point to the public identity endpoint is required; clients may not be able to authenticate against an admin endpoint
Nov 15 01:07:22 user devstack@n-api.service[64850]: WARNING keystonemiddleware.auth_token [None req-bfa0f9a6-c3e8-4bf0-8e84-e7a4c0730143 None None] AuthToken middleware is set with keystone_authtoken.service_token_roles_required set to False. This is backwards compatible but deprecated behaviour. Please set this to True.
Nov 15 01:07:22 user devstack@n-api.service[64850]: WARNING keystonemiddleware.auth_token [None req-bfa0f9a6-c3e8-4bf0-8e84-e7a4c0730143 None None] Configuring www_authenticate_uri to point to the public identity endpoint is required; clients may not be able to authenticate against an admin endpoint
Nov 15 01:07:22 user devstack@n-api.service[64849]: WARNING keystonemiddleware.auth_token [None req-ba0d1989-daf3-42d5-ae04-5e8d165f47e6 None None] AuthToken middleware is set with keystone_authtoken.service_token_roles_required set to False. This is backwards compatible but deprecated behaviour. Please set this to True.
Nov 15 01:07:22 user devstack@n-api.service[64849]: WARNING keystonemiddleware.auth_token [None req-ba0d1989-daf3-42d5-ae04-5e8d165f47e6 None None] Configuring www_authenticate_uri to point to the public identity endpoint is required; clients may not be able to authenticate against an admin endpoint
Nov 15 01:07:22 user devstack@n-api.service[64849]: WSGI app 0 (mountpoint='') ready in 5 seconds on interpreter 0x564ba4e46b90 pid: 64849 (default app)
Nov 15 01:07:22 user devstack@n-api.service[64849]: DEBUG nova.api.openstack.wsgi [None req-ba0d1989-daf3-42d5-ae04-5e8d165f47e6 None None] Calling method '>' {{(pid=64849) _process_stack /opt/stack/nova/nova/api/openstack/wsgi.py:513}}
Nov 15 01:07:22 user devstack@n-api.service[64849]: INFO nova.api.openstack.requestlog [None req-ba0d1989-daf3-42d5-ae04-5e8d165f47e6 None None] 10.0.0.210 "GET /compute/v2.1/" status: 200 len: 387 microversion: 2.1 time: 0.001517
Nov 15 01:07:22 user devstack@n-api.service[64849]: [pid: 64849|app: 0|req: 1/1] 10.0.0.210 () {50 vars in 783 bytes} [Wed Nov 15 01:07:22 2023] GET /compute/v2.1/ => generated 387 bytes in 3 msecs (HTTP/1.1 200) 9 headers in 357 bytes (1 switches on core 0)
Nov 15 01:07:22 user devstack@n-api.service[64850]: WARNING keystonemiddleware.auth_token [None req-bfa0f9a6-c3e8-4bf0-8e84-e7a4c0730143 None None] AuthToken middleware is set with keystone_authtoken.service_token_roles_required set to False. This is backwards compatible but deprecated behaviour. Please set this to True.
Nov 15 01:07:22 user devstack@n-api.service[64850]: WARNING keystonemiddleware.auth_token [None req-bfa0f9a6-c3e8-4bf0-8e84-e7a4c0730143 None None] Configuring www_authenticate_uri to point to the public identity endpoint is required; clients may not be able to authenticate against an admin endpoint
Nov 15 01:07:22 user devstack@n-api.service[64850]: WSGI app 0 (mountpoint='') ready in 5 seconds on interpreter 0x564ba4e46b90 pid: 64850 (default app)
Nov 15 01:07:22 user devstack@n-api.service[64848]: WARNING keystonemiddleware.auth_token [None req-4badaca0-6504-493d-86a5-c1c142256572 None None] AuthToken middleware is set with keystone_authtoken.service_token_roles_required set to False. This is backwards compatible but deprecated behaviour. Please set this to True.
Nov 15 01:07:22 user devstack@n-api.service[64848]: WARNING keystonemiddleware.auth_token [None req-4badaca0-6504-493d-86a5-c1c142256572 None None] Configuring www_authenticate_uri to point to the public identity endpoint is required; clients may not be able to authenticate against an admin endpoint
Nov 15 01:07:22 user devstack@n-api.service[64848]: WARNING keystonemiddleware.auth_token [None req-4badaca0-6504-493d-86a5-c1c142256572 None None] AuthToken middleware is set with keystone_authtoken.service_token_roles_required set to False. This is backwards compatible but deprecated behaviour. Please set this to True.
Nov 15 01:07:22 user devstack@n-api.service[64848]: WARNING keystonemiddleware.auth_token [None req-4badaca0-6504-493d-86a5-c1c142256572 None None] Configuring www_authenticate_uri to point to the public identity endpoint is required; clients may not be able to authenticate against an admin endpoint
Nov 15 01:07:22 user devstack@n-api.service[64848]: WSGI app 0 (mountpoint='') ready in 5 seconds on interpreter 0x564ba4e46b90 pid: 64848 (default app)
Nov 15 01:09:32 user devstack@n-api.service[64849]: DEBUG nova.api.openstack.wsgi [None req-ba0d1989-daf3-42d5-ae04-5e8d165f47e6 None None] Calling method '>' {{(pid=64849) _process_stack /opt/stack/nova/nova/api/openstack/wsgi.py:513}}
Nov 15 01:09:32 user devstack@n-api.service[64849]: INFO nova.api.openstack.requestlog [None req-ba0d1989-daf3-42d5-ae04-5e8d165f47e6 None None] 10.0.0.210 "GET /compute/v2.1" status: 200 len: 387 microversion: 2.1 time: 0.001619
Nov 15 01:09:32 user devstack@n-api.service[64849]: [pid: 64849|app: 0|req: 2/2] 10.0.0.210 () {54 vars in 925 bytes} [Wed Nov 15 01:09:32 2023] GET /compute/v2.1 => generated 387 bytes in 3 msecs (HTTP/1.1 200) 9 headers in 357 bytes (1 switches on core 0)
Nov 15 01:09:32 user devstack@n-api.service[64850]: DEBUG dbcounter [-] [64850] Writing DB stats nova_api:SELECT=3 {{(pid=64850) stat_writer /opt/stack/data/venv/lib/python3.10/site-packages/dbcounter.py:115}}
Nov 15 01:09:32 user devstack@n-api.service[64850]: DEBUG dbcounter [-] [64850] Writing DB stats nova_cell1:SELECT=3 {{(pid=64850) stat_writer /opt/stack/data/venv/lib/python3.10/site-packages/dbcounter.py:115}}
Nov 15 01:09:32 user devstack@n-api.service[64850]: DEBUG dbcounter [-] [64850] Writing DB stats nova_cell0:SELECT=3 {{(pid=64850) stat_writer /opt/stack/data/venv/lib/python3.10/site-packages/dbcounter.py:115}}
Nov 15 01:09:32 user devstack@n-api.service[64850]: DEBUG dbcounter [-] [64850] Writing DB stats nova_cell0:SELECT=3 {{(pid=64850) stat_writer /opt/stack/data/venv/lib/python3.10/site-packages/dbcounter.py:115}}
Nov 15 01:09:33 user devstack@n-api.service[64850]: DEBUG nova.api.openstack.wsgi [None req-dad63e76-6ab6-47b6-a6ea-4f529c12efb3 admin admin] Calling method '>' {{(pid=64850) _process_stack /opt/stack/nova/nova/api/openstack/wsgi.py:513}}
Nov 15 01:09:33 user devstack@n-api.service[64850]: INFO nova.api.openstack.requestlog [None req-dad63e76-6ab6-47b6-a6ea-4f529c12efb3 admin admin] 10.0.0.210 "GET /compute/v2.1/flavors/detail?is_public=True" status: 200 len: 15 microversion: 2.61 time: 0.215728
Nov 15 01:09:33 user devstack@n-api.service[64850]: [pid: 64850|app: 0|req: 1/3] 10.0.0.210 () {60 vars in 1286 bytes} [Wed Nov 15 01:09:32 2023] GET /compute/v2.1/flavors/detail?is_public=True => generated 15 bytes in 218 msecs (HTTP/1.1 200) 9 headers in 358 bytes (1 switches on core 0)
Nov 15 01:09:35 user devstack@n-api.service[64848]: DEBUG nova.api.openstack.wsgi [None req-4badaca0-6504-493d-86a5-c1c142256572 None None] Calling method '>' {{(pid=64848) _process_stack /opt/stack/nova/nova/api/openstack/wsgi.py:513}}
Nov 15 01:09:35 user devstack@n-api.service[64848]: INFO nova.api.openstack.requestlog [None req-4badaca0-6504-493d-86a5-c1c142256572 None None] 10.0.0.210 "GET /compute/v2.1" status: 200 len: 387 microversion: 2.1 time: 0.003307
Nov 15 01:09:35 user devstack@n-api.service[64848]: [pid: 64848|app: 0|req: 1/4] 10.0.0.210 () {54 vars in 925 bytes} [Wed Nov 15 01:09:35 2023] GET /compute/v2.1 => generated 387 bytes in 5 msecs (HTTP/1.1 200) 9 headers in 357 bytes (1 switches on core 0)
Nov 15 01:09:35 user devstack@n-api.service[64849]: DEBUG dbcounter [-] [64849] Writing DB stats nova_api:SELECT=3 {{(pid=64849) stat_writer /opt/stack/data/venv/lib/python3.10/site-packages/dbcounter.py:115}}
Nov 15 01:09:35 user devstack@n-api.service[64849]: DEBUG dbcounter [-] [64849] Writing DB stats nova_cell0:SELECT=3 {{(pid=64849) stat_writer /opt/stack/data/venv/lib/python3.10/site-packages/dbcounter.py:115}}
Nov 15 01:09:35 user devstack@n-api.service[64849]: DEBUG dbcounter [-] [64849] Writing DB stats nova_cell1:SELECT=3 {{(pid=64849) stat_writer /opt/stack/data/venv/lib/python3.10/site-packages/dbcounter.py:115}}
Nov 15 01:09:35 user devstack@n-api.service[64849]: DEBUG dbcounter [-] [64849] Writing DB stats nova_cell0:SELECT=6,nova_cell0:INSERT=1 {{(pid=64849) stat_writer /opt/stack/data/venv/lib/python3.10/site-packages/dbcounter.py:115}}
Nov 15 01:09:35 user devstack@n-api.service[64849]: DEBUG nova.api.openstack.wsgi [None req-78957b53-a9b8-4fbc-9313-89c2a68acc83 admin admin] Action: 'create', calling method: >, body: {"flavor": {"name": "cirros256", "rxtx_factor": 1.0, "swap": 0, "ram": 256, "OS-FLV-EXT-DATA:ephemeral": 0, "os-flavor-access:is_public": true, "disk": 1, "id": "c1", "vcpus": 1}} {{(pid=64849) _process_stack /opt/stack/nova/nova/api/openstack/wsgi.py:511}}
Nov 15 01:09:35 user devstack@n-api.service[64849]: INFO nova.api.openstack.requestlog [None req-78957b53-a9b8-4fbc-9313-89c2a68acc83 admin admin] 10.0.0.210 "POST /compute/v2.1/flavors" status: 200 len: 405 microversion: 2.61 time: 0.263122
Nov 15 01:09:35 user devstack@n-api.service[64849]: [pid: 64849|app: 0|req: 3/5] 10.0.0.210 () {64 vars in 1277 bytes} [Wed Nov 15 01:09:35 2023] POST /compute/v2.1/flavors => generated 405 bytes in 265 msecs (HTTP/1.1 200) 9 headers in 359 bytes (1 switches on core 0)
Nov 15 01:09:35 user devstack@n-api.service[64850]: DEBUG nova.api.openstack.wsgi [None req-97d93936-b642-45ec-bfcb-696aa4aaeb23 admin admin] Action: 'create', calling method: >, body: {"extra_specs": {"hw_rng:allowed": "True"}} {{(pid=64850) _process_stack /opt/stack/nova/nova/api/openstack/wsgi.py:511}}
Nov 15 01:09:35 user devstack@n-api.service[64850]: INFO nova.api.openstack.requestlog [None req-97d93936-b642-45ec-bfcb-696aa4aaeb23 admin admin] 10.0.0.210 "POST /compute/v2.1/flavors/c1/os-extra_specs" status: 200 len: 43 microversion: 2.61 time: 0.047339
Nov 15 01:09:35 user devstack@n-api.service[64850]: [pid: 64850|app: 0|req: 2/6] 10.0.0.210 () {64 vars in 1330 bytes} [Wed Nov 15 01:09:35 2023] POST /compute/v2.1/flavors/c1/os-extra_specs => generated 43 bytes in 49 msecs (HTTP/1.1 200) 9 headers in 358 bytes (1 switches on core 0)
Nov 15 01:09:37 user devstack@n-api.service[64848]: DEBUG nova.api.openstack.wsgi [None req-4badaca0-6504-493d-86a5-c1c142256572 None None] Calling method '>' {{(pid=64848) _process_stack /opt/stack/nova/nova/api/openstack/wsgi.py:513}}
Nov 15 01:09:37 user devstack@n-api.service[64848]: INFO nova.api.openstack.requestlog [None req-4badaca0-6504-493d-86a5-c1c142256572 None None] 10.0.0.210 "GET /compute/v2.1" status: 200 len: 387 microversion: 2.1 time: 0.001566
Nov 15 01:09:37 user devstack@n-api.service[64848]: [pid: 64848|app: 0|req: 2/7] 10.0.0.210 () {54 vars in 925 bytes} [Wed Nov 15 01:09:37 2023] GET /compute/v2.1 => generated 387 bytes in 3 msecs (HTTP/1.1 200) 9 headers in 357 bytes (1 switches on core 0)
Nov 15 01:09:37 user devstack@n-api.service[64849]: DEBUG nova.api.openstack.wsgi [None req-3f52b635-400b-4ba4-a0cd-9eca801100cc admin admin] Action: 'create', calling method: >, body: {"flavor": {"OS-FLV-EXT-DATA:ephemeral": 0, "swap": 0, "vcpus": 1, "name": "ds512M", "rxtx_factor": 1.0, "id": "d1", "os-flavor-access:is_public": true, "disk": 5, "ram": 512}} {{(pid=64849) _process_stack /opt/stack/nova/nova/api/openstack/wsgi.py:511}}
Nov 15 01:09:38 user devstack@n-api.service[64849]: INFO nova.api.openstack.requestlog [None req-3f52b635-400b-4ba4-a0cd-9eca801100cc admin admin] 10.0.0.210 "POST /compute/v2.1/flavors" status: 200 len: 402 microversion: 2.61 time: 0.067130
Nov 15 01:09:38 user devstack@n-api.service[64849]: [pid: 64849|app: 0|req: 4/8] 10.0.0.210 () {64 vars in 1277 bytes} [Wed Nov 15 01:09:37 2023] POST /compute/v2.1/flavors => generated 402 bytes in 69 msecs (HTTP/1.1 200) 9 headers in 359 bytes (1 switches on core 0)
Nov 15 01:09:38 user devstack@n-api.service[64850]: DEBUG nova.api.openstack.wsgi [None req-2ca62ead-ce93-41c3-8f00-79aff19eba3e admin admin] Action: 'create', calling method: >, body: {"extra_specs": {"hw_rng:allowed": "True"}} {{(pid=64850) _process_stack /opt/stack/nova/nova/api/openstack/wsgi.py:511}}
Nov 15 01:09:38 user devstack@n-api.service[64850]: INFO nova.api.openstack.requestlog [None req-2ca62ead-ce93-41c3-8f00-79aff19eba3e admin admin] 10.0.0.210 "POST /compute/v2.1/flavors/d1/os-extra_specs" status: 200 len: 43 microversion: 2.61 time: 0.025558
Nov 15 01:09:38 user devstack@n-api.service[64850]: [pid: 64850|app: 0|req: 3/9] 10.0.0.210 () {64 vars in 1330 bytes} [Wed Nov 15 01:09:38 2023] POST /compute/v2.1/flavors/d1/os-extra_specs => generated 43 bytes in 27 msecs (HTTP/1.1 200) 9 headers in 358 bytes (1 switches on core 0)
Nov 15 01:09:40 user devstack@n-api.service[64848]: DEBUG nova.api.openstack.wsgi [None req-4badaca0-6504-493d-86a5-c1c142256572 None None] Calling method '>' {{(pid=64848) _process_stack /opt/stack/nova/nova/api/openstack/wsgi.py:513}}
Nov 15 01:09:40 user devstack@n-api.service[64848]: INFO nova.api.openstack.requestlog [None req-4badaca0-6504-493d-86a5-c1c142256572 None None] 10.0.0.210 "GET /compute/v2.1" status: 200 len: 387 microversion: 2.1 time: 0.001732
Nov 15 01:09:40 user devstack@n-api.service[64848]: [pid: 64848|app: 0|req: 3/10] 10.0.0.210 () {54 vars in 925 bytes} [Wed Nov 15 01:09:40 2023] GET /compute/v2.1 => generated 387 bytes in 3 msecs (HTTP/1.1 200) 9 headers in 357 bytes (1 switches on core 0)
Nov 15 01:09:40 user devstack@n-api.service[64849]: DEBUG nova.api.openstack.wsgi [None req-502227fa-68ad-46ec-b7b6-84a6a75def5c admin admin] Action: 'create', calling method: >, body: {"flavor": {"id": "d2", "rxtx_factor": 1.0, "os-flavor-access:is_public": true, "OS-FLV-EXT-DATA:ephemeral": 0, "vcpus": 1, "ram": 1024, "disk": 10, "swap": 0, "name": "ds1G"}} {{(pid=64849) _process_stack /opt/stack/nova/nova/api/openstack/wsgi.py:511}}
Nov 15 01:09:40 user devstack@n-api.service[64849]: INFO nova.api.openstack.requestlog [None req-502227fa-68ad-46ec-b7b6-84a6a75def5c admin admin] 10.0.0.210 "POST /compute/v2.1/flavors" status: 200 len: 402 microversion: 2.61 time: 0.028466
Nov 15 01:09:40 user devstack@n-api.service[64849]: [pid: 64849|app: 0|req: 5/11] 10.0.0.210 () {64 vars in 1277 bytes} [Wed Nov 15 01:09:40 2023] POST /compute/v2.1/flavors => generated 402 bytes in 30 msecs (HTTP/1.1 200) 9 headers in 359 bytes (1 switches on core 0)
Nov 15 01:09:40 user devstack@n-api.service[64850]: DEBUG nova.api.openstack.wsgi [None req-6b9f3976-530b-420c-9166-3bb45eb95689 admin admin] Action: 'create', calling method: >, body: {"extra_specs": {"hw_rng:allowed": "True"}} {{(pid=64850) _process_stack /opt/stack/nova/nova/api/openstack/wsgi.py:511}}
Nov 15 01:09:40 user devstack@n-api.service[64850]: INFO nova.api.openstack.requestlog [None req-6b9f3976-530b-420c-9166-3bb45eb95689 admin admin] 10.0.0.210 "POST /compute/v2.1/flavors/d2/os-extra_specs" status: 200 len: 43 microversion: 2.61 time: 0.025487
Nov 15 01:09:40 user devstack@n-api.service[64850]: [pid: 64850|app: 0|req: 4/12] 10.0.0.210 () {64 vars in 1330 bytes} [Wed Nov 15 01:09:40 2023] POST /compute/v2.1/flavors/d2/os-extra_specs => generated 43 bytes in 27 msecs (HTTP/1.1 200) 9 headers in 358 bytes (1 switches on core 0)
Nov 15 01:09:42 user devstack@n-api.service[64848]: DEBUG nova.api.openstack.wsgi [None req-4badaca0-6504-493d-86a5-c1c142256572 None None] Calling method '>' {{(pid=64848) _process_stack /opt/stack/nova/nova/api/openstack/wsgi.py:513}}
Nov 15 01:09:42 user devstack@n-api.service[64848]: INFO nova.api.openstack.requestlog [None req-4badaca0-6504-493d-86a5-c1c142256572 None None] 10.0.0.210 "GET /compute/v2.1" status: 200 len: 387 microversion: 2.1 time: 0.001746
Nov 15 01:09:42 user devstack@n-api.service[64848]: [pid: 64848|app: 0|req: 4/13] 10.0.0.210 () {54 vars in 925 bytes} [Wed Nov 15 01:09:42 2023] GET /compute/v2.1 => generated 387 bytes in 3 msecs (HTTP/1.1 200) 9 headers in 357 bytes (1 switches on core 0)
Nov 15 01:09:42 user devstack@n-api.service[64849]: DEBUG nova.api.openstack.wsgi [None req-1d75752c-cbaa-4516-9ea2-fdec6bf70644 admin admin] Action: 'create', calling method: >, body: {"flavor": {"disk": 10, "swap": 0, "rxtx_factor": 1.0, "vcpus": 2, "name": "ds2G", "OS-FLV-EXT-DATA:ephemeral": 0, "os-flavor-access:is_public": true, "ram": 2048, "id": "d3"}} {{(pid=64849) _process_stack /opt/stack/nova/nova/api/openstack/wsgi.py:511}}
Nov 15 01:09:42 user devstack@n-api.service[64849]: INFO nova.api.openstack.requestlog [None req-1d75752c-cbaa-4516-9ea2-fdec6bf70644 admin admin] 10.0.0.210 "POST /compute/v2.1/flavors" status: 200 len: 402 microversion: 2.61 time: 0.022130
Nov 15 01:09:42 user devstack@n-api.service[64849]: [pid: 64849|app: 0|req: 6/14] 10.0.0.210 () {64 vars in 1277 bytes} [Wed Nov 15 01:09:42 2023] POST /compute/v2.1/flavors => generated 402 bytes in 23 msecs (HTTP/1.1 200) 9 headers in 359 bytes (1 switches on core 0)
Nov 15 01:09:42 user devstack@n-api.service[64850]: DEBUG nova.api.openstack.wsgi [None req-d4f8c129-4c83-4b08-8f0b-5a9d03489b41 admin admin] Action: 'create', calling method: >, body: {"extra_specs": {"hw_rng:allowed": "True"}} {{(pid=64850) _process_stack /opt/stack/nova/nova/api/openstack/wsgi.py:511}}
Nov 15 01:09:42 user devstack@n-api.service[64850]: INFO nova.api.openstack.requestlog [None req-d4f8c129-4c83-4b08-8f0b-5a9d03489b41 admin admin] 10.0.0.210 "POST /compute/v2.1/flavors/d3/os-extra_specs" status: 200 len: 43 microversion: 2.61 time: 0.026181
Nov 15 01:09:42 user devstack@n-api.service[64850]: [pid: 64850|app: 0|req: 5/15] 10.0.0.210 () {64 vars in 1330 bytes} [Wed Nov 15 01:09:42 2023] POST /compute/v2.1/flavors/d3/os-extra_specs => generated 43 bytes in 27 msecs (HTTP/1.1 200) 9 headers in 358 bytes (1 switches on core 0)
Nov 15 01:09:44 user devstack@n-api.service[64848]: DEBUG nova.api.openstack.wsgi [None req-4badaca0-6504-493d-86a5-c1c142256572 None None] Calling method '>' {{(pid=64848) _process_stack /opt/stack/nova/nova/api/openstack/wsgi.py:513}}
Nov 15 01:09:44 user devstack@n-api.service[64848]: INFO nova.api.openstack.requestlog [None req-4badaca0-6504-493d-86a5-c1c142256572 None None] 10.0.0.210 "GET /compute/v2.1" status: 200 len: 387 microversion: 2.1 time: 0.001595
Nov 15 01:09:44 user devstack@n-api.service[64848]: [pid: 64848|app: 0|req: 5/16] 10.0.0.210 () {54 vars in 925 bytes} [Wed Nov 15 01:09:44 2023] GET /compute/v2.1 => generated 387 bytes in 3 msecs (HTTP/1.1 200) 9 headers in 357 bytes (1 switches on core 0)
Nov 15 01:09:44 user devstack@n-api.service[64849]: DEBUG nova.api.openstack.wsgi [None req-32f459cf-fe77-4bc6-97ef-cb5c9a67c0f9 admin admin] Action: 'create', calling method: >, body: {"flavor": {"OS-FLV-EXT-DATA:ephemeral": 0, "swap": 0, "name": "ds4G", "rxtx_factor": 1.0, "id": "d4", "os-flavor-access:is_public": true, "vcpus": 4, "disk": 20, "ram": 4096}} {{(pid=64849) _process_stack /opt/stack/nova/nova/api/openstack/wsgi.py:511}}
Nov 15 01:09:44 user devstack@n-api.service[64849]: INFO nova.api.openstack.requestlog [None req-32f459cf-fe77-4bc6-97ef-cb5c9a67c0f9 admin admin] 10.0.0.210 "POST /compute/v2.1/flavors" status: 200 len: 402 microversion: 2.61 time: 0.019392
Nov 15 01:09:44 user devstack@n-api.service[64849]: [pid: 64849|app: 0|req: 7/17] 10.0.0.210 () {64 vars in 1277 bytes} [Wed Nov 15 01:09:44 2023] POST /compute/v2.1/flavors => generated 402 bytes in 20 msecs (HTTP/1.1 200) 9 headers in 359 bytes (1 switches on core 0)
Nov 15 01:09:44 user devstack@n-api.service[64850]: DEBUG nova.api.openstack.wsgi [None req-3c60b6f3-c656-4e2c-95fd-a8ff34200c9d admin admin] Action: 'create', calling method: >, body: {"extra_specs": {"hw_rng:allowed": "True"}} {{(pid=64850) _process_stack /opt/stack/nova/nova/api/openstack/wsgi.py:511}}
Nov 15 01:09:44 user devstack@n-api.service[64850]: INFO nova.api.openstack.requestlog [None req-3c60b6f3-c656-4e2c-95fd-a8ff34200c9d admin admin] 10.0.0.210 "POST /compute/v2.1/flavors/d4/os-extra_specs" status: 200 len: 43 microversion: 2.61 time: 0.025128
Nov 15 01:09:44 user devstack@n-api.service[64850]: [pid: 64850|app: 0|req: 6/18] 10.0.0.210 () {64 vars in 1330 bytes} [Wed Nov 15 01:09:44 2023] POST /compute/v2.1/flavors/d4/os-extra_specs => generated 43 bytes in 27 msecs (HTTP/1.1 200) 9 headers in 358 bytes (1 switches on core 0)
Nov 15 01:09:46 user devstack@n-api.service[64848]: DEBUG nova.api.openstack.wsgi [None req-4badaca0-6504-493d-86a5-c1c142256572 None None] Calling method '>' {{(pid=64848) _process_stack /opt/stack/nova/nova/api/openstack/wsgi.py:513}}
Nov 15 01:09:46 user devstack@n-api.service[64848]: INFO nova.api.openstack.requestlog [None req-4badaca0-6504-493d-86a5-c1c142256572 None None] 10.0.0.210 "GET /compute/v2.1" status: 200 len: 387 microversion: 2.1 time: 0.001561
Nov 15 01:09:46 user devstack@n-api.service[64848]: [pid: 64848|app: 0|req: 6/19] 10.0.0.210 () {54 vars in 925 bytes} [Wed Nov 15 01:09:46 2023] GET /compute/v2.1 => generated 387 bytes in 2 msecs (HTTP/1.1 200) 9 headers in 357 bytes (1 switches on core 0)
Nov 15 01:09:46 user devstack@n-api.service[64849]: DEBUG nova.api.openstack.wsgi [None req-c4227a8a-9b39-4be5-929e-34dea963b016 admin admin] Calling method '>' {{(pid=64849) _process_stack /opt/stack/nova/nova/api/openstack/wsgi.py:513}}
Nov 15 01:09:46 user devstack@n-api.service[64849]: INFO nova.api.openstack.requestlog [None req-c4227a8a-9b39-4be5-929e-34dea963b016 admin admin] 10.0.0.210 "GET /compute/v2.1/flavors/detail?is_public=True" status: 200 len: 2096 microversion: 2.61 time: 0.029706
Nov 15 01:09:46 user devstack@n-api.service[64849]: [pid: 64849|app: 0|req: 8/20] 10.0.0.210 () {60 vars in 1286 bytes} [Wed Nov 15 01:09:46 2023] GET /compute/v2.1/flavors/detail?is_public=True => generated 2096 bytes in 31 msecs (HTTP/1.1 200) 9 headers in 360 bytes (1 switches on core 0)
Nov 15 01:09:48 user devstack@n-api.service[64850]: DEBUG nova.api.openstack.wsgi [None req-3c60b6f3-c656-4e2c-95fd-a8ff34200c9d admin admin] Calling method '>' {{(pid=64850) _process_stack /opt/stack/nova/nova/api/openstack/wsgi.py:513}}
Nov 15 01:09:48 user devstack@n-api.service[64850]: INFO nova.api.openstack.requestlog [None req-3c60b6f3-c656-4e2c-95fd-a8ff34200c9d admin admin] 10.0.0.210 "GET /compute/v2.1" status: 200 len: 387 microversion: 2.1 time: 0.002197
Nov 15 01:09:48 user devstack@n-api.service[64850]: [pid: 64850|app: 0|req: 7/21] 10.0.0.210 () {54 vars in 925 bytes} [Wed Nov 15 01:09:48 2023] GET /compute/v2.1 => generated 387 bytes in 3 msecs (HTTP/1.1 200) 9 headers in 357 bytes (1 switches on core 0)
Nov 15 01:09:48 user devstack@n-api.service[64848]: DEBUG dbcounter [-] [64848] Writing DB stats nova_api:SELECT=3 {{(pid=64848) stat_writer /opt/stack/data/venv/lib/python3.10/site-packages/dbcounter.py:115}}
Nov 15 01:09:48 user devstack@n-api.service[64848]: DEBUG dbcounter [-] [64848] Writing DB stats nova_cell1:SELECT=3 {{(pid=64848) stat_writer /opt/stack/data/venv/lib/python3.10/site-packages/dbcounter.py:115}}
Nov 15 01:09:48 user devstack@n-api.service[64848]: DEBUG dbcounter [-] [64848] Writing DB stats nova_cell0:SELECT=3 {{(pid=64848) stat_writer /opt/stack/data/venv/lib/python3.10/site-packages/dbcounter.py:115}}
Nov 15 01:09:48 user devstack@n-api.service[64848]: DEBUG dbcounter [-] [64848] Writing DB stats nova_cell0:SELECT=3 {{(pid=64848) stat_writer /opt/stack/data/venv/lib/python3.10/site-packages/dbcounter.py:115}}
Nov 15 01:09:48 user devstack@n-api.service[64848]: DEBUG nova.api.openstack.wsgi [None req-f78f35ad-cd2a-4ef2-86dd-b86173f18144 admin admin] Action: 'create', calling method: >, body: {"flavor": {"os-flavor-access:is_public": true, "id": "1", "disk": 1, "ram": 512, "vcpus": 1, "rxtx_factor": 1.0, "name": "m1.tiny", "OS-FLV-EXT-DATA:ephemeral": 0, "swap": 0}} {{(pid=64848) _process_stack /opt/stack/nova/nova/api/openstack/wsgi.py:511}}
Nov 15 01:09:48 user devstack@n-api.service[64848]: INFO nova.api.openstack.requestlog [None req-f78f35ad-cd2a-4ef2-86dd-b86173f18144 admin admin] 10.0.0.210 "POST /compute/v2.1/flavors" status: 200 len: 400 microversion: 2.61 time: 0.222595
Nov 15 01:09:48 user devstack@n-api.service[64848]: [pid: 64848|app: 0|req: 7/22] 10.0.0.210 () {64 vars in 1277 bytes} [Wed Nov 15 01:09:48 2023] POST /compute/v2.1/flavors => generated 400 bytes in 224 msecs (HTTP/1.1 200) 9 headers in 359 bytes (1 switches on core 0)
Nov 15 01:09:48 user devstack@n-api.service[64849]: DEBUG nova.api.openstack.wsgi [None req-56551509-3692-4b3b-8e5b-d87b104a82eb admin admin] Action: 'create', calling method: >, body: {"extra_specs": {"hw_rng:allowed": "True"}} {{(pid=64849) _process_stack /opt/stack/nova/nova/api/openstack/wsgi.py:511}}
Nov 15 01:09:48 user devstack@n-api.service[64849]: INFO nova.api.openstack.requestlog [None req-56551509-3692-4b3b-8e5b-d87b104a82eb admin admin] 10.0.0.210 "POST /compute/v2.1/flavors/1/os-extra_specs" status: 200 len: 43 microversion: 2.61 time: 0.034856
Nov 15 01:09:48 user devstack@n-api.service[64849]: [pid: 64849|app: 0|req: 9/23] 10.0.0.210 () {64 vars in 1327 bytes} [Wed Nov 15 01:09:48 2023] POST /compute/v2.1/flavors/1/os-extra_specs => generated 43 bytes in 36 msecs (HTTP/1.1 200) 9 headers in 358 bytes (1 switches on core 0)
Nov 15 01:09:50 user devstack@n-api.service[64850]: DEBUG nova.api.openstack.wsgi [None req-3c60b6f3-c656-4e2c-95fd-a8ff34200c9d admin admin] Calling method '>' {{(pid=64850) _process_stack /opt/stack/nova/nova/api/openstack/wsgi.py:513}}
Nov 15 01:09:50 user devstack@n-api.service[64850]: INFO nova.api.openstack.requestlog [None req-3c60b6f3-c656-4e2c-95fd-a8ff34200c9d admin admin] 10.0.0.210 "GET /compute/v2.1" status: 200 len: 387 microversion: 2.1 time: 0.001415
Nov 15 01:09:50 user devstack@n-api.service[64850]: [pid: 64850|app: 0|req: 8/24] 10.0.0.210 () {54 vars in 925 bytes} [Wed Nov 15 01:09:50 2023] GET /compute/v2.1 => generated 387 bytes in 2 msecs (HTTP/1.1 200) 9 headers in 357 bytes (1 switches on core 0)
Nov 15 01:09:50 user devstack@n-api.service[64848]: DEBUG nova.api.openstack.wsgi [None req-f16da0e0-f805-4ea4-bd63-f89fab636f1b admin admin] Action: 'create', calling method: >, body: {"flavor": {"swap": 0, "rxtx_factor": 1.0, "os-flavor-access:is_public": true, "OS-FLV-EXT-DATA:ephemeral": 0, "disk": 20, "vcpus": 1, "ram": 2048, "name": "m1.small", "id": "2"}} {{(pid=64848) _process_stack /opt/stack/nova/nova/api/openstack/wsgi.py:511}}
Nov 15 01:09:50 user devstack@n-api.service[64848]: INFO nova.api.openstack.requestlog [None req-f16da0e0-f805-4ea4-bd63-f89fab636f1b admin admin] 10.0.0.210 "POST /compute/v2.1/flavors" status: 200 len: 403 microversion: 2.61 time: 0.022662
Nov 15 01:09:50 user devstack@n-api.service[64848]: [pid: 64848|app: 0|req: 8/25] 10.0.0.210 () {64 vars in 1277 bytes} [Wed Nov 15 01:09:50 2023] POST /compute/v2.1/flavors => generated 403 bytes in 24 msecs (HTTP/1.1 200) 9 headers in 359 bytes (1 switches on core 0)
Nov 15 01:09:50 user devstack@n-api.service[64849]: DEBUG nova.api.openstack.wsgi [None req-fb6468fd-e288-4379-ad5b-5714a52014ff admin admin] Action: 'create', calling method: >, body: {"extra_specs": {"hw_rng:allowed": "True"}} {{(pid=64849) _process_stack /opt/stack/nova/nova/api/openstack/wsgi.py:511}}
Nov 15 01:09:50 user devstack@n-api.service[64849]: INFO nova.api.openstack.requestlog [None req-fb6468fd-e288-4379-ad5b-5714a52014ff admin admin] 10.0.0.210 "POST /compute/v2.1/flavors/2/os-extra_specs" status: 200 len: 43 microversion: 2.61 time: 0.025077
Nov 15 01:09:50 user devstack@n-api.service[64849]: [pid: 64849|app: 0|req: 10/26] 10.0.0.210 () {64 vars in 1327 bytes} [Wed Nov 15 01:09:50 2023] POST /compute/v2.1/flavors/2/os-extra_specs => generated 43 bytes in 26 msecs (HTTP/1.1 200) 9 headers in 358 bytes (1 switches on core 0)
Nov 15 01:09:52 user devstack@n-api.service[64850]: DEBUG nova.api.openstack.wsgi [None req-3c60b6f3-c656-4e2c-95fd-a8ff34200c9d admin admin] Calling method '>' {{(pid=64850) _process_stack /opt/stack/nova/nova/api/openstack/wsgi.py:513}}
Nov 15 01:09:52 user devstack@n-api.service[64850]: INFO nova.api.openstack.requestlog [None req-3c60b6f3-c656-4e2c-95fd-a8ff34200c9d admin admin] 10.0.0.210 "GET /compute/v2.1" status: 200 len: 387 microversion: 2.1 time: 0.001374
Nov 15 01:09:52 user devstack@n-api.service[64850]: [pid: 64850|app: 0|req: 9/27] 10.0.0.210 () {54 vars in 925 bytes} [Wed Nov 15 01:09:52 2023] GET /compute/v2.1 => generated 387 bytes in 2 msecs (HTTP/1.1 200) 9 headers in 357 bytes (1 switches on core 0)
Nov 15 01:09:52 user devstack@n-api.service[64848]: DEBUG nova.api.openstack.wsgi [None req-80c4d699-8916-445a-8ab8-dc23368434a2 admin admin] Action: 'create', calling method: >, body: {"flavor": {"ram": 4096, "id": "3", "disk": 40, "OS-FLV-EXT-DATA:ephemeral": 0, "swap": 0, "rxtx_factor": 1.0, "vcpus": 2, "name": "m1.medium", "os-flavor-access:is_public": true}} {{(pid=64848) _process_stack /opt/stack/nova/nova/api/openstack/wsgi.py:511}}
Nov 15 01:09:52 user devstack@n-api.service[64848]: INFO nova.api.openstack.requestlog [None req-80c4d699-8916-445a-8ab8-dc23368434a2 admin admin] 10.0.0.210 "POST /compute/v2.1/flavors" status: 200 len: 404 microversion: 2.61 time: 0.021459
Nov 15 01:09:52 user devstack@n-api.service[64848]: [pid: 64848|app: 0|req: 9/28] 10.0.0.210 () {64 vars in 1277 bytes} [Wed Nov 15 01:09:52 2023] POST /compute/v2.1/flavors => generated 404 bytes in 23 msecs (HTTP/1.1 200) 9 headers in 359 bytes (1 switches on core 0)
Nov 15 01:09:52 user devstack@n-api.service[64849]: DEBUG nova.api.openstack.wsgi [None req-be4ae4e2-31c3-47ff-8fbb-ad4894a74f37 admin admin] Action: 'create', calling method: >, body: {"extra_specs": {"hw_rng:allowed": "True"}} {{(pid=64849) _process_stack /opt/stack/nova/nova/api/openstack/wsgi.py:511}}
Nov 15 01:09:52 user devstack@n-api.service[64849]: INFO nova.api.openstack.requestlog [None req-be4ae4e2-31c3-47ff-8fbb-ad4894a74f37 admin admin] 10.0.0.210 "POST /compute/v2.1/flavors/3/os-extra_specs" status: 200 len: 43 microversion: 2.61 time: 0.022770
Nov 15 01:09:52 user devstack@n-api.service[64849]: [pid: 64849|app: 0|req: 11/29] 10.0.0.210 () {64 vars in 1327 bytes} [Wed Nov 15 01:09:52 2023] POST /compute/v2.1/flavors/3/os-extra_specs => generated 43 bytes in 24 msecs (HTTP/1.1 200) 9 headers in 358 bytes (1 switches on core 0)
Nov 15 01:09:54 user devstack@n-api.service[64850]: DEBUG nova.api.openstack.wsgi [None req-3c60b6f3-c656-4e2c-95fd-a8ff34200c9d admin admin] Calling method '>' {{(pid=64850) _process_stack /opt/stack/nova/nova/api/openstack/wsgi.py:513}}
Nov 15 01:09:54 user devstack@n-api.service[64850]: INFO nova.api.openstack.requestlog [None req-3c60b6f3-c656-4e2c-95fd-a8ff34200c9d admin admin] 10.0.0.210 "GET /compute/v2.1" status: 200 len: 387 microversion: 2.1 time: 0.001441
Nov 15 01:09:54 user devstack@n-api.service[64850]: [pid: 64850|app: 0|req: 10/30] 10.0.0.210 () {54 vars in 925 bytes} [Wed Nov 15 01:09:54 2023] GET /compute/v2.1 => generated 387 bytes in 2 msecs (HTTP/1.1 200) 9 headers in 357 bytes (1 switches on core 0)
Nov 15 01:09:54 user devstack@n-api.service[64848]: DEBUG nova.api.openstack.wsgi [None req-bbc9c12d-ed7f-4ffc-a586-7eeb8699cb94 admin admin] Action: 'create', calling method: >, body: {"flavor": {"OS-FLV-EXT-DATA:ephemeral": 0, "name": "m1.large", "swap": 0, "vcpus": 4, "disk": 80, "rxtx_factor": 1.0, "ram": 8192, "id": "4", "os-flavor-access:is_public": true}} {{(pid=64848) _process_stack /opt/stack/nova/nova/api/openstack/wsgi.py:511}}
Nov 15 01:09:54 user devstack@n-api.service[64848]: INFO nova.api.openstack.requestlog [None req-bbc9c12d-ed7f-4ffc-a586-7eeb8699cb94 admin admin] 10.0.0.210 "POST /compute/v2.1/flavors" status: 200 len: 403 microversion: 2.61 time: 0.021805
Nov 15 01:09:54 user devstack@n-api.service[64848]: [pid: 64848|app: 0|req: 10/31] 10.0.0.210 () {64 vars in 1277 bytes} [Wed Nov 15 01:09:54 2023] POST /compute/v2.1/flavors => generated 403 bytes in 23 msecs (HTTP/1.1 200) 9 headers in 359 bytes (1 switches on core 0)
Nov 15 01:09:54 user devstack@n-api.service[64849]: DEBUG nova.api.openstack.wsgi [None req-7eb25836-2b10-4dbc-88e0-a526a7a1fd53 admin admin] Action: 'create', calling method: >, body: {"extra_specs": {"hw_rng:allowed": "True"}} {{(pid=64849) _process_stack /opt/stack/nova/nova/api/openstack/wsgi.py:511}}
Nov 15 01:09:54 user devstack@n-api.service[64849]: INFO nova.api.openstack.requestlog [None req-7eb25836-2b10-4dbc-88e0-a526a7a1fd53 admin admin] 10.0.0.210 "POST /compute/v2.1/flavors/4/os-extra_specs" status: 200 len: 43 microversion: 2.61 time: 0.029220
Nov 15 01:09:54 user devstack@n-api.service[64849]: [pid: 64849|app: 0|req: 12/32] 10.0.0.210 () {64 vars in 1327 bytes} [Wed Nov 15 01:09:54 2023] POST /compute/v2.1/flavors/4/os-extra_specs => generated 43 bytes in 31 msecs (HTTP/1.1 200) 9 headers in 358 bytes (1 switches on core 0)
Nov 15 01:09:56 user devstack@n-api.service[64850]: DEBUG nova.api.openstack.wsgi [None req-3c60b6f3-c656-4e2c-95fd-a8ff34200c9d admin admin] Calling method '>' {{(pid=64850) _process_stack /opt/stack/nova/nova/api/openstack/wsgi.py:513}}
