Oct 30 09:08:26 user devstack@g-api.service[77768]: DEBUG oslo_concurrency.lockutils [None req-fcad4697-46de-41e9-bcea-408e4bf9a64a None None] Acquiring lock "image_cache_db_init" by "glance.image_cache.drivers.sqlite.Driver.initialize_db..create_db" {{(pid=77768) inner /opt/stack/data/venv/lib/python3.10/site-packages/oslo_concurrency/lockutils.py:404}}
Oct 30 09:08:26 user devstack@g-api.service[77770]: DEBUG glance.common.config [None req-0fe936f3-2495-4815-a57b-80d181f86214 None None] hashing_algorithm = sha512 {{(pid=77770) log_opt_values /opt/stack/data/venv/lib/python3.10/site-packages/oslo_config/cfg.py:2602}}
Oct 30 09:08:26 user devstack@g-api.service[77770]: DEBUG glance.common.config [None req-0fe936f3-2495-4815-a57b-80d181f86214 None None] http_keepalive = True {{(pid=77770) log_opt_values /opt/stack/data/venv/lib/python3.10/site-packages/oslo_config/cfg.py:2602}}
Oct 30 09:08:26 user devstack@g-api.service[77768]: DEBUG oslo_concurrency.lockutils [None req-fcad4697-46de-41e9-bcea-408e4bf9a64a None None] Lock "image_cache_db_init" acquired by "glance.image_cache.drivers.sqlite.Driver.initialize_db..create_db" :: waited 0.001s {{(pid=77768) inner /opt/stack/data/venv/lib/python3.10/site-packages/oslo_concurrency/lockutils.py:409}}
Oct 30 09:08:26 user devstack@g-api.service[77770]: DEBUG glance.common.config [None req-0fe936f3-2495-4815-a57b-80d181f86214 None None] image_cache_dir = /opt/stack/data/glance/cache/ {{(pid=77770) log_opt_values /opt/stack/data/venv/lib/python3.10/site-packages/oslo_config/cfg.py:2602}}
Oct 30 09:08:26 user devstack@g-api.service[77770]: DEBUG glance.common.config [None req-0fe936f3-2495-4815-a57b-80d181f86214 None None] image_cache_driver = sqlite {{(pid=77770) log_opt_values /opt/stack/data/venv/lib/python3.10/site-packages/oslo_config/cfg.py:2602}}
Oct 30 09:08:26 user devstack@g-api.service[77768]: DEBUG oslo_concurrency.lockutils [None req-fcad4697-46de-41e9-bcea-408e4bf9a64a None None] Lock "image_cache_db_init" "released" by "glance.image_cache.drivers.sqlite.Driver.initialize_db..create_db" :: held 0.001s {{(pid=77768) inner /opt/stack/data/venv/lib/python3.10/site-packages/oslo_concurrency/lockutils.py:423}}
Oct 30 09:08:26 user devstack@g-api.service[77770]: DEBUG glance.common.config [None req-0fe936f3-2495-4815-a57b-80d181f86214 None None] image_cache_max_size = 10737418240 {{(pid=77770) log_opt_values /opt/stack/data/venv/lib/python3.10/site-packages/oslo_config/cfg.py:2602}}
Oct 30 09:08:26 user devstack@g-api.service[77770]: DEBUG glance.common.config [None req-0fe936f3-2495-4815-a57b-80d181f86214 None None] image_cache_sqlite_db = cache.db {{(pid=77770) log_opt_values /opt/stack/data/venv/lib/python3.10/site-packages/oslo_config/cfg.py:2602}}
Oct 30 09:08:26 user devstack@g-api.service[77770]: DEBUG glance.common.config [None req-0fe936f3-2495-4815-a57b-80d181f86214 None None] image_cache_stall_time = 86400 {{(pid=77770) log_opt_values /opt/stack/data/venv/lib/python3.10/site-packages/oslo_config/cfg.py:2602}}
Oct 30 09:08:26 user devstack@g-api.service[77770]: DEBUG glance.common.config [None req-0fe936f3-2495-4815-a57b-80d181f86214 None None] image_location_quota = 10 {{(pid=77770) log_opt_values /opt/stack/data/venv/lib/python3.10/site-packages/oslo_config/cfg.py:2602}}
Oct 30 09:08:26 user devstack@g-api.service[77770]: DEBUG glance.common.config [None req-0fe936f3-2495-4815-a57b-80d181f86214 None None] image_member_quota = 128 {{(pid=77770) log_opt_values /opt/stack/data/venv/lib/python3.10/site-packages/oslo_config/cfg.py:2602}}
Oct 30 09:08:26 user devstack@g-api.service[77770]: DEBUG glance.common.config [None req-0fe936f3-2495-4815-a57b-80d181f86214 None None] image_property_quota = 128 {{(pid=77770) log_opt_values /opt/stack/data/venv/lib/python3.10/site-packages/oslo_config/cfg.py:2602}}
Oct 30 09:08:26 user devstack@g-api.service[77770]: DEBUG glance.common.config [None req-0fe936f3-2495-4815-a57b-80d181f86214 None None] image_size_cap = 1099511627776 {{(pid=77770) log_opt_values /opt/stack/data/venv/lib/python3.10/site-packages/oslo_config/cfg.py:2602}}
Oct 30 09:08:26 user devstack@g-api.service[77770]: DEBUG glance.common.config [None req-0fe936f3-2495-4815-a57b-80d181f86214 None None] image_tag_quota = 128 {{(pid=77770) log_opt_values /opt/stack/data/venv/lib/python3.10/site-packages/oslo_config/cfg.py:2602}}
Oct 30 09:08:26 user devstack@g-api.service[77770]: DEBUG glance.common.config [None req-0fe936f3-2495-4815-a57b-80d181f86214 None None] instance_format = [instance: %(uuid)s] {{(pid=77770) log_opt_values /opt/stack/data/venv/lib/python3.10/site-packages/oslo_config/cfg.py:2602}}
Oct 30 09:08:26 user devstack@g-api.service[77770]: DEBUG glance.common.config [None req-0fe936f3-2495-4815-a57b-80d181f86214 None None] instance_uuid_format = [instance: %(uuid)s] {{(pid=77770) log_opt_values /opt/stack/data/venv/lib/python3.10/site-packages/oslo_config/cfg.py:2602}}
Oct 30 09:08:26 user devstack@g-api.service[77770]: DEBUG glance.common.config [None req-0fe936f3-2495-4815-a57b-80d181f86214 None None] limit_param_default = 25 {{(pid=77770) log_opt_values /opt/stack/data/venv/lib/python3.10/site-packages/oslo_config/cfg.py:2602}}
Oct 30 09:08:26 user devstack@g-api.service[77770]: DEBUG glance.common.config [None req-0fe936f3-2495-4815-a57b-80d181f86214 None None] location_strategy = location_order {{(pid=77770) log_opt_values /opt/stack/data/venv/lib/python3.10/site-packages/oslo_config/cfg.py:2602}}
Oct 30 09:08:26 user devstack@g-api.service[77770]: DEBUG glance.common.config [None req-0fe936f3-2495-4815-a57b-80d181f86214 None None] log_config_append = None {{(pid=77770) log_opt_values /opt/stack/data/venv/lib/python3.10/site-packages/oslo_config/cfg.py:2602}}
Oct 30 09:08:26 user devstack@g-api.service[77770]: DEBUG glance.common.config [None req-0fe936f3-2495-4815-a57b-80d181f86214 None None] log_date_format = %Y-%m-%d %H:%M:%S {{(pid=77770) log_opt_values /opt/stack/data/venv/lib/python3.10/site-packages/oslo_config/cfg.py:2602}}
Oct 30 09:08:26 user devstack@g-api.service[77769]: INFO glance.api.middleware.cache [None req-2917b58a-89b2-4c2a-acfb-92b6c1630f17 None None] Initialized image cache middleware
Oct 30 09:08:26 user devstack@g-api.service[77770]: DEBUG glance.common.config [None req-0fe936f3-2495-4815-a57b-80d181f86214 None None] log_dir = None {{(pid=77770) log_opt_values /opt/stack/data/venv/lib/python3.10/site-packages/oslo_config/cfg.py:2602}}
Oct 30 09:08:26 user devstack@g-api.service[77770]: DEBUG glance.common.config [None req-0fe936f3-2495-4815-a57b-80d181f86214 None None] log_file = None {{(pid=77770) log_opt_values /opt/stack/data/venv/lib/python3.10/site-packages/oslo_config/cfg.py:2602}}
Oct 30 09:08:26 user devstack@g-api.service[77770]: DEBUG glance.common.config [None req-0fe936f3-2495-4815-a57b-80d181f86214 None None] log_rotate_interval = 1 {{(pid=77770) log_opt_values /opt/stack/data/venv/lib/python3.10/site-packages/oslo_config/cfg.py:2602}}
Oct 30 09:08:26 user devstack@g-api.service[77770]: DEBUG glance.common.config [None req-0fe936f3-2495-4815-a57b-80d181f86214 None None] log_rotate_interval_type = days {{(pid=77770) log_opt_values /opt/stack/data/venv/lib/python3.10/site-packages/oslo_config/cfg.py:2602}}
Oct 30 09:08:26 user devstack@g-api.service[77770]: DEBUG glance.common.config [None req-0fe936f3-2495-4815-a57b-80d181f86214 None None] log_rotation_type = none {{(pid=77770) log_opt_values /opt/stack/data/venv/lib/python3.10/site-packages/oslo_config/cfg.py:2602}}
Oct 30 09:08:26 user devstack@g-api.service[77770]: DEBUG glance.common.config [None req-0fe936f3-2495-4815-a57b-80d181f86214 None None] logging_context_format_string = %(color)s%(levelname)s %(name)s [%(global_request_id)s %(request_id)s %(project_name)s %(user_name)s%(color)s] %(instance)s%(color)s%(message)s {{(pid=77770) log_opt_values /opt/stack/data/venv/lib/python3.10/site-packages/oslo_config/cfg.py:2602}}
Oct 30 09:08:26 user devstack@g-api.service[77770]: DEBUG glance.common.config [None req-0fe936f3-2495-4815-a57b-80d181f86214 None None] logging_debug_format_suffix = {{(pid=%(process)d) %(funcName)s %(pathname)s:%(lineno)d}} {{(pid=77770) log_opt_values /opt/stack/data/venv/lib/python3.10/site-packages/oslo_config/cfg.py:2602}}
Oct 30 09:08:26 user devstack@g-api.service[77770]: DEBUG glance.common.config [None req-0fe936f3-2495-4815-a57b-80d181f86214 None None] logging_default_format_string = %(color)s%(levelname)s %(name)s [-%(color)s] %(instance)s%(color)s%(message)s {{(pid=77770) log_opt_values /opt/stack/data/venv/lib/python3.10/site-packages/oslo_config/cfg.py:2602}}
Oct 30 09:08:26 user devstack@g-api.service[77770]: DEBUG glance.common.config [None req-0fe936f3-2495-4815-a57b-80d181f86214 None None] logging_exception_prefix = ERROR %(name)s %(instance)s {{(pid=77770) log_opt_values /opt/stack/data/venv/lib/python3.10/site-packages/oslo_config/cfg.py:2602}}
Oct 30 09:08:26 user devstack@g-api.service[77770]: DEBUG glance.common.config [None req-0fe936f3-2495-4815-a57b-80d181f86214 None None] logging_user_identity_format = %(user)s %(project)s %(domain)s %(system_scope)s %(user_domain)s %(project_domain)s {{(pid=77770) log_opt_values /opt/stack/data/venv/lib/python3.10/site-packages/oslo_config/cfg.py:2602}}
Oct 30 09:08:26 user devstack@g-api.service[77770]: DEBUG glance.common.config [None req-0fe936f3-2495-4815-a57b-80d181f86214 None None] max_header_line = 16384 {{(pid=77770) log_opt_values /opt/stack/data/venv/lib/python3.10/site-packages/oslo_config/cfg.py:2602}}
Oct 30 09:08:26 user devstack@g-api.service[77770]: DEBUG glance.common.config [None req-0fe936f3-2495-4815-a57b-80d181f86214 None None] max_logfile_count = 30 {{(pid=77770) log_opt_values /opt/stack/data/venv/lib/python3.10/site-packages/oslo_config/cfg.py:2602}}
Oct 30 09:08:26 user devstack@g-api.service[77770]: DEBUG glance.common.config [None req-0fe936f3-2495-4815-a57b-80d181f86214 None None] max_logfile_size_mb = 200 {{(pid=77770) log_opt_values /opt/stack/data/venv/lib/python3.10/site-packages/oslo_config/cfg.py:2602}}
Oct 30 09:08:26 user devstack@g-api.service[77770]: DEBUG glance.common.config [None req-0fe936f3-2495-4815-a57b-80d181f86214 None None] max_request_id_length = 64 {{(pid=77770) log_opt_values /opt/stack/data/venv/lib/python3.10/site-packages/oslo_config/cfg.py:2602}}
Oct 30 09:08:26 user devstack@g-api.service[77770]: DEBUG glance.common.config [None req-0fe936f3-2495-4815-a57b-80d181f86214 None None] metadata_encryption_key = **** {{(pid=77770) log_opt_values /opt/stack/data/venv/lib/python3.10/site-packages/oslo_config/cfg.py:2602}}
Oct 30 09:08:26 user devstack@g-api.service[77770]: DEBUG glance.common.config [None req-0fe936f3-2495-4815-a57b-80d181f86214 None None] node_staging_uri = file:///tmp/staging/ {{(pid=77770) log_opt_values /opt/stack/data/venv/lib/python3.10/site-packages/oslo_config/cfg.py:2602}}
Oct 30 09:08:26 user devstack@g-api.service[77770]: DEBUG glance.common.config [None req-0fe936f3-2495-4815-a57b-80d181f86214 None None] property_protection_file = None {{(pid=77770) log_opt_values /opt/stack/data/venv/lib/python3.10/site-packages/oslo_config/cfg.py:2602}}
Oct 30 09:08:26 user devstack@g-api.service[77770]: DEBUG glance.common.config [None req-0fe936f3-2495-4815-a57b-80d181f86214 None None] property_protection_rule_format = roles {{(pid=77770) log_opt_values /opt/stack/data/venv/lib/python3.10/site-packages/oslo_config/cfg.py:2602}}
Oct 30 09:08:26 user devstack@g-api.service[77770]: DEBUG glance.common.config [None req-0fe936f3-2495-4815-a57b-80d181f86214 None None] public_endpoint = http://10.0.0.210/image {{(pid=77770) log_opt_values /opt/stack/data/venv/lib/python3.10/site-packages/oslo_config/cfg.py:2602}}
Oct 30 09:08:26 user devstack@g-api.service[77770]: DEBUG glance.common.config [None req-0fe936f3-2495-4815-a57b-80d181f86214 None None] publish_errors = False {{(pid=77770) log_opt_values /opt/stack/data/venv/lib/python3.10/site-packages/oslo_config/cfg.py:2602}}
Oct 30 09:08:26 user devstack@g-api.service[77770]: DEBUG glance.common.config [None req-0fe936f3-2495-4815-a57b-80d181f86214 None None] pydev_worker_debug_host = None {{(pid=77770) log_opt_values /opt/stack/data/venv/lib/python3.10/site-packages/oslo_config/cfg.py:2602}}
Oct 30 09:08:26 user devstack@g-api.service[77768]: DEBUG glance.api.v2.cached_images [None req-fcad4697-46de-41e9-bcea-408e4bf9a64a None None] Started cache worker thread {{(pid=77768) __init__ /opt/stack/glance/glance/api/v2/cached_images.py:69}}
Oct 30 09:08:26 user devstack@g-api.service[77770]: DEBUG glance.common.config [None req-0fe936f3-2495-4815-a57b-80d181f86214 None None] pydev_worker_debug_port = 5678 {{(pid=77770) log_opt_values /opt/stack/data/venv/lib/python3.10/site-packages/oslo_config/cfg.py:2602}}
Oct 30 09:08:26 user devstack@g-api.service[77770]: DEBUG glance.common.config [None req-0fe936f3-2495-4815-a57b-80d181f86214 None None] rate_limit_burst = 0 {{(pid=77770) log_opt_values /opt/stack/data/venv/lib/python3.10/site-packages/oslo_config/cfg.py:2602}}
Oct 30 09:08:26 user devstack@g-api.service[77770]: DEBUG glance.common.config [None req-0fe936f3-2495-4815-a57b-80d181f86214 None None] rate_limit_except_level = CRITICAL {{(pid=77770) log_opt_values /opt/stack/data/venv/lib/python3.10/site-packages/oslo_config/cfg.py:2602}}
Oct 30 09:08:26 user devstack@g-api.service[77768]: INFO glance.image_cache [None req-fcad4697-46de-41e9-bcea-408e4bf9a64a None None] Image cache loaded driver 'sqlite'.
Oct 30 09:08:26 user devstack@g-api.service[77770]: DEBUG glance.common.config [None req-0fe936f3-2495-4815-a57b-80d181f86214 None None] rate_limit_interval = 0 {{(pid=77770) log_opt_values /opt/stack/data/venv/lib/python3.10/site-packages/oslo_config/cfg.py:2602}}
Oct 30 09:08:26 user devstack@g-api.service[77768]: DEBUG oslo_concurrency.lockutils [None req-fcad4697-46de-41e9-bcea-408e4bf9a64a None None] Acquiring lock "image_cache_db_init" by "glance.image_cache.drivers.sqlite.Driver.initialize_db..create_db" {{(pid=77768) inner /opt/stack/data/venv/lib/python3.10/site-packages/oslo_concurrency/lockutils.py:404}}
Oct 30 09:08:26 user devstack@g-api.service[77770]: DEBUG glance.common.config [None req-0fe936f3-2495-4815-a57b-80d181f86214 None None] scrub_pool_size = 1 {{(pid=77770) log_opt_values /opt/stack/data/venv/lib/python3.10/site-packages/oslo_config/cfg.py:2602}}
Oct 30 09:08:26 user devstack@g-api.service[77770]: DEBUG glance.common.config [None req-0fe936f3-2495-4815-a57b-80d181f86214 None None] scrub_time = 0 {{(pid=77770) log_opt_values /opt/stack/data/venv/lib/python3.10/site-packages/oslo_config/cfg.py:2602}}
Oct 30 09:08:26 user devstack@g-api.service[77768]: DEBUG oslo_concurrency.lockutils [None req-fcad4697-46de-41e9-bcea-408e4bf9a64a None None] Lock "image_cache_db_init" acquired by "glance.image_cache.drivers.sqlite.Driver.initialize_db..create_db" :: waited 0.001s {{(pid=77768) inner /opt/stack/data/venv/lib/python3.10/site-packages/oslo_concurrency/lockutils.py:409}}
Oct 30 09:08:26 user devstack@g-api.service[77770]: DEBUG glance.common.config [None req-0fe936f3-2495-4815-a57b-80d181f86214 None None] show_image_direct_url = False {{(pid=77770) log_opt_values /opt/stack/data/venv/lib/python3.10/site-packages/oslo_config/cfg.py:2602}}
Oct 30 09:08:26 user devstack@g-api.service[77770]: WARNING oslo_config.cfg [None req-0fe936f3-2495-4815-a57b-80d181f86214 None None] Deprecated: Option "show_multiple_locations" from group "DEFAULT" is deprecated for removal (Use of this option, deprecated since Newton, is a security risk and will be removed once we figure out a way to satisfy those use cases that currently require it. An earlier announcement that the same functionality can be achieved with greater granularity by using policies is incorrect. You cannot work around this option via policy configuration at the present time, though that is the direction we believe the fix will take. Please keep an eye on the Glance release notes to stay up to date on progress in addressing this issue.). Its value may be silently ignored in the future.
Oct 30 09:08:26 user devstack@g-api.service[77768]: DEBUG oslo_concurrency.lockutils [None req-fcad4697-46de-41e9-bcea-408e4bf9a64a None None] Lock "image_cache_db_init" "released" by "glance.image_cache.drivers.sqlite.Driver.initialize_db..create_db" :: held 0.001s {{(pid=77768) inner /opt/stack/data/venv/lib/python3.10/site-packages/oslo_concurrency/lockutils.py:423}}
Oct 30 09:08:26 user devstack@g-api.service[77770]: DEBUG glance.common.config [None req-0fe936f3-2495-4815-a57b-80d181f86214 None None] show_multiple_locations = False {{(pid=77770) log_opt_values /opt/stack/data/venv/lib/python3.10/site-packages/oslo_config/cfg.py:2602}}
Oct 30 09:08:26 user devstack@g-api.service[77770]: DEBUG glance.common.config [None req-0fe936f3-2495-4815-a57b-80d181f86214 None None] syslog_log_facility = LOG_USER {{(pid=77770) log_opt_values /opt/stack/data/venv/lib/python3.10/site-packages/oslo_config/cfg.py:2602}}
Oct 30 09:08:26 user devstack@g-api.service[77770]: DEBUG glance.common.config [None req-0fe936f3-2495-4815-a57b-80d181f86214 None None] tcp_keepidle = 600 {{(pid=77770) log_opt_values /opt/stack/data/venv/lib/python3.10/site-packages/oslo_config/cfg.py:2602}}
Oct 30 09:08:26 user devstack@g-api.service[77770]: DEBUG glance.common.config [None req-0fe936f3-2495-4815-a57b-80d181f86214 None None] transport_url = **** {{(pid=77770) log_opt_values /opt/stack/data/venv/lib/python3.10/site-packages/oslo_config/cfg.py:2602}}
Oct 30 09:08:26 user devstack@g-api.service[77770]: DEBUG glance.common.config [None req-0fe936f3-2495-4815-a57b-80d181f86214 None None] use_eventlog = False {{(pid=77770) log_opt_values /opt/stack/data/venv/lib/python3.10/site-packages/oslo_config/cfg.py:2602}}
Oct 30 09:08:26 user devstack@g-api.service[77770]: DEBUG glance.common.config [None req-0fe936f3-2495-4815-a57b-80d181f86214 None None] use_journal = False {{(pid=77770) log_opt_values /opt/stack/data/venv/lib/python3.10/site-packages/oslo_config/cfg.py:2602}}
Oct 30 09:08:26 user devstack@g-api.service[77770]: DEBUG glance.common.config [None req-0fe936f3-2495-4815-a57b-80d181f86214 None None] use_json = False {{(pid=77770) log_opt_values /opt/stack/data/venv/lib/python3.10/site-packages/oslo_config/cfg.py:2602}}
Oct 30 09:08:26 user devstack@g-api.service[77770]: DEBUG glance.common.config [None req-0fe936f3-2495-4815-a57b-80d181f86214 None None] use_keystone_limits = True {{(pid=77770) log_opt_values /opt/stack/data/venv/lib/python3.10/site-packages/oslo_config/cfg.py:2602}}
Oct 30 09:08:26 user devstack@g-api.service[77770]: DEBUG glance.common.config [None req-0fe936f3-2495-4815-a57b-80d181f86214 None None] use_stderr = False {{(pid=77770) log_opt_values /opt/stack/data/venv/lib/python3.10/site-packages/oslo_config/cfg.py:2602}}
Oct 30 09:08:26 user devstack@g-api.service[77770]: DEBUG glance.common.config [None req-0fe936f3-2495-4815-a57b-80d181f86214 None None] use_syslog = False {{(pid=77770) log_opt_values /opt/stack/data/venv/lib/python3.10/site-packages/oslo_config/cfg.py:2602}}
Oct 30 09:08:26 user devstack@g-api.service[77770]: DEBUG glance.common.config [None req-0fe936f3-2495-4815-a57b-80d181f86214 None None] user_storage_quota = 0 {{(pid=77770) log_opt_values /opt/stack/data/venv/lib/python3.10/site-packages/oslo_config/cfg.py:2602}}
Oct 30 09:08:26 user devstack@g-api.service[77770]: DEBUG glance.common.config [None req-0fe936f3-2495-4815-a57b-80d181f86214 None None] watch_log_file = False {{(pid=77770) log_opt_values /opt/stack/data/venv/lib/python3.10/site-packages/oslo_config/cfg.py:2602}}
Oct 30 09:08:26 user devstack@g-api.service[77770]: DEBUG glance.common.config [None req-0fe936f3-2495-4815-a57b-80d181f86214 None None] worker_self_reference_url = http://127.0.0.1:60999 {{(pid=77770) log_opt_values /opt/stack/data/venv/lib/python3.10/site-packages/oslo_config/cfg.py:2602}}
Oct 30 09:08:26 user devstack@g-api.service[77770]: DEBUG glance.common.config [None req-0fe936f3-2495-4815-a57b-80d181f86214 None None] workers = None {{(pid=77770) log_opt_values /opt/stack/data/venv/lib/python3.10/site-packages/oslo_config/cfg.py:2602}}
Oct 30 09:08:26 user devstack@g-api.service[77770]: DEBUG glance.common.config [None req-0fe936f3-2495-4815-a57b-80d181f86214 None None] oslo_concurrency.disable_process_locking = False {{(pid=77770) log_opt_values /opt/stack/data/venv/lib/python3.10/site-packages/oslo_config/cfg.py:2609}}
Oct 30 09:08:26 user devstack@g-api.service[77770]: DEBUG glance.common.config [None req-0fe936f3-2495-4815-a57b-80d181f86214 None None] oslo_concurrency.lock_path = /opt/stack/data/glance/locks {{(pid=77770) log_opt_values /opt/stack/data/venv/lib/python3.10/site-packages/oslo_config/cfg.py:2609}}
Oct 30 09:08:26 user devstack@g-api.service[77770]: DEBUG glance.common.config [None req-0fe936f3-2495-4815-a57b-80d181f86214 None None] oslo_middleware.enable_proxy_headers_parsing = False {{(pid=77770) log_opt_values /opt/stack/data/venv/lib/python3.10/site-packages/oslo_config/cfg.py:2609}}
Oct 30 09:08:26 user devstack@g-api.service[77770]: DEBUG glance.common.config [None req-0fe936f3-2495-4815-a57b-80d181f86214 None None] oslo_middleware.http_basic_auth_user_file = /etc/htpasswd {{(pid=77770) log_opt_values /opt/stack/data/venv/lib/python3.10/site-packages/oslo_config/cfg.py:2609}}
Oct 30 09:08:26 user devstack@g-api.service[77770]: DEBUG glance.common.config [None req-0fe936f3-2495-4815-a57b-80d181f86214 None None] paste_deploy.config_file = None {{(pid=77770) log_opt_values /opt/stack/data/venv/lib/python3.10/site-packages/oslo_config/cfg.py:2609}}
Oct 30 09:08:26 user devstack@g-api.service[77770]: DEBUG glance.common.config [None req-0fe936f3-2495-4815-a57b-80d181f86214 None None] paste_deploy.flavor = keystone+cachemanagement {{(pid=77770) log_opt_values /opt/stack/data/venv/lib/python3.10/site-packages/oslo_config/cfg.py:2609}}
Oct 30 09:08:26 user devstack@g-api.service[77770]: DEBUG glance.common.config [None req-0fe936f3-2495-4815-a57b-80d181f86214 None None] image_format.container_formats = ['ami', 'ari', 'aki', 'bare', 'ovf', 'ova', 'docker', 'compressed'] {{(pid=77770) log_opt_values /opt/stack/data/venv/lib/python3.10/site-packages/oslo_config/cfg.py:2609}}
Oct 30 09:08:26 user devstack@g-api.service[77770]: DEBUG glance.common.config [None req-0fe936f3-2495-4815-a57b-80d181f86214 None None] image_format.disk_formats = ['ami', 'ari', 'aki', 'vhd', 'vhdx', 'vmdk', 'raw', 'qcow2', 'vdi', 'iso', 'ploop'] {{(pid=77770) log_opt_values /opt/stack/data/venv/lib/python3.10/site-packages/oslo_config/cfg.py:2609}}
Oct 30 09:08:26 user devstack@g-api.service[77769]: WARNING keystonemiddleware.auth_token [None req-2917b58a-89b2-4c2a-acfb-92b6c1630f17 None None] AuthToken middleware is set with keystone_authtoken.service_token_roles_required set to False. This is backwards compatible but deprecated behaviour. Please set this to True.
Oct 30 09:08:26 user devstack@g-api.service[77770]: DEBUG glance.common.config [None req-0fe936f3-2495-4815-a57b-80d181f86214 None None] image_format.vmdk_allowed_types = ['streamOptimized', 'monolithicSparse'] {{(pid=77770) log_opt_values /opt/stack/data/venv/lib/python3.10/site-packages/oslo_config/cfg.py:2609}}
Oct 30 09:08:26 user devstack@g-api.service[77770]: DEBUG glance.common.config [None req-0fe936f3-2495-4815-a57b-80d181f86214 None None] task.task_executor = taskflow {{(pid=77770) log_opt_values /opt/stack/data/venv/lib/python3.10/site-packages/oslo_config/cfg.py:2609}}
Oct 30 09:08:26 user devstack@g-api.service[77770]: DEBUG glance.common.config [None req-0fe936f3-2495-4815-a57b-80d181f86214 None None] task.task_time_to_live = 48 {{(pid=77770) log_opt_values /opt/stack/data/venv/lib/python3.10/site-packages/oslo_config/cfg.py:2609}}
Oct 30 09:08:26 user devstack@g-api.service[77770]: DEBUG glance.common.config [None req-0fe936f3-2495-4815-a57b-80d181f86214 None None] task.work_dir = None {{(pid=77770) log_opt_values /opt/stack/data/venv/lib/python3.10/site-packages/oslo_config/cfg.py:2609}}
Oct 30 09:08:26 user devstack@g-api.service[77770]: DEBUG glance.common.config [None req-0fe936f3-2495-4815-a57b-80d181f86214 None None] wsgi.python_interpreter = None {{(pid=77770) log_opt_values /opt/stack/data/venv/lib/python3.10/site-packages/oslo_config/cfg.py:2609}}
Oct 30 09:08:26 user devstack@g-api.service[77770]: DEBUG glance.common.config [None req-0fe936f3-2495-4815-a57b-80d181f86214 None None] wsgi.task_pool_threads = 16 {{(pid=77770) log_opt_values /opt/stack/data/venv/lib/python3.10/site-packages/oslo_config/cfg.py:2609}}
Oct 30 09:08:26 user devstack@g-api.service[77770]: DEBUG glance.common.config [None req-0fe936f3-2495-4815-a57b-80d181f86214 None None] oslo_policy.enforce_new_defaults = True {{(pid=77770) log_opt_values /opt/stack/data/venv/lib/python3.10/site-packages/oslo_config/cfg.py:2609}}
Oct 30 09:08:26 user devstack@g-api.service[77770]: DEBUG glance.common.config [None req-0fe936f3-2495-4815-a57b-80d181f86214 None None] oslo_policy.enforce_scope = True {{(pid=77770) log_opt_values /opt/stack/data/venv/lib/python3.10/site-packages/oslo_config/cfg.py:2609}}
Oct 30 09:08:26 user devstack@g-api.service[77770]: DEBUG glance.common.config [None req-0fe936f3-2495-4815-a57b-80d181f86214 None None] oslo_policy.policy_default_rule = default {{(pid=77770) log_opt_values /opt/stack/data/venv/lib/python3.10/site-packages/oslo_config/cfg.py:2609}}
Oct 30 09:08:26 user devstack@g-api.service[77770]: DEBUG glance.common.config [None req-0fe936f3-2495-4815-a57b-80d181f86214 None None] oslo_policy.policy_dirs = ['policy.d'] {{(pid=77770) log_opt_values /opt/stack/data/venv/lib/python3.10/site-packages/oslo_config/cfg.py:2609}}
Oct 30 09:08:26 user devstack@g-api.service[77770]: DEBUG glance.common.config [None req-0fe936f3-2495-4815-a57b-80d181f86214 None None] oslo_policy.policy_file = policy.yaml {{(pid=77770) log_opt_values /opt/stack/data/venv/lib/python3.10/site-packages/oslo_config/cfg.py:2609}}
Oct 30 09:08:26 user devstack@g-api.service[77770]: DEBUG glance.common.config [None req-0fe936f3-2495-4815-a57b-80d181f86214 None None] oslo_policy.remote_content_type = application/x-www-form-urlencoded {{(pid=77770) log_opt_values /opt/stack/data/venv/lib/python3.10/site-packages/oslo_config/cfg.py:2609}}
Oct 30 09:08:26 user devstack@g-api.service[77768]: INFO glance.api.middleware.cache_manage [None req-fcad4697-46de-41e9-bcea-408e4bf9a64a None None] Initialized image cache management middleware
Oct 30 09:08:26 user devstack@g-api.service[77770]: DEBUG glance.common.config [None req-0fe936f3-2495-4815-a57b-80d181f86214 None None] oslo_policy.remote_ssl_ca_crt_file = None {{(pid=77770) log_opt_values /opt/stack/data/venv/lib/python3.10/site-packages/oslo_config/cfg.py:2609}}
Oct 30 09:08:26 user devstack@g-api.service[77768]: INFO glance.image_cache [None req-fcad4697-46de-41e9-bcea-408e4bf9a64a None None] Image cache loaded driver 'sqlite'.
Oct 30 09:08:26 user devstack@g-api.service[77770]: DEBUG glance.common.config [None req-0fe936f3-2495-4815-a57b-80d181f86214 None None] oslo_policy.remote_ssl_client_crt_file = None {{(pid=77770) log_opt_values /opt/stack/data/venv/lib/python3.10/site-packages/oslo_config/cfg.py:2609}}
Oct 30 09:08:26 user devstack@g-api.service[77770]: DEBUG glance.common.config [None req-0fe936f3-2495-4815-a57b-80d181f86214 None None] oslo_policy.remote_ssl_client_key_file = None {{(pid=77770) log_opt_values /opt/stack/data/venv/lib/python3.10/site-packages/oslo_config/cfg.py:2609}}
Oct 30 09:08:26 user devstack@g-api.service[77768]: DEBUG oslo_concurrency.lockutils [None req-fcad4697-46de-41e9-bcea-408e4bf9a64a None None] Acquiring lock "image_cache_db_init" by "glance.image_cache.drivers.sqlite.Driver.initialize_db..create_db" {{(pid=77768) inner /opt/stack/data/venv/lib/python3.10/site-packages/oslo_concurrency/lockutils.py:404}}
Oct 30 09:08:26 user devstack@g-api.service[77770]: DEBUG glance.common.config [None req-0fe936f3-2495-4815-a57b-80d181f86214 None None] oslo_policy.remote_ssl_verify_server_crt = False {{(pid=77770) log_opt_values /opt/stack/data/venv/lib/python3.10/site-packages/oslo_config/cfg.py:2609}}
Oct 30 09:08:26 user devstack@g-api.service[77770]: DEBUG glance.common.config [None req-0fe936f3-2495-4815-a57b-80d181f86214 None None] store_type_location_strategy.store_type_preference = [] {{(pid=77770) log_opt_values /opt/stack/data/venv/lib/python3.10/site-packages/oslo_config/cfg.py:2609}}
Oct 30 09:08:26 user devstack@g-api.service[77768]: DEBUG oslo_concurrency.lockutils [None req-fcad4697-46de-41e9-bcea-408e4bf9a64a None None] Lock "image_cache_db_init" acquired by "glance.image_cache.drivers.sqlite.Driver.initialize_db..create_db" :: waited 0.001s {{(pid=77768) inner /opt/stack/data/venv/lib/python3.10/site-packages/oslo_concurrency/lockutils.py:409}}
Oct 30 09:08:26 user devstack@g-api.service[77770]: DEBUG glance.common.config [None req-0fe936f3-2495-4815-a57b-80d181f86214 None None] profiler.connection_string = messaging:// {{(pid=77770) log_opt_values /opt/stack/data/venv/lib/python3.10/site-packages/oslo_config/cfg.py:2609}}
Oct 30 09:08:26 user devstack@g-api.service[77770]: DEBUG glance.common.config [None req-0fe936f3-2495-4815-a57b-80d181f86214 None None] profiler.enabled = False {{(pid=77770) log_opt_values /opt/stack/data/venv/lib/python3.10/site-packages/oslo_config/cfg.py:2609}}
Oct 30 09:08:26 user devstack@g-api.service[77768]: DEBUG oslo_concurrency.lockutils [None req-fcad4697-46de-41e9-bcea-408e4bf9a64a None None] Lock "image_cache_db_init" "released" by "glance.image_cache.drivers.sqlite.Driver.initialize_db..create_db" :: held 0.001s {{(pid=77768) inner /opt/stack/data/venv/lib/python3.10/site-packages/oslo_concurrency/lockutils.py:423}}
Oct 30 09:08:26 user devstack@g-api.service[77770]: DEBUG glance.common.config [None req-0fe936f3-2495-4815-a57b-80d181f86214 None None] profiler.es_doc_type = notification {{(pid=77770) log_opt_values /opt/stack/data/venv/lib/python3.10/site-packages/oslo_config/cfg.py:2609}}
Oct 30 09:08:26 user devstack@g-api.service[77770]: DEBUG glance.common.config [None req-0fe936f3-2495-4815-a57b-80d181f86214 None None] profiler.es_scroll_size = 10000 {{(pid=77770) log_opt_values /opt/stack/data/venv/lib/python3.10/site-packages/oslo_config/cfg.py:2609}}
Oct 30 09:08:26 user devstack@g-api.service[77769]: WARNING keystonemiddleware.auth_token [None req-2917b58a-89b2-4c2a-acfb-92b6c1630f17 None None] Configuring www_authenticate_uri to point to the public identity endpoint is required; clients may not be able to authenticate against an admin endpoint
Oct 30 09:08:26 user devstack@g-api.service[77770]: DEBUG glance.common.config [None req-0fe936f3-2495-4815-a57b-80d181f86214 None None] profiler.es_scroll_time = 2m {{(pid=77770) log_opt_values /opt/stack/data/venv/lib/python3.10/site-packages/oslo_config/cfg.py:2609}}
Oct 30 09:08:26 user devstack@g-api.service[77770]: DEBUG glance.common.config [None req-0fe936f3-2495-4815-a57b-80d181f86214 None None] profiler.filter_error_trace = False {{(pid=77770) log_opt_values /opt/stack/data/venv/lib/python3.10/site-packages/oslo_config/cfg.py:2609}}
Oct 30 09:08:26 user devstack@g-api.service[77770]: DEBUG glance.common.config [None req-0fe936f3-2495-4815-a57b-80d181f86214 None None] profiler.hmac_keys = **** {{(pid=77770) log_opt_values /opt/stack/data/venv/lib/python3.10/site-packages/oslo_config/cfg.py:2609}}
Oct 30 09:08:26 user devstack@g-api.service[77770]: DEBUG glance.common.config [None req-0fe936f3-2495-4815-a57b-80d181f86214 None None] profiler.sentinel_service_name = mymaster {{(pid=77770) log_opt_values /opt/stack/data/venv/lib/python3.10/site-packages/oslo_config/cfg.py:2609}}
Oct 30 09:08:26 user devstack@g-api.service[77770]: DEBUG glance.common.config [None req-0fe936f3-2495-4815-a57b-80d181f86214 None None] profiler.socket_timeout = 0.1 {{(pid=77770) log_opt_values /opt/stack/data/venv/lib/python3.10/site-packages/oslo_config/cfg.py:2609}}
Oct 30 09:08:26 user devstack@g-api.service[77770]: DEBUG glance.common.config [None req-0fe936f3-2495-4815-a57b-80d181f86214 None None] profiler.trace_requests = False {{(pid=77770) log_opt_values /opt/stack/data/venv/lib/python3.10/site-packages/oslo_config/cfg.py:2609}}
Oct 30 09:08:26 user devstack@g-api.service[77770]: DEBUG glance.common.config [None req-0fe936f3-2495-4815-a57b-80d181f86214 None None] profiler.trace_sqlalchemy = False {{(pid=77770) log_opt_values /opt/stack/data/venv/lib/python3.10/site-packages/oslo_config/cfg.py:2609}}
Oct 30 09:08:26 user devstack@g-api.service[77770]: DEBUG glance.common.config [None req-0fe936f3-2495-4815-a57b-80d181f86214 None None] profiler_jaeger.process_tags = {} {{(pid=77770) log_opt_values /opt/stack/data/venv/lib/python3.10/site-packages/oslo_config/cfg.py:2609}}
Oct 30 09:08:26 user devstack@g-api.service[77770]: DEBUG glance.common.config [None req-0fe936f3-2495-4815-a57b-80d181f86214 None None] profiler_jaeger.service_name_prefix = None {{(pid=77770) log_opt_values /opt/stack/data/venv/lib/python3.10/site-packages/oslo_config/cfg.py:2609}}
Oct 30 09:08:26 user devstack@g-api.service[77770]: DEBUG glance.common.config [None req-0fe936f3-2495-4815-a57b-80d181f86214 None None] profiler_otlp.service_name_prefix = None {{(pid=77770) log_opt_values /opt/stack/data/venv/lib/python3.10/site-packages/oslo_config/cfg.py:2609}}
Oct 30 09:08:26 user devstack@g-api.service[77770]: DEBUG glance.common.config [None req-0fe936f3-2495-4815-a57b-80d181f86214 None None] import_filtering_opts.allowed_hosts = [] {{(pid=77770) log_opt_values /opt/stack/data/venv/lib/python3.10/site-packages/oslo_config/cfg.py:2609}}
Oct 30 09:08:26 user devstack@g-api.service[77770]: DEBUG glance.common.config [None req-0fe936f3-2495-4815-a57b-80d181f86214 None None] import_filtering_opts.allowed_ports = [80, 443] {{(pid=77770) log_opt_values /opt/stack/data/venv/lib/python3.10/site-packages/oslo_config/cfg.py:2609}}
Oct 30 09:08:26 user devstack@g-api.service[77770]: DEBUG glance.common.config [None req-0fe936f3-2495-4815-a57b-80d181f86214 None None] import_filtering_opts.allowed_schemes = ['http', 'https'] {{(pid=77770) log_opt_values /opt/stack/data/venv/lib/python3.10/site-packages/oslo_config/cfg.py:2609}}
Oct 30 09:08:26 user devstack@g-api.service[77770]: DEBUG glance.common.config [None req-0fe936f3-2495-4815-a57b-80d181f86214 None None] import_filtering_opts.disallowed_hosts = [] {{(pid=77770) log_opt_values /opt/stack/data/venv/lib/python3.10/site-packages/oslo_config/cfg.py:2609}}
Oct 30 09:08:26 user devstack@g-api.service[77770]: DEBUG glance.common.config [None req-0fe936f3-2495-4815-a57b-80d181f86214 None None] import_filtering_opts.disallowed_ports = [] {{(pid=77770) log_opt_values /opt/stack/data/venv/lib/python3.10/site-packages/oslo_config/cfg.py:2609}}
Oct 30 09:08:26 user devstack@g-api.service[77770]: DEBUG glance.common.config [None req-0fe936f3-2495-4815-a57b-80d181f86214 None None] import_filtering_opts.disallowed_schemes = [] {{(pid=77770) log_opt_values /opt/stack/data/venv/lib/python3.10/site-packages/oslo_config/cfg.py:2609}}
Oct 30 09:08:26 user devstack@g-api.service[77770]: DEBUG glance.common.config [None req-0fe936f3-2495-4815-a57b-80d181f86214 None None] oslo_messaging_metrics.metrics_buffer_size = 1000 {{(pid=77770) log_opt_values /opt/stack/data/venv/lib/python3.10/site-packages/oslo_config/cfg.py:2609}}
Oct 30 09:08:26 user devstack@g-api.service[77770]: DEBUG glance.common.config [None req-0fe936f3-2495-4815-a57b-80d181f86214 None None] oslo_messaging_metrics.metrics_enabled = False {{(pid=77770) log_opt_values /opt/stack/data/venv/lib/python3.10/site-packages/oslo_config/cfg.py:2609}}
Oct 30 09:08:26 user devstack@g-api.service[77770]: DEBUG glance.common.config [None req-0fe936f3-2495-4815-a57b-80d181f86214 None None] oslo_messaging_metrics.metrics_process_name = {{(pid=77770) log_opt_values /opt/stack/data/venv/lib/python3.10/site-packages/oslo_config/cfg.py:2609}}
Oct 30 09:08:26 user devstack@g-api.service[77770]: DEBUG glance.common.config [None req-0fe936f3-2495-4815-a57b-80d181f86214 None None] oslo_messaging_metrics.metrics_socket_file = /var/tmp/metrics_collector.sock {{(pid=77770) log_opt_values /opt/stack/data/venv/lib/python3.10/site-packages/oslo_config/cfg.py:2609}}
Oct 30 09:08:26 user devstack@g-api.service[77770]: DEBUG glance.common.config [None req-0fe936f3-2495-4815-a57b-80d181f86214 None None] oslo_messaging_metrics.metrics_thread_stop_timeout = 10 {{(pid=77770) log_opt_values /opt/stack/data/venv/lib/python3.10/site-packages/oslo_config/cfg.py:2609}}
Oct 30 09:08:26 user devstack@g-api.service[77770]: DEBUG glance.common.config [None req-0fe936f3-2495-4815-a57b-80d181f86214 None None] os_brick.lock_path = None {{(pid=77770) log_opt_values /opt/stack/data/venv/lib/python3.10/site-packages/oslo_config/cfg.py:2609}}
Oct 30 09:08:26 user devstack@g-api.service[77770]: DEBUG glance.common.config [None req-0fe936f3-2495-4815-a57b-80d181f86214 None None] privsep_osbrick.capabilities = [21] {{(pid=77770) log_opt_values /opt/stack/data/venv/lib/python3.10/site-packages/oslo_config/cfg.py:2609}}
Oct 30 09:08:26 user devstack@g-api.service[77769]: DEBUG glance.common.config [None req-2917b58a-89b2-4c2a-acfb-92b6c1630f17 None None] ******************************************************************************** {{(pid=77769) log_opt_values /opt/stack/data/venv/lib/python3.10/site-packages/oslo_config/cfg.py:2589}}
Oct 30 09:08:26 user devstack@g-api.service[77770]: DEBUG glance.common.config [None req-0fe936f3-2495-4815-a57b-80d181f86214 None None] privsep_osbrick.group = None {{(pid=77770) log_opt_values /opt/stack/data/venv/lib/python3.10/site-packages/oslo_config/cfg.py:2609}}
Oct 30 09:08:26 user devstack@g-api.service[77770]: DEBUG glance.common.config [None req-0fe936f3-2495-4815-a57b-80d181f86214 None None] privsep_osbrick.helper_command = None {{(pid=77770) log_opt_values /opt/stack/data/venv/lib/python3.10/site-packages/oslo_config/cfg.py:2609}}
Oct 30 09:08:26 user devstack@g-api.service[77769]: DEBUG glance.common.config [None req-2917b58a-89b2-4c2a-acfb-92b6c1630f17 None None] Configuration options gathered from: {{(pid=77769) log_opt_values /opt/stack/data/venv/lib/python3.10/site-packages/oslo_config/cfg.py:2590}}
Oct 30 09:08:26 user devstack@g-api.service[77768]: INFO glance.api.middleware.cache [None req-fcad4697-46de-41e9-bcea-408e4bf9a64a None None] Initialized image cache middleware
Oct 30 09:08:26 user devstack@g-api.service[77770]: DEBUG glance.common.config [None req-0fe936f3-2495-4815-a57b-80d181f86214 None None] privsep_osbrick.logger_name = os_brick.privileged {{(pid=77770) log_opt_values /opt/stack/data/venv/lib/python3.10/site-packages/oslo_config/cfg.py:2609}}
Oct 30 09:08:26 user devstack@g-api.service[77770]: DEBUG glance.common.config [None req-0fe936f3-2495-4815-a57b-80d181f86214 None None] privsep_osbrick.thread_pool_size = 12 {{(pid=77770) log_opt_values /opt/stack/data/venv/lib/python3.10/site-packages/oslo_config/cfg.py:2609}}
Oct 30 09:08:26 user devstack@g-api.service[77769]: DEBUG glance.common.config [None req-2917b58a-89b2-4c2a-acfb-92b6c1630f17 None None] command line args: [] {{(pid=77769) log_opt_values /opt/stack/data/venv/lib/python3.10/site-packages/oslo_config/cfg.py:2591}}
Oct 30 09:08:26 user devstack@g-api.service[77770]: DEBUG glance.common.config [None req-0fe936f3-2495-4815-a57b-80d181f86214 None None] privsep_osbrick.user = None {{(pid=77770) log_opt_values /opt/stack/data/venv/lib/python3.10/site-packages/oslo_config/cfg.py:2609}}
Oct 30 09:08:26 user devstack@g-api.service[77770]: DEBUG glance.common.config [None req-0fe936f3-2495-4815-a57b-80d181f86214 None None] glance_store.cinder_api_insecure = False {{(pid=77770) log_opt_values /opt/stack/data/venv/lib/python3.10/site-packages/oslo_config/cfg.py:2609}}
Oct 30 09:08:26 user devstack@g-api.service[77769]: DEBUG glance.common.config [None req-2917b58a-89b2-4c2a-acfb-92b6c1630f17 None None] config files: ['/etc/glance/glance-api-paste.ini', '/etc/glance/glance-image-import.conf', '/etc/glance/glance-api.conf'] {{(pid=77769) log_opt_values /opt/stack/data/venv/lib/python3.10/site-packages/oslo_config/cfg.py:2592}}
Oct 30 09:08:26 user devstack@g-api.service[77770]: DEBUG glance.common.config [None req-0fe936f3-2495-4815-a57b-80d181f86214 None None] glance_store.cinder_ca_certificates_file = None {{(pid=77770) log_opt_values /opt/stack/data/venv/lib/python3.10/site-packages/oslo_config/cfg.py:2609}}
Oct 30 09:08:26 user devstack@g-api.service[77769]: DEBUG glance.common.config [None req-2917b58a-89b2-4c2a-acfb-92b6c1630f17 None None] ================================================================================ {{(pid=77769) log_opt_values /opt/stack/data/venv/lib/python3.10/site-packages/oslo_config/cfg.py:2594}}
Oct 30 09:08:26 user devstack@g-api.service[77770]: DEBUG glance.common.config [None req-0fe936f3-2495-4815-a57b-80d181f86214 None None] glance_store.cinder_catalog_info = volumev3::publicURL {{(pid=77770) log_opt_values /opt/stack/data/venv/lib/python3.10/site-packages/oslo_config/cfg.py:2609}}
Oct 30 09:08:26 user devstack@g-api.service[77770]: DEBUG glance.common.config [None req-0fe936f3-2495-4815-a57b-80d181f86214 None None] glance_store.cinder_do_extend_attached = False {{(pid=77770) log_opt_values /opt/stack/data/venv/lib/python3.10/site-packages/oslo_config/cfg.py:2609}}
Oct 30 09:08:26 user devstack@g-api.service[77769]: DEBUG glance.common.config [None req-2917b58a-89b2-4c2a-acfb-92b6c1630f17 None None] allow_additional_image_properties = True {{(pid=77769) log_opt_values /opt/stack/data/venv/lib/python3.10/site-packages/oslo_config/cfg.py:2602}}
Oct 30 09:08:26 user devstack@g-api.service[77770]: DEBUG glance.common.config [None req-0fe936f3-2495-4815-a57b-80d181f86214 None None] glance_store.cinder_endpoint_template = None {{(pid=77770) log_opt_values /opt/stack/data/venv/lib/python3.10/site-packages/oslo_config/cfg.py:2609}}
Oct 30 09:08:26 user devstack@g-api.service[77769]: DEBUG glance.common.config [None req-2917b58a-89b2-4c2a-acfb-92b6c1630f17 None None] allow_anonymous_access = False {{(pid=77769) log_opt_values /opt/stack/data/venv/lib/python3.10/site-packages/oslo_config/cfg.py:2602}}
Oct 30 09:08:26 user devstack@g-api.service[77770]: DEBUG glance.common.config [None req-0fe936f3-2495-4815-a57b-80d181f86214 None None] glance_store.cinder_enforce_multipath = False {{(pid=77770) log_opt_values /opt/stack/data/venv/lib/python3.10/site-packages/oslo_config/cfg.py:2609}}
Oct 30 09:08:26 user devstack@g-api.service[77770]: DEBUG glance.common.config [None req-0fe936f3-2495-4815-a57b-80d181f86214 None None] glance_store.cinder_http_retries = 3 {{(pid=77770) log_opt_values /opt/stack/data/venv/lib/python3.10/site-packages/oslo_config/cfg.py:2609}}
Oct 30 09:08:26 user devstack@g-api.service[77769]: DEBUG glance.common.config [None req-2917b58a-89b2-4c2a-acfb-92b6c1630f17 None None] api_limit_max = 1000 {{(pid=77769) log_opt_values /opt/stack/data/venv/lib/python3.10/site-packages/oslo_config/cfg.py:2602}}
Oct 30 09:08:26 user devstack@g-api.service[77770]: DEBUG glance.common.config [None req-0fe936f3-2495-4815-a57b-80d181f86214 None None] glance_store.cinder_mount_point_base = /var/lib/glance/mnt {{(pid=77770) log_opt_values /opt/stack/data/venv/lib/python3.10/site-packages/oslo_config/cfg.py:2609}}
Oct 30 09:08:26 user devstack@g-api.service[77769]: DEBUG glance.common.config [None req-2917b58a-89b2-4c2a-acfb-92b6c1630f17 None None] backlog = 4096 {{(pid=77769) log_opt_values /opt/stack/data/venv/lib/python3.10/site-packages/oslo_config/cfg.py:2602}}
Oct 30 09:08:26 user devstack@g-api.service[77770]: DEBUG glance.common.config [None req-0fe936f3-2495-4815-a57b-80d181f86214 None None] glance_store.cinder_os_region_name = None {{(pid=77770) log_opt_values /opt/stack/data/venv/lib/python3.10/site-packages/oslo_config/cfg.py:2609}}
Oct 30 09:08:26 user devstack@g-api.service[77770]: DEBUG glance.common.config [None req-0fe936f3-2495-4815-a57b-80d181f86214 None None] glance_store.cinder_state_transition_timeout = 300 {{(pid=77770) log_opt_values /opt/stack/data/venv/lib/python3.10/site-packages/oslo_config/cfg.py:2609}}
Oct 30 09:08:26 user devstack@g-api.service[77769]: DEBUG glance.common.config [None req-2917b58a-89b2-4c2a-acfb-92b6c1630f17 None None] bind_host = 0.0.0.0 {{(pid=77769) log_opt_values /opt/stack/data/venv/lib/python3.10/site-packages/oslo_config/cfg.py:2602}}
Oct 30 09:08:26 user devstack@g-api.service[77770]: DEBUG glance.common.config [None req-0fe936f3-2495-4815-a57b-80d181f86214 None None] glance_store.cinder_store_auth_address = None {{(pid=77770) log_opt_values /opt/stack/data/venv/lib/python3.10/site-packages/oslo_config/cfg.py:2609}}
Oct 30 09:08:26 user devstack@g-api.service[77769]: DEBUG glance.common.config [None req-2917b58a-89b2-4c2a-acfb-92b6c1630f17 None None] bind_port = None {{(pid=77769) log_opt_values /opt/stack/data/venv/lib/python3.10/site-packages/oslo_config/cfg.py:2602}}
Oct 30 09:08:26 user devstack@g-api.service[77770]: DEBUG glance.common.config [None req-0fe936f3-2495-4815-a57b-80d181f86214 None None] glance_store.cinder_store_password = **** {{(pid=77770) log_opt_values /opt/stack/data/venv/lib/python3.10/site-packages/oslo_config/cfg.py:2609}}
Oct 30 09:08:26 user devstack@g-api.service[77770]: DEBUG glance.common.config [None req-0fe936f3-2495-4815-a57b-80d181f86214 None None] glance_store.cinder_store_project_domain_name = Default {{(pid=77770) log_opt_values /opt/stack/data/venv/lib/python3.10/site-packages/oslo_config/cfg.py:2609}}
Oct 30 09:08:26 user devstack@g-api.service[77769]: DEBUG glance.common.config [None req-2917b58a-89b2-4c2a-acfb-92b6c1630f17 None None] client_socket_timeout = 900 {{(pid=77769) log_opt_values /opt/stack/data/venv/lib/python3.10/site-packages/oslo_config/cfg.py:2602}}
Oct 30 09:08:26 user devstack@g-api.service[77770]: DEBUG glance.common.config [None req-0fe936f3-2495-4815-a57b-80d181f86214 None None] glance_store.cinder_store_project_name = None {{(pid=77770) log_opt_values /opt/stack/data/venv/lib/python3.10/site-packages/oslo_config/cfg.py:2609}}
Oct 30 09:08:26 user devstack@g-api.service[77769]: DEBUG glance.common.config [None req-2917b58a-89b2-4c2a-acfb-92b6c1630f17 None None] config_dir = [] {{(pid=77769) log_opt_values /opt/stack/data/venv/lib/python3.10/site-packages/oslo_config/cfg.py:2602}}
Oct 30 09:08:26 user devstack@g-api.service[77770]: DEBUG glance.common.config [None req-0fe936f3-2495-4815-a57b-80d181f86214 None None] glance_store.cinder_store_user_domain_name = Default {{(pid=77770) log_opt_values /opt/stack/data/venv/lib/python3.10/site-packages/oslo_config/cfg.py:2609}}
Oct 30 09:08:26 user devstack@g-api.service[77770]: DEBUG glance.common.config [None req-0fe936f3-2495-4815-a57b-80d181f86214 None None] glance_store.cinder_store_user_name = None {{(pid=77770) log_opt_values /opt/stack/data/venv/lib/python3.10/site-packages/oslo_config/cfg.py:2609}}
Oct 30 09:08:26 user devstack@g-api.service[77769]: DEBUG glance.common.config [None req-2917b58a-89b2-4c2a-acfb-92b6c1630f17 None None] config_file = ['/etc/glance/glance-api-paste.ini', '/etc/glance/glance-image-import.conf', '/etc/glance/glance-api.conf'] {{(pid=77769) log_opt_values /opt/stack/data/venv/lib/python3.10/site-packages/oslo_config/cfg.py:2602}}
Oct 30 09:08:26 user devstack@g-api.service[77770]: DEBUG glance.common.config [None req-0fe936f3-2495-4815-a57b-80d181f86214 None None] glance_store.cinder_use_multipath = False {{(pid=77770) log_opt_values /opt/stack/data/venv/lib/python3.10/site-packages/oslo_config/cfg.py:2609}}
Oct 30 09:08:26 user devstack@g-api.service[77769]: DEBUG glance.common.config [None req-2917b58a-89b2-4c2a-acfb-92b6c1630f17 None None] config_source = [] {{(pid=77769) log_opt_values /opt/stack/data/venv/lib/python3.10/site-packages/oslo_config/cfg.py:2602}}
Oct 30 09:08:26 user devstack@g-api.service[77770]: DEBUG glance.common.config [None req-0fe936f3-2495-4815-a57b-80d181f86214 None None] glance_store.cinder_volume_type = None {{(pid=77770) log_opt_values /opt/stack/data/venv/lib/python3.10/site-packages/oslo_config/cfg.py:2609}}
Oct 30 09:08:26 user devstack@g-api.service[77770]: DEBUG glance.common.config [None req-0fe936f3-2495-4815-a57b-80d181f86214 None None] glance_store.default_store = file {{(pid=77770) log_opt_values /opt/stack/data/venv/lib/python3.10/site-packages/oslo_config/cfg.py:2609}}
Oct 30 09:08:26 user devstack@g-api.service[77769]: DEBUG glance.common.config [None req-2917b58a-89b2-4c2a-acfb-92b6c1630f17 None None] control_exchange = glance {{(pid=77769) log_opt_values /opt/stack/data/venv/lib/python3.10/site-packages/oslo_config/cfg.py:2602}}
Oct 30 09:08:26 user devstack@g-api.service[77770]: DEBUG glance.common.config [None req-0fe936f3-2495-4815-a57b-80d181f86214 None None] glance_store.default_swift_reference = ref1 {{(pid=77770) log_opt_values /opt/stack/data/venv/lib/python3.10/site-packages/oslo_config/cfg.py:2609}}
Oct 30 09:08:26 user devstack@g-api.service[77769]: DEBUG glance.common.config [None req-2917b58a-89b2-4c2a-acfb-92b6c1630f17 None None] debug = True {{(pid=77769) log_opt_values /opt/stack/data/venv/lib/python3.10/site-packages/oslo_config/cfg.py:2602}}
Oct 30 09:08:26 user devstack@g-api.service[77770]: DEBUG glance.common.config [None req-0fe936f3-2495-4815-a57b-80d181f86214 None None] glance_store.filesystem_store_chunk_size = 65536 {{(pid=77770) log_opt_values /opt/stack/data/venv/lib/python3.10/site-packages/oslo_config/cfg.py:2609}}
Oct 30 09:08:26 user devstack@g-api.service[77770]: DEBUG glance.common.config [None req-0fe936f3-2495-4815-a57b-80d181f86214 None None] glance_store.filesystem_store_datadir = /opt/stack/data/glance/images/ {{(pid=77770) log_opt_values /opt/stack/data/venv/lib/python3.10/site-packages/oslo_config/cfg.py:2609}}
