Oct 30 09:02:33 user devstack@keystone.service[46358]: DEBUG keystone.common.rbac_enforcer.enforcer [None req-8914862f-c2ad-423b-9887-519d22c51f8d None admin] RBAC: Authorizing `identity:get_user(user_id=613a34883bb74228bf2741635970e49e)` {{(pid=46358) enforce_call /opt/stack/keystone/keystone/common/rbac_enforcer/enforcer.py:449}}
Oct 30 09:02:33 user devstack@keystone.service[46358]: DEBUG keystone.common.rbac_enforcer.enforcer [None req-8914862f-c2ad-423b-9887-519d22c51f8d None admin] RBAC: Authorization granted {{(pid=46358) enforce_call /opt/stack/keystone/keystone/common/rbac_enforcer/enforcer.py:457}}
Oct 30 09:02:33 user devstack@keystone.service[46358]: [pid: 46358|app: 0|req: 60/180] 10.0.0.210 () {56 vars in 1172 bytes} [Mon Oct 30 09:02:33 2023] GET /identity/v3/users/613a34883bb74228bf2741635970e49e => generated 282 bytes in 132 msecs (HTTP/1.1 200) 5 headers in 177 bytes (1 switches on core 0)
Oct 30 09:02:33 user devstack@keystone.service[46358]: DEBUG keystone.server.flask.request_processing.middleware.auth_context [None req-8914862f-c2ad-423b-9887-519d22c51f8d None admin] Authenticating user token {{(pid=46358) process_request /opt/stack/data/venv/lib/python3.10/site-packages/keystonemiddleware/auth_token/__init__.py:406}}
Oct 30 09:02:33 user devstack@keystone.service[46357]: DEBUG keystone.server.flask.request_processing.middleware.auth_context [None req-45747406-ead6-4437-9899-25b89b146491 None admin] Validating token access rules against request {{(pid=46357) validate_allowed_request /opt/stack/data/venv/lib/python3.10/site-packages/keystonemiddleware/auth_token/__init__.py:544}}
Oct 30 09:02:33 user devstack@keystone.service[46359]: DEBUG keystone.server.flask.request_processing.middleware.auth_context [None req-62f64d1c-ab2d-4a32-8180-245f3aea6fac None admin] Validating token access rules against request {{(pid=46359) validate_allowed_request /opt/stack/data/venv/lib/python3.10/site-packages/keystonemiddleware/auth_token/__init__.py:544}}
Oct 30 09:02:33 user devstack@keystone.service[46357]: DEBUG keystone.server.flask.request_processing.middleware.auth_context [None req-ed408528-c914-421f-9d2b-0ac67e52a83e None admin] RBAC: auth_context: {'token': , 'domain_id': None, 'trust_id': None, 'trustor_id': None, 'trustee_id': None, 'domain_name': None, 'group_ids': [], 'user_id': 'b185832e2574447c99e22be622d0d264', 'user_domain_id': 'default', 'system_scope': 'all', 'project_id': None, 'project_domain_id': None, 'roles': ['admin', 'manager', 'member', 'reader'], 'is_admin_project': True, 'service_user_id': None, 'service_user_domain_id': None, 'service_project_id': None, 'service_project_domain_id': None, 'service_roles': []} {{(pid=46357) fill_context /opt/stack/keystone/keystone/server/flask/request_processing/middleware/auth_context.py:480}}
Oct 30 09:02:33 user devstack@keystone.service[46357]: DEBUG keystone.server.flask.request_processing.req_logging [None req-ed408528-c914-421f-9d2b-0ac67e52a83e None admin] REQUEST_METHOD: `GET` {{(pid=46357) log_request_info /opt/stack/keystone/keystone/server/flask/request_processing/req_logging.py:27}}
Oct 30 09:02:33 user devstack@keystone.service[46357]: DEBUG keystone.server.flask.request_processing.req_logging [None req-ed408528-c914-421f-9d2b-0ac67e52a83e None admin] SCRIPT_NAME: `/identity` {{(pid=46357) log_request_info /opt/stack/keystone/keystone/server/flask/request_processing/req_logging.py:28}}
Oct 30 09:02:33 user devstack@keystone.service[46357]: DEBUG keystone.server.flask.request_processing.req_logging [None req-ed408528-c914-421f-9d2b-0ac67e52a83e None admin] PATH_INFO: `/v3/auth/tokens` {{(pid=46357) log_request_info /opt/stack/keystone/keystone/server/flask/request_processing/req_logging.py:29}}
Oct 30 09:02:33 user devstack@keystone.service[46359]: DEBUG keystone.server.flask.request_processing.middleware.auth_context [None req-b1e68792-896a-4e36-a12c-bd95173b2e1b None admin] RBAC: auth_context: {'token': , 'domain_id': None, 'trust_id': None, 'trustor_id': None, 'trustee_id': None, 'domain_name': None, 'group_ids': [], 'user_id': 'b185832e2574447c99e22be622d0d264', 'user_domain_id': 'default', 'system_scope': 'all', 'project_id': None, 'project_domain_id': None, 'roles': ['admin', 'manager', 'member', 'reader'], 'is_admin_project': True, 'service_user_id': None, 'service_user_domain_id': None, 'service_project_id': None, 'service_project_domain_id': None, 'service_roles': []} {{(pid=46359) fill_context /opt/stack/keystone/keystone/server/flask/request_processing/middleware/auth_context.py:480}}
Oct 30 09:02:33 user devstack@keystone.service[46359]: DEBUG keystone.server.flask.request_processing.req_logging [None req-b1e68792-896a-4e36-a12c-bd95173b2e1b None admin] REQUEST_METHOD: `GET` {{(pid=46359) log_request_info /opt/stack/keystone/keystone/server/flask/request_processing/req_logging.py:27}}
Oct 30 09:02:33 user devstack@keystone.service[46359]: DEBUG keystone.server.flask.request_processing.req_logging [None req-b1e68792-896a-4e36-a12c-bd95173b2e1b None admin] SCRIPT_NAME: `/identity` {{(pid=46359) log_request_info /opt/stack/keystone/keystone/server/flask/request_processing/req_logging.py:28}}
Oct 30 09:02:33 user devstack@keystone.service[46359]: DEBUG keystone.server.flask.request_processing.req_logging [None req-b1e68792-896a-4e36-a12c-bd95173b2e1b None admin] PATH_INFO: `/v3/projects/7ae91fa50bad43f2b87abb6a72c7340e` {{(pid=46359) log_request_info /opt/stack/keystone/keystone/server/flask/request_processing/req_logging.py:29}}
Oct 30 09:02:33 user devstack@keystone.service[46359]: DEBUG keystone.common.rbac_enforcer.enforcer [None req-b1e68792-896a-4e36-a12c-bd95173b2e1b None admin] RBAC: Authorizing `identity:get_project(project_id=7ae91fa50bad43f2b87abb6a72c7340e)` {{(pid=46359) enforce_call /opt/stack/keystone/keystone/common/rbac_enforcer/enforcer.py:449}}
Oct 30 09:02:33 user devstack@keystone.service[46359]: DEBUG keystone.common.rbac_enforcer.enforcer [None req-b1e68792-896a-4e36-a12c-bd95173b2e1b None admin] RBAC: Authorization granted {{(pid=46359) enforce_call /opt/stack/keystone/keystone/common/rbac_enforcer/enforcer.py:457}}
Oct 30 09:02:33 user devstack@keystone.service[46358]: DEBUG keystone.server.flask.request_processing.middleware.auth_context [None req-8914862f-c2ad-423b-9887-519d22c51f8d None admin] Validating token access rules against request {{(pid=46358) validate_allowed_request /opt/stack/data/venv/lib/python3.10/site-packages/keystonemiddleware/auth_token/__init__.py:544}}
Oct 30 09:02:33 user devstack@keystone.service[46359]: [pid: 46359|app: 0|req: 60/181] 10.0.0.210 () {56 vars in 1181 bytes} [Mon Oct 30 09:02:33 2023] GET /identity/v3/projects/7ae91fa50bad43f2b87abb6a72c7340e => generated 301 bytes in 140 msecs (HTTP/1.1 200) 5 headers in 177 bytes (2 switches on core 0)
Oct 30 09:02:33 user devstack@keystone.service[46359]: DEBUG keystone.server.flask.request_processing.middleware.auth_context [None req-b1e68792-896a-4e36-a12c-bd95173b2e1b None admin] Authenticating user token {{(pid=46359) process_request /opt/stack/data/venv/lib/python3.10/site-packages/keystonemiddleware/auth_token/__init__.py:406}}
Oct 30 09:02:33 user devstack@keystone.service[46358]: DEBUG keystone.server.flask.request_processing.middleware.auth_context [None req-5ad0ed51-ce37-41e7-b3fd-5cff885e3772 None admin] RBAC: auth_context: {'token': , 'domain_id': None, 'trust_id': None, 'trustor_id': None, 'trustee_id': None, 'domain_name': None, 'group_ids': [], 'user_id': 'b185832e2574447c99e22be622d0d264', 'user_domain_id': 'default', 'system_scope': 'all', 'project_id': None, 'project_domain_id': None, 'roles': ['admin', 'manager', 'member', 'reader'], 'is_admin_project': True, 'service_user_id': None, 'service_user_domain_id': None, 'service_project_id': None, 'service_project_domain_id': None, 'service_roles': []} {{(pid=46358) fill_context /opt/stack/keystone/keystone/server/flask/request_processing/middleware/auth_context.py:480}}
Oct 30 09:02:33 user devstack@keystone.service[46358]: DEBUG keystone.server.flask.request_processing.req_logging [None req-5ad0ed51-ce37-41e7-b3fd-5cff885e3772 None admin] REQUEST_METHOD: `GET` {{(pid=46358) log_request_info /opt/stack/keystone/keystone/server/flask/request_processing/req_logging.py:27}}
Oct 30 09:02:33 user devstack@keystone.service[46358]: DEBUG keystone.server.flask.request_processing.req_logging [None req-5ad0ed51-ce37-41e7-b3fd-5cff885e3772 None admin] SCRIPT_NAME: `/identity` {{(pid=46358) log_request_info /opt/stack/keystone/keystone/server/flask/request_processing/req_logging.py:28}}
Oct 30 09:02:33 user devstack@keystone.service[46358]: DEBUG keystone.server.flask.request_processing.req_logging [None req-5ad0ed51-ce37-41e7-b3fd-5cff885e3772 None admin] PATH_INFO: `/v3/auth/tokens` {{(pid=46358) log_request_info /opt/stack/keystone/keystone/server/flask/request_processing/req_logging.py:29}}
Oct 30 09:02:33 user devstack@keystone.service[46357]: DEBUG keystone.common.rbac_enforcer.enforcer [None req-ed408528-c914-421f-9d2b-0ac67e52a83e None admin] RBAC: Authorizing `identity:validate_token()` {{(pid=46357) enforce_call /opt/stack/keystone/keystone/common/rbac_enforcer/enforcer.py:449}}
Oct 30 09:02:33 user devstack@keystone.service[46357]: DEBUG keystone.common.rbac_enforcer.enforcer [None req-ed408528-c914-421f-9d2b-0ac67e52a83e None admin] RBAC: Authorization granted {{(pid=46357) enforce_call /opt/stack/keystone/keystone/common/rbac_enforcer/enforcer.py:457}}
Oct 30 09:02:33 user devstack@keystone.service[46358]: DEBUG keystone.common.rbac_enforcer.enforcer [None req-5ad0ed51-ce37-41e7-b3fd-5cff885e3772 None admin] RBAC: Authorizing `identity:validate_token()` {{(pid=46358) enforce_call /opt/stack/keystone/keystone/common/rbac_enforcer/enforcer.py:449}}
Oct 30 09:02:33 user devstack@keystone.service[46358]: DEBUG keystone.common.rbac_enforcer.enforcer [None req-5ad0ed51-ce37-41e7-b3fd-5cff885e3772 None admin] RBAC: Authorization granted {{(pid=46358) enforce_call /opt/stack/keystone/keystone/common/rbac_enforcer/enforcer.py:457}}
Oct 30 09:02:33 user devstack@keystone.service[46359]: DEBUG keystone.server.flask.request_processing.middleware.auth_context [None req-b1e68792-896a-4e36-a12c-bd95173b2e1b None admin] Validating token access rules against request {{(pid=46359) validate_allowed_request /opt/stack/data/venv/lib/python3.10/site-packages/keystonemiddleware/auth_token/__init__.py:544}}
Oct 30 09:02:33 user devstack@keystone.service[46357]: [pid: 46357|app: 0|req: 62/182] 10.0.0.210 () {58 vars in 1277 bytes} [Mon Oct 30 09:02:33 2023] GET /identity/v3/auth/tokens => generated 861 bytes in 323 msecs (HTTP/1.1 200) 6 headers in 358 bytes (1 switches on core 0)
Oct 30 09:02:33 user devstack@keystone.service[46357]: DEBUG keystone.server.flask.request_processing.middleware.auth_context [None req-ed408528-c914-421f-9d2b-0ac67e52a83e None admin] Authenticating user token {{(pid=46357) process_request /opt/stack/data/venv/lib/python3.10/site-packages/keystonemiddleware/auth_token/__init__.py:406}}
Oct 30 09:02:33 user devstack@keystone.service[46359]: DEBUG keystone.server.flask.request_processing.middleware.auth_context [None req-e426ea8a-7935-46e2-87e3-63b9d3869d1d None admin] RBAC: auth_context: {'token': , 'domain_id': None, 'trust_id': None, 'trustor_id': None, 'trustee_id': None, 'domain_name': None, 'group_ids': [], 'user_id': 'b185832e2574447c99e22be622d0d264', 'user_domain_id': 'default', 'system_scope': 'all', 'project_id': None, 'project_domain_id': None, 'roles': ['admin', 'manager', 'member', 'reader'], 'is_admin_project': True, 'service_user_id': None, 'service_user_domain_id': None, 'service_project_id': None, 'service_project_domain_id': None, 'service_roles': []} {{(pid=46359) fill_context /opt/stack/keystone/keystone/server/flask/request_processing/middleware/auth_context.py:480}}
Oct 30 09:02:33 user devstack@keystone.service[46359]: DEBUG keystone.server.flask.request_processing.req_logging [None req-e426ea8a-7935-46e2-87e3-63b9d3869d1d None admin] REQUEST_METHOD: `PUT` {{(pid=46359) log_request_info /opt/stack/keystone/keystone/server/flask/request_processing/req_logging.py:27}}
Oct 30 09:02:33 user devstack@keystone.service[46359]: DEBUG keystone.server.flask.request_processing.req_logging [None req-e426ea8a-7935-46e2-87e3-63b9d3869d1d None admin] SCRIPT_NAME: `/identity` {{(pid=46359) log_request_info /opt/stack/keystone/keystone/server/flask/request_processing/req_logging.py:28}}
Oct 30 09:02:33 user devstack@keystone.service[46359]: DEBUG keystone.server.flask.request_processing.req_logging [None req-e426ea8a-7935-46e2-87e3-63b9d3869d1d None admin] PATH_INFO: `/v3/projects/7ae91fa50bad43f2b87abb6a72c7340e/users/adb6d5b2e1e345d09f16344bf08f9fbb/roles/c04055aabf05477d9b3572f3ae706284` {{(pid=46359) log_request_info /opt/stack/keystone/keystone/server/flask/request_processing/req_logging.py:29}}
Oct 30 09:02:33 user devstack@keystone.service[46358]: [pid: 46358|app: 0|req: 61/183] 10.0.0.210 () {58 vars in 1277 bytes} [Mon Oct 30 09:02:33 2023] GET /identity/v3/auth/tokens => generated 861 bytes in 318 msecs (HTTP/1.1 200) 6 headers in 358 bytes (2 switches on core 0)
Oct 30 09:02:33 user devstack@keystone.service[46358]: DEBUG keystone.server.flask.request_processing.middleware.auth_context [None req-5ad0ed51-ce37-41e7-b3fd-5cff885e3772 None admin] Authenticating user token {{(pid=46358) process_request /opt/stack/data/venv/lib/python3.10/site-packages/keystonemiddleware/auth_token/__init__.py:406}}
Oct 30 09:02:33 user devstack@keystone.service[46357]: DEBUG keystone.server.flask.request_processing.middleware.auth_context [None req-ed408528-c914-421f-9d2b-0ac67e52a83e None admin] Validating token access rules against request {{(pid=46357) validate_allowed_request /opt/stack/data/venv/lib/python3.10/site-packages/keystonemiddleware/auth_token/__init__.py:544}}
Oct 30 09:02:33 user devstack@keystone.service[46359]: DEBUG keystone.common.rbac_enforcer.enforcer [None req-e426ea8a-7935-46e2-87e3-63b9d3869d1d None admin] RBAC: Authorizing `identity:create_grant(project_id=7ae91fa50bad43f2b87abb6a72c7340e, user_id=adb6d5b2e1e345d09f16344bf08f9fbb, role_id=c04055aabf05477d9b3572f3ae706284)` {{(pid=46359) enforce_call /opt/stack/keystone/keystone/common/rbac_enforcer/enforcer.py:449}}
Oct 30 09:02:33 user devstack@keystone.service[46359]: DEBUG keystone.common.rbac_enforcer.enforcer [None req-e426ea8a-7935-46e2-87e3-63b9d3869d1d None admin] RBAC: Authorization granted {{(pid=46359) enforce_call /opt/stack/keystone/keystone/common/rbac_enforcer/enforcer.py:457}}
Oct 30 09:02:33 user devstack@keystone.service[46359]: [pid: 46359|app: 0|req: 61/184] 10.0.0.210 () {58 vars in 1434 bytes} [Mon Oct 30 09:02:33 2023] PUT /identity/v3/projects/7ae91fa50bad43f2b87abb6a72c7340e/users/adb6d5b2e1e345d09f16344bf08f9fbb/roles/c04055aabf05477d9b3572f3ae706284 => generated 0 bytes in 270 msecs (HTTP/1.1 204) 3 headers in 132 bytes (1 switches on core 0)
Oct 30 09:02:33 user devstack@keystone.service[46357]: DEBUG keystone.server.flask.request_processing.middleware.auth_context [None req-68df9d85-3d6e-4087-9ae7-d221d42d7659 None admin] RBAC: auth_context: {'token': , 'domain_id': None, 'trust_id': None, 'trustor_id': None, 'trustee_id': None, 'domain_name': None, 'group_ids': [], 'user_id': 'b185832e2574447c99e22be622d0d264', 'user_domain_id': 'default', 'system_scope': 'all', 'project_id': None, 'project_domain_id': None, 'roles': ['admin', 'manager', 'member', 'reader'], 'is_admin_project': True, 'service_user_id': None, 'service_user_domain_id': None, 'service_project_id': None, 'service_project_domain_id': None, 'service_roles': []} {{(pid=46357) fill_context /opt/stack/keystone/keystone/server/flask/request_processing/middleware/auth_context.py:480}}
Oct 30 09:02:33 user devstack@keystone.service[46357]: DEBUG keystone.server.flask.request_processing.req_logging [None req-68df9d85-3d6e-4087-9ae7-d221d42d7659 None admin] REQUEST_METHOD: `GET` {{(pid=46357) log_request_info /opt/stack/keystone/keystone/server/flask/request_processing/req_logging.py:27}}
Oct 30 09:02:33 user devstack@keystone.service[46357]: DEBUG keystone.server.flask.request_processing.req_logging [None req-68df9d85-3d6e-4087-9ae7-d221d42d7659 None admin] SCRIPT_NAME: `/identity` {{(pid=46357) log_request_info /opt/stack/keystone/keystone/server/flask/request_processing/req_logging.py:28}}
Oct 30 09:02:33 user devstack@keystone.service[46357]: DEBUG keystone.server.flask.request_processing.req_logging [None req-68df9d85-3d6e-4087-9ae7-d221d42d7659 None admin] PATH_INFO: `/v3/projects/7ae91fa50bad43f2b87abb6a72c7340e` {{(pid=46357) log_request_info /opt/stack/keystone/keystone/server/flask/request_processing/req_logging.py:29}}
Oct 30 09:02:33 user devstack@keystone.service[46357]: DEBUG keystone.common.rbac_enforcer.enforcer [None req-68df9d85-3d6e-4087-9ae7-d221d42d7659 None admin] RBAC: Authorizing `identity:get_project(project_id=7ae91fa50bad43f2b87abb6a72c7340e)` {{(pid=46357) enforce_call /opt/stack/keystone/keystone/common/rbac_enforcer/enforcer.py:449}}
Oct 30 09:02:33 user devstack@keystone.service[46357]: DEBUG keystone.common.rbac_enforcer.enforcer [None req-68df9d85-3d6e-4087-9ae7-d221d42d7659 None admin] RBAC: Authorization granted {{(pid=46357) enforce_call /opt/stack/keystone/keystone/common/rbac_enforcer/enforcer.py:457}}
Oct 30 09:02:33 user devstack@keystone.service[46357]: [pid: 46357|app: 0|req: 63/185] 10.0.0.210 () {56 vars in 1181 bytes} [Mon Oct 30 09:02:33 2023] GET /identity/v3/projects/7ae91fa50bad43f2b87abb6a72c7340e => generated 301 bytes in 138 msecs (HTTP/1.1 200) 5 headers in 177 bytes (2 switches on core 0)
Oct 30 09:02:33 user devstack@keystone.service[46359]: DEBUG keystone.server.flask.request_processing.middleware.auth_context [None req-e426ea8a-7935-46e2-87e3-63b9d3869d1d None admin] Authenticating user token {{(pid=46359) process_request /opt/stack/data/venv/lib/python3.10/site-packages/keystonemiddleware/auth_token/__init__.py:406}}
Oct 30 09:02:33 user devstack@keystone.service[46358]: DEBUG keystone.server.flask.request_processing.middleware.auth_context [None req-5ad0ed51-ce37-41e7-b3fd-5cff885e3772 None admin] Validating token access rules against request {{(pid=46358) validate_allowed_request /opt/stack/data/venv/lib/python3.10/site-packages/keystonemiddleware/auth_token/__init__.py:544}}
Oct 30 09:02:33 user devstack@keystone.service[46358]: DEBUG keystone.server.flask.request_processing.middleware.auth_context [None req-ff03f389-8e25-4f66-9675-25b4786a7a4f None admin] RBAC: auth_context: {'token': , 'domain_id': None, 'trust_id': None, 'trustor_id': None, 'trustee_id': None, 'domain_name': None, 'group_ids': [], 'user_id': 'b185832e2574447c99e22be622d0d264', 'user_domain_id': 'default', 'system_scope': 'all', 'project_id': None, 'project_domain_id': None, 'roles': ['admin', 'manager', 'member', 'reader'], 'is_admin_project': True, 'service_user_id': None, 'service_user_domain_id': None, 'service_project_id': None, 'service_project_domain_id': None, 'service_roles': []} {{(pid=46358) fill_context /opt/stack/keystone/keystone/server/flask/request_processing/middleware/auth_context.py:480}}
Oct 30 09:02:33 user devstack@keystone.service[46358]: DEBUG keystone.server.flask.request_processing.req_logging [None req-ff03f389-8e25-4f66-9675-25b4786a7a4f None admin] REQUEST_METHOD: `GET` {{(pid=46358) log_request_info /opt/stack/keystone/keystone/server/flask/request_processing/req_logging.py:27}}
Oct 30 09:02:33 user devstack@keystone.service[46358]: DEBUG keystone.server.flask.request_processing.req_logging [None req-ff03f389-8e25-4f66-9675-25b4786a7a4f None admin] SCRIPT_NAME: `/identity` {{(pid=46358) log_request_info /opt/stack/keystone/keystone/server/flask/request_processing/req_logging.py:28}}
Oct 30 09:02:33 user devstack@keystone.service[46358]: DEBUG keystone.server.flask.request_processing.req_logging [None req-ff03f389-8e25-4f66-9675-25b4786a7a4f None admin] PATH_INFO: `/v3/projects/7ae91fa50bad43f2b87abb6a72c7340e` {{(pid=46358) log_request_info /opt/stack/keystone/keystone/server/flask/request_processing/req_logging.py:29}}
Oct 30 09:02:33 user devstack@keystone.service[46358]: DEBUG keystone.common.rbac_enforcer.enforcer [None req-ff03f389-8e25-4f66-9675-25b4786a7a4f None admin] RBAC: Authorizing `identity:get_project(project_id=7ae91fa50bad43f2b87abb6a72c7340e)` {{(pid=46358) enforce_call /opt/stack/keystone/keystone/common/rbac_enforcer/enforcer.py:449}}
Oct 30 09:02:33 user devstack@keystone.service[46358]: DEBUG keystone.common.rbac_enforcer.enforcer [None req-ff03f389-8e25-4f66-9675-25b4786a7a4f None admin] RBAC: Authorization granted {{(pid=46358) enforce_call /opt/stack/keystone/keystone/common/rbac_enforcer/enforcer.py:457}}
Oct 30 09:02:33 user devstack@keystone.service[46358]: [pid: 46358|app: 0|req: 62/186] 10.0.0.210 () {56 vars in 1181 bytes} [Mon Oct 30 09:02:33 2023] GET /identity/v3/projects/7ae91fa50bad43f2b87abb6a72c7340e => generated 301 bytes in 157 msecs (HTTP/1.1 200) 5 headers in 177 bytes (2 switches on core 0)
Oct 30 09:02:33 user devstack@keystone.service[46357]: DEBUG keystone.server.flask.request_processing.middleware.auth_context [None req-68df9d85-3d6e-4087-9ae7-d221d42d7659 None admin] Authenticating user token {{(pid=46357) process_request /opt/stack/data/venv/lib/python3.10/site-packages/keystonemiddleware/auth_token/__init__.py:406}}
Oct 30 09:02:33 user devstack@keystone.service[46359]: DEBUG keystone.server.flask.request_processing.middleware.auth_context [None req-e426ea8a-7935-46e2-87e3-63b9d3869d1d None admin] Validating token access rules against request {{(pid=46359) validate_allowed_request /opt/stack/data/venv/lib/python3.10/site-packages/keystonemiddleware/auth_token/__init__.py:544}}
Oct 30 09:02:33 user devstack@keystone.service[46359]: DEBUG keystone.server.flask.request_processing.middleware.auth_context [None req-ca45942a-28a7-40d5-b40f-ca8b206087a1 None admin] RBAC: auth_context: {'token': , 'domain_id': None, 'trust_id': None, 'trustor_id': None, 'trustee_id': None, 'domain_name': None, 'group_ids': [], 'user_id': 'b185832e2574447c99e22be622d0d264', 'user_domain_id': 'default', 'system_scope': 'all', 'project_id': None, 'project_domain_id': None, 'roles': ['admin', 'manager', 'member', 'reader'], 'is_admin_project': True, 'service_user_id': None, 'service_user_domain_id': None, 'service_project_id': None, 'service_project_domain_id': None, 'service_roles': []} {{(pid=46359) fill_context /opt/stack/keystone/keystone/server/flask/request_processing/middleware/auth_context.py:480}}
Oct 30 09:02:33 user devstack@keystone.service[46359]: DEBUG keystone.server.flask.request_processing.req_logging [None req-ca45942a-28a7-40d5-b40f-ca8b206087a1 None admin] REQUEST_METHOD: `GET` {{(pid=46359) log_request_info /opt/stack/keystone/keystone/server/flask/request_processing/req_logging.py:27}}
Oct 30 09:02:33 user devstack@keystone.service[46359]: DEBUG keystone.server.flask.request_processing.req_logging [None req-ca45942a-28a7-40d5-b40f-ca8b206087a1 None admin] SCRIPT_NAME: `/identity` {{(pid=46359) log_request_info /opt/stack/keystone/keystone/server/flask/request_processing/req_logging.py:28}}
Oct 30 09:02:33 user devstack@keystone.service[46359]: DEBUG keystone.server.flask.request_processing.req_logging [None req-ca45942a-28a7-40d5-b40f-ca8b206087a1 None admin] PATH_INFO: `/v3/role_assignments` {{(pid=46359) log_request_info /opt/stack/keystone/keystone/server/flask/request_processing/req_logging.py:29}}
Oct 30 09:02:33 user devstack@keystone.service[46359]: DEBUG keystone.common.rbac_enforcer.enforcer [None req-ca45942a-28a7-40d5-b40f-ca8b206087a1 None admin] RBAC: Adding query filter params (role.id=1df7660ab2a24308adae11350b183e24, scope.project.id=7ae91fa50bad43f2b87abb6a72c7340e, user.id=613a34883bb74228bf2741635970e49e) {{(pid=46359) _extract_filter_values /opt/stack/keystone/keystone/common/rbac_enforcer/enforcer.py:167}}
Oct 30 09:02:33 user devstack@keystone.service[46359]: DEBUG keystone.common.rbac_enforcer.enforcer [None req-ca45942a-28a7-40d5-b40f-ca8b206087a1 None admin] RBAC: Authorizing `identity:list_role_assignments()` {{(pid=46359) enforce_call /opt/stack/keystone/keystone/common/rbac_enforcer/enforcer.py:449}}
Oct 30 09:02:33 user devstack@keystone.service[46359]: DEBUG keystone.common.rbac_enforcer.enforcer [None req-ca45942a-28a7-40d5-b40f-ca8b206087a1 None admin] RBAC: Authorization granted {{(pid=46359) enforce_call /opt/stack/keystone/keystone/common/rbac_enforcer/enforcer.py:457}}
Oct 30 09:02:33 user devstack@keystone.service[46359]: [pid: 46359|app: 0|req: 62/187] 10.0.0.210 () {56 vars in 1369 bytes} [Mon Oct 30 09:02:33 2023] GET /identity/v3/role_assignments?user.id=613a34883bb74228bf2741635970e49e&scope.project.id=7ae91fa50bad43f2b87abb6a72c7340e&role.id=1df7660ab2a24308adae11350b183e24 => generated 606 bytes in 159 msecs (HTTP/1.1 200) 5 headers in 177 bytes (1 switches on core 0)
Oct 30 09:02:33 user devstack@keystone.service[46357]: DEBUG keystone.server.flask.request_processing.middleware.auth_context [None req-68df9d85-3d6e-4087-9ae7-d221d42d7659 None admin] Validating token access rules against request {{(pid=46357) validate_allowed_request /opt/stack/data/venv/lib/python3.10/site-packages/keystonemiddleware/auth_token/__init__.py:544}}
Oct 30 09:02:33 user devstack@keystone.service[46357]: DEBUG keystone.server.flask.request_processing.middleware.auth_context [None req-199f55ae-dcbe-40e1-abb9-3e026f9ad937 None admin] RBAC: auth_context: {'token': , 'domain_id': None, 'trust_id': None, 'trustor_id': None, 'trustee_id': None, 'domain_name': None, 'group_ids': [], 'user_id': 'b185832e2574447c99e22be622d0d264', 'user_domain_id': 'default', 'system_scope': 'all', 'project_id': None, 'project_domain_id': None, 'roles': ['admin', 'manager', 'member', 'reader'], 'is_admin_project': True, 'service_user_id': None, 'service_user_domain_id': None, 'service_project_id': None, 'service_project_domain_id': None, 'service_roles': []} {{(pid=46357) fill_context /opt/stack/keystone/keystone/server/flask/request_processing/middleware/auth_context.py:480}}
Oct 30 09:02:33 user devstack@keystone.service[46357]: DEBUG keystone.server.flask.request_processing.req_logging [None req-199f55ae-dcbe-40e1-abb9-3e026f9ad937 None admin] REQUEST_METHOD: `GET` {{(pid=46357) log_request_info /opt/stack/keystone/keystone/server/flask/request_processing/req_logging.py:27}}
Oct 30 09:02:33 user devstack@keystone.service[46357]: DEBUG keystone.server.flask.request_processing.req_logging [None req-199f55ae-dcbe-40e1-abb9-3e026f9ad937 None admin] SCRIPT_NAME: `/identity` {{(pid=46357) log_request_info /opt/stack/keystone/keystone/server/flask/request_processing/req_logging.py:28}}
Oct 30 09:02:33 user devstack@keystone.service[46357]: DEBUG keystone.server.flask.request_processing.req_logging [None req-199f55ae-dcbe-40e1-abb9-3e026f9ad937 None admin] PATH_INFO: `/v3/role_assignments` {{(pid=46357) log_request_info /opt/stack/keystone/keystone/server/flask/request_processing/req_logging.py:29}}
Oct 30 09:02:33 user devstack@keystone.service[46357]: DEBUG keystone.common.rbac_enforcer.enforcer [None req-199f55ae-dcbe-40e1-abb9-3e026f9ad937 None admin] RBAC: Adding query filter params (role.id=55074c8750c2409885d5bdca815a70e2, scope.project.id=7ae91fa50bad43f2b87abb6a72c7340e, user.id=613a34883bb74228bf2741635970e49e) {{(pid=46357) _extract_filter_values /opt/stack/keystone/keystone/common/rbac_enforcer/enforcer.py:167}}
Oct 30 09:02:33 user devstack@keystone.service[46357]: DEBUG keystone.common.rbac_enforcer.enforcer [None req-199f55ae-dcbe-40e1-abb9-3e026f9ad937 None admin] RBAC: Authorizing `identity:list_role_assignments()` {{(pid=46357) enforce_call /opt/stack/keystone/keystone/common/rbac_enforcer/enforcer.py:449}}
Oct 30 09:02:33 user devstack@keystone.service[46357]: DEBUG keystone.common.rbac_enforcer.enforcer [None req-199f55ae-dcbe-40e1-abb9-3e026f9ad937 None admin] RBAC: Authorization granted {{(pid=46357) enforce_call /opt/stack/keystone/keystone/common/rbac_enforcer/enforcer.py:457}}
Oct 30 09:02:33 user devstack@keystone.service[46357]: [pid: 46357|app: 0|req: 64/188] 10.0.0.210 () {56 vars in 1369 bytes} [Mon Oct 30 09:02:33 2023] GET /identity/v3/role_assignments?user.id=613a34883bb74228bf2741635970e49e&scope.project.id=7ae91fa50bad43f2b87abb6a72c7340e&role.id=55074c8750c2409885d5bdca815a70e2 => generated 606 bytes in 139 msecs (HTTP/1.1 200) 5 headers in 177 bytes (1 switches on core 0)
Oct 30 09:02:34 user devstack@keystone.service[46358]: DEBUG keystone.server.flask.request_processing.req_logging [None req-d0800e25-7a50-4e76-81ab-0d2458009551 None None] REQUEST_METHOD: `GET` {{(pid=46358) log_request_info /opt/stack/keystone/keystone/server/flask/request_processing/req_logging.py:27}}
Oct 30 09:02:34 user devstack@keystone.service[46358]: DEBUG keystone.server.flask.request_processing.req_logging [None req-d0800e25-7a50-4e76-81ab-0d2458009551 None None] SCRIPT_NAME: `/identity` {{(pid=46358) log_request_info /opt/stack/keystone/keystone/server/flask/request_processing/req_logging.py:28}}
Oct 30 09:02:34 user devstack@keystone.service[46358]: DEBUG keystone.server.flask.request_processing.req_logging [None req-d0800e25-7a50-4e76-81ab-0d2458009551 None None] PATH_INFO: `/` {{(pid=46358) log_request_info /opt/stack/keystone/keystone/server/flask/request_processing/req_logging.py:29}}
Oct 30 09:02:34 user devstack@keystone.service[46358]: [pid: 46358|app: 0|req: 63/189] 10.0.0.210 () {54 vars in 921 bytes} [Mon Oct 30 09:02:34 2023] GET /identity => generated 269 bytes in 6 msecs (HTTP/1.1 300) 6 headers in 233 bytes (1 switches on core 0)
Oct 30 09:02:34 user devstack@keystone.service[46359]: DEBUG keystone.server.flask.request_processing.req_logging [None req-e508b47a-860f-4d1c-8e7f-4b4572316740 None None] REQUEST_METHOD: `POST` {{(pid=46359) log_request_info /opt/stack/keystone/keystone/server/flask/request_processing/req_logging.py:27}}
Oct 30 09:02:34 user devstack@keystone.service[46359]: DEBUG keystone.server.flask.request_processing.req_logging [None req-e508b47a-860f-4d1c-8e7f-4b4572316740 None None] SCRIPT_NAME: `/identity` {{(pid=46359) log_request_info /opt/stack/keystone/keystone/server/flask/request_processing/req_logging.py:28}}
Oct 30 09:02:34 user devstack@keystone.service[46359]: DEBUG keystone.server.flask.request_processing.req_logging [None req-e508b47a-860f-4d1c-8e7f-4b4572316740 None None] PATH_INFO: `/v3/auth/tokens` {{(pid=46359) log_request_info /opt/stack/keystone/keystone/server/flask/request_processing/req_logging.py:29}}
Oct 30 09:02:34 user devstack@keystone.service[46359]: WARNING keystone.common.password_hashing [None req-e508b47a-860f-4d1c-8e7f-4b4572316740 None None] Truncating password to algorithm specific maximum length 72 characters.
Oct 30 09:02:34 user devstack@keystone.service[46359]: DEBUG keystone.auth.core [None req-e508b47a-860f-4d1c-8e7f-4b4572316740 None None] MFA Rules not processed for user `b185832e2574447c99e22be622d0d264`. Rule list: `[]` (Enabled: `True`). {{(pid=46359) check_auth_methods_against_rules /opt/stack/keystone/keystone/auth/core.py:438}}
Oct 30 09:02:34 user devstack@keystone.service[46359]: DEBUG keystone.common.fernet_utils [None req-e508b47a-860f-4d1c-8e7f-4b4572316740 None None] Loaded 2 Fernet keys from /etc/keystone/fernet-keys/, but `[fernet_tokens] max_active_keys = 3`; perhaps there have not been enough key rotations to reach `max_active_keys` yet? {{(pid=46359) load_keys /opt/stack/keystone/keystone/common/fernet_utils.py:286}}
Oct 30 09:02:35 user devstack@keystone.service[46359]: [pid: 46359|app: 0|req: 63/190] 10.0.0.210 () {58 vars in 1018 bytes} [Mon Oct 30 09:02:34 2023] POST /identity/v3/auth/tokens => generated 861 bytes in 85 msecs (HTTP/1.1 201) 6 headers in 363 bytes (1 switches on core 0)
Oct 30 09:02:35 user devstack@keystone.service[46357]: DEBUG keystone.server.flask.request_processing.req_logging [None req-12b6eed0-4b81-4ef2-9367-2fd8487b2459 None None] REQUEST_METHOD: `GET` {{(pid=46357) log_request_info /opt/stack/keystone/keystone/server/flask/request_processing/req_logging.py:27}}
Oct 30 09:02:35 user devstack@keystone.service[46357]: DEBUG keystone.server.flask.request_processing.req_logging [None req-12b6eed0-4b81-4ef2-9367-2fd8487b2459 None None] SCRIPT_NAME: `/identity` {{(pid=46357) log_request_info /opt/stack/keystone/keystone/server/flask/request_processing/req_logging.py:28}}
Oct 30 09:02:35 user devstack@keystone.service[46357]: DEBUG keystone.server.flask.request_processing.req_logging [None req-12b6eed0-4b81-4ef2-9367-2fd8487b2459 None None] PATH_INFO: `/` {{(pid=46357) log_request_info /opt/stack/keystone/keystone/server/flask/request_processing/req_logging.py:29}}
Oct 30 09:02:35 user devstack@keystone.service[46357]: [pid: 46357|app: 0|req: 65/191] 10.0.0.210 () {54 vars in 921 bytes} [Mon Oct 30 09:02:35 2023] GET /identity => generated 269 bytes in 3 msecs (HTTP/1.1 300) 6 headers in 233 bytes (1 switches on core 0)
Oct 30 09:02:35 user devstack@keystone.service[46358]: DEBUG keystone.server.flask.request_processing.req_logging [None req-c8f3016f-2b59-421f-874c-5bcca584503e None None] REQUEST_METHOD: `POST` {{(pid=46358) log_request_info /opt/stack/keystone/keystone/server/flask/request_processing/req_logging.py:27}}
Oct 30 09:02:35 user devstack@keystone.service[46358]: DEBUG keystone.server.flask.request_processing.req_logging [None req-c8f3016f-2b59-421f-874c-5bcca584503e None None] SCRIPT_NAME: `/identity` {{(pid=46358) log_request_info /opt/stack/keystone/keystone/server/flask/request_processing/req_logging.py:28}}
Oct 30 09:02:35 user devstack@keystone.service[46358]: DEBUG keystone.server.flask.request_processing.req_logging [None req-c8f3016f-2b59-421f-874c-5bcca584503e None None] PATH_INFO: `/v3/auth/tokens` {{(pid=46358) log_request_info /opt/stack/keystone/keystone/server/flask/request_processing/req_logging.py:29}}
Oct 30 09:02:35 user devstack@keystone.service[46358]: WARNING keystone.common.password_hashing [None req-c8f3016f-2b59-421f-874c-5bcca584503e None None] Truncating password to algorithm specific maximum length 72 characters.
Oct 30 09:02:35 user devstack@keystone.service[46358]: DEBUG keystone.auth.core [None req-c8f3016f-2b59-421f-874c-5bcca584503e None None] MFA Rules not processed for user `b185832e2574447c99e22be622d0d264`. Rule list: `[]` (Enabled: `True`). {{(pid=46358) check_auth_methods_against_rules /opt/stack/keystone/keystone/auth/core.py:438}}
Oct 30 09:02:35 user devstack@keystone.service[46358]: DEBUG keystone.common.fernet_utils [None req-c8f3016f-2b59-421f-874c-5bcca584503e None None] Loaded 2 Fernet keys from /etc/keystone/fernet-keys/, but `[fernet_tokens] max_active_keys = 3`; perhaps there have not been enough key rotations to reach `max_active_keys` yet? {{(pid=46358) load_keys /opt/stack/keystone/keystone/common/fernet_utils.py:286}}
Oct 30 09:02:35 user devstack@keystone.service[46358]: [pid: 46358|app: 0|req: 64/192] 10.0.0.210 () {58 vars in 1018 bytes} [Mon Oct 30 09:02:35 2023] POST /identity/v3/auth/tokens => generated 861 bytes in 88 msecs (HTTP/1.1 201) 6 headers in 363 bytes (1 switches on core 0)
Oct 30 09:02:35 user devstack@keystone.service[46359]: DEBUG keystone.server.flask.request_processing.req_logging [None req-55ab261c-68ac-45ee-b0c3-4b0da6d24b25 None None] REQUEST_METHOD: `GET` {{(pid=46359) log_request_info /opt/stack/keystone/keystone/server/flask/request_processing/req_logging.py:27}}
Oct 30 09:02:35 user devstack@keystone.service[46359]: DEBUG keystone.server.flask.request_processing.req_logging [None req-55ab261c-68ac-45ee-b0c3-4b0da6d24b25 None None] SCRIPT_NAME: `/identity` {{(pid=46359) log_request_info /opt/stack/keystone/keystone/server/flask/request_processing/req_logging.py:28}}
Oct 30 09:02:35 user devstack@keystone.service[46359]: DEBUG keystone.server.flask.request_processing.req_logging [None req-55ab261c-68ac-45ee-b0c3-4b0da6d24b25 None None] PATH_INFO: `/` {{(pid=46359) log_request_info /opt/stack/keystone/keystone/server/flask/request_processing/req_logging.py:29}}
Oct 30 09:02:35 user devstack@keystone.service[46359]: [pid: 46359|app: 0|req: 64/193] 10.0.0.210 () {54 vars in 921 bytes} [Mon Oct 30 09:02:35 2023] GET /identity => generated 269 bytes in 3 msecs (HTTP/1.1 300) 6 headers in 233 bytes (1 switches on core 0)
Oct 30 09:02:35 user devstack@keystone.service[46357]: DEBUG keystone.server.flask.request_processing.req_logging [None req-63439638-7c14-4359-9be3-a138f90c15ca None None] REQUEST_METHOD: `POST` {{(pid=46357) log_request_info /opt/stack/keystone/keystone/server/flask/request_processing/req_logging.py:27}}
Oct 30 09:02:35 user devstack@keystone.service[46357]: DEBUG keystone.server.flask.request_processing.req_logging [None req-63439638-7c14-4359-9be3-a138f90c15ca None None] SCRIPT_NAME: `/identity` {{(pid=46357) log_request_info /opt/stack/keystone/keystone/server/flask/request_processing/req_logging.py:28}}
Oct 30 09:02:35 user devstack@keystone.service[46357]: DEBUG keystone.server.flask.request_processing.req_logging [None req-63439638-7c14-4359-9be3-a138f90c15ca None None] PATH_INFO: `/v3/auth/tokens` {{(pid=46357) log_request_info /opt/stack/keystone/keystone/server/flask/request_processing/req_logging.py:29}}
Oct 30 09:02:35 user devstack@keystone.service[46357]: WARNING keystone.common.password_hashing [None req-63439638-7c14-4359-9be3-a138f90c15ca None None] Truncating password to algorithm specific maximum length 72 characters.
Oct 30 09:02:35 user devstack@keystone.service[46357]: DEBUG keystone.auth.core [None req-63439638-7c14-4359-9be3-a138f90c15ca None None] MFA Rules not processed for user `b185832e2574447c99e22be622d0d264`. Rule list: `[]` (Enabled: `True`). {{(pid=46357) check_auth_methods_against_rules /opt/stack/keystone/keystone/auth/core.py:438}}
Oct 30 09:02:35 user devstack@keystone.service[46357]: DEBUG keystone.common.fernet_utils [None req-63439638-7c14-4359-9be3-a138f90c15ca None None] Loaded 2 Fernet keys from /etc/keystone/fernet-keys/, but `[fernet_tokens] max_active_keys = 3`; perhaps there have not been enough key rotations to reach `max_active_keys` yet? {{(pid=46357) load_keys /opt/stack/keystone/keystone/common/fernet_utils.py:286}}
Oct 30 09:02:35 user devstack@keystone.service[46358]: DEBUG keystone.server.flask.request_processing.middleware.auth_context [None req-c8f3016f-2b59-421f-874c-5bcca584503e None None] Authenticating user token {{(pid=46358) process_request /opt/stack/data/venv/lib/python3.10/site-packages/keystonemiddleware/auth_token/__init__.py:406}}
Oct 30 09:02:35 user devstack@keystone.service[46357]: [pid: 46357|app: 0|req: 66/194] 10.0.0.210 () {58 vars in 1018 bytes} [Mon Oct 30 09:02:35 2023] POST /identity/v3/auth/tokens => generated 861 bytes in 80 msecs (HTTP/1.1 201) 6 headers in 363 bytes (1 switches on core 0)
Oct 30 09:02:35 user devstack@keystone.service[46358]: DEBUG keystone.server.flask.request_processing.middleware.auth_context [None req-c8f3016f-2b59-421f-874c-5bcca584503e None None] Validating token access rules against request {{(pid=46358) validate_allowed_request /opt/stack/data/venv/lib/python3.10/site-packages/keystonemiddleware/auth_token/__init__.py:544}}
Oct 30 09:02:35 user devstack@keystone.service[46359]: DEBUG keystone.server.flask.request_processing.middleware.auth_context [None req-55ab261c-68ac-45ee-b0c3-4b0da6d24b25 None None] Authenticating user token {{(pid=46359) process_request /opt/stack/data/venv/lib/python3.10/site-packages/keystonemiddleware/auth_token/__init__.py:406}}
Oct 30 09:02:35 user devstack@keystone.service[46358]: DEBUG keystone.server.flask.request_processing.middleware.auth_context [None req-d2a823e2-615d-4550-b24f-3d5c7b841ec3 None admin] RBAC: auth_context: {'token': , 'domain_id': None, 'trust_id': None, 'trustor_id': None, 'trustee_id': None, 'domain_name': None, 'group_ids': [], 'user_id': 'b185832e2574447c99e22be622d0d264', 'user_domain_id': 'default', 'system_scope': 'all', 'project_id': None, 'project_domain_id': None, 'roles': ['admin', 'manager', 'member', 'reader'], 'is_admin_project': True, 'service_user_id': None, 'service_user_domain_id': None, 'service_project_id': None, 'service_project_domain_id': None, 'service_roles': []} {{(pid=46358) fill_context /opt/stack/keystone/keystone/server/flask/request_processing/middleware/auth_context.py:480}}
Oct 30 09:02:35 user devstack@keystone.service[46358]: DEBUG keystone.server.flask.request_processing.req_logging [None req-d2a823e2-615d-4550-b24f-3d5c7b841ec3 None admin] REQUEST_METHOD: `GET` {{(pid=46358) log_request_info /opt/stack/keystone/keystone/server/flask/request_processing/req_logging.py:27}}
Oct 30 09:02:35 user devstack@keystone.service[46358]: DEBUG keystone.server.flask.request_processing.req_logging [None req-d2a823e2-615d-4550-b24f-3d5c7b841ec3 None admin] SCRIPT_NAME: `/identity` {{(pid=46358) log_request_info /opt/stack/keystone/keystone/server/flask/request_processing/req_logging.py:28}}
Oct 30 09:02:35 user devstack@keystone.service[46358]: DEBUG keystone.server.flask.request_processing.req_logging [None req-d2a823e2-615d-4550-b24f-3d5c7b841ec3 None admin] PATH_INFO: `/v3/roles/reader` {{(pid=46358) log_request_info /opt/stack/keystone/keystone/server/flask/request_processing/req_logging.py:29}}
Oct 30 09:02:35 user devstack@keystone.service[46358]: DEBUG keystone.common.rbac_enforcer.enforcer [None req-d2a823e2-615d-4550-b24f-3d5c7b841ec3 None admin] Extracting inferred target data resulted in "NOT FOUND (404)". {{(pid=46358) enforce_call /opt/stack/keystone/keystone/common/rbac_enforcer/enforcer.py:409}}
Oct 30 09:02:35 user devstack@keystone.service[46358]: ERROR keystone.server.flask.application [None req-d2a823e2-615d-4550-b24f-3d5c7b841ec3 None admin] Could not find role: reader.: keystone.exception.RoleNotFound: Could not find role: reader.
Oct 30 09:02:35 user devstack@keystone.service[46358]: ERROR keystone.server.flask.application
Traceback (most recent call last):
Oct 30 09:02:35 user devstack@keystone.service[46358]: ERROR keystone.server.flask.application
File "/opt/stack/data/venv/lib/python3.10/site-packages/flask/app.py", line 1823, in full_dispatch_request
Oct 30 09:02:35 user devstack@keystone.service[46358]: ERROR keystone.server.flask.application rv = self.dispatch_request()
Oct 30 09:02:35 user devstack@keystone.service[46358]: ERROR keystone.server.flask.application
File "/opt/stack/data/venv/lib/python3.10/site-packages/flask/app.py", line 1799, in dispatch_request
Oct 30 09:02:35 user devstack@keystone.service[46358]: ERROR keystone.server.flask.application return self.ensure_sync(self.view_functions[rule.endpoint])(**view_args)
Oct 30 09:02:35 user devstack@keystone.service[46358]: ERROR keystone.server.flask.application
File "/opt/stack/data/venv/lib/python3.10/site-packages/flask_restful/__init__.py", line 489, in wrapper
Oct 30 09:02:35 user devstack@keystone.service[46358]: ERROR keystone.server.flask.application resp = resource(*args, **kwargs)
Oct 30 09:02:35 user devstack@keystone.service[46358]: ERROR keystone.server.flask.application
File "/opt/stack/data/venv/lib/python3.10/site-packages/flask/views.py", line 107, in view
Oct 30 09:02:35 user devstack@keystone.service[46358]: ERROR keystone.server.flask.application return current_app.ensure_sync(self.dispatch_request)(**kwargs)
Oct 30 09:02:35 user devstack@keystone.service[46358]: ERROR keystone.server.flask.application
File "/opt/stack/data/venv/lib/python3.10/site-packages/flask_restful/__init__.py", line 604, in dispatch_request
Oct 30 09:02:35 user devstack@keystone.service[46358]: ERROR keystone.server.flask.application resp = meth(*args, **kwargs)
Oct 30 09:02:35 user devstack@keystone.service[46358]: ERROR keystone.server.flask.application
File "/opt/stack/keystone/keystone/api/roles.py", line 50, in get
Oct 30 09:02:35 user devstack@keystone.service[46358]: ERROR keystone.server.flask.application return self._get_role(role_id)
Oct 30 09:02:35 user devstack@keystone.service[46358]: ERROR keystone.server.flask.application
File "/opt/stack/keystone/keystone/api/roles.py", line 70, in _get_role
Oct 30 09:02:35 user devstack@keystone.service[46358]: ERROR keystone.server.flask.application ENFORCER.enforce_call(action='identity:get_role')
Oct 30 09:02:35 user devstack@keystone.service[46358]: ERROR keystone.server.flask.application
File "/opt/stack/keystone/keystone/common/rbac_enforcer/enforcer.py", line 402, in enforce_call
Oct 30 09:02:35 user devstack@keystone.service[46358]: ERROR keystone.server.flask.application policy_dict.update(cls._extract_member_target_data(
Oct 30 09:02:35 user devstack@keystone.service[46358]: ERROR keystone.server.flask.application
File "/opt/stack/keystone/keystone/common/rbac_enforcer/enforcer.py", line 234, in _extract_member_target_data
Oct 30 09:02:35 user devstack@keystone.service[46358]: ERROR keystone.server.flask.application member_name: func(flask.request.view_args[key])
Oct 30 09:02:35 user devstack@keystone.service[46358]: ERROR keystone.server.flask.application
File "/opt/stack/keystone/keystone/common/manager.py", line 115, in wrapped
Oct 30 09:02:35 user devstack@keystone.service[46358]: ERROR keystone.server.flask.application __ret_val = __f(*args, **kwargs)
Oct 30 09:02:35 user devstack@keystone.service[46358]: ERROR keystone.server.flask.application
File "/opt/stack/data/venv/lib/python3.10/site-packages/decorator.py", line 232, in fun
Oct 30 09:02:35 user devstack@keystone.service[46358]: ERROR keystone.server.flask.application return caller(func, *(extras + args), **kw)
Oct 30 09:02:35 user devstack@keystone.service[46358]: ERROR keystone.server.flask.application
File "/opt/stack/data/venv/lib/python3.10/site-packages/dogpile/cache/region.py", line 1594, in get_or_create_for_user_func
Oct 30 09:02:35 user devstack@keystone.service[46358]: ERROR keystone.server.flask.application return self.get_or_create(
Oct 30 09:02:35 user devstack@keystone.service[46358]: ERROR keystone.server.flask.application
File "/opt/stack/data/venv/lib/python3.10/site-packages/dogpile/cache/region.py", line 1054, in get_or_create
Oct 30 09:02:35 user devstack@keystone.service[46358]: ERROR keystone.server.flask.application with Lock(
Oct 30 09:02:35 user devstack@keystone.service[46358]: ERROR keystone.server.flask.application
File "/opt/stack/data/venv/lib/python3.10/site-packages/dogpile/lock.py", line 185, in __enter__
Oct 30 09:02:35 user devstack@keystone.service[46358]: ERROR keystone.server.flask.application return self._enter()
Oct 30 09:02:35 user devstack@keystone.service[46358]: ERROR keystone.server.flask.application
File "/opt/stack/data/venv/lib/python3.10/site-packages/dogpile/lock.py", line 94, in _enter
Oct 30 09:02:35 user devstack@keystone.service[46358]: ERROR keystone.server.flask.application generated = self._enter_create(value, createdtime)
Oct 30 09:02:35 user devstack@keystone.service[46358]: ERROR keystone.server.flask.application
File "/opt/stack/data/venv/lib/python3.10/site-packages/dogpile/lock.py", line 178, in _enter_create
Oct 30 09:02:35 user devstack@keystone.service[46358]: ERROR keystone.server.flask.application return self.creator()
Oct 30 09:02:35 user devstack@keystone.service[46358]: ERROR keystone.server.flask.application
File "/opt/stack/data/venv/lib/python3.10/site-packages/dogpile/cache/region.py", line 1007, in gen_value
Oct 30 09:02:35 user devstack@keystone.service[46358]: ERROR keystone.server.flask.application created_value = creator(
Oct 30 09:02:35 user devstack@keystone.service[46358]: ERROR keystone.server.flask.application
File "/opt/stack/keystone/keystone/assignment/core.py", line 1276, in get_role
Oct 30 09:02:35 user devstack@keystone.service[46358]: ERROR keystone.server.flask.application return self.driver.get_role(role_id)
Oct 30 09:02:35 user devstack@keystone.service[46358]: ERROR keystone.server.flask.application
File "/opt/stack/keystone/keystone/assignment/role_backends/sql.py", line 70, in get_role
Oct 30 09:02:35 user devstack@keystone.service[46358]: ERROR keystone.server.flask.application return self._get_role(session, role_id).to_dict()
Oct 30 09:02:35 user devstack@keystone.service[46358]: ERROR keystone.server.flask.application
File "/opt/stack/keystone/keystone/assignment/role_backends/sql.py", line 65, in _get_role
Oct 30 09:02:35 user devstack@keystone.service[46358]: ERROR keystone.server.flask.application raise exception.RoleNotFound(role_id=role_id)
Oct 30 09:02:35 user devstack@keystone.service[46358]: ERROR keystone.server.flask.application keystone.exception.RoleNotFound: Could not find role: reader.
Oct 30 09:02:35 user devstack@keystone.service[46358]: ERROR keystone.server.flask.application
Oct 30 09:02:35 user devstack@keystone.service[46358]: [pid: 46358|app: 0|req: 65/195] 10.0.0.210 () {56 vars in 1094 bytes} [Mon Oct 30 09:02:35 2023] GET /identity/v3/roles/reader => generated 84 bytes in 159 msecs (HTTP/1.1 404) 5 headers in 183 bytes (1 switches on core 0)
Oct 30 09:02:35 user devstack@keystone.service[46357]: DEBUG keystone.server.flask.request_processing.middleware.auth_context [None req-63439638-7c14-4359-9be3-a138f90c15ca None None] Authenticating user token {{(pid=46357) process_request /opt/stack/data/venv/lib/python3.10/site-packages/keystonemiddleware/auth_token/__init__.py:406}}
Oct 30 09:02:35 user devstack@keystone.service[46359]: DEBUG keystone.server.flask.request_processing.middleware.auth_context [None req-55ab261c-68ac-45ee-b0c3-4b0da6d24b25 None None] Validating token access rules against request {{(pid=46359) validate_allowed_request /opt/stack/data/venv/lib/python3.10/site-packages/keystonemiddleware/auth_token/__init__.py:544}}
