Dec 06 08:26:12 user devstack@g-api.service[78252]: DEBUG glance.common.config [None req-5782b13b-877b-4d78-8e0d-5886416b56dc None None] http_keepalive = True {{(pid=78252) log_opt_values /opt/stack/data/venv/lib/python3.10/site-packages/oslo_config/cfg.py:2602}}
Dec 06 08:26:12 user devstack@g-api.service[78252]: DEBUG glance.common.config [None req-5782b13b-877b-4d78-8e0d-5886416b56dc None None] image_cache_dir = /opt/stack/data/glance/cache/ {{(pid=78252) log_opt_values /opt/stack/data/venv/lib/python3.10/site-packages/oslo_config/cfg.py:2602}}
Dec 06 08:26:12 user devstack@g-api.service[78252]: DEBUG glance.common.config [None req-5782b13b-877b-4d78-8e0d-5886416b56dc None None] image_cache_driver = sqlite {{(pid=78252) log_opt_values /opt/stack/data/venv/lib/python3.10/site-packages/oslo_config/cfg.py:2602}}
Dec 06 08:26:12 user devstack@g-api.service[78252]: DEBUG glance.common.config [None req-5782b13b-877b-4d78-8e0d-5886416b56dc None None] image_cache_max_size = 10737418240 {{(pid=78252) log_opt_values /opt/stack/data/venv/lib/python3.10/site-packages/oslo_config/cfg.py:2602}}
Dec 06 08:26:12 user devstack@g-api.service[78253]: INFO glance.api.middleware.cache_manage [None req-38c2f483-b7ac-48df-be8f-587c49e1e6df None None] Initialized image cache management middleware
Dec 06 08:26:12 user devstack@g-api.service[78252]: DEBUG glance.common.config [None req-5782b13b-877b-4d78-8e0d-5886416b56dc None None] image_cache_sqlite_db = cache.db {{(pid=78252) log_opt_values /opt/stack/data/venv/lib/python3.10/site-packages/oslo_config/cfg.py:2602}}
Dec 06 08:26:12 user devstack@g-api.service[78253]: INFO glance.image_cache [None req-38c2f483-b7ac-48df-be8f-587c49e1e6df None None] Image cache loaded driver 'sqlite'.
Dec 06 08:26:12 user devstack@g-api.service[78252]: DEBUG glance.common.config [None req-5782b13b-877b-4d78-8e0d-5886416b56dc None None] image_cache_stall_time = 86400 {{(pid=78252) log_opt_values /opt/stack/data/venv/lib/python3.10/site-packages/oslo_config/cfg.py:2602}}
Dec 06 08:26:12 user devstack@g-api.service[78252]: DEBUG glance.common.config [None req-5782b13b-877b-4d78-8e0d-5886416b56dc None None] image_location_quota = 10 {{(pid=78252) log_opt_values /opt/stack/data/venv/lib/python3.10/site-packages/oslo_config/cfg.py:2602}}
Dec 06 08:26:12 user devstack@g-api.service[78253]: DEBUG oslo_concurrency.lockutils [None req-38c2f483-b7ac-48df-be8f-587c49e1e6df None None] Acquiring lock "image_cache_db_init" by "glance.image_cache.drivers.sqlite.Driver.initialize_db..create_db" {{(pid=78253) inner /opt/stack/data/venv/lib/python3.10/site-packages/oslo_concurrency/lockutils.py:404}}
Dec 06 08:26:12 user devstack@g-api.service[78252]: DEBUG glance.common.config [None req-5782b13b-877b-4d78-8e0d-5886416b56dc None None] image_member_quota = 128 {{(pid=78252) log_opt_values /opt/stack/data/venv/lib/python3.10/site-packages/oslo_config/cfg.py:2602}}
Dec 06 08:26:12 user devstack@g-api.service[78252]: DEBUG glance.common.config [None req-5782b13b-877b-4d78-8e0d-5886416b56dc None None] image_property_quota = 128 {{(pid=78252) log_opt_values /opt/stack/data/venv/lib/python3.10/site-packages/oslo_config/cfg.py:2602}}
Dec 06 08:26:12 user devstack@g-api.service[78253]: DEBUG oslo_concurrency.lockutils [None req-38c2f483-b7ac-48df-be8f-587c49e1e6df None None] Lock "image_cache_db_init" acquired by "glance.image_cache.drivers.sqlite.Driver.initialize_db..create_db" :: waited 0.001s {{(pid=78253) inner /opt/stack/data/venv/lib/python3.10/site-packages/oslo_concurrency/lockutils.py:409}}
Dec 06 08:26:12 user devstack@g-api.service[78252]: DEBUG glance.common.config [None req-5782b13b-877b-4d78-8e0d-5886416b56dc None None] image_size_cap = 1099511627776 {{(pid=78252) log_opt_values /opt/stack/data/venv/lib/python3.10/site-packages/oslo_config/cfg.py:2602}}
Dec 06 08:26:12 user devstack@g-api.service[78254]: DEBUG glance.api.v2.cached_images [None req-b4552004-c390-46d4-aaec-178c5c07ea53 None None] Started cache worker thread {{(pid=78254) __init__ /opt/stack/glance/glance/api/v2/cached_images.py:69}}
Dec 06 08:26:12 user devstack@g-api.service[78252]: DEBUG glance.common.config [None req-5782b13b-877b-4d78-8e0d-5886416b56dc None None] image_tag_quota = 128 {{(pid=78252) log_opt_values /opt/stack/data/venv/lib/python3.10/site-packages/oslo_config/cfg.py:2602}}
Dec 06 08:26:12 user devstack@g-api.service[78252]: DEBUG glance.common.config [None req-5782b13b-877b-4d78-8e0d-5886416b56dc None None] instance_format = [instance: %(uuid)s] {{(pid=78252) log_opt_values /opt/stack/data/venv/lib/python3.10/site-packages/oslo_config/cfg.py:2602}}
Dec 06 08:26:12 user devstack@g-api.service[78253]: DEBUG oslo_concurrency.lockutils [None req-38c2f483-b7ac-48df-be8f-587c49e1e6df None None] Lock "image_cache_db_init" "released" by "glance.image_cache.drivers.sqlite.Driver.initialize_db..create_db" :: held 0.001s {{(pid=78253) inner /opt/stack/data/venv/lib/python3.10/site-packages/oslo_concurrency/lockutils.py:423}}
Dec 06 08:26:12 user devstack@g-api.service[78252]: DEBUG glance.common.config [None req-5782b13b-877b-4d78-8e0d-5886416b56dc None None] instance_uuid_format = [instance: %(uuid)s] {{(pid=78252) log_opt_values /opt/stack/data/venv/lib/python3.10/site-packages/oslo_config/cfg.py:2602}}
Dec 06 08:26:12 user devstack@g-api.service[78254]: INFO glance.image_cache [None req-b4552004-c390-46d4-aaec-178c5c07ea53 None None] Image cache loaded driver 'sqlite'.
Dec 06 08:26:12 user devstack@g-api.service[78252]: DEBUG glance.common.config [None req-5782b13b-877b-4d78-8e0d-5886416b56dc None None] limit_param_default = 25 {{(pid=78252) log_opt_values /opt/stack/data/venv/lib/python3.10/site-packages/oslo_config/cfg.py:2602}}
Dec 06 08:26:12 user devstack@g-api.service[78252]: DEBUG glance.common.config [None req-5782b13b-877b-4d78-8e0d-5886416b56dc None None] location_strategy = location_order {{(pid=78252) log_opt_values /opt/stack/data/venv/lib/python3.10/site-packages/oslo_config/cfg.py:2602}}
Dec 06 08:26:12 user devstack@g-api.service[78254]: DEBUG oslo_concurrency.lockutils [None req-b4552004-c390-46d4-aaec-178c5c07ea53 None None] Acquiring lock "image_cache_db_init" by "glance.image_cache.drivers.sqlite.Driver.initialize_db..create_db" {{(pid=78254) inner /opt/stack/data/venv/lib/python3.10/site-packages/oslo_concurrency/lockutils.py:404}}
Dec 06 08:26:12 user devstack@g-api.service[78252]: DEBUG glance.common.config [None req-5782b13b-877b-4d78-8e0d-5886416b56dc None None] log_config_append = None {{(pid=78252) log_opt_values /opt/stack/data/venv/lib/python3.10/site-packages/oslo_config/cfg.py:2602}}
Dec 06 08:26:12 user devstack@g-api.service[78252]: DEBUG glance.common.config [None req-5782b13b-877b-4d78-8e0d-5886416b56dc None None] log_date_format = %Y-%m-%d %H:%M:%S {{(pid=78252) log_opt_values /opt/stack/data/venv/lib/python3.10/site-packages/oslo_config/cfg.py:2602}}
Dec 06 08:26:12 user devstack@g-api.service[78254]: DEBUG oslo_concurrency.lockutils [None req-b4552004-c390-46d4-aaec-178c5c07ea53 None None] Lock "image_cache_db_init" acquired by "glance.image_cache.drivers.sqlite.Driver.initialize_db..create_db" :: waited 0.001s {{(pid=78254) inner /opt/stack/data/venv/lib/python3.10/site-packages/oslo_concurrency/lockutils.py:409}}
Dec 06 08:26:12 user devstack@g-api.service[78252]: DEBUG glance.common.config [None req-5782b13b-877b-4d78-8e0d-5886416b56dc None None] log_dir = None {{(pid=78252) log_opt_values /opt/stack/data/venv/lib/python3.10/site-packages/oslo_config/cfg.py:2602}}
Dec 06 08:26:12 user devstack@g-api.service[78252]: DEBUG glance.common.config [None req-5782b13b-877b-4d78-8e0d-5886416b56dc None None] log_file = None {{(pid=78252) log_opt_values /opt/stack/data/venv/lib/python3.10/site-packages/oslo_config/cfg.py:2602}}
Dec 06 08:26:12 user devstack@g-api.service[78254]: DEBUG oslo_concurrency.lockutils [None req-b4552004-c390-46d4-aaec-178c5c07ea53 None None] Lock "image_cache_db_init" "released" by "glance.image_cache.drivers.sqlite.Driver.initialize_db..create_db" :: held 0.001s {{(pid=78254) inner /opt/stack/data/venv/lib/python3.10/site-packages/oslo_concurrency/lockutils.py:423}}
Dec 06 08:26:12 user devstack@g-api.service[78252]: DEBUG glance.common.config [None req-5782b13b-877b-4d78-8e0d-5886416b56dc None None] log_rotate_interval = 1 {{(pid=78252) log_opt_values /opt/stack/data/venv/lib/python3.10/site-packages/oslo_config/cfg.py:2602}}
Dec 06 08:26:12 user devstack@g-api.service[78252]: DEBUG glance.common.config [None req-5782b13b-877b-4d78-8e0d-5886416b56dc None None] log_rotate_interval_type = days {{(pid=78252) log_opt_values /opt/stack/data/venv/lib/python3.10/site-packages/oslo_config/cfg.py:2602}}
Dec 06 08:26:12 user devstack@g-api.service[78252]: DEBUG glance.common.config [None req-5782b13b-877b-4d78-8e0d-5886416b56dc None None] log_rotation_type = none {{(pid=78252) log_opt_values /opt/stack/data/venv/lib/python3.10/site-packages/oslo_config/cfg.py:2602}}
Dec 06 08:26:12 user devstack@g-api.service[78252]: DEBUG glance.common.config [None req-5782b13b-877b-4d78-8e0d-5886416b56dc None None] logging_context_format_string = %(color)s%(levelname)s %(name)s [%(global_request_id)s %(request_id)s %(project_name)s %(user_name)s%(color)s] %(instance)s%(color)s%(message)s {{(pid=78252) log_opt_values /opt/stack/data/venv/lib/python3.10/site-packages/oslo_config/cfg.py:2602}}
Dec 06 08:26:12 user devstack@g-api.service[78252]: DEBUG glance.common.config [None req-5782b13b-877b-4d78-8e0d-5886416b56dc None None] logging_debug_format_suffix = {{(pid=%(process)d) %(funcName)s %(pathname)s:%(lineno)d}} {{(pid=78252) log_opt_values /opt/stack/data/venv/lib/python3.10/site-packages/oslo_config/cfg.py:2602}}
Dec 06 08:26:12 user devstack@g-api.service[78252]: DEBUG glance.common.config [None req-5782b13b-877b-4d78-8e0d-5886416b56dc None None] logging_default_format_string = %(color)s%(levelname)s %(name)s [-%(color)s] %(instance)s%(color)s%(message)s {{(pid=78252) log_opt_values /opt/stack/data/venv/lib/python3.10/site-packages/oslo_config/cfg.py:2602}}
Dec 06 08:26:12 user devstack@g-api.service[78252]: DEBUG glance.common.config [None req-5782b13b-877b-4d78-8e0d-5886416b56dc None None] logging_exception_prefix = ERROR %(name)s %(instance)s {{(pid=78252) log_opt_values /opt/stack/data/venv/lib/python3.10/site-packages/oslo_config/cfg.py:2602}}
Dec 06 08:26:12 user devstack@g-api.service[78252]: DEBUG glance.common.config [None req-5782b13b-877b-4d78-8e0d-5886416b56dc None None] logging_user_identity_format = %(user)s %(project)s %(domain)s %(system_scope)s %(user_domain)s %(project_domain)s {{(pid=78252) log_opt_values /opt/stack/data/venv/lib/python3.10/site-packages/oslo_config/cfg.py:2602}}
Dec 06 08:26:12 user devstack@g-api.service[78252]: DEBUG glance.common.config [None req-5782b13b-877b-4d78-8e0d-5886416b56dc None None] max_header_line = 16384 {{(pid=78252) log_opt_values /opt/stack/data/venv/lib/python3.10/site-packages/oslo_config/cfg.py:2602}}
Dec 06 08:26:12 user devstack@g-api.service[78252]: DEBUG glance.common.config [None req-5782b13b-877b-4d78-8e0d-5886416b56dc None None] max_logfile_count = 30 {{(pid=78252) log_opt_values /opt/stack/data/venv/lib/python3.10/site-packages/oslo_config/cfg.py:2602}}
Dec 06 08:26:12 user devstack@g-api.service[78252]: DEBUG glance.common.config [None req-5782b13b-877b-4d78-8e0d-5886416b56dc None None] max_logfile_size_mb = 200 {{(pid=78252) log_opt_values /opt/stack/data/venv/lib/python3.10/site-packages/oslo_config/cfg.py:2602}}
Dec 06 08:26:12 user devstack@g-api.service[78252]: DEBUG glance.common.config [None req-5782b13b-877b-4d78-8e0d-5886416b56dc None None] max_request_id_length = 64 {{(pid=78252) log_opt_values /opt/stack/data/venv/lib/python3.10/site-packages/oslo_config/cfg.py:2602}}
Dec 06 08:26:12 user devstack@g-api.service[78252]: DEBUG glance.common.config [None req-5782b13b-877b-4d78-8e0d-5886416b56dc None None] metadata_encryption_key = **** {{(pid=78252) log_opt_values /opt/stack/data/venv/lib/python3.10/site-packages/oslo_config/cfg.py:2602}}
Dec 06 08:26:12 user devstack@g-api.service[78252]: DEBUG glance.common.config [None req-5782b13b-877b-4d78-8e0d-5886416b56dc None None] node_staging_uri = file:///tmp/staging/ {{(pid=78252) log_opt_values /opt/stack/data/venv/lib/python3.10/site-packages/oslo_config/cfg.py:2602}}
Dec 06 08:26:12 user devstack@g-api.service[78252]: DEBUG glance.common.config [None req-5782b13b-877b-4d78-8e0d-5886416b56dc None None] property_protection_file = None {{(pid=78252) log_opt_values /opt/stack/data/venv/lib/python3.10/site-packages/oslo_config/cfg.py:2602}}
Dec 06 08:26:12 user devstack@g-api.service[78252]: DEBUG glance.common.config [None req-5782b13b-877b-4d78-8e0d-5886416b56dc None None] property_protection_rule_format = roles {{(pid=78252) log_opt_values /opt/stack/data/venv/lib/python3.10/site-packages/oslo_config/cfg.py:2602}}
Dec 06 08:26:12 user devstack@g-api.service[78252]: DEBUG glance.common.config [None req-5782b13b-877b-4d78-8e0d-5886416b56dc None None] public_endpoint = http://10.0.0.210/image {{(pid=78252) log_opt_values /opt/stack/data/venv/lib/python3.10/site-packages/oslo_config/cfg.py:2602}}
Dec 06 08:26:12 user devstack@g-api.service[78252]: DEBUG glance.common.config [None req-5782b13b-877b-4d78-8e0d-5886416b56dc None None] publish_errors = False {{(pid=78252) log_opt_values /opt/stack/data/venv/lib/python3.10/site-packages/oslo_config/cfg.py:2602}}
Dec 06 08:26:12 user devstack@g-api.service[78252]: DEBUG glance.common.config [None req-5782b13b-877b-4d78-8e0d-5886416b56dc None None] pydev_worker_debug_host = None {{(pid=78252) log_opt_values /opt/stack/data/venv/lib/python3.10/site-packages/oslo_config/cfg.py:2602}}
Dec 06 08:26:12 user devstack@g-api.service[78252]: DEBUG glance.common.config [None req-5782b13b-877b-4d78-8e0d-5886416b56dc None None] pydev_worker_debug_port = 5678 {{(pid=78252) log_opt_values /opt/stack/data/venv/lib/python3.10/site-packages/oslo_config/cfg.py:2602}}
Dec 06 08:26:12 user devstack@g-api.service[78252]: DEBUG glance.common.config [None req-5782b13b-877b-4d78-8e0d-5886416b56dc None None] rate_limit_burst = 0 {{(pid=78252) log_opt_values /opt/stack/data/venv/lib/python3.10/site-packages/oslo_config/cfg.py:2602}}
Dec 06 08:26:12 user devstack@g-api.service[78252]: DEBUG glance.common.config [None req-5782b13b-877b-4d78-8e0d-5886416b56dc None None] rate_limit_except_level = CRITICAL {{(pid=78252) log_opt_values /opt/stack/data/venv/lib/python3.10/site-packages/oslo_config/cfg.py:2602}}
Dec 06 08:26:12 user devstack@g-api.service[78252]: DEBUG glance.common.config [None req-5782b13b-877b-4d78-8e0d-5886416b56dc None None] rate_limit_interval = 0 {{(pid=78252) log_opt_values /opt/stack/data/venv/lib/python3.10/site-packages/oslo_config/cfg.py:2602}}
Dec 06 08:26:12 user devstack@g-api.service[78253]: INFO glance.api.middleware.cache [None req-38c2f483-b7ac-48df-be8f-587c49e1e6df None None] Initialized image cache middleware
Dec 06 08:26:12 user devstack@g-api.service[78252]: DEBUG glance.common.config [None req-5782b13b-877b-4d78-8e0d-5886416b56dc None None] scrub_pool_size = 1 {{(pid=78252) log_opt_values /opt/stack/data/venv/lib/python3.10/site-packages/oslo_config/cfg.py:2602}}
Dec 06 08:26:12 user devstack@g-api.service[78252]: DEBUG glance.common.config [None req-5782b13b-877b-4d78-8e0d-5886416b56dc None None] scrub_time = 0 {{(pid=78252) log_opt_values /opt/stack/data/venv/lib/python3.10/site-packages/oslo_config/cfg.py:2602}}
Dec 06 08:26:12 user devstack@g-api.service[78252]: DEBUG glance.common.config [None req-5782b13b-877b-4d78-8e0d-5886416b56dc None None] show_image_direct_url = False {{(pid=78252) log_opt_values /opt/stack/data/venv/lib/python3.10/site-packages/oslo_config/cfg.py:2602}}
Dec 06 08:26:12 user devstack@g-api.service[78252]: WARNING oslo_config.cfg [None req-5782b13b-877b-4d78-8e0d-5886416b56dc None None] Deprecated: Option "show_multiple_locations" from group "DEFAULT" is deprecated for removal (Use of this option, deprecated since Newton, is a security risk and will be removed once we figure out a way to satisfy those use cases that currently require it. An earlier announcement that the same functionality can be achieved with greater granularity by using policies is incorrect. You cannot work around this option via policy configuration at the present time, though that is the direction we believe the fix will take. Please keep an eye on the Glance release notes to stay up to date on progress in addressing this issue.). Its value may be silently ignored in the future.
Dec 06 08:26:12 user devstack@g-api.service[78252]: DEBUG glance.common.config [None req-5782b13b-877b-4d78-8e0d-5886416b56dc None None] show_multiple_locations = False {{(pid=78252) log_opt_values /opt/stack/data/venv/lib/python3.10/site-packages/oslo_config/cfg.py:2602}}
Dec 06 08:26:12 user devstack@g-api.service[78252]: DEBUG glance.common.config [None req-5782b13b-877b-4d78-8e0d-5886416b56dc None None] syslog_log_facility = LOG_USER {{(pid=78252) log_opt_values /opt/stack/data/venv/lib/python3.10/site-packages/oslo_config/cfg.py:2602}}
Dec 06 08:26:12 user devstack@g-api.service[78252]: DEBUG glance.common.config [None req-5782b13b-877b-4d78-8e0d-5886416b56dc None None] tcp_keepidle = 600 {{(pid=78252) log_opt_values /opt/stack/data/venv/lib/python3.10/site-packages/oslo_config/cfg.py:2602}}
Dec 06 08:26:12 user devstack@g-api.service[78252]: DEBUG glance.common.config [None req-5782b13b-877b-4d78-8e0d-5886416b56dc None None] transport_url = **** {{(pid=78252) log_opt_values /opt/stack/data/venv/lib/python3.10/site-packages/oslo_config/cfg.py:2602}}
Dec 06 08:26:12 user devstack@g-api.service[78252]: DEBUG glance.common.config [None req-5782b13b-877b-4d78-8e0d-5886416b56dc None None] use_eventlog = False {{(pid=78252) log_opt_values /opt/stack/data/venv/lib/python3.10/site-packages/oslo_config/cfg.py:2602}}
Dec 06 08:26:12 user devstack@g-api.service[78252]: DEBUG glance.common.config [None req-5782b13b-877b-4d78-8e0d-5886416b56dc None None] use_journal = False {{(pid=78252) log_opt_values /opt/stack/data/venv/lib/python3.10/site-packages/oslo_config/cfg.py:2602}}
Dec 06 08:26:12 user devstack@g-api.service[78252]: DEBUG glance.common.config [None req-5782b13b-877b-4d78-8e0d-5886416b56dc None None] use_json = False {{(pid=78252) log_opt_values /opt/stack/data/venv/lib/python3.10/site-packages/oslo_config/cfg.py:2602}}
Dec 06 08:26:12 user devstack@g-api.service[78252]: DEBUG glance.common.config [None req-5782b13b-877b-4d78-8e0d-5886416b56dc None None] use_keystone_limits = True {{(pid=78252) log_opt_values /opt/stack/data/venv/lib/python3.10/site-packages/oslo_config/cfg.py:2602}}
Dec 06 08:26:12 user devstack@g-api.service[78254]: INFO glance.api.middleware.cache_manage [None req-b4552004-c390-46d4-aaec-178c5c07ea53 None None] Initialized image cache management middleware
Dec 06 08:26:12 user devstack@g-api.service[78252]: DEBUG glance.common.config [None req-5782b13b-877b-4d78-8e0d-5886416b56dc None None] use_stderr = False {{(pid=78252) log_opt_values /opt/stack/data/venv/lib/python3.10/site-packages/oslo_config/cfg.py:2602}}
Dec 06 08:26:12 user devstack@g-api.service[78254]: INFO glance.image_cache [None req-b4552004-c390-46d4-aaec-178c5c07ea53 None None] Image cache loaded driver 'sqlite'.
Dec 06 08:26:12 user devstack@g-api.service[78252]: DEBUG glance.common.config [None req-5782b13b-877b-4d78-8e0d-5886416b56dc None None] use_syslog = False {{(pid=78252) log_opt_values /opt/stack/data/venv/lib/python3.10/site-packages/oslo_config/cfg.py:2602}}
Dec 06 08:26:12 user devstack@g-api.service[78252]: DEBUG glance.common.config [None req-5782b13b-877b-4d78-8e0d-5886416b56dc None None] user_storage_quota = 0 {{(pid=78252) log_opt_values /opt/stack/data/venv/lib/python3.10/site-packages/oslo_config/cfg.py:2602}}
Dec 06 08:26:12 user devstack@g-api.service[78254]: DEBUG oslo_concurrency.lockutils [None req-b4552004-c390-46d4-aaec-178c5c07ea53 None None] Acquiring lock "image_cache_db_init" by "glance.image_cache.drivers.sqlite.Driver.initialize_db..create_db" {{(pid=78254) inner /opt/stack/data/venv/lib/python3.10/site-packages/oslo_concurrency/lockutils.py:404}}
Dec 06 08:26:12 user devstack@g-api.service[78252]: DEBUG glance.common.config [None req-5782b13b-877b-4d78-8e0d-5886416b56dc None None] watch_log_file = False {{(pid=78252) log_opt_values /opt/stack/data/venv/lib/python3.10/site-packages/oslo_config/cfg.py:2602}}
Dec 06 08:26:12 user devstack@g-api.service[78254]: DEBUG oslo_concurrency.lockutils [None req-b4552004-c390-46d4-aaec-178c5c07ea53 None None] Lock "image_cache_db_init" acquired by "glance.image_cache.drivers.sqlite.Driver.initialize_db..create_db" :: waited 0.001s {{(pid=78254) inner /opt/stack/data/venv/lib/python3.10/site-packages/oslo_concurrency/lockutils.py:409}}
Dec 06 08:26:12 user devstack@g-api.service[78252]: DEBUG glance.common.config [None req-5782b13b-877b-4d78-8e0d-5886416b56dc None None] worker_self_reference_url = http://127.0.0.1:60999 {{(pid=78252) log_opt_values /opt/stack/data/venv/lib/python3.10/site-packages/oslo_config/cfg.py:2602}}
Dec 06 08:26:12 user devstack@g-api.service[78252]: DEBUG glance.common.config [None req-5782b13b-877b-4d78-8e0d-5886416b56dc None None] workers = None {{(pid=78252) log_opt_values /opt/stack/data/venv/lib/python3.10/site-packages/oslo_config/cfg.py:2602}}
Dec 06 08:26:12 user devstack@g-api.service[78252]: DEBUG glance.common.config [None req-5782b13b-877b-4d78-8e0d-5886416b56dc None None] oslo_concurrency.disable_process_locking = False {{(pid=78252) log_opt_values /opt/stack/data/venv/lib/python3.10/site-packages/oslo_config/cfg.py:2609}}
Dec 06 08:26:12 user devstack@g-api.service[78254]: DEBUG oslo_concurrency.lockutils [None req-b4552004-c390-46d4-aaec-178c5c07ea53 None None] Lock "image_cache_db_init" "released" by "glance.image_cache.drivers.sqlite.Driver.initialize_db..create_db" :: held 0.001s {{(pid=78254) inner /opt/stack/data/venv/lib/python3.10/site-packages/oslo_concurrency/lockutils.py:423}}
Dec 06 08:26:12 user devstack@g-api.service[78252]: DEBUG glance.common.config [None req-5782b13b-877b-4d78-8e0d-5886416b56dc None None] oslo_concurrency.lock_path = /opt/stack/data/glance/locks {{(pid=78252) log_opt_values /opt/stack/data/venv/lib/python3.10/site-packages/oslo_config/cfg.py:2609}}
Dec 06 08:26:12 user devstack@g-api.service[78252]: DEBUG glance.common.config [None req-5782b13b-877b-4d78-8e0d-5886416b56dc None None] oslo_middleware.enable_proxy_headers_parsing = False {{(pid=78252) log_opt_values /opt/stack/data/venv/lib/python3.10/site-packages/oslo_config/cfg.py:2609}}
Dec 06 08:26:12 user devstack@g-api.service[78252]: DEBUG glance.common.config [None req-5782b13b-877b-4d78-8e0d-5886416b56dc None None] oslo_middleware.http_basic_auth_user_file = /etc/htpasswd {{(pid=78252) log_opt_values /opt/stack/data/venv/lib/python3.10/site-packages/oslo_config/cfg.py:2609}}
Dec 06 08:26:12 user devstack@g-api.service[78252]: DEBUG glance.common.config [None req-5782b13b-877b-4d78-8e0d-5886416b56dc None None] paste_deploy.config_file = None {{(pid=78252) log_opt_values /opt/stack/data/venv/lib/python3.10/site-packages/oslo_config/cfg.py:2609}}
Dec 06 08:26:12 user devstack@g-api.service[78252]: DEBUG glance.common.config [None req-5782b13b-877b-4d78-8e0d-5886416b56dc None None] paste_deploy.flavor = keystone+cachemanagement {{(pid=78252) log_opt_values /opt/stack/data/venv/lib/python3.10/site-packages/oslo_config/cfg.py:2609}}
Dec 06 08:26:12 user devstack@g-api.service[78252]: DEBUG glance.common.config [None req-5782b13b-877b-4d78-8e0d-5886416b56dc None None] image_format.container_formats = ['ami', 'ari', 'aki', 'bare', 'ovf', 'ova', 'docker', 'compressed'] {{(pid=78252) log_opt_values /opt/stack/data/venv/lib/python3.10/site-packages/oslo_config/cfg.py:2609}}
Dec 06 08:26:12 user devstack@g-api.service[78252]: DEBUG glance.common.config [None req-5782b13b-877b-4d78-8e0d-5886416b56dc None None] image_format.disk_formats = ['ami', 'ari', 'aki', 'vhd', 'vhdx', 'vmdk', 'raw', 'qcow2', 'vdi', 'iso', 'ploop'] {{(pid=78252) log_opt_values /opt/stack/data/venv/lib/python3.10/site-packages/oslo_config/cfg.py:2609}}
Dec 06 08:26:12 user devstack@g-api.service[78252]: DEBUG glance.common.config [None req-5782b13b-877b-4d78-8e0d-5886416b56dc None None] image_format.vmdk_allowed_types = ['streamOptimized', 'monolithicSparse'] {{(pid=78252) log_opt_values /opt/stack/data/venv/lib/python3.10/site-packages/oslo_config/cfg.py:2609}}
Dec 06 08:26:12 user devstack@g-api.service[78252]: DEBUG glance.common.config [None req-5782b13b-877b-4d78-8e0d-5886416b56dc None None] task.task_executor = taskflow {{(pid=78252) log_opt_values /opt/stack/data/venv/lib/python3.10/site-packages/oslo_config/cfg.py:2609}}
Dec 06 08:26:12 user devstack@g-api.service[78252]: DEBUG glance.common.config [None req-5782b13b-877b-4d78-8e0d-5886416b56dc None None] task.task_time_to_live = 48 {{(pid=78252) log_opt_values /opt/stack/data/venv/lib/python3.10/site-packages/oslo_config/cfg.py:2609}}
Dec 06 08:26:12 user devstack@g-api.service[78252]: DEBUG glance.common.config [None req-5782b13b-877b-4d78-8e0d-5886416b56dc None None] task.work_dir = None {{(pid=78252) log_opt_values /opt/stack/data/venv/lib/python3.10/site-packages/oslo_config/cfg.py:2609}}
Dec 06 08:26:12 user devstack@g-api.service[78252]: DEBUG glance.common.config [None req-5782b13b-877b-4d78-8e0d-5886416b56dc None None] wsgi.python_interpreter = None {{(pid=78252) log_opt_values /opt/stack/data/venv/lib/python3.10/site-packages/oslo_config/cfg.py:2609}}
Dec 06 08:26:12 user devstack@g-api.service[78252]: DEBUG glance.common.config [None req-5782b13b-877b-4d78-8e0d-5886416b56dc None None] wsgi.task_pool_threads = 16 {{(pid=78252) log_opt_values /opt/stack/data/venv/lib/python3.10/site-packages/oslo_config/cfg.py:2609}}
Dec 06 08:26:12 user devstack@g-api.service[78252]: DEBUG glance.common.config [None req-5782b13b-877b-4d78-8e0d-5886416b56dc None None] oslo_policy.enforce_new_defaults = True {{(pid=78252) log_opt_values /opt/stack/data/venv/lib/python3.10/site-packages/oslo_config/cfg.py:2609}}
Dec 06 08:26:12 user devstack@g-api.service[78252]: DEBUG glance.common.config [None req-5782b13b-877b-4d78-8e0d-5886416b56dc None None] oslo_policy.enforce_scope = True {{(pid=78252) log_opt_values /opt/stack/data/venv/lib/python3.10/site-packages/oslo_config/cfg.py:2609}}
Dec 06 08:26:12 user devstack@g-api.service[78252]: DEBUG glance.common.config [None req-5782b13b-877b-4d78-8e0d-5886416b56dc None None] oslo_policy.policy_default_rule = default {{(pid=78252) log_opt_values /opt/stack/data/venv/lib/python3.10/site-packages/oslo_config/cfg.py:2609}}
Dec 06 08:26:12 user devstack@g-api.service[78252]: DEBUG glance.common.config [None req-5782b13b-877b-4d78-8e0d-5886416b56dc None None] oslo_policy.policy_dirs = ['policy.d'] {{(pid=78252) log_opt_values /opt/stack/data/venv/lib/python3.10/site-packages/oslo_config/cfg.py:2609}}
Dec 06 08:26:12 user devstack@g-api.service[78252]: DEBUG glance.common.config [None req-5782b13b-877b-4d78-8e0d-5886416b56dc None None] oslo_policy.policy_file = policy.yaml {{(pid=78252) log_opt_values /opt/stack/data/venv/lib/python3.10/site-packages/oslo_config/cfg.py:2609}}
Dec 06 08:26:12 user devstack@g-api.service[78252]: DEBUG glance.common.config [None req-5782b13b-877b-4d78-8e0d-5886416b56dc None None] oslo_policy.remote_content_type = application/x-www-form-urlencoded {{(pid=78252) log_opt_values /opt/stack/data/venv/lib/python3.10/site-packages/oslo_config/cfg.py:2609}}
Dec 06 08:26:12 user devstack@g-api.service[78252]: DEBUG glance.common.config [None req-5782b13b-877b-4d78-8e0d-5886416b56dc None None] oslo_policy.remote_ssl_ca_crt_file = None {{(pid=78252) log_opt_values /opt/stack/data/venv/lib/python3.10/site-packages/oslo_config/cfg.py:2609}}
Dec 06 08:26:12 user devstack@g-api.service[78252]: DEBUG glance.common.config [None req-5782b13b-877b-4d78-8e0d-5886416b56dc None None] oslo_policy.remote_ssl_client_crt_file = None {{(pid=78252) log_opt_values /opt/stack/data/venv/lib/python3.10/site-packages/oslo_config/cfg.py:2609}}
Dec 06 08:26:12 user devstack@g-api.service[78253]: WARNING keystonemiddleware.auth_token [None req-38c2f483-b7ac-48df-be8f-587c49e1e6df None None] AuthToken middleware is set with keystone_authtoken.service_token_roles_required set to False. This is backwards compatible but deprecated behaviour. Please set this to True.
Dec 06 08:26:12 user devstack@g-api.service[78252]: DEBUG glance.common.config [None req-5782b13b-877b-4d78-8e0d-5886416b56dc None None] oslo_policy.remote_ssl_client_key_file = None {{(pid=78252) log_opt_values /opt/stack/data/venv/lib/python3.10/site-packages/oslo_config/cfg.py:2609}}
Dec 06 08:26:12 user devstack@g-api.service[78252]: DEBUG glance.common.config [None req-5782b13b-877b-4d78-8e0d-5886416b56dc None None] oslo_policy.remote_ssl_verify_server_crt = False {{(pid=78252) log_opt_values /opt/stack/data/venv/lib/python3.10/site-packages/oslo_config/cfg.py:2609}}
Dec 06 08:26:12 user devstack@g-api.service[78252]: DEBUG glance.common.config [None req-5782b13b-877b-4d78-8e0d-5886416b56dc None None] store_type_location_strategy.store_type_preference = [] {{(pid=78252) log_opt_values /opt/stack/data/venv/lib/python3.10/site-packages/oslo_config/cfg.py:2609}}
Dec 06 08:26:12 user devstack@g-api.service[78252]: DEBUG glance.common.config [None req-5782b13b-877b-4d78-8e0d-5886416b56dc None None] profiler.connection_string = messaging:// {{(pid=78252) log_opt_values /opt/stack/data/venv/lib/python3.10/site-packages/oslo_config/cfg.py:2609}}
Dec 06 08:26:12 user devstack@g-api.service[78252]: DEBUG glance.common.config [None req-5782b13b-877b-4d78-8e0d-5886416b56dc None None] profiler.enabled = False {{(pid=78252) log_opt_values /opt/stack/data/venv/lib/python3.10/site-packages/oslo_config/cfg.py:2609}}
Dec 06 08:26:12 user devstack@g-api.service[78254]: INFO glance.api.middleware.cache [None req-b4552004-c390-46d4-aaec-178c5c07ea53 None None] Initialized image cache middleware
Dec 06 08:26:12 user devstack@g-api.service[78252]: DEBUG glance.common.config [None req-5782b13b-877b-4d78-8e0d-5886416b56dc None None] profiler.es_doc_type = notification {{(pid=78252) log_opt_values /opt/stack/data/venv/lib/python3.10/site-packages/oslo_config/cfg.py:2609}}
Dec 06 08:26:12 user devstack@g-api.service[78252]: DEBUG glance.common.config [None req-5782b13b-877b-4d78-8e0d-5886416b56dc None None] profiler.es_scroll_size = 10000 {{(pid=78252) log_opt_values /opt/stack/data/venv/lib/python3.10/site-packages/oslo_config/cfg.py:2609}}
Dec 06 08:26:12 user devstack@g-api.service[78252]: DEBUG glance.common.config [None req-5782b13b-877b-4d78-8e0d-5886416b56dc None None] profiler.es_scroll_time = 2m {{(pid=78252) log_opt_values /opt/stack/data/venv/lib/python3.10/site-packages/oslo_config/cfg.py:2609}}
Dec 06 08:26:12 user devstack@g-api.service[78252]: DEBUG glance.common.config [None req-5782b13b-877b-4d78-8e0d-5886416b56dc None None] profiler.filter_error_trace = False {{(pid=78252) log_opt_values /opt/stack/data/venv/lib/python3.10/site-packages/oslo_config/cfg.py:2609}}
Dec 06 08:26:12 user devstack@g-api.service[78252]: DEBUG glance.common.config [None req-5782b13b-877b-4d78-8e0d-5886416b56dc None None] profiler.hmac_keys = **** {{(pid=78252) log_opt_values /opt/stack/data/venv/lib/python3.10/site-packages/oslo_config/cfg.py:2609}}
Dec 06 08:26:12 user devstack@g-api.service[78252]: DEBUG glance.common.config [None req-5782b13b-877b-4d78-8e0d-5886416b56dc None None] profiler.sentinel_service_name = mymaster {{(pid=78252) log_opt_values /opt/stack/data/venv/lib/python3.10/site-packages/oslo_config/cfg.py:2609}}
Dec 06 08:26:12 user devstack@g-api.service[78253]: WARNING keystonemiddleware.auth_token [None req-38c2f483-b7ac-48df-be8f-587c49e1e6df None None] Configuring www_authenticate_uri to point to the public identity endpoint is required; clients may not be able to authenticate against an admin endpoint
Dec 06 08:26:12 user devstack@g-api.service[78252]: DEBUG glance.common.config [None req-5782b13b-877b-4d78-8e0d-5886416b56dc None None] profiler.socket_timeout = 0.1 {{(pid=78252) log_opt_values /opt/stack/data/venv/lib/python3.10/site-packages/oslo_config/cfg.py:2609}}
Dec 06 08:26:12 user devstack@g-api.service[78252]: DEBUG glance.common.config [None req-5782b13b-877b-4d78-8e0d-5886416b56dc None None] profiler.trace_requests = False {{(pid=78252) log_opt_values /opt/stack/data/venv/lib/python3.10/site-packages/oslo_config/cfg.py:2609}}
Dec 06 08:26:12 user devstack@g-api.service[78252]: DEBUG glance.common.config [None req-5782b13b-877b-4d78-8e0d-5886416b56dc None None] profiler.trace_sqlalchemy = False {{(pid=78252) log_opt_values /opt/stack/data/venv/lib/python3.10/site-packages/oslo_config/cfg.py:2609}}
Dec 06 08:26:12 user devstack@g-api.service[78252]: DEBUG glance.common.config [None req-5782b13b-877b-4d78-8e0d-5886416b56dc None None] profiler_jaeger.process_tags = {} {{(pid=78252) log_opt_values /opt/stack/data/venv/lib/python3.10/site-packages/oslo_config/cfg.py:2609}}
Dec 06 08:26:12 user devstack@g-api.service[78252]: DEBUG glance.common.config [None req-5782b13b-877b-4d78-8e0d-5886416b56dc None None] profiler_jaeger.service_name_prefix = None {{(pid=78252) log_opt_values /opt/stack/data/venv/lib/python3.10/site-packages/oslo_config/cfg.py:2609}}
Dec 06 08:26:12 user devstack@g-api.service[78252]: DEBUG glance.common.config [None req-5782b13b-877b-4d78-8e0d-5886416b56dc None None] profiler_otlp.service_name_prefix = None {{(pid=78252) log_opt_values /opt/stack/data/venv/lib/python3.10/site-packages/oslo_config/cfg.py:2609}}
Dec 06 08:26:12 user devstack@g-api.service[78252]: DEBUG glance.common.config [None req-5782b13b-877b-4d78-8e0d-5886416b56dc None None] import_filtering_opts.allowed_hosts = [] {{(pid=78252) log_opt_values /opt/stack/data/venv/lib/python3.10/site-packages/oslo_config/cfg.py:2609}}
Dec 06 08:26:12 user devstack@g-api.service[78252]: DEBUG glance.common.config [None req-5782b13b-877b-4d78-8e0d-5886416b56dc None None] import_filtering_opts.allowed_ports = [80, 443] {{(pid=78252) log_opt_values /opt/stack/data/venv/lib/python3.10/site-packages/oslo_config/cfg.py:2609}}
Dec 06 08:26:12 user devstack@g-api.service[78252]: DEBUG glance.common.config [None req-5782b13b-877b-4d78-8e0d-5886416b56dc None None] import_filtering_opts.allowed_schemes = ['http', 'https'] {{(pid=78252) log_opt_values /opt/stack/data/venv/lib/python3.10/site-packages/oslo_config/cfg.py:2609}}
Dec 06 08:26:12 user devstack@g-api.service[78252]: DEBUG glance.common.config [None req-5782b13b-877b-4d78-8e0d-5886416b56dc None None] import_filtering_opts.disallowed_hosts = [] {{(pid=78252) log_opt_values /opt/stack/data/venv/lib/python3.10/site-packages/oslo_config/cfg.py:2609}}
Dec 06 08:26:12 user devstack@g-api.service[78252]: DEBUG glance.common.config [None req-5782b13b-877b-4d78-8e0d-5886416b56dc None None] import_filtering_opts.disallowed_ports = [] {{(pid=78252) log_opt_values /opt/stack/data/venv/lib/python3.10/site-packages/oslo_config/cfg.py:2609}}
Dec 06 08:26:12 user devstack@g-api.service[78252]: DEBUG glance.common.config [None req-5782b13b-877b-4d78-8e0d-5886416b56dc None None] import_filtering_opts.disallowed_schemes = [] {{(pid=78252) log_opt_values /opt/stack/data/venv/lib/python3.10/site-packages/oslo_config/cfg.py:2609}}
Dec 06 08:26:12 user devstack@g-api.service[78252]: DEBUG glance.common.config [None req-5782b13b-877b-4d78-8e0d-5886416b56dc None None] oslo_messaging_metrics.metrics_buffer_size = 1000 {{(pid=78252) log_opt_values /opt/stack/data/venv/lib/python3.10/site-packages/oslo_config/cfg.py:2609}}
Dec 06 08:26:12 user devstack@g-api.service[78252]: DEBUG glance.common.config [None req-5782b13b-877b-4d78-8e0d-5886416b56dc None None] oslo_messaging_metrics.metrics_enabled = False {{(pid=78252) log_opt_values /opt/stack/data/venv/lib/python3.10/site-packages/oslo_config/cfg.py:2609}}
Dec 06 08:26:12 user devstack@g-api.service[78252]: DEBUG glance.common.config [None req-5782b13b-877b-4d78-8e0d-5886416b56dc None None] oslo_messaging_metrics.metrics_process_name = {{(pid=78252) log_opt_values /opt/stack/data/venv/lib/python3.10/site-packages/oslo_config/cfg.py:2609}}
Dec 06 08:26:12 user devstack@g-api.service[78252]: DEBUG glance.common.config [None req-5782b13b-877b-4d78-8e0d-5886416b56dc None None] oslo_messaging_metrics.metrics_socket_file = /var/tmp/metrics_collector.sock {{(pid=78252) log_opt_values /opt/stack/data/venv/lib/python3.10/site-packages/oslo_config/cfg.py:2609}}
Dec 06 08:26:12 user devstack@g-api.service[78253]: DEBUG glance.common.config [None req-38c2f483-b7ac-48df-be8f-587c49e1e6df None None] ******************************************************************************** {{(pid=78253) log_opt_values /opt/stack/data/venv/lib/python3.10/site-packages/oslo_config/cfg.py:2589}}
Dec 06 08:26:12 user devstack@g-api.service[78252]: DEBUG glance.common.config [None req-5782b13b-877b-4d78-8e0d-5886416b56dc None None] oslo_messaging_metrics.metrics_thread_stop_timeout = 10 {{(pid=78252) log_opt_values /opt/stack/data/venv/lib/python3.10/site-packages/oslo_config/cfg.py:2609}}
Dec 06 08:26:12 user devstack@g-api.service[78253]: DEBUG glance.common.config [None req-38c2f483-b7ac-48df-be8f-587c49e1e6df None None] Configuration options gathered from: {{(pid=78253) log_opt_values /opt/stack/data/venv/lib/python3.10/site-packages/oslo_config/cfg.py:2590}}
Dec 06 08:26:12 user devstack@g-api.service[78252]: DEBUG glance.common.config [None req-5782b13b-877b-4d78-8e0d-5886416b56dc None None] os_brick.lock_path = None {{(pid=78252) log_opt_values /opt/stack/data/venv/lib/python3.10/site-packages/oslo_config/cfg.py:2609}}
Dec 06 08:26:12 user devstack@g-api.service[78252]: DEBUG glance.common.config [None req-5782b13b-877b-4d78-8e0d-5886416b56dc None None] privsep_osbrick.capabilities = [21] {{(pid=78252) log_opt_values /opt/stack/data/venv/lib/python3.10/site-packages/oslo_config/cfg.py:2609}}
Dec 06 08:26:12 user devstack@g-api.service[78253]: DEBUG glance.common.config [None req-38c2f483-b7ac-48df-be8f-587c49e1e6df None None] command line args: [] {{(pid=78253) log_opt_values /opt/stack/data/venv/lib/python3.10/site-packages/oslo_config/cfg.py:2591}}
Dec 06 08:26:12 user devstack@g-api.service[78252]: DEBUG glance.common.config [None req-5782b13b-877b-4d78-8e0d-5886416b56dc None None] privsep_osbrick.group = None {{(pid=78252) log_opt_values /opt/stack/data/venv/lib/python3.10/site-packages/oslo_config/cfg.py:2609}}
Dec 06 08:26:12 user devstack@g-api.service[78253]: DEBUG glance.common.config [None req-38c2f483-b7ac-48df-be8f-587c49e1e6df None None] config files: ['/etc/glance/glance-api-paste.ini', '/etc/glance/glance-image-import.conf', '/etc/glance/glance-api.conf'] {{(pid=78253) log_opt_values /opt/stack/data/venv/lib/python3.10/site-packages/oslo_config/cfg.py:2592}}
Dec 06 08:26:12 user devstack@g-api.service[78252]: DEBUG glance.common.config [None req-5782b13b-877b-4d78-8e0d-5886416b56dc None None] privsep_osbrick.helper_command = None {{(pid=78252) log_opt_values /opt/stack/data/venv/lib/python3.10/site-packages/oslo_config/cfg.py:2609}}
Dec 06 08:26:12 user devstack@g-api.service[78253]: DEBUG glance.common.config [None req-38c2f483-b7ac-48df-be8f-587c49e1e6df None None] ================================================================================ {{(pid=78253) log_opt_values /opt/stack/data/venv/lib/python3.10/site-packages/oslo_config/cfg.py:2594}}
Dec 06 08:26:12 user devstack@g-api.service[78252]: DEBUG glance.common.config [None req-5782b13b-877b-4d78-8e0d-5886416b56dc None None] privsep_osbrick.logger_name = os_brick.privileged {{(pid=78252) log_opt_values /opt/stack/data/venv/lib/python3.10/site-packages/oslo_config/cfg.py:2609}}
Dec 06 08:26:12 user devstack@g-api.service[78253]: DEBUG glance.common.config [None req-38c2f483-b7ac-48df-be8f-587c49e1e6df None None] allow_additional_image_properties = True {{(pid=78253) log_opt_values /opt/stack/data/venv/lib/python3.10/site-packages/oslo_config/cfg.py:2602}}
Dec 06 08:26:12 user devstack@g-api.service[78252]: DEBUG glance.common.config [None req-5782b13b-877b-4d78-8e0d-5886416b56dc None None] privsep_osbrick.thread_pool_size = 12 {{(pid=78252) log_opt_values /opt/stack/data/venv/lib/python3.10/site-packages/oslo_config/cfg.py:2609}}
Dec 06 08:26:12 user devstack@g-api.service[78253]: DEBUG glance.common.config [None req-38c2f483-b7ac-48df-be8f-587c49e1e6df None None] allow_anonymous_access = False {{(pid=78253) log_opt_values /opt/stack/data/venv/lib/python3.10/site-packages/oslo_config/cfg.py:2602}}
Dec 06 08:26:12 user devstack@g-api.service[78254]: WARNING keystonemiddleware.auth_token [None req-b4552004-c390-46d4-aaec-178c5c07ea53 None None] AuthToken middleware is set with keystone_authtoken.service_token_roles_required set to False. This is backwards compatible but deprecated behaviour. Please set this to True.
Dec 06 08:26:12 user devstack@g-api.service[78252]: DEBUG glance.common.config [None req-5782b13b-877b-4d78-8e0d-5886416b56dc None None] privsep_osbrick.user = None {{(pid=78252) log_opt_values /opt/stack/data/venv/lib/python3.10/site-packages/oslo_config/cfg.py:2609}}
Dec 06 08:26:12 user devstack@g-api.service[78253]: DEBUG glance.common.config [None req-38c2f483-b7ac-48df-be8f-587c49e1e6df None None] api_limit_max = 1000 {{(pid=78253) log_opt_values /opt/stack/data/venv/lib/python3.10/site-packages/oslo_config/cfg.py:2602}}
Dec 06 08:26:12 user devstack@g-api.service[78252]: DEBUG glance.common.config [None req-5782b13b-877b-4d78-8e0d-5886416b56dc None None] glance_store.cinder_api_insecure = False {{(pid=78252) log_opt_values /opt/stack/data/venv/lib/python3.10/site-packages/oslo_config/cfg.py:2609}}
Dec 06 08:26:12 user devstack@g-api.service[78253]: DEBUG glance.common.config [None req-38c2f483-b7ac-48df-be8f-587c49e1e6df None None] backlog = 4096 {{(pid=78253) log_opt_values /opt/stack/data/venv/lib/python3.10/site-packages/oslo_config/cfg.py:2602}}
Dec 06 08:26:12 user devstack@g-api.service[78252]: DEBUG glance.common.config [None req-5782b13b-877b-4d78-8e0d-5886416b56dc None None] glance_store.cinder_ca_certificates_file = None {{(pid=78252) log_opt_values /opt/stack/data/venv/lib/python3.10/site-packages/oslo_config/cfg.py:2609}}
Dec 06 08:26:12 user devstack@g-api.service[78253]: DEBUG glance.common.config [None req-38c2f483-b7ac-48df-be8f-587c49e1e6df None None] bind_host = 0.0.0.0 {{(pid=78253) log_opt_values /opt/stack/data/venv/lib/python3.10/site-packages/oslo_config/cfg.py:2602}}
Dec 06 08:26:12 user devstack@g-api.service[78252]: DEBUG glance.common.config [None req-5782b13b-877b-4d78-8e0d-5886416b56dc None None] glance_store.cinder_catalog_info = volumev3::publicURL {{(pid=78252) log_opt_values /opt/stack/data/venv/lib/python3.10/site-packages/oslo_config/cfg.py:2609}}
Dec 06 08:26:12 user devstack@g-api.service[78253]: DEBUG glance.common.config [None req-38c2f483-b7ac-48df-be8f-587c49e1e6df None None] bind_port = None {{(pid=78253) log_opt_values /opt/stack/data/venv/lib/python3.10/site-packages/oslo_config/cfg.py:2602}}
Dec 06 08:26:12 user devstack@g-api.service[78252]: DEBUG glance.common.config [None req-5782b13b-877b-4d78-8e0d-5886416b56dc None None] glance_store.cinder_do_extend_attached = False {{(pid=78252) log_opt_values /opt/stack/data/venv/lib/python3.10/site-packages/oslo_config/cfg.py:2609}}
Dec 06 08:26:12 user devstack@g-api.service[78253]: DEBUG glance.common.config [None req-38c2f483-b7ac-48df-be8f-587c49e1e6df None None] client_socket_timeout = 900 {{(pid=78253) log_opt_values /opt/stack/data/venv/lib/python3.10/site-packages/oslo_config/cfg.py:2602}}
Dec 06 08:26:12 user devstack@g-api.service[78252]: DEBUG glance.common.config [None req-5782b13b-877b-4d78-8e0d-5886416b56dc None None] glance_store.cinder_endpoint_template = None {{(pid=78252) log_opt_values /opt/stack/data/venv/lib/python3.10/site-packages/oslo_config/cfg.py:2609}}
Dec 06 08:26:12 user devstack@g-api.service[78253]: DEBUG glance.common.config [None req-38c2f483-b7ac-48df-be8f-587c49e1e6df None None] config_dir = [] {{(pid=78253) log_opt_values /opt/stack/data/venv/lib/python3.10/site-packages/oslo_config/cfg.py:2602}}
Dec 06 08:26:12 user devstack@g-api.service[78252]: DEBUG glance.common.config [None req-5782b13b-877b-4d78-8e0d-5886416b56dc None None] glance_store.cinder_enforce_multipath = False {{(pid=78252) log_opt_values /opt/stack/data/venv/lib/python3.10/site-packages/oslo_config/cfg.py:2609}}
Dec 06 08:26:12 user devstack@g-api.service[78253]: DEBUG glance.common.config [None req-38c2f483-b7ac-48df-be8f-587c49e1e6df None None] config_file = ['/etc/glance/glance-api-paste.ini', '/etc/glance/glance-image-import.conf', '/etc/glance/glance-api.conf'] {{(pid=78253) log_opt_values /opt/stack/data/venv/lib/python3.10/site-packages/oslo_config/cfg.py:2602}}
Dec 06 08:26:12 user devstack@g-api.service[78252]: DEBUG glance.common.config [None req-5782b13b-877b-4d78-8e0d-5886416b56dc None None] glance_store.cinder_http_retries = 3 {{(pid=78252) log_opt_values /opt/stack/data/venv/lib/python3.10/site-packages/oslo_config/cfg.py:2609}}
Dec 06 08:26:12 user devstack@g-api.service[78253]: DEBUG glance.common.config [None req-38c2f483-b7ac-48df-be8f-587c49e1e6df None None] config_source = [] {{(pid=78253) log_opt_values /opt/stack/data/venv/lib/python3.10/site-packages/oslo_config/cfg.py:2602}}
Dec 06 08:26:12 user devstack@g-api.service[78252]: DEBUG glance.common.config [None req-5782b13b-877b-4d78-8e0d-5886416b56dc None None] glance_store.cinder_mount_point_base = /var/lib/glance/mnt {{(pid=78252) log_opt_values /opt/stack/data/venv/lib/python3.10/site-packages/oslo_config/cfg.py:2609}}
Dec 06 08:26:12 user devstack@g-api.service[78253]: DEBUG glance.common.config [None req-38c2f483-b7ac-48df-be8f-587c49e1e6df None None] control_exchange = glance {{(pid=78253) log_opt_values /opt/stack/data/venv/lib/python3.10/site-packages/oslo_config/cfg.py:2602}}
Dec 06 08:26:12 user devstack@g-api.service[78252]: DEBUG glance.common.config [None req-5782b13b-877b-4d78-8e0d-5886416b56dc None None] glance_store.cinder_os_region_name = None {{(pid=78252) log_opt_values /opt/stack/data/venv/lib/python3.10/site-packages/oslo_config/cfg.py:2609}}
Dec 06 08:26:12 user devstack@g-api.service[78253]: DEBUG glance.common.config [None req-38c2f483-b7ac-48df-be8f-587c49e1e6df None None] debug = True {{(pid=78253) log_opt_values /opt/stack/data/venv/lib/python3.10/site-packages/oslo_config/cfg.py:2602}}
Dec 06 08:26:12 user devstack@g-api.service[78252]: DEBUG glance.common.config [None req-5782b13b-877b-4d78-8e0d-5886416b56dc None None] glance_store.cinder_state_transition_timeout = 300 {{(pid=78252) log_opt_values /opt/stack/data/venv/lib/python3.10/site-packages/oslo_config/cfg.py:2609}}
Dec 06 08:26:12 user devstack@g-api.service[78253]: DEBUG glance.common.config [None req-38c2f483-b7ac-48df-be8f-587c49e1e6df None None] default_log_levels = ['amqp=WARN', 'amqplib=WARN', 'boto=WARN', 'qpid=WARN', 'sqlalchemy=WARN', 'suds=INFO', 'oslo.messaging=INFO', 'oslo_messaging=INFO', 'iso8601=WARN', 'requests.packages.urllib3.connectionpool=WARN', 'urllib3.connectionpool=WARN', 'websocket=WARN', 'requests.packages.urllib3.util.retry=WARN', 'urllib3.util.retry=WARN', 'keystonemiddleware=WARN', 'routes.middleware=WARN', 'stevedore=WARN', 'taskflow=WARN', 'keystoneauth=WARN', 'oslo.cache=INFO', 'oslo_policy=INFO', 'dogpile.core.dogpile=INFO'] {{(pid=78253) log_opt_values /opt/stack/data/venv/lib/python3.10/site-packages/oslo_config/cfg.py:2602}}
Dec 06 08:26:12 user devstack@g-api.service[78252]: DEBUG glance.common.config [None req-5782b13b-877b-4d78-8e0d-5886416b56dc None None] glance_store.cinder_store_auth_address = None {{(pid=78252) log_opt_values /opt/stack/data/venv/lib/python3.10/site-packages/oslo_config/cfg.py:2609}}
Dec 06 08:26:12 user devstack@g-api.service[78253]: DEBUG glance.common.config [None req-38c2f483-b7ac-48df-be8f-587c49e1e6df None None] default_publisher_id = image.localhost {{(pid=78253) log_opt_values /opt/stack/data/venv/lib/python3.10/site-packages/oslo_config/cfg.py:2602}}
Dec 06 08:26:12 user devstack@g-api.service[78252]: DEBUG glance.common.config [None req-5782b13b-877b-4d78-8e0d-5886416b56dc None None] glance_store.cinder_store_password = **** {{(pid=78252) log_opt_values /opt/stack/data/venv/lib/python3.10/site-packages/oslo_config/cfg.py:2609}}
Dec 06 08:26:12 user devstack@g-api.service[78253]: DEBUG glance.common.config [None req-38c2f483-b7ac-48df-be8f-587c49e1e6df None None] delayed_delete = False {{(pid=78253) log_opt_values /opt/stack/data/venv/lib/python3.10/site-packages/oslo_config/cfg.py:2602}}
Dec 06 08:26:12 user devstack@g-api.service[78252]: DEBUG glance.common.config [None req-5782b13b-877b-4d78-8e0d-5886416b56dc None None] glance_store.cinder_store_project_domain_name = Default {{(pid=78252) log_opt_values /opt/stack/data/venv/lib/python3.10/site-packages/oslo_config/cfg.py:2609}}
Dec 06 08:26:12 user devstack@g-api.service[78253]: DEBUG glance.common.config [None req-38c2f483-b7ac-48df-be8f-587c49e1e6df None None] digest_algorithm = sha256 {{(pid=78253) log_opt_values /opt/stack/data/venv/lib/python3.10/site-packages/oslo_config/cfg.py:2602}}
Dec 06 08:26:12 user devstack@g-api.service[78252]: DEBUG glance.common.config [None req-5782b13b-877b-4d78-8e0d-5886416b56dc None None] glance_store.cinder_store_project_name = None {{(pid=78252) log_opt_values /opt/stack/data/venv/lib/python3.10/site-packages/oslo_config/cfg.py:2609}}
Dec 06 08:26:12 user devstack@g-api.service[78253]: DEBUG glance.common.config [None req-38c2f483-b7ac-48df-be8f-587c49e1e6df None None] disabled_notifications = [] {{(pid=78253) log_opt_values /opt/stack/data/venv/lib/python3.10/site-packages/oslo_config/cfg.py:2602}}
