Oct 16 18:31:13 user devstack@n-api.service[64174]: DEBUG oslo_concurrency.lockutils [None req-addc655e-f2a7-462c-983d-078d2e7523b0 tempest-VolumesAdminNegativeTest-1972822081 tempest-VolumesAdminNegativeTest-1972822081-project-member] Lock "90a933af-ded4-4c32-85d5-8d96a3b270cf" acquired by "nova.context.set_target_cell..get_or_set_cached_cell_and_set_connections" :: waited 0.001s {{(pid=64174) inner /opt/stack/data/venv/lib/python3.10/site-packages/oslo_concurrency/lockutils.py:409}}
Oct 16 18:31:13 user devstack@n-api.service[64174]: DEBUG oslo_concurrency.lockutils [None req-addc655e-f2a7-462c-983d-078d2e7523b0 tempest-VolumesAdminNegativeTest-1972822081 tempest-VolumesAdminNegativeTest-1972822081-project-member] Lock "90a933af-ded4-4c32-85d5-8d96a3b270cf" "released" by "nova.context.set_target_cell..get_or_set_cached_cell_and_set_connections" :: held 0.001s {{(pid=64174) inner /opt/stack/data/venv/lib/python3.10/site-packages/oslo_concurrency/lockutils.py:423}}
Oct 16 18:31:13 user devstack@n-api.service[64174]: DEBUG oslo_concurrency.lockutils [None req-addc655e-f2a7-462c-983d-078d2e7523b0 tempest-VolumesAdminNegativeTest-1972822081 tempest-VolumesAdminNegativeTest-1972822081-project-member] Acquiring lock "90a933af-ded4-4c32-85d5-8d96a3b270cf" by "nova.context.set_target_cell..get_or_set_cached_cell_and_set_connections" {{(pid=64174) inner /opt/stack/data/venv/lib/python3.10/site-packages/oslo_concurrency/lockutils.py:404}}
Oct 16 18:31:13 user devstack@n-api.service[64174]: DEBUG oslo_concurrency.lockutils [None req-addc655e-f2a7-462c-983d-078d2e7523b0 tempest-VolumesAdminNegativeTest-1972822081 tempest-VolumesAdminNegativeTest-1972822081-project-member] Lock "90a933af-ded4-4c32-85d5-8d96a3b270cf" acquired by "nova.context.set_target_cell..get_or_set_cached_cell_and_set_connections" :: waited 0.001s {{(pid=64174) inner /opt/stack/data/venv/lib/python3.10/site-packages/oslo_concurrency/lockutils.py:409}}
Oct 16 18:31:13 user devstack@n-api.service[64174]: DEBUG oslo_concurrency.lockutils [None req-addc655e-f2a7-462c-983d-078d2e7523b0 tempest-VolumesAdminNegativeTest-1972822081 tempest-VolumesAdminNegativeTest-1972822081-project-member] Lock "90a933af-ded4-4c32-85d5-8d96a3b270cf" "released" by "nova.context.set_target_cell..get_or_set_cached_cell_and_set_connections" :: held 0.001s {{(pid=64174) inner /opt/stack/data/venv/lib/python3.10/site-packages/oslo_concurrency/lockutils.py:423}}
Oct 16 18:31:13 user devstack@n-api.service[64174]: DEBUG nova.compute.api [None req-addc655e-f2a7-462c-983d-078d2e7523b0 tempest-VolumesAdminNegativeTest-1972822081 tempest-VolumesAdminNegativeTest-1972822081-project-member] [instance: 4daa6370-2cdf-4668-b66b-e10196377c9c] Going to try to terminate instance {{(pid=64174) delete /opt/stack/nova/nova/compute/api.py:2722}}
Oct 16 18:31:13 user devstack@n-api.service[64174]: INFO nova.api.openstack.requestlog [None req-addc655e-f2a7-462c-983d-078d2e7523b0 tempest-VolumesAdminNegativeTest-1972822081 tempest-VolumesAdminNegativeTest-1972822081-project-member] 10.0.0.210 "DELETE /compute/v2.1/servers/4daa6370-2cdf-4668-b66b-e10196377c9c" status: 204 len: 0 microversion: 2.1 time: 0.184800
Oct 16 18:31:13 user devstack@n-api.service[64174]: [pid: 64174|app: 0|req: 130/383] 10.0.0.210 () {62 vars in 1316 bytes} [Mon Oct 16 18:31:13 2023] DELETE /compute/v2.1/servers/4daa6370-2cdf-4668-b66b-e10196377c9c => generated 0 bytes in 187 msecs (HTTP/1.1 204) 9 headers in 363 bytes (1 switches on core 0)
Oct 16 18:31:13 user devstack@n-api.service[64173]: DEBUG dbcounter [-] [64173] Writing DB stats nova_cell0:SELECT=2 {{(pid=64173) stat_writer /opt/stack/data/venv/lib/python3.10/site-packages/dbcounter.py:115}}
Oct 16 18:31:13 user devstack@n-api.service[64173]: DEBUG dbcounter [-] [64173] Writing DB stats nova_cell0:SELECT=6 {{(pid=64173) stat_writer /opt/stack/data/venv/lib/python3.10/site-packages/dbcounter.py:115}}
Oct 16 18:31:13 user devstack@n-api.service[64173]: DEBUG nova.api.openstack.wsgi [None req-a88aea79-e5b4-49ec-9674-ba996d192692 tempest-VolumesAdminNegativeTest-1972822081 tempest-VolumesAdminNegativeTest-1972822081-project-member] Calling method '>' {{(pid=64173) _process_stack /opt/stack/nova/nova/api/openstack/wsgi.py:513}}
Oct 16 18:31:13 user devstack@n-api.service[64173]: DEBUG nova.compute.api [None req-a88aea79-e5b4-49ec-9674-ba996d192692 tempest-VolumesAdminNegativeTest-1972822081 tempest-VolumesAdminNegativeTest-1972822081-project-member] [instance: 4daa6370-2cdf-4668-b66b-e10196377c9c] Fetching instance by UUID {{(pid=64173) get /opt/stack/nova/nova/compute/api.py:2978}}
Oct 16 18:31:13 user devstack@n-api.service[64173]: DEBUG oslo_concurrency.lockutils [None req-a88aea79-e5b4-49ec-9674-ba996d192692 tempest-VolumesAdminNegativeTest-1972822081 tempest-VolumesAdminNegativeTest-1972822081-project-member] Acquiring lock "90a933af-ded4-4c32-85d5-8d96a3b270cf" by "nova.context.set_target_cell..get_or_set_cached_cell_and_set_connections" {{(pid=64173) inner /opt/stack/data/venv/lib/python3.10/site-packages/oslo_concurrency/lockutils.py:404}}
Oct 16 18:31:13 user devstack@n-api.service[64173]: DEBUG oslo_concurrency.lockutils [None req-a88aea79-e5b4-49ec-9674-ba996d192692 tempest-VolumesAdminNegativeTest-1972822081 tempest-VolumesAdminNegativeTest-1972822081-project-member] Lock "90a933af-ded4-4c32-85d5-8d96a3b270cf" acquired by "nova.context.set_target_cell..get_or_set_cached_cell_and_set_connections" :: waited 0.001s {{(pid=64173) inner /opt/stack/data/venv/lib/python3.10/site-packages/oslo_concurrency/lockutils.py:409}}
Oct 16 18:31:13 user devstack@n-api.service[64173]: DEBUG oslo_concurrency.lockutils [None req-a88aea79-e5b4-49ec-9674-ba996d192692 tempest-VolumesAdminNegativeTest-1972822081 tempest-VolumesAdminNegativeTest-1972822081-project-member] Lock "90a933af-ded4-4c32-85d5-8d96a3b270cf" "released" by "nova.context.set_target_cell..get_or_set_cached_cell_and_set_connections" :: held 0.000s {{(pid=64173) inner /opt/stack/data/venv/lib/python3.10/site-packages/oslo_concurrency/lockutils.py:423}}
Oct 16 18:31:13 user devstack@n-api.service[64173]: DEBUG oslo_concurrency.lockutils [None req-a88aea79-e5b4-49ec-9674-ba996d192692 tempest-VolumesAdminNegativeTest-1972822081 tempest-VolumesAdminNegativeTest-1972822081-project-member] Acquiring lock "90a933af-ded4-4c32-85d5-8d96a3b270cf" by "nova.context.set_target_cell..get_or_set_cached_cell_and_set_connections" {{(pid=64173) inner /opt/stack/data/venv/lib/python3.10/site-packages/oslo_concurrency/lockutils.py:404}}
Oct 16 18:31:13 user devstack@n-api.service[64173]: DEBUG oslo_concurrency.lockutils [None req-a88aea79-e5b4-49ec-9674-ba996d192692 tempest-VolumesAdminNegativeTest-1972822081 tempest-VolumesAdminNegativeTest-1972822081-project-member] Lock "90a933af-ded4-4c32-85d5-8d96a3b270cf" acquired by "nova.context.set_target_cell..get_or_set_cached_cell_and_set_connections" :: waited 0.000s {{(pid=64173) inner /opt/stack/data/venv/lib/python3.10/site-packages/oslo_concurrency/lockutils.py:409}}
Oct 16 18:31:13 user devstack@n-api.service[64173]: DEBUG oslo_concurrency.lockutils [None req-a88aea79-e5b4-49ec-9674-ba996d192692 tempest-VolumesAdminNegativeTest-1972822081 tempest-VolumesAdminNegativeTest-1972822081-project-member] Lock "90a933af-ded4-4c32-85d5-8d96a3b270cf" "released" by "nova.context.set_target_cell..get_or_set_cached_cell_and_set_connections" :: held 0.000s {{(pid=64173) inner /opt/stack/data/venv/lib/python3.10/site-packages/oslo_concurrency/lockutils.py:423}}
Oct 16 18:31:13 user devstack@n-api.service[64173]: DEBUG nova.policy [None req-a88aea79-e5b4-49ec-9674-ba996d192692 tempest-VolumesAdminNegativeTest-1972822081 tempest-VolumesAdminNegativeTest-1972822081-project-member] Policy check for os_compute_api:os-extended-server-attributes failed with credentials {'is_admin': False, 'user_id': 'fc992e02d7424d11b144101559cbc8ef', 'user_domain_id': 'default', 'system_scope': None, 'domain_id': None, 'project_id': '42df518506b24ac5bedd9d75b15fa9b7', 'project_domain_id': 'default', 'roles': ['member', 'reader'], 'is_admin_project': True, 'service_user_id': None, 'service_user_domain_id': None, 'service_project_id': None, 'service_project_domain_id': None, 'service_roles': []} {{(pid=64173) authorize /opt/stack/nova/nova/policy.py:203}}
Oct 16 18:31:13 user devstack@n-api.service[64173]: INFO nova.api.openstack.requestlog [None req-a88aea79-e5b4-49ec-9674-ba996d192692 tempest-VolumesAdminNegativeTest-1972822081 tempest-VolumesAdminNegativeTest-1972822081-project-member] 10.0.0.210 "GET /compute/v2.1/servers/4daa6370-2cdf-4668-b66b-e10196377c9c" status: 200 len: 1667 microversion: 2.1 time: 0.417445
Oct 16 18:31:13 user devstack@n-api.service[64173]: [pid: 64173|app: 0|req: 127/384] 10.0.0.210 () {62 vars in 1313 bytes} [Mon Oct 16 18:31:13 2023] GET /compute/v2.1/servers/4daa6370-2cdf-4668-b66b-e10196377c9c => generated 1667 bytes in 420 msecs (HTTP/1.1 200) 9 headers in 358 bytes (1 switches on core 0)
Oct 16 18:31:13 user devstack@n-api.service[64175]: DEBUG dbcounter [-] [64175] Writing DB stats nova_cell0:SELECT=2 {{(pid=64175) stat_writer /opt/stack/data/venv/lib/python3.10/site-packages/dbcounter.py:115}}
Oct 16 18:31:13 user devstack@n-api.service[64175]: DEBUG nova.api.openstack.wsgi [req-650780fe-e333-4762-84f1-95a40a198921 req-c14b86c5-24aa-483d-ac54-57db5f0c6d9a service nova] Action: 'create', calling method: >, body: {"events": [{"server_uuid": "4daa6370-2cdf-4668-b66b-e10196377c9c", "name": "network-vif-unplugged", "status": "completed", "tag": "4d30f22d-4337-41a7-965d-f9c172049b00"}]} {{(pid=64175) _process_stack /opt/stack/nova/nova/api/openstack/wsgi.py:511}}
Oct 16 18:31:13 user devstack@n-api.service[64175]: DEBUG oslo_concurrency.lockutils [req-650780fe-e333-4762-84f1-95a40a198921 req-c14b86c5-24aa-483d-ac54-57db5f0c6d9a service nova] Acquiring lock "90a933af-ded4-4c32-85d5-8d96a3b270cf" by "nova.context.set_target_cell..get_or_set_cached_cell_and_set_connections" {{(pid=64175) inner /opt/stack/data/venv/lib/python3.10/site-packages/oslo_concurrency/lockutils.py:404}}
Oct 16 18:31:13 user devstack@n-api.service[64175]: DEBUG oslo_concurrency.lockutils [req-650780fe-e333-4762-84f1-95a40a198921 req-c14b86c5-24aa-483d-ac54-57db5f0c6d9a service nova] Lock "90a933af-ded4-4c32-85d5-8d96a3b270cf" acquired by "nova.context.set_target_cell..get_or_set_cached_cell_and_set_connections" :: waited 0.001s {{(pid=64175) inner /opt/stack/data/venv/lib/python3.10/site-packages/oslo_concurrency/lockutils.py:409}}
Oct 16 18:31:13 user devstack@n-api.service[64175]: DEBUG oslo_concurrency.lockutils [req-650780fe-e333-4762-84f1-95a40a198921 req-c14b86c5-24aa-483d-ac54-57db5f0c6d9a service nova] Lock "90a933af-ded4-4c32-85d5-8d96a3b270cf" "released" by "nova.context.set_target_cell..get_or_set_cached_cell_and_set_connections" :: held 0.000s {{(pid=64175) inner /opt/stack/data/venv/lib/python3.10/site-packages/oslo_concurrency/lockutils.py:423}}
Oct 16 18:31:13 user devstack@n-api.service[64175]: INFO nova.api.openstack.compute.server_external_events [req-650780fe-e333-4762-84f1-95a40a198921 req-c14b86c5-24aa-483d-ac54-57db5f0c6d9a service nova] Creating event network-vif-unplugged:4d30f22d-4337-41a7-965d-f9c172049b00 for instance 4daa6370-2cdf-4668-b66b-e10196377c9c on user
Oct 16 18:31:13 user devstack@n-api.service[64175]: INFO nova.api.openstack.requestlog [req-650780fe-e333-4762-84f1-95a40a198921 req-c14b86c5-24aa-483d-ac54-57db5f0c6d9a service nova] 10.0.0.210 "POST /compute/v2.1/os-server-external-events" status: 200 len: 185 microversion: 2.1 time: 0.054455
Oct 16 18:31:13 user devstack@n-api.service[64175]: [pid: 64175|app: 0|req: 128/385] 10.0.0.210 () {68 vars in 1394 bytes} [Mon Oct 16 18:31:13 2023] POST /compute/v2.1/os-server-external-events => generated 185 bytes in 57 msecs (HTTP/1.1 200) 9 headers in 357 bytes (1 switches on core 0)
Oct 16 18:31:15 user devstack@n-api.service[64174]: DEBUG nova.api.openstack.wsgi [req-857265bd-e8ba-4d83-a7a8-10f1adacbc3a req-1ea646ee-80de-4f88-a09b-6bde8bedb8fd service nova] Action: 'create', calling method: >, body: {"events": [{"server_uuid": "4daa6370-2cdf-4668-b66b-e10196377c9c", "name": "network-vif-deleted", "tag": "4d30f22d-4337-41a7-965d-f9c172049b00"}]} {{(pid=64174) _process_stack /opt/stack/nova/nova/api/openstack/wsgi.py:511}}
Oct 16 18:31:15 user devstack@n-api.service[64173]: DEBUG nova.api.openstack.wsgi [req-fb494b7d-13ff-4be2-b6d3-0255ee4a85c3 req-58abe789-7c38-40b6-b220-ea044e78b909 service nova] Action: 'create', calling method: >, body: {"events": [{"server_uuid": "4daa6370-2cdf-4668-b66b-e10196377c9c", "name": "network-vif-plugged", "status": "completed", "tag": "4d30f22d-4337-41a7-965d-f9c172049b00"}, {"server_uuid": "a686ee86-272c-47be-8801-9c1500af272f", "name": "network-vif-plugged", "status": "completed", "tag": "8cb168df-92d2-4ecc-946a-7d9075f75561"}, {"server_uuid": "a686ee86-272c-47be-8801-9c1500af272f", "name": "network-vif-plugged", "status": "completed", "tag": "8cb168df-92d2-4ecc-946a-7d9075f75561"}]} {{(pid=64173) _process_stack /opt/stack/nova/nova/api/openstack/wsgi.py:511}}
Oct 16 18:31:15 user devstack@n-api.service[64174]: DEBUG oslo_concurrency.lockutils [req-857265bd-e8ba-4d83-a7a8-10f1adacbc3a req-1ea646ee-80de-4f88-a09b-6bde8bedb8fd service nova] Acquiring lock "90a933af-ded4-4c32-85d5-8d96a3b270cf" by "nova.context.set_target_cell..get_or_set_cached_cell_and_set_connections" {{(pid=64174) inner /opt/stack/data/venv/lib/python3.10/site-packages/oslo_concurrency/lockutils.py:404}}
Oct 16 18:31:15 user devstack@n-api.service[64174]: DEBUG oslo_concurrency.lockutils [req-857265bd-e8ba-4d83-a7a8-10f1adacbc3a req-1ea646ee-80de-4f88-a09b-6bde8bedb8fd service nova] Lock "90a933af-ded4-4c32-85d5-8d96a3b270cf" acquired by "nova.context.set_target_cell..get_or_set_cached_cell_and_set_connections" :: waited 0.002s {{(pid=64174) inner /opt/stack/data/venv/lib/python3.10/site-packages/oslo_concurrency/lockutils.py:409}}
Oct 16 18:31:15 user devstack@n-api.service[64174]: DEBUG oslo_concurrency.lockutils [req-857265bd-e8ba-4d83-a7a8-10f1adacbc3a req-1ea646ee-80de-4f88-a09b-6bde8bedb8fd service nova] Lock "90a933af-ded4-4c32-85d5-8d96a3b270cf" "released" by "nova.context.set_target_cell..get_or_set_cached_cell_and_set_connections" :: held 0.000s {{(pid=64174) inner /opt/stack/data/venv/lib/python3.10/site-packages/oslo_concurrency/lockutils.py:423}}
Oct 16 18:31:16 user devstack@n-api.service[64173]: DEBUG oslo_concurrency.lockutils [req-fb494b7d-13ff-4be2-b6d3-0255ee4a85c3 req-58abe789-7c38-40b6-b220-ea044e78b909 service nova] Acquiring lock "90a933af-ded4-4c32-85d5-8d96a3b270cf" by "nova.context.set_target_cell..get_or_set_cached_cell_and_set_connections" {{(pid=64173) inner /opt/stack/data/venv/lib/python3.10/site-packages/oslo_concurrency/lockutils.py:404}}
Oct 16 18:31:16 user devstack@n-api.service[64173]: DEBUG oslo_concurrency.lockutils [req-fb494b7d-13ff-4be2-b6d3-0255ee4a85c3 req-58abe789-7c38-40b6-b220-ea044e78b909 service nova] Lock "90a933af-ded4-4c32-85d5-8d96a3b270cf" acquired by "nova.context.set_target_cell..get_or_set_cached_cell_and_set_connections" :: waited 0.001s {{(pid=64173) inner /opt/stack/data/venv/lib/python3.10/site-packages/oslo_concurrency/lockutils.py:409}}
Oct 16 18:31:16 user devstack@n-api.service[64173]: DEBUG oslo_concurrency.lockutils [req-fb494b7d-13ff-4be2-b6d3-0255ee4a85c3 req-58abe789-7c38-40b6-b220-ea044e78b909 service nova] Lock "90a933af-ded4-4c32-85d5-8d96a3b270cf" "released" by "nova.context.set_target_cell..get_or_set_cached_cell_and_set_connections" :: held 0.001s {{(pid=64173) inner /opt/stack/data/venv/lib/python3.10/site-packages/oslo_concurrency/lockutils.py:423}}
Oct 16 18:31:16 user devstack@n-api.service[64174]: INFO nova.api.openstack.compute.server_external_events [req-857265bd-e8ba-4d83-a7a8-10f1adacbc3a req-1ea646ee-80de-4f88-a09b-6bde8bedb8fd service nova] Creating event network-vif-deleted:4d30f22d-4337-41a7-965d-f9c172049b00 for instance 4daa6370-2cdf-4668-b66b-e10196377c9c on user
Oct 16 18:31:16 user devstack@n-api.service[64174]: INFO nova.api.openstack.requestlog [req-857265bd-e8ba-4d83-a7a8-10f1adacbc3a req-1ea646ee-80de-4f88-a09b-6bde8bedb8fd service nova] 10.0.0.210 "POST /compute/v2.1/os-server-external-events" status: 200 len: 183 microversion: 2.1 time: 0.062572
Oct 16 18:31:16 user devstack@n-api.service[64174]: [pid: 64174|app: 0|req: 131/386] 10.0.0.210 () {68 vars in 1394 bytes} [Mon Oct 16 18:31:15 2023] POST /compute/v2.1/os-server-external-events => generated 183 bytes in 64 msecs (HTTP/1.1 200) 9 headers in 357 bytes (1 switches on core 0)
Oct 16 18:31:16 user devstack@n-api.service[64173]: INFO nova.api.openstack.compute.server_external_events [req-fb494b7d-13ff-4be2-b6d3-0255ee4a85c3 req-58abe789-7c38-40b6-b220-ea044e78b909 service nova] Creating event network-vif-plugged:4d30f22d-4337-41a7-965d-f9c172049b00 for instance 4daa6370-2cdf-4668-b66b-e10196377c9c on user
Oct 16 18:31:16 user devstack@n-api.service[64173]: INFO nova.api.openstack.compute.server_external_events [req-fb494b7d-13ff-4be2-b6d3-0255ee4a85c3 req-58abe789-7c38-40b6-b220-ea044e78b909 service nova] Creating event network-vif-plugged:8cb168df-92d2-4ecc-946a-7d9075f75561 for instance a686ee86-272c-47be-8801-9c1500af272f on user
Oct 16 18:31:16 user devstack@n-api.service[64173]: INFO nova.api.openstack.compute.server_external_events [req-fb494b7d-13ff-4be2-b6d3-0255ee4a85c3 req-58abe789-7c38-40b6-b220-ea044e78b909 service nova] Creating event network-vif-plugged:8cb168df-92d2-4ecc-946a-7d9075f75561 for instance a686ee86-272c-47be-8801-9c1500af272f on user
Oct 16 18:31:16 user devstack@n-api.service[64173]: DEBUG nova.compute.api [req-fb494b7d-13ff-4be2-b6d3-0255ee4a85c3 req-58abe789-7c38-40b6-b220-ea044e78b909 service nova] Instance a686ee86-272c-47be-8801-9c1500af272f is migrating within the same cell, copying events to all relevant hosts: {'user'} {{(pid=64173) _get_relevant_hosts /opt/stack/nova/nova/compute/api.py:5994}}
Oct 16 18:31:16 user devstack@n-api.service[64173]: INFO nova.api.openstack.requestlog [req-fb494b7d-13ff-4be2-b6d3-0255ee4a85c3 req-58abe789-7c38-40b6-b220-ea044e78b909 service nova] 10.0.0.210 "POST /compute/v2.1/os-server-external-events" status: 200 len: 525 microversion: 2.1 time: 0.058875
Oct 16 18:31:16 user devstack@n-api.service[64173]: [pid: 64173|app: 0|req: 128/387] 10.0.0.210 () {68 vars in 1394 bytes} [Mon Oct 16 18:31:15 2023] POST /compute/v2.1/os-server-external-events => generated 525 bytes in 61 msecs (HTTP/1.1 200) 9 headers in 357 bytes (1 switches on core 0)
Oct 16 18:31:18 user devstack@n-api.service[64175]: DEBUG nova.api.openstack.wsgi [req-7ed94c68-7e10-48f6-80b3-f4a7115ede87 req-a720edf1-c217-4a52-b6c4-6098ef46a99f service nova] Action: 'create', calling method: >, body: {"events": [{"server_uuid": "7fa3da6f-ba9f-4752-901a-933427fcbda8", "name": "network-vif-plugged", "status": "completed", "tag": "a4ea7e01-7ec8-4ad3-ab1b-3b4a7a4ecb11"}]} {{(pid=64175) _process_stack /opt/stack/nova/nova/api/openstack/wsgi.py:511}}
Oct 16 18:31:18 user devstack@n-api.service[64175]: DEBUG oslo_concurrency.lockutils [req-7ed94c68-7e10-48f6-80b3-f4a7115ede87 req-a720edf1-c217-4a52-b6c4-6098ef46a99f service nova] Acquiring lock "90a933af-ded4-4c32-85d5-8d96a3b270cf" by "nova.context.set_target_cell..get_or_set_cached_cell_and_set_connections" {{(pid=64175) inner /opt/stack/data/venv/lib/python3.10/site-packages/oslo_concurrency/lockutils.py:404}}
Oct 16 18:31:18 user devstack@n-api.service[64175]: DEBUG oslo_concurrency.lockutils [req-7ed94c68-7e10-48f6-80b3-f4a7115ede87 req-a720edf1-c217-4a52-b6c4-6098ef46a99f service nova] Lock "90a933af-ded4-4c32-85d5-8d96a3b270cf" acquired by "nova.context.set_target_cell..get_or_set_cached_cell_and_set_connections" :: waited 0.001s {{(pid=64175) inner /opt/stack/data/venv/lib/python3.10/site-packages/oslo_concurrency/lockutils.py:409}}
Oct 16 18:31:18 user devstack@n-api.service[64175]: DEBUG oslo_concurrency.lockutils [req-7ed94c68-7e10-48f6-80b3-f4a7115ede87 req-a720edf1-c217-4a52-b6c4-6098ef46a99f service nova] Lock "90a933af-ded4-4c32-85d5-8d96a3b270cf" "released" by "nova.context.set_target_cell..get_or_set_cached_cell_and_set_connections" :: held 0.001s {{(pid=64175) inner /opt/stack/data/venv/lib/python3.10/site-packages/oslo_concurrency/lockutils.py:423}}
Oct 16 18:31:18 user devstack@n-api.service[64175]: INFO nova.api.openstack.compute.server_external_events [req-7ed94c68-7e10-48f6-80b3-f4a7115ede87 req-a720edf1-c217-4a52-b6c4-6098ef46a99f service nova] Creating event network-vif-plugged:a4ea7e01-7ec8-4ad3-ab1b-3b4a7a4ecb11 for instance 7fa3da6f-ba9f-4752-901a-933427fcbda8 on user
Oct 16 18:31:18 user devstack@n-api.service[64175]: INFO nova.api.openstack.requestlog [req-7ed94c68-7e10-48f6-80b3-f4a7115ede87 req-a720edf1-c217-4a52-b6c4-6098ef46a99f service nova] 10.0.0.210 "POST /compute/v2.1/os-server-external-events" status: 200 len: 183 microversion: 2.1 time: 0.058758
Oct 16 18:31:18 user devstack@n-api.service[64175]: [pid: 64175|app: 0|req: 129/388] 10.0.0.210 () {68 vars in 1394 bytes} [Mon Oct 16 18:31:18 2023] POST /compute/v2.1/os-server-external-events => generated 183 bytes in 61 msecs (HTTP/1.1 200) 9 headers in 357 bytes (1 switches on core 0)
Oct 16 18:31:18 user devstack@n-api.service[64174]: DEBUG nova.api.openstack.wsgi [req-66232380-1aa9-43be-833b-0c684afde836 req-82a69bdc-b27d-4ca4-b24f-e21144370480 service nova] Action: 'create', calling method: >, body: {"events": [{"server_uuid": "7fa3da6f-ba9f-4752-901a-933427fcbda8", "name": "network-vif-plugged", "status": "completed", "tag": "40eb3a07-e825-44ad-9077-c1880b1e8768"}]} {{(pid=64174) _process_stack /opt/stack/nova/nova/api/openstack/wsgi.py:511}}
Oct 16 18:31:18 user devstack@n-api.service[64174]: DEBUG oslo_concurrency.lockutils [req-66232380-1aa9-43be-833b-0c684afde836 req-82a69bdc-b27d-4ca4-b24f-e21144370480 service nova] Acquiring lock "90a933af-ded4-4c32-85d5-8d96a3b270cf" by "nova.context.set_target_cell..get_or_set_cached_cell_and_set_connections" {{(pid=64174) inner /opt/stack/data/venv/lib/python3.10/site-packages/oslo_concurrency/lockutils.py:404}}
Oct 16 18:31:18 user devstack@n-api.service[64174]: DEBUG oslo_concurrency.lockutils [req-66232380-1aa9-43be-833b-0c684afde836 req-82a69bdc-b27d-4ca4-b24f-e21144370480 service nova] Lock "90a933af-ded4-4c32-85d5-8d96a3b270cf" acquired by "nova.context.set_target_cell..get_or_set_cached_cell_and_set_connections" :: waited 0.001s {{(pid=64174) inner /opt/stack/data/venv/lib/python3.10/site-packages/oslo_concurrency/lockutils.py:409}}
Oct 16 18:31:18 user devstack@n-api.service[64174]: DEBUG oslo_concurrency.lockutils [req-66232380-1aa9-43be-833b-0c684afde836 req-82a69bdc-b27d-4ca4-b24f-e21144370480 service nova] Lock "90a933af-ded4-4c32-85d5-8d96a3b270cf" "released" by "nova.context.set_target_cell..get_or_set_cached_cell_and_set_connections" :: held 0.002s {{(pid=64174) inner /opt/stack/data/venv/lib/python3.10/site-packages/oslo_concurrency/lockutils.py:423}}
Oct 16 18:31:18 user devstack@n-api.service[64174]: INFO nova.api.openstack.compute.server_external_events [req-66232380-1aa9-43be-833b-0c684afde836 req-82a69bdc-b27d-4ca4-b24f-e21144370480 service nova] Creating event network-vif-plugged:40eb3a07-e825-44ad-9077-c1880b1e8768 for instance 7fa3da6f-ba9f-4752-901a-933427fcbda8 on user
Oct 16 18:31:18 user devstack@n-api.service[64174]: INFO nova.api.openstack.requestlog [req-66232380-1aa9-43be-833b-0c684afde836 req-82a69bdc-b27d-4ca4-b24f-e21144370480 service nova] 10.0.0.210 "POST /compute/v2.1/os-server-external-events" status: 200 len: 183 microversion: 2.1 time: 0.067377
Oct 16 18:31:18 user devstack@n-api.service[64174]: [pid: 64174|app: 0|req: 132/389] 10.0.0.210 () {68 vars in 1394 bytes} [Mon Oct 16 18:31:18 2023] POST /compute/v2.1/os-server-external-events => generated 183 bytes in 70 msecs (HTTP/1.1 200) 9 headers in 357 bytes (1 switches on core 0)
Oct 16 18:31:20 user devstack@n-api.service[64173]: DEBUG nova.api.openstack.wsgi [req-c1dd1955-77cd-4ce2-882b-6e8bd00ef721 req-4c35db72-f0f4-4941-9f6d-7ab11d7aae0a service nova] Action: 'create', calling method: >, body: {"events": [{"server_uuid": "7fa3da6f-ba9f-4752-901a-933427fcbda8", "name": "network-vif-plugged", "status": "completed", "tag": "40eb3a07-e825-44ad-9077-c1880b1e8768"}, {"server_uuid": "7fa3da6f-ba9f-4752-901a-933427fcbda8", "name": "network-vif-plugged", "status": "completed", "tag": "2813ff58-0b02-4da1-8774-ad7452da7d78"}, {"server_uuid": "7fa3da6f-ba9f-4752-901a-933427fcbda8", "name": "network-vif-plugged", "status": "completed", "tag": "2813ff58-0b02-4da1-8774-ad7452da7d78"}, {"server_uuid": "7fa3da6f-ba9f-4752-901a-933427fcbda8", "name": "network-vif-plugged", "status": "completed", "tag": "a815917f-f1ec-48f2-b272-97bf2ad1d6cd"}, {"server_uuid": "7fa3da6f-ba9f-4752-901a-933427fcbda8", "name": "network-vif-plugged", "status": "completed", "tag": "a815917f-f1ec-48f2-b272-97bf2ad1d6cd"}]} {{(pid=64173) _process_stack /opt/stack/nova/nova/api/openstack/wsgi.py:511}}
Oct 16 18:31:20 user devstack@n-api.service[64173]: DEBUG oslo_concurrency.lockutils [req-c1dd1955-77cd-4ce2-882b-6e8bd00ef721 req-4c35db72-f0f4-4941-9f6d-7ab11d7aae0a service nova] Acquiring lock "90a933af-ded4-4c32-85d5-8d96a3b270cf" by "nova.context.set_target_cell..get_or_set_cached_cell_and_set_connections" {{(pid=64173) inner /opt/stack/data/venv/lib/python3.10/site-packages/oslo_concurrency/lockutils.py:404}}
Oct 16 18:31:20 user devstack@n-api.service[64173]: DEBUG oslo_concurrency.lockutils [req-c1dd1955-77cd-4ce2-882b-6e8bd00ef721 req-4c35db72-f0f4-4941-9f6d-7ab11d7aae0a service nova] Lock "90a933af-ded4-4c32-85d5-8d96a3b270cf" acquired by "nova.context.set_target_cell..get_or_set_cached_cell_and_set_connections" :: waited 0.007s {{(pid=64173) inner /opt/stack/data/venv/lib/python3.10/site-packages/oslo_concurrency/lockutils.py:409}}
Oct 16 18:31:20 user devstack@n-api.service[64173]: DEBUG oslo_concurrency.lockutils [req-c1dd1955-77cd-4ce2-882b-6e8bd00ef721 req-4c35db72-f0f4-4941-9f6d-7ab11d7aae0a service nova] Lock "90a933af-ded4-4c32-85d5-8d96a3b270cf" "released" by "nova.context.set_target_cell..get_or_set_cached_cell_and_set_connections" :: held 0.001s {{(pid=64173) inner /opt/stack/data/venv/lib/python3.10/site-packages/oslo_concurrency/lockutils.py:423}}
Oct 16 18:31:20 user devstack@n-api.service[64175]: DEBUG nova.api.openstack.wsgi [req-7f29ffb0-93f5-40c1-8140-17bd7178f7a2 req-d37695bf-506e-4aa9-adb6-5b24b8326f60 service nova] Action: 'create', calling method: >, body: {"events": [{"server_uuid": "7fa3da6f-ba9f-4752-901a-933427fcbda8", "name": "network-vif-plugged", "status": "completed", "tag": "a4ea7e01-7ec8-4ad3-ab1b-3b4a7a4ecb11"}, {"server_uuid": "7fa3da6f-ba9f-4752-901a-933427fcbda8", "name": "network-vif-plugged", "status": "completed", "tag": "1dbd4bf3-bf9b-4e53-8b0c-1af92debf0ec"}, {"server_uuid": "7fa3da6f-ba9f-4752-901a-933427fcbda8", "name": "network-vif-plugged", "status": "completed", "tag": "1dbd4bf3-bf9b-4e53-8b0c-1af92debf0ec"}, {"server_uuid": "7fa3da6f-ba9f-4752-901a-933427fcbda8", "name": "network-vif-plugged", "status": "completed", "tag": "2f9f5274-68ee-4fad-9486-6e2e9d3d4ec5"}]} {{(pid=64175) _process_stack /opt/stack/nova/nova/api/openstack/wsgi.py:511}}
Oct 16 18:31:20 user devstack@n-api.service[64173]: INFO nova.api.openstack.compute.server_external_events [req-c1dd1955-77cd-4ce2-882b-6e8bd00ef721 req-4c35db72-f0f4-4941-9f6d-7ab11d7aae0a service nova] Creating event network-vif-plugged:40eb3a07-e825-44ad-9077-c1880b1e8768 for instance 7fa3da6f-ba9f-4752-901a-933427fcbda8 on user
Oct 16 18:31:20 user devstack@n-api.service[64173]: INFO nova.api.openstack.compute.server_external_events [req-c1dd1955-77cd-4ce2-882b-6e8bd00ef721 req-4c35db72-f0f4-4941-9f6d-7ab11d7aae0a service nova] Creating event network-vif-plugged:2813ff58-0b02-4da1-8774-ad7452da7d78 for instance 7fa3da6f-ba9f-4752-901a-933427fcbda8 on user
Oct 16 18:31:20 user devstack@n-api.service[64173]: INFO nova.api.openstack.compute.server_external_events [req-c1dd1955-77cd-4ce2-882b-6e8bd00ef721 req-4c35db72-f0f4-4941-9f6d-7ab11d7aae0a service nova] Creating event network-vif-plugged:2813ff58-0b02-4da1-8774-ad7452da7d78 for instance 7fa3da6f-ba9f-4752-901a-933427fcbda8 on user
Oct 16 18:31:20 user devstack@n-api.service[64173]: INFO nova.api.openstack.compute.server_external_events [req-c1dd1955-77cd-4ce2-882b-6e8bd00ef721 req-4c35db72-f0f4-4941-9f6d-7ab11d7aae0a service nova] Creating event network-vif-plugged:a815917f-f1ec-48f2-b272-97bf2ad1d6cd for instance 7fa3da6f-ba9f-4752-901a-933427fcbda8 on user
Oct 16 18:31:20 user devstack@n-api.service[64173]: INFO nova.api.openstack.compute.server_external_events [req-c1dd1955-77cd-4ce2-882b-6e8bd00ef721 req-4c35db72-f0f4-4941-9f6d-7ab11d7aae0a service nova] Creating event network-vif-plugged:a815917f-f1ec-48f2-b272-97bf2ad1d6cd for instance 7fa3da6f-ba9f-4752-901a-933427fcbda8 on user
Oct 16 18:31:20 user devstack@n-api.service[64175]: DEBUG oslo_concurrency.lockutils [req-7f29ffb0-93f5-40c1-8140-17bd7178f7a2 req-d37695bf-506e-4aa9-adb6-5b24b8326f60 service nova] Acquiring lock "90a933af-ded4-4c32-85d5-8d96a3b270cf" by "nova.context.set_target_cell..get_or_set_cached_cell_and_set_connections" {{(pid=64175) inner /opt/stack/data/venv/lib/python3.10/site-packages/oslo_concurrency/lockutils.py:404}}
Oct 16 18:31:20 user devstack@n-api.service[64175]: DEBUG oslo_concurrency.lockutils [req-7f29ffb0-93f5-40c1-8140-17bd7178f7a2 req-d37695bf-506e-4aa9-adb6-5b24b8326f60 service nova] Lock "90a933af-ded4-4c32-85d5-8d96a3b270cf" acquired by "nova.context.set_target_cell..get_or_set_cached_cell_and_set_connections" :: waited 0.002s {{(pid=64175) inner /opt/stack/data/venv/lib/python3.10/site-packages/oslo_concurrency/lockutils.py:409}}
Oct 16 18:31:20 user devstack@n-api.service[64175]: DEBUG oslo_concurrency.lockutils [req-7f29ffb0-93f5-40c1-8140-17bd7178f7a2 req-d37695bf-506e-4aa9-adb6-5b24b8326f60 service nova] Lock "90a933af-ded4-4c32-85d5-8d96a3b270cf" "released" by "nova.context.set_target_cell..get_or_set_cached_cell_and_set_connections" :: held 0.001s {{(pid=64175) inner /opt/stack/data/venv/lib/python3.10/site-packages/oslo_concurrency/lockutils.py:423}}
Oct 16 18:31:20 user devstack@n-api.service[64173]: INFO nova.api.openstack.requestlog [req-c1dd1955-77cd-4ce2-882b-6e8bd00ef721 req-4c35db72-f0f4-4941-9f6d-7ab11d7aae0a service nova] 10.0.0.210 "POST /compute/v2.1/os-server-external-events" status: 200 len: 867 microversion: 2.1 time: 0.110389
Oct 16 18:31:20 user devstack@n-api.service[64173]: [pid: 64173|app: 0|req: 129/390] 10.0.0.210 () {68 vars in 1394 bytes} [Mon Oct 16 18:31:20 2023] POST /compute/v2.1/os-server-external-events => generated 867 bytes in 114 msecs (HTTP/1.1 200) 9 headers in 357 bytes (1 switches on core 0)
Oct 16 18:31:20 user devstack@n-api.service[64175]: INFO nova.api.openstack.compute.server_external_events [req-7f29ffb0-93f5-40c1-8140-17bd7178f7a2 req-d37695bf-506e-4aa9-adb6-5b24b8326f60 service nova] Creating event network-vif-plugged:a4ea7e01-7ec8-4ad3-ab1b-3b4a7a4ecb11 for instance 7fa3da6f-ba9f-4752-901a-933427fcbda8 on user
Oct 16 18:31:20 user devstack@n-api.service[64175]: INFO nova.api.openstack.compute.server_external_events [req-7f29ffb0-93f5-40c1-8140-17bd7178f7a2 req-d37695bf-506e-4aa9-adb6-5b24b8326f60 service nova] Creating event network-vif-plugged:1dbd4bf3-bf9b-4e53-8b0c-1af92debf0ec for instance 7fa3da6f-ba9f-4752-901a-933427fcbda8 on user
Oct 16 18:31:20 user devstack@n-api.service[64175]: INFO nova.api.openstack.compute.server_external_events [req-7f29ffb0-93f5-40c1-8140-17bd7178f7a2 req-d37695bf-506e-4aa9-adb6-5b24b8326f60 service nova] Creating event network-vif-plugged:1dbd4bf3-bf9b-4e53-8b0c-1af92debf0ec for instance 7fa3da6f-ba9f-4752-901a-933427fcbda8 on user
Oct 16 18:31:20 user devstack@n-api.service[64175]: INFO nova.api.openstack.compute.server_external_events [req-7f29ffb0-93f5-40c1-8140-17bd7178f7a2 req-d37695bf-506e-4aa9-adb6-5b24b8326f60 service nova] Creating event network-vif-plugged:2f9f5274-68ee-4fad-9486-6e2e9d3d4ec5 for instance 7fa3da6f-ba9f-4752-901a-933427fcbda8 on user
Oct 16 18:31:20 user devstack@n-api.service[64175]: INFO nova.api.openstack.requestlog [req-7f29ffb0-93f5-40c1-8140-17bd7178f7a2 req-d37695bf-506e-4aa9-adb6-5b24b8326f60 service nova] 10.0.0.210 "POST /compute/v2.1/os-server-external-events" status: 200 len: 696 microversion: 2.1 time: 0.062621
Oct 16 18:31:20 user devstack@n-api.service[64175]: [pid: 64175|app: 0|req: 130/391] 10.0.0.210 () {68 vars in 1394 bytes} [Mon Oct 16 18:31:20 2023] POST /compute/v2.1/os-server-external-events => generated 696 bytes in 73 msecs (HTTP/1.1 200) 9 headers in 357 bytes (1 switches on core 0)
Oct 16 18:31:21 user devstack@n-api.service[64174]: DEBUG nova.api.openstack.wsgi [None req-46a0ed89-ccf4-4bef-a7ba-019a082d5c3b tempest-TaggedBootDevicesTest_v242-758290026 tempest-TaggedBootDevicesTest_v242-758290026-project-member] Calling method '>' {{(pid=64174) _process_stack /opt/stack/nova/nova/api/openstack/wsgi.py:513}}
Oct 16 18:31:21 user devstack@n-api.service[64174]: DEBUG nova.compute.api [None req-46a0ed89-ccf4-4bef-a7ba-019a082d5c3b tempest-TaggedBootDevicesTest_v242-758290026 tempest-TaggedBootDevicesTest_v242-758290026-project-member] [instance: 7fa3da6f-ba9f-4752-901a-933427fcbda8] Fetching instance by UUID {{(pid=64174) get /opt/stack/nova/nova/compute/api.py:2978}}
Oct 16 18:31:21 user devstack@n-api.service[64174]: DEBUG oslo_concurrency.lockutils [None req-46a0ed89-ccf4-4bef-a7ba-019a082d5c3b tempest-TaggedBootDevicesTest_v242-758290026 tempest-TaggedBootDevicesTest_v242-758290026-project-member] Acquiring lock "90a933af-ded4-4c32-85d5-8d96a3b270cf" by "nova.context.set_target_cell..get_or_set_cached_cell_and_set_connections" {{(pid=64174) inner /opt/stack/data/venv/lib/python3.10/site-packages/oslo_concurrency/lockutils.py:404}}
Oct 16 18:31:21 user devstack@n-api.service[64174]: DEBUG oslo_concurrency.lockutils [None req-46a0ed89-ccf4-4bef-a7ba-019a082d5c3b tempest-TaggedBootDevicesTest_v242-758290026 tempest-TaggedBootDevicesTest_v242-758290026-project-member] Lock "90a933af-ded4-4c32-85d5-8d96a3b270cf" acquired by "nova.context.set_target_cell..get_or_set_cached_cell_and_set_connections" :: waited 0.001s {{(pid=64174) inner /opt/stack/data/venv/lib/python3.10/site-packages/oslo_concurrency/lockutils.py:409}}
Oct 16 18:31:21 user devstack@n-api.service[64174]: DEBUG oslo_concurrency.lockutils [None req-46a0ed89-ccf4-4bef-a7ba-019a082d5c3b tempest-TaggedBootDevicesTest_v242-758290026 tempest-TaggedBootDevicesTest_v242-758290026-project-member] Lock "90a933af-ded4-4c32-85d5-8d96a3b270cf" "released" by "nova.context.set_target_cell..get_or_set_cached_cell_and_set_connections" :: held 0.001s {{(pid=64174) inner /opt/stack/data/venv/lib/python3.10/site-packages/oslo_concurrency/lockutils.py:423}}
Oct 16 18:31:21 user devstack@n-api.service[64174]: DEBUG oslo_concurrency.lockutils [None req-46a0ed89-ccf4-4bef-a7ba-019a082d5c3b tempest-TaggedBootDevicesTest_v242-758290026 tempest-TaggedBootDevicesTest_v242-758290026-project-member] Acquiring lock "90a933af-ded4-4c32-85d5-8d96a3b270cf" by "nova.context.set_target_cell..get_or_set_cached_cell_and_set_connections" {{(pid=64174) inner /opt/stack/data/venv/lib/python3.10/site-packages/oslo_concurrency/lockutils.py:404}}
Oct 16 18:31:21 user devstack@n-api.service[64174]: DEBUG oslo_concurrency.lockutils [None req-46a0ed89-ccf4-4bef-a7ba-019a082d5c3b tempest-TaggedBootDevicesTest_v242-758290026 tempest-TaggedBootDevicesTest_v242-758290026-project-member] Lock "90a933af-ded4-4c32-85d5-8d96a3b270cf" acquired by "nova.context.set_target_cell..get_or_set_cached_cell_and_set_connections" :: waited 0.000s {{(pid=64174) inner /opt/stack/data/venv/lib/python3.10/site-packages/oslo_concurrency/lockutils.py:409}}
Oct 16 18:31:21 user devstack@n-api.service[64174]: DEBUG oslo_concurrency.lockutils [None req-46a0ed89-ccf4-4bef-a7ba-019a082d5c3b tempest-TaggedBootDevicesTest_v242-758290026 tempest-TaggedBootDevicesTest_v242-758290026-project-member] Lock "90a933af-ded4-4c32-85d5-8d96a3b270cf" "released" by "nova.context.set_target_cell..get_or_set_cached_cell_and_set_connections" :: held 0.000s {{(pid=64174) inner /opt/stack/data/venv/lib/python3.10/site-packages/oslo_concurrency/lockutils.py:423}}
Oct 16 18:31:21 user devstack@n-api.service[64174]: DEBUG nova.policy [None req-46a0ed89-ccf4-4bef-a7ba-019a082d5c3b tempest-TaggedBootDevicesTest_v242-758290026 tempest-TaggedBootDevicesTest_v242-758290026-project-member] Policy check for os_compute_api:os-extended-server-attributes failed with credentials {'is_admin': False, 'user_id': 'e7ccba53dfe84ade9e0ce346b9eb3420', 'user_domain_id': 'default', 'system_scope': None, 'domain_id': None, 'project_id': 'b90038686fba435a8e52f00df40b3ebb', 'project_domain_id': 'default', 'roles': ['member', 'reader'], 'is_admin_project': True, 'service_user_id': None, 'service_user_domain_id': None, 'service_project_id': None, 'service_project_domain_id': None, 'service_roles': []} {{(pid=64174) authorize /opt/stack/nova/nova/policy.py:203}}
Oct 16 18:31:21 user devstack@n-api.service[64174]: DEBUG nova.policy [None req-46a0ed89-ccf4-4bef-a7ba-019a082d5c3b tempest-TaggedBootDevicesTest_v242-758290026 tempest-TaggedBootDevicesTest_v242-758290026-project-member] Policy check for os_compute_api:servers:show:host_status failed with credentials {'is_admin': False, 'user_id': 'e7ccba53dfe84ade9e0ce346b9eb3420', 'user_domain_id': 'default', 'system_scope': None, 'domain_id': None, 'project_id': 'b90038686fba435a8e52f00df40b3ebb', 'project_domain_id': 'default', 'roles': ['member', 'reader'], 'is_admin_project': True, 'service_user_id': None, 'service_user_domain_id': None, 'service_project_id': None, 'service_project_domain_id': None, 'service_roles': []} {{(pid=64174) authorize /opt/stack/nova/nova/policy.py:203}}
Oct 16 18:31:21 user devstack@n-api.service[64174]: DEBUG nova.policy [None req-46a0ed89-ccf4-4bef-a7ba-019a082d5c3b tempest-TaggedBootDevicesTest_v242-758290026 tempest-TaggedBootDevicesTest_v242-758290026-project-member] Policy check for os_compute_api:servers:show:host_status:unknown-only failed with credentials {'is_admin': False, 'user_id': 'e7ccba53dfe84ade9e0ce346b9eb3420', 'user_domain_id': 'default', 'system_scope': None, 'domain_id': None, 'project_id': 'b90038686fba435a8e52f00df40b3ebb', 'project_domain_id': 'default', 'roles': ['member', 'reader'], 'is_admin_project': True, 'service_user_id': None, 'service_user_domain_id': None, 'service_project_id': None, 'service_project_domain_id': None, 'service_roles': []} {{(pid=64174) authorize /opt/stack/nova/nova/policy.py:203}}
Oct 16 18:31:21 user devstack@n-api.service[64174]: INFO nova.api.openstack.requestlog [None req-46a0ed89-ccf4-4bef-a7ba-019a082d5c3b tempest-TaggedBootDevicesTest_v242-758290026 tempest-TaggedBootDevicesTest_v242-758290026-project-member] 10.0.0.210 "GET /compute/v2.1/servers/7fa3da6f-ba9f-4752-901a-933427fcbda8" status: 200 len: 1867 microversion: 2.42 time: 0.639651
Oct 16 18:31:21 user devstack@n-api.service[64174]: [pid: 64174|app: 0|req: 133/392] 10.0.0.210 () {64 vars in 1354 bytes} [Mon Oct 16 18:31:21 2023] GET /compute/v2.1/servers/7fa3da6f-ba9f-4752-901a-933427fcbda8 => generated 1867 bytes in 642 msecs (HTTP/1.1 200) 9 headers in 360 bytes (1 switches on core 0)
Oct 16 18:31:22 user devstack@n-api.service[64173]: DEBUG nova.api.openstack.wsgi [req-76c4991c-9659-4217-82dc-f6d4d2d8192a req-27650f40-0896-4971-a016-bfe81dc628cf service nova] Action: 'create', calling method: >, body: {"events": [{"server_uuid": "7fa3da6f-ba9f-4752-901a-933427fcbda8", "name": "network-vif-plugged", "status": "completed", "tag": "23684bac-dba0-4fdd-80d3-750ed2a77731"}, {"server_uuid": "7fa3da6f-ba9f-4752-901a-933427fcbda8", "name": "network-vif-plugged", "status": "completed", "tag": "23684bac-dba0-4fdd-80d3-750ed2a77731"}]} {{(pid=64173) _process_stack /opt/stack/nova/nova/api/openstack/wsgi.py:511}}
Oct 16 18:31:22 user devstack@n-api.service[64173]: DEBUG oslo_concurrency.lockutils [req-76c4991c-9659-4217-82dc-f6d4d2d8192a req-27650f40-0896-4971-a016-bfe81dc628cf service nova] Acquiring lock "90a933af-ded4-4c32-85d5-8d96a3b270cf" by "nova.context.set_target_cell..get_or_set_cached_cell_and_set_connections" {{(pid=64173) inner /opt/stack/data/venv/lib/python3.10/site-packages/oslo_concurrency/lockutils.py:404}}
Oct 16 18:31:22 user devstack@n-api.service[64173]: DEBUG oslo_concurrency.lockutils [req-76c4991c-9659-4217-82dc-f6d4d2d8192a req-27650f40-0896-4971-a016-bfe81dc628cf service nova] Lock "90a933af-ded4-4c32-85d5-8d96a3b270cf" acquired by "nova.context.set_target_cell..get_or_set_cached_cell_and_set_connections" :: waited 0.001s {{(pid=64173) inner /opt/stack/data/venv/lib/python3.10/site-packages/oslo_concurrency/lockutils.py:409}}
Oct 16 18:31:22 user devstack@n-api.service[64173]: DEBUG oslo_concurrency.lockutils [req-76c4991c-9659-4217-82dc-f6d4d2d8192a req-27650f40-0896-4971-a016-bfe81dc628cf service nova] Lock "90a933af-ded4-4c32-85d5-8d96a3b270cf" "released" by "nova.context.set_target_cell..get_or_set_cached_cell_and_set_connections" :: held 0.000s {{(pid=64173) inner /opt/stack/data/venv/lib/python3.10/site-packages/oslo_concurrency/lockutils.py:423}}
Oct 16 18:31:22 user devstack@n-api.service[64173]: INFO nova.api.openstack.compute.server_external_events [req-76c4991c-9659-4217-82dc-f6d4d2d8192a req-27650f40-0896-4971-a016-bfe81dc628cf service nova] Creating event network-vif-plugged:23684bac-dba0-4fdd-80d3-750ed2a77731 for instance 7fa3da6f-ba9f-4752-901a-933427fcbda8 on user
Oct 16 18:31:22 user devstack@n-api.service[64173]: INFO nova.api.openstack.compute.server_external_events [req-76c4991c-9659-4217-82dc-f6d4d2d8192a req-27650f40-0896-4971-a016-bfe81dc628cf service nova] Creating event network-vif-plugged:23684bac-dba0-4fdd-80d3-750ed2a77731 for instance 7fa3da6f-ba9f-4752-901a-933427fcbda8 on user
Oct 16 18:31:22 user devstack@n-api.service[64175]: DEBUG nova.api.openstack.wsgi [req-17904a53-82b6-43ec-a443-a68604f8e326 req-acd6e786-2437-4743-b98b-c3573420a00a service nova] Action: 'create', calling method: >, body: {"events": [{"server_uuid": "7fa3da6f-ba9f-4752-901a-933427fcbda8", "name": "network-vif-plugged", "status": "completed", "tag": "2f9f5274-68ee-4fad-9486-6e2e9d3d4ec5"}]} {{(pid=64175) _process_stack /opt/stack/nova/nova/api/openstack/wsgi.py:511}}
Oct 16 18:31:22 user devstack@n-api.service[64173]: INFO nova.api.openstack.requestlog [req-76c4991c-9659-4217-82dc-f6d4d2d8192a req-27650f40-0896-4971-a016-bfe81dc628cf service nova] 10.0.0.210 "POST /compute/v2.1/os-server-external-events" status: 200 len: 354 microversion: 2.1 time: 0.034917
Oct 16 18:31:22 user devstack@n-api.service[64173]: [pid: 64173|app: 0|req: 130/393] 10.0.0.210 () {68 vars in 1394 bytes} [Mon Oct 16 18:31:22 2023] POST /compute/v2.1/os-server-external-events => generated 354 bytes in 37 msecs (HTTP/1.1 200) 9 headers in 357 bytes (1 switches on core 0)
Oct 16 18:31:22 user devstack@n-api.service[64175]: DEBUG oslo_concurrency.lockutils [req-17904a53-82b6-43ec-a443-a68604f8e326 req-acd6e786-2437-4743-b98b-c3573420a00a service nova] Acquiring lock "90a933af-ded4-4c32-85d5-8d96a3b270cf" by "nova.context.set_target_cell..get_or_set_cached_cell_and_set_connections" {{(pid=64175) inner /opt/stack/data/venv/lib/python3.10/site-packages/oslo_concurrency/lockutils.py:404}}
Oct 16 18:31:22 user devstack@n-api.service[64175]: DEBUG oslo_concurrency.lockutils [req-17904a53-82b6-43ec-a443-a68604f8e326 req-acd6e786-2437-4743-b98b-c3573420a00a service nova] Lock "90a933af-ded4-4c32-85d5-8d96a3b270cf" acquired by "nova.context.set_target_cell..get_or_set_cached_cell_and_set_connections" :: waited 0.001s {{(pid=64175) inner /opt/stack/data/venv/lib/python3.10/site-packages/oslo_concurrency/lockutils.py:409}}
Oct 16 18:31:22 user devstack@n-api.service[64175]: DEBUG oslo_concurrency.lockutils [req-17904a53-82b6-43ec-a443-a68604f8e326 req-acd6e786-2437-4743-b98b-c3573420a00a service nova] Lock "90a933af-ded4-4c32-85d5-8d96a3b270cf" "released" by "nova.context.set_target_cell..get_or_set_cached_cell_and_set_connections" :: held 0.001s {{(pid=64175) inner /opt/stack/data/venv/lib/python3.10/site-packages/oslo_concurrency/lockutils.py:423}}
Oct 16 18:31:22 user devstack@n-api.service[64175]: INFO nova.api.openstack.compute.server_external_events [req-17904a53-82b6-43ec-a443-a68604f8e326 req-acd6e786-2437-4743-b98b-c3573420a00a service nova] Creating event network-vif-plugged:2f9f5274-68ee-4fad-9486-6e2e9d3d4ec5 for instance 7fa3da6f-ba9f-4752-901a-933427fcbda8 on user
Oct 16 18:31:22 user devstack@n-api.service[64175]: INFO nova.api.openstack.requestlog [req-17904a53-82b6-43ec-a443-a68604f8e326 req-acd6e786-2437-4743-b98b-c3573420a00a service nova] 10.0.0.210 "POST /compute/v2.1/os-server-external-events" status: 200 len: 183 microversion: 2.1 time: 0.038097
Oct 16 18:31:22 user devstack@n-api.service[64175]: [pid: 64175|app: 0|req: 131/394] 10.0.0.210 () {68 vars in 1394 bytes} [Mon Oct 16 18:31:22 2023] POST /compute/v2.1/os-server-external-events => generated 183 bytes in 41 msecs (HTTP/1.1 200) 9 headers in 357 bytes (1 switches on core 0)
Oct 16 18:31:37 user devstack@n-api.service[64174]: DEBUG nova.api.openstack.wsgi [None req-b38a4c3b-0b74-47f5-9973-a1f38c263d51 tempest-ServerBootFromVolumeStableRescueTest-656520712 tempest-ServerBootFromVolumeStableRescueTest-656520712-project-member] Calling method '>' {{(pid=64174) _process_stack /opt/stack/nova/nova/api/openstack/wsgi.py:513}}
Oct 16 18:31:37 user devstack@n-api.service[64174]: DEBUG nova.compute.api [None req-b38a4c3b-0b74-47f5-9973-a1f38c263d51 tempest-ServerBootFromVolumeStableRescueTest-656520712 tempest-ServerBootFromVolumeStableRescueTest-656520712-project-member] [instance: cddf4842-1c25-4cc8-914e-af30849e4d6c] Fetching instance by UUID {{(pid=64174) get /opt/stack/nova/nova/compute/api.py:2978}}
Oct 16 18:31:37 user devstack@n-api.service[64174]: DEBUG dbcounter [-] [64174] Writing DB stats nova_api:SELECT=45,nova_api:INSERT=4,nova_api:UPDATE=1 {{(pid=64174) stat_writer /opt/stack/data/venv/lib/python3.10/site-packages/dbcounter.py:115}}
Oct 16 18:31:37 user devstack@n-api.service[64174]: DEBUG dbcounter [-] [64174] Writing DB stats nova_cell1:SELECT=33,nova_cell1:UPDATE=2,nova_cell1:INSERT=1 {{(pid=64174) stat_writer /opt/stack/data/venv/lib/python3.10/site-packages/dbcounter.py:115}}
Oct 16 18:31:37 user devstack@n-api.service[64174]: DEBUG oslo_concurrency.lockutils [None req-b38a4c3b-0b74-47f5-9973-a1f38c263d51 tempest-ServerBootFromVolumeStableRescueTest-656520712 tempest-ServerBootFromVolumeStableRescueTest-656520712-project-member] Acquiring lock "90a933af-ded4-4c32-85d5-8d96a3b270cf" by "nova.context.set_target_cell..get_or_set_cached_cell_and_set_connections" {{(pid=64174) inner /opt/stack/data/venv/lib/python3.10/site-packages/oslo_concurrency/lockutils.py:404}}
Oct 16 18:31:37 user devstack@n-api.service[64174]: DEBUG oslo_concurrency.lockutils [None req-b38a4c3b-0b74-47f5-9973-a1f38c263d51 tempest-ServerBootFromVolumeStableRescueTest-656520712 tempest-ServerBootFromVolumeStableRescueTest-656520712-project-member] Lock "90a933af-ded4-4c32-85d5-8d96a3b270cf" acquired by "nova.context.set_target_cell..get_or_set_cached_cell_and_set_connections" :: waited 0.001s {{(pid=64174) inner /opt/stack/data/venv/lib/python3.10/site-packages/oslo_concurrency/lockutils.py:409}}
Oct 16 18:31:37 user devstack@n-api.service[64174]: DEBUG oslo_concurrency.lockutils [None req-b38a4c3b-0b74-47f5-9973-a1f38c263d51 tempest-ServerBootFromVolumeStableRescueTest-656520712 tempest-ServerBootFromVolumeStableRescueTest-656520712-project-member] Lock "90a933af-ded4-4c32-85d5-8d96a3b270cf" "released" by "nova.context.set_target_cell..get_or_set_cached_cell_and_set_connections" :: held 0.000s {{(pid=64174) inner /opt/stack/data/venv/lib/python3.10/site-packages/oslo_concurrency/lockutils.py:423}}
Oct 16 18:31:37 user devstack@n-api.service[64174]: DEBUG oslo_concurrency.lockutils [None req-b38a4c3b-0b74-47f5-9973-a1f38c263d51 tempest-ServerBootFromVolumeStableRescueTest-656520712 tempest-ServerBootFromVolumeStableRescueTest-656520712-project-member] Acquiring lock "90a933af-ded4-4c32-85d5-8d96a3b270cf" by "nova.context.set_target_cell..get_or_set_cached_cell_and_set_connections" {{(pid=64174) inner /opt/stack/data/venv/lib/python3.10/site-packages/oslo_concurrency/lockutils.py:404}}
Oct 16 18:31:37 user devstack@n-api.service[64174]: DEBUG oslo_concurrency.lockutils [None req-b38a4c3b-0b74-47f5-9973-a1f38c263d51 tempest-ServerBootFromVolumeStableRescueTest-656520712 tempest-ServerBootFromVolumeStableRescueTest-656520712-project-member] Lock "90a933af-ded4-4c32-85d5-8d96a3b270cf" acquired by "nova.context.set_target_cell..get_or_set_cached_cell_and_set_connections" :: waited 0.000s {{(pid=64174) inner /opt/stack/data/venv/lib/python3.10/site-packages/oslo_concurrency/lockutils.py:409}}
Oct 16 18:31:37 user devstack@n-api.service[64174]: DEBUG oslo_concurrency.lockutils [None req-b38a4c3b-0b74-47f5-9973-a1f38c263d51 tempest-ServerBootFromVolumeStableRescueTest-656520712 tempest-ServerBootFromVolumeStableRescueTest-656520712-project-member] Lock "90a933af-ded4-4c32-85d5-8d96a3b270cf" "released" by "nova.context.set_target_cell..get_or_set_cached_cell_and_set_connections" :: held 0.000s {{(pid=64174) inner /opt/stack/data/venv/lib/python3.10/site-packages/oslo_concurrency/lockutils.py:423}}
