Nov 16 05:19:33 user devstack@keystone.service[52281]: [pid: 52281|app: 0|req: 104/310] 10.0.0.210 () {56 vars in 1109 bytes} [Thu Nov 16 05:19:33 2023] GET /identity/v3/roles/anotherrole => generated 89 bytes in 159 msecs (HTTP/1.1 404) 5 headers in 183 bytes (1 switches on core 0)
Nov 16 05:19:33 user devstack@keystone.service[52281]: DEBUG keystone.server.flask.request_processing.middleware.auth_context [None req-102fa26e-2b1a-49af-b61d-85112a335328 None admin] Authenticating user token {{(pid=52281) process_request /opt/stack/data/venv/lib/python3.10/site-packages/keystonemiddleware/auth_token/__init__.py:406}}
Nov 16 05:19:33 user devstack@keystone.service[52282]: DEBUG keystone.server.flask.request_processing.middleware.auth_context [None req-dd8b2755-72a1-4b5e-bb3f-eeb3f3a0049e None admin] Validating token access rules against request {{(pid=52282) validate_allowed_request /opt/stack/data/venv/lib/python3.10/site-packages/keystonemiddleware/auth_token/__init__.py:544}}
Nov 16 05:19:33 user devstack@keystone.service[52283]: DEBUG keystone.common.rbac_enforcer.enforcer [None req-2294ba0b-73b9-4507-9948-8ece8e6ca57a None admin] RBAC: Authorizing `identity:validate_token()` {{(pid=52283) enforce_call /opt/stack/keystone/keystone/common/rbac_enforcer/enforcer.py:449}}
Nov 16 05:19:33 user devstack@keystone.service[52283]: DEBUG keystone.common.rbac_enforcer.enforcer [None req-2294ba0b-73b9-4507-9948-8ece8e6ca57a None admin] RBAC: Authorization granted {{(pid=52283) enforce_call /opt/stack/keystone/keystone/common/rbac_enforcer/enforcer.py:457}}
Nov 16 05:19:33 user devstack@keystone.service[52282]: DEBUG keystone.server.flask.request_processing.middleware.auth_context [None req-7402d79c-26e1-4e5e-a32e-0c7748cef89b None admin] RBAC: auth_context: {'token': , 'domain_id': None, 'trust_id': None, 'trustor_id': None, 'trustee_id': None, 'domain_name': None, 'group_ids': [], 'user_id': 'be84b2ddfe0646a38c145e9f002fe7b7', 'user_domain_id': 'default', 'system_scope': 'all', 'project_id': None, 'project_domain_id': None, 'roles': ['admin', 'manager', 'member', 'reader'], 'is_admin_project': True, 'service_user_id': None, 'service_user_domain_id': None, 'service_project_id': None, 'service_project_domain_id': None, 'service_roles': []} {{(pid=52282) fill_context /opt/stack/keystone/keystone/server/flask/request_processing/middleware/auth_context.py:480}}
Nov 16 05:19:33 user devstack@keystone.service[52282]: DEBUG keystone.server.flask.request_processing.req_logging [None req-7402d79c-26e1-4e5e-a32e-0c7748cef89b None admin] REQUEST_METHOD: `GET` {{(pid=52282) log_request_info /opt/stack/keystone/keystone/server/flask/request_processing/req_logging.py:27}}
Nov 16 05:19:33 user devstack@keystone.service[52282]: DEBUG keystone.server.flask.request_processing.req_logging [None req-7402d79c-26e1-4e5e-a32e-0c7748cef89b None admin] SCRIPT_NAME: `/identity` {{(pid=52282) log_request_info /opt/stack/keystone/keystone/server/flask/request_processing/req_logging.py:28}}
Nov 16 05:19:33 user devstack@keystone.service[52282]: DEBUG keystone.server.flask.request_processing.req_logging [None req-7402d79c-26e1-4e5e-a32e-0c7748cef89b None admin] PATH_INFO: `/v3/roles` {{(pid=52282) log_request_info /opt/stack/keystone/keystone/server/flask/request_processing/req_logging.py:29}}
Nov 16 05:19:33 user devstack@keystone.service[52282]: DEBUG keystone.common.rbac_enforcer.enforcer [None req-7402d79c-26e1-4e5e-a32e-0c7748cef89b None admin] RBAC: Adding query filter params (name=member) {{(pid=52282) _extract_filter_values /opt/stack/keystone/keystone/common/rbac_enforcer/enforcer.py:167}}
Nov 16 05:19:33 user devstack@keystone.service[52282]: DEBUG keystone.common.rbac_enforcer.enforcer [None req-7402d79c-26e1-4e5e-a32e-0c7748cef89b None admin] RBAC: Authorizing `identity:list_roles()` {{(pid=52282) enforce_call /opt/stack/keystone/keystone/common/rbac_enforcer/enforcer.py:449}}
Nov 16 05:19:33 user devstack@keystone.service[52282]: DEBUG keystone.common.rbac_enforcer.enforcer [None req-7402d79c-26e1-4e5e-a32e-0c7748cef89b None admin] RBAC: Authorization granted {{(pid=52282) enforce_call /opt/stack/keystone/keystone/common/rbac_enforcer/enforcer.py:457}}
Nov 16 05:19:33 user devstack@keystone.service[52282]: [pid: 52282|app: 0|req: 110/311] 10.0.0.210 () {56 vars in 1096 bytes} [Thu Nov 16 05:19:33 2023] GET /identity/v3/roles?name=member => generated 339 bytes in 148 msecs (HTTP/1.1 200) 5 headers in 177 bytes (1 switches on core 0)
Nov 16 05:19:33 user devstack@keystone.service[52282]: DEBUG keystone.server.flask.request_processing.middleware.auth_context [None req-7402d79c-26e1-4e5e-a32e-0c7748cef89b None admin] Authenticating user token {{(pid=52282) process_request /opt/stack/data/venv/lib/python3.10/site-packages/keystonemiddleware/auth_token/__init__.py:406}}
Nov 16 05:19:33 user devstack@keystone.service[52281]: DEBUG keystone.server.flask.request_processing.middleware.auth_context [None req-102fa26e-2b1a-49af-b61d-85112a335328 None admin] Validating token access rules against request {{(pid=52281) validate_allowed_request /opt/stack/data/venv/lib/python3.10/site-packages/keystonemiddleware/auth_token/__init__.py:544}}
Nov 16 05:19:33 user devstack@keystone.service[52283]: [pid: 52283|app: 0|req: 98/312] 10.0.0.210 () {58 vars in 1277 bytes} [Thu Nov 16 05:19:33 2023] GET /identity/v3/auth/tokens => generated 861 bytes in 279 msecs (HTTP/1.1 200) 6 headers in 358 bytes (1 switches on core 0)
Nov 16 05:19:33 user devstack@keystone.service[52283]: DEBUG keystone.server.flask.request_processing.req_logging [None req-e07055ea-6677-49c6-8dc0-240a4cdc02d7 None None] REQUEST_METHOD: `GET` {{(pid=52283) log_request_info /opt/stack/keystone/keystone/server/flask/request_processing/req_logging.py:27}}
Nov 16 05:19:33 user devstack@keystone.service[52283]: DEBUG keystone.server.flask.request_processing.req_logging [None req-e07055ea-6677-49c6-8dc0-240a4cdc02d7 None None] SCRIPT_NAME: `/identity` {{(pid=52283) log_request_info /opt/stack/keystone/keystone/server/flask/request_processing/req_logging.py:28}}
Nov 16 05:19:33 user devstack@keystone.service[52283]: DEBUG keystone.server.flask.request_processing.req_logging [None req-e07055ea-6677-49c6-8dc0-240a4cdc02d7 None None] PATH_INFO: `/` {{(pid=52283) log_request_info /opt/stack/keystone/keystone/server/flask/request_processing/req_logging.py:29}}
Nov 16 05:19:33 user devstack@keystone.service[52283]: [pid: 52283|app: 0|req: 99/313] 10.0.0.210 () {54 vars in 921 bytes} [Thu Nov 16 05:19:33 2023] GET /identity => generated 269 bytes in 2 msecs (HTTP/1.1 300) 6 headers in 233 bytes (1 switches on core 0)
Nov 16 05:19:33 user devstack@keystone.service[52283]: DEBUG keystone.server.flask.request_processing.middleware.auth_context [None req-e07055ea-6677-49c6-8dc0-240a4cdc02d7 None None] Authenticating user token {{(pid=52283) process_request /opt/stack/data/venv/lib/python3.10/site-packages/keystonemiddleware/auth_token/__init__.py:406}}
Nov 16 05:19:33 user devstack@keystone.service[52281]: DEBUG keystone.server.flask.request_processing.middleware.auth_context [None req-ad6fd865-2f34-4fd1-b6e1-308e86dd2062 None admin] RBAC: auth_context: {'token': , 'domain_id': None, 'trust_id': None, 'trustor_id': None, 'trustee_id': None, 'domain_name': None, 'group_ids': [], 'user_id': 'be84b2ddfe0646a38c145e9f002fe7b7', 'user_domain_id': 'default', 'system_scope': 'all', 'project_id': None, 'project_domain_id': None, 'roles': ['admin', 'manager', 'member', 'reader'], 'is_admin_project': True, 'service_user_id': None, 'service_user_domain_id': None, 'service_project_id': None, 'service_project_domain_id': None, 'service_roles': []} {{(pid=52281) fill_context /opt/stack/keystone/keystone/server/flask/request_processing/middleware/auth_context.py:480}}
Nov 16 05:19:33 user devstack@keystone.service[52281]: DEBUG keystone.server.flask.request_processing.req_logging [None req-ad6fd865-2f34-4fd1-b6e1-308e86dd2062 None admin] REQUEST_METHOD: `GET` {{(pid=52281) log_request_info /opt/stack/keystone/keystone/server/flask/request_processing/req_logging.py:27}}
Nov 16 05:19:33 user devstack@keystone.service[52281]: DEBUG keystone.server.flask.request_processing.req_logging [None req-ad6fd865-2f34-4fd1-b6e1-308e86dd2062 None admin] SCRIPT_NAME: `/identity` {{(pid=52281) log_request_info /opt/stack/keystone/keystone/server/flask/request_processing/req_logging.py:28}}
Nov 16 05:19:33 user devstack@keystone.service[52281]: DEBUG keystone.server.flask.request_processing.req_logging [None req-ad6fd865-2f34-4fd1-b6e1-308e86dd2062 None admin] PATH_INFO: `/v3/roles` {{(pid=52281) log_request_info /opt/stack/keystone/keystone/server/flask/request_processing/req_logging.py:29}}
Nov 16 05:19:33 user devstack@keystone.service[52281]: DEBUG keystone.common.rbac_enforcer.enforcer [None req-ad6fd865-2f34-4fd1-b6e1-308e86dd2062 None admin] RBAC: Adding query filter params (name=anotherrole) {{(pid=52281) _extract_filter_values /opt/stack/keystone/keystone/common/rbac_enforcer/enforcer.py:167}}
Nov 16 05:19:33 user devstack@keystone.service[52281]: DEBUG keystone.common.rbac_enforcer.enforcer [None req-ad6fd865-2f34-4fd1-b6e1-308e86dd2062 None admin] RBAC: Authorizing `identity:list_roles()` {{(pid=52281) enforce_call /opt/stack/keystone/keystone/common/rbac_enforcer/enforcer.py:449}}
Nov 16 05:19:33 user devstack@keystone.service[52281]: DEBUG keystone.common.rbac_enforcer.enforcer [None req-ad6fd865-2f34-4fd1-b6e1-308e86dd2062 None admin] RBAC: Authorization granted {{(pid=52281) enforce_call /opt/stack/keystone/keystone/common/rbac_enforcer/enforcer.py:457}}
Nov 16 05:19:33 user devstack@keystone.service[52282]: DEBUG keystone.server.flask.request_processing.middleware.auth_context [None req-7402d79c-26e1-4e5e-a32e-0c7748cef89b None admin] Validating token access rules against request {{(pid=52282) validate_allowed_request /opt/stack/data/venv/lib/python3.10/site-packages/keystonemiddleware/auth_token/__init__.py:544}}
Nov 16 05:19:33 user devstack@keystone.service[52281]: [pid: 52281|app: 0|req: 105/314] 10.0.0.210 () {56 vars in 1106 bytes} [Thu Nov 16 05:19:33 2023] GET /identity/v3/roles?name=anotherrole => generated 332 bytes in 165 msecs (HTTP/1.1 200) 5 headers in 177 bytes (2 switches on core 0)
Nov 16 05:19:33 user devstack@keystone.service[52281]: DEBUG keystone.server.flask.request_processing.middleware.auth_context [None req-ad6fd865-2f34-4fd1-b6e1-308e86dd2062 None admin] Authenticating user token {{(pid=52281) process_request /opt/stack/data/venv/lib/python3.10/site-packages/keystonemiddleware/auth_token/__init__.py:406}}
Nov 16 05:19:33 user devstack@keystone.service[52282]: DEBUG keystone.server.flask.request_processing.middleware.auth_context [None req-1815c61f-f370-4abd-9fb2-4be1488c1a25 None admin] RBAC: auth_context: {'token': , 'domain_id': None, 'trust_id': None, 'trustor_id': None, 'trustee_id': None, 'domain_name': None, 'group_ids': [], 'user_id': 'be84b2ddfe0646a38c145e9f002fe7b7', 'user_domain_id': 'default', 'system_scope': 'all', 'project_id': None, 'project_domain_id': None, 'roles': ['admin', 'manager', 'member', 'reader'], 'is_admin_project': True, 'service_user_id': None, 'service_user_domain_id': None, 'service_project_id': None, 'service_project_domain_id': None, 'service_roles': []} {{(pid=52282) fill_context /opt/stack/keystone/keystone/server/flask/request_processing/middleware/auth_context.py:480}}
Nov 16 05:19:33 user devstack@keystone.service[52282]: DEBUG keystone.server.flask.request_processing.req_logging [None req-1815c61f-f370-4abd-9fb2-4be1488c1a25 None admin] REQUEST_METHOD: `GET` {{(pid=52282) log_request_info /opt/stack/keystone/keystone/server/flask/request_processing/req_logging.py:27}}
Nov 16 05:19:33 user devstack@keystone.service[52282]: DEBUG keystone.server.flask.request_processing.req_logging [None req-1815c61f-f370-4abd-9fb2-4be1488c1a25 None admin] SCRIPT_NAME: `/identity` {{(pid=52282) log_request_info /opt/stack/keystone/keystone/server/flask/request_processing/req_logging.py:28}}
Nov 16 05:19:33 user devstack@keystone.service[52282]: DEBUG keystone.server.flask.request_processing.req_logging [None req-1815c61f-f370-4abd-9fb2-4be1488c1a25 None admin] PATH_INFO: `/v3/auth/tokens` {{(pid=52282) log_request_info /opt/stack/keystone/keystone/server/flask/request_processing/req_logging.py:29}}
Nov 16 05:19:33 user devstack@keystone.service[52283]: DEBUG keystone.server.flask.request_processing.middleware.auth_context [None req-e07055ea-6677-49c6-8dc0-240a4cdc02d7 None None] Validating token access rules against request {{(pid=52283) validate_allowed_request /opt/stack/data/venv/lib/python3.10/site-packages/keystonemiddleware/auth_token/__init__.py:544}}
Nov 16 05:19:33 user devstack@keystone.service[52281]: DEBUG keystone.server.flask.request_processing.middleware.auth_context [None req-ad6fd865-2f34-4fd1-b6e1-308e86dd2062 None admin] Validating token access rules against request {{(pid=52281) validate_allowed_request /opt/stack/data/venv/lib/python3.10/site-packages/keystonemiddleware/auth_token/__init__.py:544}}
Nov 16 05:19:33 user devstack@keystone.service[52283]: DEBUG keystone.server.flask.request_processing.middleware.auth_context [None req-543ed34c-1944-4796-952d-e7b7126d1a8e None admin] RBAC: auth_context: {'token': , 'domain_id': None, 'trust_id': None, 'trustor_id': None, 'trustee_id': None, 'domain_name': None, 'group_ids': [], 'user_id': 'be84b2ddfe0646a38c145e9f002fe7b7', 'user_domain_id': 'default', 'system_scope': 'all', 'project_id': None, 'project_domain_id': None, 'roles': ['admin', 'manager', 'member', 'reader'], 'is_admin_project': True, 'service_user_id': None, 'service_user_domain_id': None, 'service_project_id': None, 'service_project_domain_id': None, 'service_roles': []} {{(pid=52283) fill_context /opt/stack/keystone/keystone/server/flask/request_processing/middleware/auth_context.py:480}}
Nov 16 05:19:33 user devstack@keystone.service[52283]: DEBUG keystone.server.flask.request_processing.req_logging [None req-543ed34c-1944-4796-952d-e7b7126d1a8e None admin] REQUEST_METHOD: `GET` {{(pid=52283) log_request_info /opt/stack/keystone/keystone/server/flask/request_processing/req_logging.py:27}}
Nov 16 05:19:33 user devstack@keystone.service[52283]: DEBUG keystone.server.flask.request_processing.req_logging [None req-543ed34c-1944-4796-952d-e7b7126d1a8e None admin] SCRIPT_NAME: `/identity` {{(pid=52283) log_request_info /opt/stack/keystone/keystone/server/flask/request_processing/req_logging.py:28}}
Nov 16 05:19:33 user devstack@keystone.service[52283]: DEBUG keystone.server.flask.request_processing.req_logging [None req-543ed34c-1944-4796-952d-e7b7126d1a8e None admin] PATH_INFO: `/v3/roles/anotherrole` {{(pid=52283) log_request_info /opt/stack/keystone/keystone/server/flask/request_processing/req_logging.py:29}}
Nov 16 05:19:33 user devstack@keystone.service[52283]: DEBUG keystone.common.rbac_enforcer.enforcer [None req-543ed34c-1944-4796-952d-e7b7126d1a8e None admin] Extracting inferred target data resulted in "NOT FOUND (404)". {{(pid=52283) enforce_call /opt/stack/keystone/keystone/common/rbac_enforcer/enforcer.py:409}}
Nov 16 05:19:33 user devstack@keystone.service[52283]: ERROR keystone.server.flask.application [None req-543ed34c-1944-4796-952d-e7b7126d1a8e None admin] Could not find role: anotherrole.: keystone.exception.RoleNotFound: Could not find role: anotherrole.
Nov 16 05:19:33 user devstack@keystone.service[52283]: ERROR keystone.server.flask.application
Traceback (most recent call last):
Nov 16 05:19:33 user devstack@keystone.service[52283]: ERROR keystone.server.flask.application
File "/opt/stack/data/venv/lib/python3.10/site-packages/flask/app.py", line 1823, in full_dispatch_request
Nov 16 05:19:33 user devstack@keystone.service[52283]: ERROR keystone.server.flask.application rv = self.dispatch_request()
Nov 16 05:19:33 user devstack@keystone.service[52283]: ERROR keystone.server.flask.application
File "/opt/stack/data/venv/lib/python3.10/site-packages/flask/app.py", line 1799, in dispatch_request
Nov 16 05:19:33 user devstack@keystone.service[52283]: ERROR keystone.server.flask.application return self.ensure_sync(self.view_functions[rule.endpoint])(**view_args)
Nov 16 05:19:33 user devstack@keystone.service[52283]: ERROR keystone.server.flask.application
File "/opt/stack/data/venv/lib/python3.10/site-packages/flask_restful/__init__.py", line 489, in wrapper
Nov 16 05:19:33 user devstack@keystone.service[52283]: ERROR keystone.server.flask.application resp = resource(*args, **kwargs)
Nov 16 05:19:33 user devstack@keystone.service[52283]: ERROR keystone.server.flask.application
File "/opt/stack/data/venv/lib/python3.10/site-packages/flask/views.py", line 107, in view
Nov 16 05:19:33 user devstack@keystone.service[52283]: ERROR keystone.server.flask.application return current_app.ensure_sync(self.dispatch_request)(**kwargs)
Nov 16 05:19:33 user devstack@keystone.service[52283]: ERROR keystone.server.flask.application
File "/opt/stack/data/venv/lib/python3.10/site-packages/flask_restful/__init__.py", line 604, in dispatch_request
Nov 16 05:19:33 user devstack@keystone.service[52283]: ERROR keystone.server.flask.application resp = meth(*args, **kwargs)
Nov 16 05:19:33 user devstack@keystone.service[52283]: ERROR keystone.server.flask.application
File "/opt/stack/keystone/keystone/api/roles.py", line 50, in get
Nov 16 05:19:33 user devstack@keystone.service[52283]: ERROR keystone.server.flask.application return self._get_role(role_id)
Nov 16 05:19:33 user devstack@keystone.service[52283]: ERROR keystone.server.flask.application
File "/opt/stack/keystone/keystone/api/roles.py", line 70, in _get_role
Nov 16 05:19:33 user devstack@keystone.service[52283]: ERROR keystone.server.flask.application ENFORCER.enforce_call(action='identity:get_role')
Nov 16 05:19:33 user devstack@keystone.service[52283]: ERROR keystone.server.flask.application
File "/opt/stack/keystone/keystone/common/rbac_enforcer/enforcer.py", line 402, in enforce_call
Nov 16 05:19:33 user devstack@keystone.service[52283]: ERROR keystone.server.flask.application policy_dict.update(cls._extract_member_target_data(
Nov 16 05:19:33 user devstack@keystone.service[52283]: ERROR keystone.server.flask.application
File "/opt/stack/keystone/keystone/common/rbac_enforcer/enforcer.py", line 234, in _extract_member_target_data
Nov 16 05:19:33 user devstack@keystone.service[52283]: ERROR keystone.server.flask.application member_name: func(flask.request.view_args[key])
Nov 16 05:19:33 user devstack@keystone.service[52283]: ERROR keystone.server.flask.application
File "/opt/stack/keystone/keystone/common/manager.py", line 115, in wrapped
Nov 16 05:19:33 user devstack@keystone.service[52283]: ERROR keystone.server.flask.application __ret_val = __f(*args, **kwargs)
Nov 16 05:19:33 user devstack@keystone.service[52283]: ERROR keystone.server.flask.application
File "/opt/stack/data/venv/lib/python3.10/site-packages/decorator.py", line 232, in fun
Nov 16 05:19:33 user devstack@keystone.service[52283]: ERROR keystone.server.flask.application return caller(func, *(extras + args), **kw)
Nov 16 05:19:33 user devstack@keystone.service[52283]: ERROR keystone.server.flask.application
File "/opt/stack/data/venv/lib/python3.10/site-packages/dogpile/cache/region.py", line 1594, in get_or_create_for_user_func
Nov 16 05:19:33 user devstack@keystone.service[52283]: ERROR keystone.server.flask.application return self.get_or_create(
Nov 16 05:19:33 user devstack@keystone.service[52283]: ERROR keystone.server.flask.application
File "/opt/stack/data/venv/lib/python3.10/site-packages/dogpile/cache/region.py", line 1054, in get_or_create
Nov 16 05:19:33 user devstack@keystone.service[52283]: ERROR keystone.server.flask.application with Lock(
Nov 16 05:19:33 user devstack@keystone.service[52283]: ERROR keystone.server.flask.application
File "/opt/stack/data/venv/lib/python3.10/site-packages/dogpile/lock.py", line 185, in __enter__
Nov 16 05:19:33 user devstack@keystone.service[52283]: ERROR keystone.server.flask.application return self._enter()
Nov 16 05:19:33 user devstack@keystone.service[52283]: ERROR keystone.server.flask.application
File "/opt/stack/data/venv/lib/python3.10/site-packages/dogpile/lock.py", line 94, in _enter
Nov 16 05:19:33 user devstack@keystone.service[52283]: ERROR keystone.server.flask.application generated = self._enter_create(value, createdtime)
Nov 16 05:19:33 user devstack@keystone.service[52283]: ERROR keystone.server.flask.application
File "/opt/stack/data/venv/lib/python3.10/site-packages/dogpile/lock.py", line 178, in _enter_create
Nov 16 05:19:33 user devstack@keystone.service[52283]: ERROR keystone.server.flask.application return self.creator()
Nov 16 05:19:33 user devstack@keystone.service[52283]: ERROR keystone.server.flask.application
File "/opt/stack/data/venv/lib/python3.10/site-packages/dogpile/cache/region.py", line 1007, in gen_value
Nov 16 05:19:33 user devstack@keystone.service[52283]: ERROR keystone.server.flask.application created_value = creator(
Nov 16 05:19:33 user devstack@keystone.service[52283]: ERROR keystone.server.flask.application
File "/opt/stack/keystone/keystone/assignment/core.py", line 1276, in get_role
Nov 16 05:19:33 user devstack@keystone.service[52283]: ERROR keystone.server.flask.application return self.driver.get_role(role_id)
Nov 16 05:19:33 user devstack@keystone.service[52283]: ERROR keystone.server.flask.application
File "/opt/stack/keystone/keystone/assignment/role_backends/sql.py", line 70, in get_role
Nov 16 05:19:33 user devstack@keystone.service[52283]: ERROR keystone.server.flask.application return self._get_role(session, role_id).to_dict()
Nov 16 05:19:33 user devstack@keystone.service[52283]: ERROR keystone.server.flask.application
File "/opt/stack/keystone/keystone/assignment/role_backends/sql.py", line 65, in _get_role
Nov 16 05:19:33 user devstack@keystone.service[52283]: ERROR keystone.server.flask.application raise exception.RoleNotFound(role_id=role_id)
Nov 16 05:19:33 user devstack@keystone.service[52283]: ERROR keystone.server.flask.application keystone.exception.RoleNotFound: Could not find role: anotherrole.
Nov 16 05:19:33 user devstack@keystone.service[52283]: ERROR keystone.server.flask.application
Nov 16 05:19:33 user devstack@keystone.service[52283]: [pid: 52283|app: 0|req: 100/315] 10.0.0.210 () {56 vars in 1109 bytes} [Thu Nov 16 05:19:33 2023] GET /identity/v3/roles/anotherrole => generated 89 bytes in 138 msecs (HTTP/1.1 404) 5 headers in 183 bytes (1 switches on core 0)
Nov 16 05:19:33 user devstack@keystone.service[52283]: DEBUG keystone.server.flask.request_processing.req_logging [None req-866cbe22-dd4d-4d73-a690-8fa8debee748 None None] REQUEST_METHOD: `POST` {{(pid=52283) log_request_info /opt/stack/keystone/keystone/server/flask/request_processing/req_logging.py:27}}
Nov 16 05:19:33 user devstack@keystone.service[52283]: DEBUG keystone.server.flask.request_processing.req_logging [None req-866cbe22-dd4d-4d73-a690-8fa8debee748 None None] SCRIPT_NAME: `/identity` {{(pid=52283) log_request_info /opt/stack/keystone/keystone/server/flask/request_processing/req_logging.py:28}}
Nov 16 05:19:33 user devstack@keystone.service[52283]: DEBUG keystone.server.flask.request_processing.req_logging [None req-866cbe22-dd4d-4d73-a690-8fa8debee748 None None] PATH_INFO: `/v3/auth/tokens` {{(pid=52283) log_request_info /opt/stack/keystone/keystone/server/flask/request_processing/req_logging.py:29}}
Nov 16 05:19:33 user devstack@keystone.service[52282]: DEBUG keystone.common.rbac_enforcer.enforcer [None req-1815c61f-f370-4abd-9fb2-4be1488c1a25 None admin] RBAC: Authorizing `identity:validate_token()` {{(pid=52282) enforce_call /opt/stack/keystone/keystone/common/rbac_enforcer/enforcer.py:449}}
Nov 16 05:19:33 user devstack@keystone.service[52282]: DEBUG keystone.common.rbac_enforcer.enforcer [None req-1815c61f-f370-4abd-9fb2-4be1488c1a25 None admin] RBAC: Authorization granted {{(pid=52282) enforce_call /opt/stack/keystone/keystone/common/rbac_enforcer/enforcer.py:457}}
Nov 16 05:19:34 user devstack@keystone.service[52283]: WARNING keystone.common.password_hashing [None req-866cbe22-dd4d-4d73-a690-8fa8debee748 None None] Truncating password to algorithm specific maximum length 72 characters.
Nov 16 05:19:34 user devstack@keystone.service[52281]: DEBUG keystone.server.flask.request_processing.middleware.auth_context [None req-9403575c-e997-41b4-a9b9-1d67353dad3c None admin] RBAC: auth_context: {'token': , 'domain_id': None, 'trust_id': None, 'trustor_id': None, 'trustee_id': None, 'domain_name': None, 'group_ids': [], 'user_id': 'be84b2ddfe0646a38c145e9f002fe7b7', 'user_domain_id': 'default', 'system_scope': 'all', 'project_id': None, 'project_domain_id': None, 'roles': ['admin', 'manager', 'member', 'reader'], 'is_admin_project': True, 'service_user_id': None, 'service_user_domain_id': None, 'service_project_id': None, 'service_project_domain_id': None, 'service_roles': []} {{(pid=52281) fill_context /opt/stack/keystone/keystone/server/flask/request_processing/middleware/auth_context.py:480}}
Nov 16 05:19:34 user devstack@keystone.service[52281]: DEBUG keystone.server.flask.request_processing.req_logging [None req-9403575c-e997-41b4-a9b9-1d67353dad3c None admin] REQUEST_METHOD: `GET` {{(pid=52281) log_request_info /opt/stack/keystone/keystone/server/flask/request_processing/req_logging.py:27}}
Nov 16 05:19:34 user devstack@keystone.service[52283]: DEBUG keystone.auth.core [None req-866cbe22-dd4d-4d73-a690-8fa8debee748 None None] MFA Rules not processed for user `be84b2ddfe0646a38c145e9f002fe7b7`. Rule list: `[]` (Enabled: `True`). {{(pid=52283) check_auth_methods_against_rules /opt/stack/keystone/keystone/auth/core.py:438}}
Nov 16 05:19:34 user devstack@keystone.service[52281]: DEBUG keystone.server.flask.request_processing.req_logging [None req-9403575c-e997-41b4-a9b9-1d67353dad3c None admin] SCRIPT_NAME: `/identity` {{(pid=52281) log_request_info /opt/stack/keystone/keystone/server/flask/request_processing/req_logging.py:28}}
Nov 16 05:19:34 user devstack@keystone.service[52281]: DEBUG keystone.server.flask.request_processing.req_logging [None req-9403575c-e997-41b4-a9b9-1d67353dad3c None admin] PATH_INFO: `/v3/projects/7ba38d2305ad40bd81513f1a0f6d3127` {{(pid=52281) log_request_info /opt/stack/keystone/keystone/server/flask/request_processing/req_logging.py:29}}
Nov 16 05:19:34 user devstack@keystone.service[52283]: DEBUG keystone.common.fernet_utils [None req-866cbe22-dd4d-4d73-a690-8fa8debee748 None None] Loaded 2 Fernet keys from /etc/keystone/fernet-keys/, but `[fernet_tokens] max_active_keys = 3`; perhaps there have not been enough key rotations to reach `max_active_keys` yet? {{(pid=52283) load_keys /opt/stack/keystone/keystone/common/fernet_utils.py:286}}
Nov 16 05:19:34 user devstack@keystone.service[52281]: DEBUG keystone.common.rbac_enforcer.enforcer [None req-9403575c-e997-41b4-a9b9-1d67353dad3c None admin] RBAC: Authorizing `identity:get_project(project_id=7ba38d2305ad40bd81513f1a0f6d3127)` {{(pid=52281) enforce_call /opt/stack/keystone/keystone/common/rbac_enforcer/enforcer.py:449}}
Nov 16 05:19:34 user devstack@keystone.service[52281]: DEBUG keystone.common.rbac_enforcer.enforcer [None req-9403575c-e997-41b4-a9b9-1d67353dad3c None admin] RBAC: Authorization granted {{(pid=52281) enforce_call /opt/stack/keystone/keystone/common/rbac_enforcer/enforcer.py:457}}
Nov 16 05:19:34 user devstack@keystone.service[52281]: [pid: 52281|app: 0|req: 106/316] 10.0.0.210 () {56 vars in 1181 bytes} [Thu Nov 16 05:19:33 2023] GET /identity/v3/projects/7ba38d2305ad40bd81513f1a0f6d3127 => generated 297 bytes in 130 msecs (HTTP/1.1 200) 5 headers in 177 bytes (1 switches on core 0)
Nov 16 05:19:34 user devstack@keystone.service[52281]: DEBUG keystone.server.flask.request_processing.middleware.auth_context [None req-9403575c-e997-41b4-a9b9-1d67353dad3c None admin] Authenticating user token {{(pid=52281) process_request /opt/stack/data/venv/lib/python3.10/site-packages/keystonemiddleware/auth_token/__init__.py:406}}
Nov 16 05:19:34 user devstack@keystone.service[52283]: [pid: 52283|app: 0|req: 101/317] 10.0.0.210 () {58 vars in 1018 bytes} [Thu Nov 16 05:19:33 2023] POST /identity/v3/auth/tokens => generated 861 bytes in 87 msecs (HTTP/1.1 201) 6 headers in 363 bytes (1 switches on core 0)
Nov 16 05:19:34 user devstack@keystone.service[52283]: DEBUG keystone.server.flask.request_processing.middleware.auth_context [None req-866cbe22-dd4d-4d73-a690-8fa8debee748 None None] Authenticating user token {{(pid=52283) process_request /opt/stack/data/venv/lib/python3.10/site-packages/keystonemiddleware/auth_token/__init__.py:406}}
Nov 16 05:19:34 user devstack@keystone.service[52282]: [pid: 52282|app: 0|req: 111/318] 10.0.0.210 () {58 vars in 1277 bytes} [Thu Nov 16 05:19:33 2023] GET /identity/v3/auth/tokens => generated 861 bytes in 308 msecs (HTTP/1.1 200) 6 headers in 358 bytes (1 switches on core 0)
Nov 16 05:19:34 user devstack@keystone.service[52282]: DEBUG keystone.server.flask.request_processing.middleware.auth_context [None req-1815c61f-f370-4abd-9fb2-4be1488c1a25 None admin] Authenticating user token {{(pid=52282) process_request /opt/stack/data/venv/lib/python3.10/site-packages/keystonemiddleware/auth_token/__init__.py:406}}
Nov 16 05:19:34 user devstack@keystone.service[52281]: DEBUG keystone.server.flask.request_processing.middleware.auth_context [None req-9403575c-e997-41b4-a9b9-1d67353dad3c None admin] Validating token access rules against request {{(pid=52281) validate_allowed_request /opt/stack/data/venv/lib/python3.10/site-packages/keystonemiddleware/auth_token/__init__.py:544}}
Nov 16 05:19:34 user devstack@keystone.service[52281]: DEBUG keystone.server.flask.request_processing.middleware.auth_context [None req-d738db29-6d05-4877-b8e3-ef2214c129a9 None admin] RBAC: auth_context: {'token': , 'domain_id': None, 'trust_id': None, 'trustor_id': None, 'trustee_id': None, 'domain_name': None, 'group_ids': [], 'user_id': 'be84b2ddfe0646a38c145e9f002fe7b7', 'user_domain_id': 'default', 'system_scope': 'all', 'project_id': None, 'project_domain_id': None, 'roles': ['admin', 'manager', 'member', 'reader'], 'is_admin_project': True, 'service_user_id': None, 'service_user_domain_id': None, 'service_project_id': None, 'service_project_domain_id': None, 'service_roles': []} {{(pid=52281) fill_context /opt/stack/keystone/keystone/server/flask/request_processing/middleware/auth_context.py:480}}
Nov 16 05:19:34 user devstack@keystone.service[52281]: DEBUG keystone.server.flask.request_processing.req_logging [None req-d738db29-6d05-4877-b8e3-ef2214c129a9 None admin] REQUEST_METHOD: `GET` {{(pid=52281) log_request_info /opt/stack/keystone/keystone/server/flask/request_processing/req_logging.py:27}}
Nov 16 05:19:34 user devstack@keystone.service[52281]: DEBUG keystone.server.flask.request_processing.req_logging [None req-d738db29-6d05-4877-b8e3-ef2214c129a9 None admin] SCRIPT_NAME: `/identity` {{(pid=52281) log_request_info /opt/stack/keystone/keystone/server/flask/request_processing/req_logging.py:28}}
Nov 16 05:19:34 user devstack@keystone.service[52281]: DEBUG keystone.server.flask.request_processing.req_logging [None req-d738db29-6d05-4877-b8e3-ef2214c129a9 None admin] PATH_INFO: `/v3/auth/tokens` {{(pid=52281) log_request_info /opt/stack/keystone/keystone/server/flask/request_processing/req_logging.py:29}}
Nov 16 05:19:34 user devstack@keystone.service[52283]: DEBUG keystone.server.flask.request_processing.middleware.auth_context [None req-866cbe22-dd4d-4d73-a690-8fa8debee748 None None] Validating token access rules against request {{(pid=52283) validate_allowed_request /opt/stack/data/venv/lib/python3.10/site-packages/keystonemiddleware/auth_token/__init__.py:544}}
Nov 16 05:19:34 user devstack@keystone.service[52282]: DEBUG keystone.server.flask.request_processing.middleware.auth_context [None req-1815c61f-f370-4abd-9fb2-4be1488c1a25 None admin] Validating token access rules against request {{(pid=52282) validate_allowed_request /opt/stack/data/venv/lib/python3.10/site-packages/keystonemiddleware/auth_token/__init__.py:544}}
Nov 16 05:19:34 user devstack@keystone.service[52283]: DEBUG keystone.server.flask.request_processing.middleware.auth_context [None req-183d4202-4c00-44fe-bcc8-794849924f56 None admin] RBAC: auth_context: {'token': , 'domain_id': None, 'trust_id': None, 'trustor_id': None, 'trustee_id': None, 'domain_name': None, 'group_ids': [], 'user_id': 'be84b2ddfe0646a38c145e9f002fe7b7', 'user_domain_id': 'default', 'system_scope': 'all', 'project_id': None, 'project_domain_id': None, 'roles': ['admin', 'manager', 'member', 'reader'], 'is_admin_project': True, 'service_user_id': None, 'service_user_domain_id': None, 'service_project_id': None, 'service_project_domain_id': None, 'service_roles': []} {{(pid=52283) fill_context /opt/stack/keystone/keystone/server/flask/request_processing/middleware/auth_context.py:480}}
Nov 16 05:19:34 user devstack@keystone.service[52283]: DEBUG keystone.server.flask.request_processing.req_logging [None req-183d4202-4c00-44fe-bcc8-794849924f56 None admin] REQUEST_METHOD: `GET` {{(pid=52283) log_request_info /opt/stack/keystone/keystone/server/flask/request_processing/req_logging.py:27}}
Nov 16 05:19:34 user devstack@keystone.service[52283]: DEBUG keystone.server.flask.request_processing.req_logging [None req-183d4202-4c00-44fe-bcc8-794849924f56 None admin] SCRIPT_NAME: `/identity` {{(pid=52283) log_request_info /opt/stack/keystone/keystone/server/flask/request_processing/req_logging.py:28}}
Nov 16 05:19:34 user devstack@keystone.service[52283]: DEBUG keystone.server.flask.request_processing.req_logging [None req-183d4202-4c00-44fe-bcc8-794849924f56 None admin] PATH_INFO: `/v3/roles` {{(pid=52283) log_request_info /opt/stack/keystone/keystone/server/flask/request_processing/req_logging.py:29}}
Nov 16 05:19:34 user devstack@keystone.service[52281]: DEBUG keystone.common.rbac_enforcer.enforcer [None req-d738db29-6d05-4877-b8e3-ef2214c129a9 None admin] RBAC: Authorizing `identity:validate_token()` {{(pid=52281) enforce_call /opt/stack/keystone/keystone/common/rbac_enforcer/enforcer.py:449}}
Nov 16 05:19:34 user devstack@keystone.service[52283]: DEBUG keystone.common.rbac_enforcer.enforcer [None req-183d4202-4c00-44fe-bcc8-794849924f56 None admin] RBAC: Adding query filter params (name=anotherrole) {{(pid=52283) _extract_filter_values /opt/stack/keystone/keystone/common/rbac_enforcer/enforcer.py:167}}
Nov 16 05:19:34 user devstack@keystone.service[52283]: DEBUG keystone.common.rbac_enforcer.enforcer [None req-183d4202-4c00-44fe-bcc8-794849924f56 None admin] RBAC: Authorizing `identity:list_roles()` {{(pid=52283) enforce_call /opt/stack/keystone/keystone/common/rbac_enforcer/enforcer.py:449}}
Nov 16 05:19:34 user devstack@keystone.service[52281]: DEBUG keystone.common.rbac_enforcer.enforcer [None req-d738db29-6d05-4877-b8e3-ef2214c129a9 None admin] RBAC: Authorization granted {{(pid=52281) enforce_call /opt/stack/keystone/keystone/common/rbac_enforcer/enforcer.py:457}}
Nov 16 05:19:34 user devstack@keystone.service[52283]: DEBUG keystone.common.rbac_enforcer.enforcer [None req-183d4202-4c00-44fe-bcc8-794849924f56 None admin] RBAC: Authorization granted {{(pid=52283) enforce_call /opt/stack/keystone/keystone/common/rbac_enforcer/enforcer.py:457}}
Nov 16 05:19:34 user devstack@keystone.service[52282]: DEBUG keystone.server.flask.request_processing.middleware.auth_context [None req-4a0ccdb8-a63a-4173-9750-697c23a3a878 None admin] RBAC: auth_context: {'token': , 'domain_id': None, 'trust_id': None, 'trustor_id': None, 'trustee_id': None, 'domain_name': None, 'group_ids': [], 'user_id': 'be84b2ddfe0646a38c145e9f002fe7b7', 'user_domain_id': 'default', 'system_scope': 'all', 'project_id': None, 'project_domain_id': None, 'roles': ['admin', 'manager', 'member', 'reader'], 'is_admin_project': True, 'service_user_id': None, 'service_user_domain_id': None, 'service_project_id': None, 'service_project_domain_id': None, 'service_roles': []} {{(pid=52282) fill_context /opt/stack/keystone/keystone/server/flask/request_processing/middleware/auth_context.py:480}}
Nov 16 05:19:34 user devstack@keystone.service[52283]: [pid: 52283|app: 0|req: 102/319] 10.0.0.210 () {56 vars in 1106 bytes} [Thu Nov 16 05:19:34 2023] GET /identity/v3/roles?name=anotherrole => generated 332 bytes in 138 msecs (HTTP/1.1 200) 5 headers in 177 bytes (1 switches on core 0)
Nov 16 05:19:34 user devstack@keystone.service[52282]: DEBUG keystone.server.flask.request_processing.req_logging [None req-4a0ccdb8-a63a-4173-9750-697c23a3a878 None admin] REQUEST_METHOD: `GET` {{(pid=52282) log_request_info /opt/stack/keystone/keystone/server/flask/request_processing/req_logging.py:27}}
Nov 16 05:19:34 user devstack@keystone.service[52283]: DEBUG keystone.server.flask.request_processing.middleware.auth_context [None req-183d4202-4c00-44fe-bcc8-794849924f56 None admin] Authenticating user token {{(pid=52283) process_request /opt/stack/data/venv/lib/python3.10/site-packages/keystonemiddleware/auth_token/__init__.py:406}}
Nov 16 05:19:34 user devstack@keystone.service[52282]: DEBUG keystone.server.flask.request_processing.req_logging [None req-4a0ccdb8-a63a-4173-9750-697c23a3a878 None admin] SCRIPT_NAME: `/identity` {{(pid=52282) log_request_info /opt/stack/keystone/keystone/server/flask/request_processing/req_logging.py:28}}
Nov 16 05:19:34 user devstack@keystone.service[52282]: DEBUG keystone.server.flask.request_processing.req_logging [None req-4a0ccdb8-a63a-4173-9750-697c23a3a878 None admin] PATH_INFO: `/v3/groups/ef7e40e6bd574cad9db1f6b157834cb8` {{(pid=52282) log_request_info /opt/stack/keystone/keystone/server/flask/request_processing/req_logging.py:29}}
Nov 16 05:19:34 user devstack@keystone.service[52282]: DEBUG keystone.common.rbac_enforcer.enforcer [None req-4a0ccdb8-a63a-4173-9750-697c23a3a878 None admin] RBAC: Authorizing `identity:get_group(group_id=ef7e40e6bd574cad9db1f6b157834cb8)` {{(pid=52282) enforce_call /opt/stack/keystone/keystone/common/rbac_enforcer/enforcer.py:449}}
Nov 16 05:19:34 user devstack@keystone.service[52282]: DEBUG keystone.common.rbac_enforcer.enforcer [None req-4a0ccdb8-a63a-4173-9750-697c23a3a878 None admin] RBAC: Authorization granted {{(pid=52282) enforce_call /opt/stack/keystone/keystone/common/rbac_enforcer/enforcer.py:457}}
Nov 16 05:19:34 user devstack@keystone.service[52282]: [pid: 52282|app: 0|req: 112/320] 10.0.0.210 () {56 vars in 1175 bytes} [Thu Nov 16 05:19:34 2023] GET /identity/v3/groups/ef7e40e6bd574cad9db1f6b157834cb8 => generated 225 bytes in 130 msecs (HTTP/1.1 200) 5 headers in 177 bytes (1 switches on core 0)
Nov 16 05:19:34 user devstack@keystone.service[52282]: DEBUG keystone.server.flask.request_processing.middleware.auth_context [None req-4a0ccdb8-a63a-4173-9750-697c23a3a878 None admin] Authenticating user token {{(pid=52282) process_request /opt/stack/data/venv/lib/python3.10/site-packages/keystonemiddleware/auth_token/__init__.py:406}}
Nov 16 05:19:34 user devstack@keystone.service[52281]: [pid: 52281|app: 0|req: 107/321] 10.0.0.210 () {58 vars in 1277 bytes} [Thu Nov 16 05:19:34 2023] GET /identity/v3/auth/tokens => generated 861 bytes in 289 msecs (HTTP/1.1 200) 6 headers in 358 bytes (1 switches on core 0)
Nov 16 05:19:34 user devstack@keystone.service[52281]: DEBUG keystone.server.flask.request_processing.middleware.auth_context [None req-d738db29-6d05-4877-b8e3-ef2214c129a9 None admin] Authenticating user token {{(pid=52281) process_request /opt/stack/data/venv/lib/python3.10/site-packages/keystonemiddleware/auth_token/__init__.py:406}}
Nov 16 05:19:34 user devstack@keystone.service[52283]: DEBUG keystone.server.flask.request_processing.middleware.auth_context [None req-183d4202-4c00-44fe-bcc8-794849924f56 None admin] Validating token access rules against request {{(pid=52283) validate_allowed_request /opt/stack/data/venv/lib/python3.10/site-packages/keystonemiddleware/auth_token/__init__.py:544}}
Nov 16 05:19:34 user devstack@keystone.service[52282]: DEBUG keystone.server.flask.request_processing.middleware.auth_context [None req-4a0ccdb8-a63a-4173-9750-697c23a3a878 None admin] Validating token access rules against request {{(pid=52282) validate_allowed_request /opt/stack/data/venv/lib/python3.10/site-packages/keystonemiddleware/auth_token/__init__.py:544}}
Nov 16 05:19:34 user devstack@keystone.service[52282]: DEBUG keystone.server.flask.request_processing.middleware.auth_context [None req-b00031f6-7ef6-4536-815d-1aaed5595e86 None admin] RBAC: auth_context: {'token': , 'domain_id': None, 'trust_id': None, 'trustor_id': None, 'trustee_id': None, 'domain_name': None, 'group_ids': [], 'user_id': 'be84b2ddfe0646a38c145e9f002fe7b7', 'user_domain_id': 'default', 'system_scope': 'all', 'project_id': None, 'project_domain_id': None, 'roles': ['admin', 'manager', 'member', 'reader'], 'is_admin_project': True, 'service_user_id': None, 'service_user_domain_id': None, 'service_project_id': None, 'service_project_domain_id': None, 'service_roles': []} {{(pid=52282) fill_context /opt/stack/keystone/keystone/server/flask/request_processing/middleware/auth_context.py:480}}
Nov 16 05:19:34 user devstack@keystone.service[52282]: DEBUG keystone.server.flask.request_processing.req_logging [None req-b00031f6-7ef6-4536-815d-1aaed5595e86 None admin] REQUEST_METHOD: `GET` {{(pid=52282) log_request_info /opt/stack/keystone/keystone/server/flask/request_processing/req_logging.py:27}}
Nov 16 05:19:34 user devstack@keystone.service[52282]: DEBUG keystone.server.flask.request_processing.req_logging [None req-b00031f6-7ef6-4536-815d-1aaed5595e86 None admin] SCRIPT_NAME: `/identity` {{(pid=52282) log_request_info /opt/stack/keystone/keystone/server/flask/request_processing/req_logging.py:28}}
Nov 16 05:19:34 user devstack@keystone.service[52282]: DEBUG keystone.server.flask.request_processing.req_logging [None req-b00031f6-7ef6-4536-815d-1aaed5595e86 None admin] PATH_INFO: `/v3/auth/tokens` {{(pid=52282) log_request_info /opt/stack/keystone/keystone/server/flask/request_processing/req_logging.py:29}}
Nov 16 05:19:34 user devstack@keystone.service[52283]: DEBUG keystone.server.flask.request_processing.middleware.auth_context [None req-28c2f44a-5022-4c9e-bcd6-0a264e93af04 None admin] RBAC: auth_context: {'token': , 'domain_id': None, 'trust_id': None, 'trustor_id': None, 'trustee_id': None, 'domain_name': None, 'group_ids': [], 'user_id': 'be84b2ddfe0646a38c145e9f002fe7b7', 'user_domain_id': 'default', 'system_scope': 'all', 'project_id': None, 'project_domain_id': None, 'roles': ['admin', 'manager', 'member', 'reader'], 'is_admin_project': True, 'service_user_id': None, 'service_user_domain_id': None, 'service_project_id': None, 'service_project_domain_id': None, 'service_roles': []} {{(pid=52283) fill_context /opt/stack/keystone/keystone/server/flask/request_processing/middleware/auth_context.py:480}}
Nov 16 05:19:34 user devstack@keystone.service[52283]: DEBUG keystone.server.flask.request_processing.req_logging [None req-28c2f44a-5022-4c9e-bcd6-0a264e93af04 None admin] REQUEST_METHOD: `GET` {{(pid=52283) log_request_info /opt/stack/keystone/keystone/server/flask/request_processing/req_logging.py:27}}
Nov 16 05:19:34 user devstack@keystone.service[52283]: DEBUG keystone.server.flask.request_processing.req_logging [None req-28c2f44a-5022-4c9e-bcd6-0a264e93af04 None admin] SCRIPT_NAME: `/identity` {{(pid=52283) log_request_info /opt/stack/keystone/keystone/server/flask/request_processing/req_logging.py:28}}
Nov 16 05:19:34 user devstack@keystone.service[52283]: DEBUG keystone.server.flask.request_processing.req_logging [None req-28c2f44a-5022-4c9e-bcd6-0a264e93af04 None admin] PATH_INFO: `/v3/projects/6dbff1f1e7434369ab4c07d528e7bc11` {{(pid=52283) log_request_info /opt/stack/keystone/keystone/server/flask/request_processing/req_logging.py:29}}
Nov 16 05:19:34 user devstack@keystone.service[52283]: DEBUG keystone.common.rbac_enforcer.enforcer [None req-28c2f44a-5022-4c9e-bcd6-0a264e93af04 None admin] RBAC: Authorizing `identity:get_project(project_id=6dbff1f1e7434369ab4c07d528e7bc11)` {{(pid=52283) enforce_call /opt/stack/keystone/keystone/common/rbac_enforcer/enforcer.py:449}}
Nov 16 05:19:34 user devstack@keystone.service[52283]: DEBUG keystone.common.rbac_enforcer.enforcer [None req-28c2f44a-5022-4c9e-bcd6-0a264e93af04 None admin] RBAC: Authorization granted {{(pid=52283) enforce_call /opt/stack/keystone/keystone/common/rbac_enforcer/enforcer.py:457}}
Nov 16 05:19:34 user devstack@keystone.service[52283]: [pid: 52283|app: 0|req: 103/322] 10.0.0.210 () {56 vars in 1181 bytes} [Thu Nov 16 05:19:34 2023] GET /identity/v3/projects/6dbff1f1e7434369ab4c07d528e7bc11 => generated 301 bytes in 143 msecs (HTTP/1.1 200) 5 headers in 177 bytes (1 switches on core 0)
Nov 16 05:19:34 user devstack@keystone.service[52283]: DEBUG keystone.server.flask.request_processing.middleware.auth_context [None req-28c2f44a-5022-4c9e-bcd6-0a264e93af04 None admin] Authenticating user token {{(pid=52283) process_request /opt/stack/data/venv/lib/python3.10/site-packages/keystonemiddleware/auth_token/__init__.py:406}}
Nov 16 05:19:34 user devstack@keystone.service[52281]: DEBUG keystone.server.flask.request_processing.middleware.auth_context [None req-d738db29-6d05-4877-b8e3-ef2214c129a9 None admin] Validating token access rules against request {{(pid=52281) validate_allowed_request /opt/stack/data/venv/lib/python3.10/site-packages/keystonemiddleware/auth_token/__init__.py:544}}
Nov 16 05:19:34 user devstack@keystone.service[52282]: DEBUG keystone.common.rbac_enforcer.enforcer [None req-b00031f6-7ef6-4536-815d-1aaed5595e86 None admin] RBAC: Authorizing `identity:validate_token()` {{(pid=52282) enforce_call /opt/stack/keystone/keystone/common/rbac_enforcer/enforcer.py:449}}
Nov 16 05:19:34 user devstack@keystone.service[52282]: DEBUG keystone.common.rbac_enforcer.enforcer [None req-b00031f6-7ef6-4536-815d-1aaed5595e86 None admin] RBAC: Authorization granted {{(pid=52282) enforce_call /opt/stack/keystone/keystone/common/rbac_enforcer/enforcer.py:457}}
Nov 16 05:19:34 user devstack@keystone.service[52281]: DEBUG keystone.server.flask.request_processing.middleware.auth_context [None req-5e232a6c-1067-4a17-a049-59ec50fdc3e4 None admin] RBAC: auth_context: {'token': , 'domain_id': None, 'trust_id': None, 'trustor_id': None, 'trustee_id': None, 'domain_name': None, 'group_ids': [], 'user_id': 'be84b2ddfe0646a38c145e9f002fe7b7', 'user_domain_id': 'default', 'system_scope': 'all', 'project_id': None, 'project_domain_id': None, 'roles': ['admin', 'manager', 'member', 'reader'], 'is_admin_project': True, 'service_user_id': None, 'service_user_domain_id': None, 'service_project_id': None, 'service_project_domain_id': None, 'service_roles': []} {{(pid=52281) fill_context /opt/stack/keystone/keystone/server/flask/request_processing/middleware/auth_context.py:480}}
Nov 16 05:19:34 user devstack@keystone.service[52281]: DEBUG keystone.server.flask.request_processing.req_logging [None req-5e232a6c-1067-4a17-a049-59ec50fdc3e4 None admin] REQUEST_METHOD: `GET` {{(pid=52281) log_request_info /opt/stack/keystone/keystone/server/flask/request_processing/req_logging.py:27}}
Nov 16 05:19:34 user devstack@keystone.service[52281]: DEBUG keystone.server.flask.request_processing.req_logging [None req-5e232a6c-1067-4a17-a049-59ec50fdc3e4 None admin] SCRIPT_NAME: `/identity` {{(pid=52281) log_request_info /opt/stack/keystone/keystone/server/flask/request_processing/req_logging.py:28}}
Nov 16 05:19:34 user devstack@keystone.service[52281]: DEBUG keystone.server.flask.request_processing.req_logging [None req-5e232a6c-1067-4a17-a049-59ec50fdc3e4 None admin] PATH_INFO: `/v3/role_assignments` {{(pid=52281) log_request_info /opt/stack/keystone/keystone/server/flask/request_processing/req_logging.py:29}}
Nov 16 05:19:34 user devstack@keystone.service[52281]: DEBUG keystone.common.rbac_enforcer.enforcer [None req-5e232a6c-1067-4a17-a049-59ec50fdc3e4 None admin] RBAC: Adding query filter params (group.id=ef7e40e6bd574cad9db1f6b157834cb8, role.id=5c4732e53d33465480a6759702717e0f, scope.project.id=7ba38d2305ad40bd81513f1a0f6d3127) {{(pid=52281) _extract_filter_values /opt/stack/keystone/keystone/common/rbac_enforcer/enforcer.py:167}}
Nov 16 05:19:34 user devstack@keystone.service[52281]: DEBUG keystone.common.rbac_enforcer.enforcer [None req-5e232a6c-1067-4a17-a049-59ec50fdc3e4 None admin] RBAC: Authorizing `identity:list_role_assignments()` {{(pid=52281) enforce_call /opt/stack/keystone/keystone/common/rbac_enforcer/enforcer.py:449}}
Nov 16 05:19:34 user devstack@keystone.service[52281]: DEBUG keystone.common.rbac_enforcer.enforcer [None req-5e232a6c-1067-4a17-a049-59ec50fdc3e4 None admin] RBAC: Authorization granted {{(pid=52281) enforce_call /opt/stack/keystone/keystone/common/rbac_enforcer/enforcer.py:457}}
Nov 16 05:19:34 user devstack@keystone.service[52281]: [pid: 52281|app: 0|req: 108/323] 10.0.0.210 () {56 vars in 1371 bytes} [Thu Nov 16 05:19:34 2023] GET /identity/v3/role_assignments?group.id=ef7e40e6bd574cad9db1f6b157834cb8&scope.project.id=7ba38d2305ad40bd81513f1a0f6d3127&role.id=5c4732e53d33465480a6759702717e0f => generated 609 bytes in 130 msecs (HTTP/1.1 200) 5 headers in 177 bytes (1 switches on core 0)
Nov 16 05:19:34 user devstack@keystone.service[52281]: DEBUG keystone.server.flask.request_processing.middleware.auth_context [None req-5e232a6c-1067-4a17-a049-59ec50fdc3e4 None admin] Authenticating user token {{(pid=52281) process_request /opt/stack/data/venv/lib/python3.10/site-packages/keystonemiddleware/auth_token/__init__.py:406}}
