Nov 16 05:19:08 user devstack@keystone.service[52282]: DEBUG keystone.server.flask.request_processing.req_logging [None req-739b4c1b-4373-4f0c-82c7-4cc480dc81af None admin] REQUEST_METHOD: `GET` {{(pid=52282) log_request_info /opt/stack/keystone/keystone/server/flask/request_processing/req_logging.py:27}}
Nov 16 05:19:08 user devstack@keystone.service[52282]: DEBUG keystone.server.flask.request_processing.req_logging [None req-739b4c1b-4373-4f0c-82c7-4cc480dc81af None admin] SCRIPT_NAME: `/identity` {{(pid=52282) log_request_info /opt/stack/keystone/keystone/server/flask/request_processing/req_logging.py:28}}
Nov 16 05:19:08 user devstack@keystone.service[52282]: DEBUG keystone.server.flask.request_processing.req_logging [None req-739b4c1b-4373-4f0c-82c7-4cc480dc81af None admin] PATH_INFO: `/v3/roles/member` {{(pid=52282) log_request_info /opt/stack/keystone/keystone/server/flask/request_processing/req_logging.py:29}}
Nov 16 05:19:08 user devstack@keystone.service[52281]: DEBUG keystone.server.flask.request_processing.middleware.auth_context [None req-94f4979b-fa5a-4826-a642-7911db9e12bd None admin] Validating token access rules against request {{(pid=52281) validate_allowed_request /opt/stack/data/venv/lib/python3.10/site-packages/keystonemiddleware/auth_token/__init__.py:544}}
Nov 16 05:19:08 user devstack@keystone.service[52282]: DEBUG keystone.common.rbac_enforcer.enforcer [None req-739b4c1b-4373-4f0c-82c7-4cc480dc81af None admin] Extracting inferred target data resulted in "NOT FOUND (404)". {{(pid=52282) enforce_call /opt/stack/keystone/keystone/common/rbac_enforcer/enforcer.py:409}}
Nov 16 05:19:08 user devstack@keystone.service[52282]: ERROR keystone.server.flask.application [None req-739b4c1b-4373-4f0c-82c7-4cc480dc81af None admin] Could not find role: member.: keystone.exception.RoleNotFound: Could not find role: member.
Nov 16 05:19:08 user devstack@keystone.service[52282]: ERROR keystone.server.flask.application
Traceback (most recent call last):
Nov 16 05:19:08 user devstack@keystone.service[52282]: ERROR keystone.server.flask.application
File "/opt/stack/data/venv/lib/python3.10/site-packages/flask/app.py", line 1823, in full_dispatch_request
Nov 16 05:19:08 user devstack@keystone.service[52282]: ERROR keystone.server.flask.application rv = self.dispatch_request()
Nov 16 05:19:08 user devstack@keystone.service[52282]: ERROR keystone.server.flask.application
File "/opt/stack/data/venv/lib/python3.10/site-packages/flask/app.py", line 1799, in dispatch_request
Nov 16 05:19:08 user devstack@keystone.service[52282]: ERROR keystone.server.flask.application return self.ensure_sync(self.view_functions[rule.endpoint])(**view_args)
Nov 16 05:19:08 user devstack@keystone.service[52282]: ERROR keystone.server.flask.application
File "/opt/stack/data/venv/lib/python3.10/site-packages/flask_restful/__init__.py", line 489, in wrapper
Nov 16 05:19:08 user devstack@keystone.service[52282]: ERROR keystone.server.flask.application resp = resource(*args, **kwargs)
Nov 16 05:19:08 user devstack@keystone.service[52282]: ERROR keystone.server.flask.application
File "/opt/stack/data/venv/lib/python3.10/site-packages/flask/views.py", line 107, in view
Nov 16 05:19:08 user devstack@keystone.service[52282]: ERROR keystone.server.flask.application return current_app.ensure_sync(self.dispatch_request)(**kwargs)
Nov 16 05:19:08 user devstack@keystone.service[52282]: ERROR keystone.server.flask.application
File "/opt/stack/data/venv/lib/python3.10/site-packages/flask_restful/__init__.py", line 604, in dispatch_request
Nov 16 05:19:08 user devstack@keystone.service[52282]: ERROR keystone.server.flask.application resp = meth(*args, **kwargs)
Nov 16 05:19:08 user devstack@keystone.service[52282]: ERROR keystone.server.flask.application
File "/opt/stack/keystone/keystone/api/roles.py", line 50, in get
Nov 16 05:19:08 user devstack@keystone.service[52282]: ERROR keystone.server.flask.application return self._get_role(role_id)
Nov 16 05:19:08 user devstack@keystone.service[52282]: ERROR keystone.server.flask.application
File "/opt/stack/keystone/keystone/api/roles.py", line 70, in _get_role
Nov 16 05:19:08 user devstack@keystone.service[52282]: ERROR keystone.server.flask.application ENFORCER.enforce_call(action='identity:get_role')
Nov 16 05:19:08 user devstack@keystone.service[52282]: ERROR keystone.server.flask.application
File "/opt/stack/keystone/keystone/common/rbac_enforcer/enforcer.py", line 402, in enforce_call
Nov 16 05:19:08 user devstack@keystone.service[52282]: ERROR keystone.server.flask.application policy_dict.update(cls._extract_member_target_data(
Nov 16 05:19:08 user devstack@keystone.service[52282]: ERROR keystone.server.flask.application
File "/opt/stack/keystone/keystone/common/rbac_enforcer/enforcer.py", line 234, in _extract_member_target_data
Nov 16 05:19:08 user devstack@keystone.service[52282]: ERROR keystone.server.flask.application member_name: func(flask.request.view_args[key])
Nov 16 05:19:08 user devstack@keystone.service[52282]: ERROR keystone.server.flask.application
File "/opt/stack/keystone/keystone/common/manager.py", line 115, in wrapped
Nov 16 05:19:08 user devstack@keystone.service[52282]: ERROR keystone.server.flask.application __ret_val = __f(*args, **kwargs)
Nov 16 05:19:08 user devstack@keystone.service[52282]: ERROR keystone.server.flask.application
File "/opt/stack/data/venv/lib/python3.10/site-packages/decorator.py", line 232, in fun
Nov 16 05:19:08 user devstack@keystone.service[52282]: ERROR keystone.server.flask.application return caller(func, *(extras + args), **kw)
Nov 16 05:19:08 user devstack@keystone.service[52282]: ERROR keystone.server.flask.application
File "/opt/stack/data/venv/lib/python3.10/site-packages/dogpile/cache/region.py", line 1594, in get_or_create_for_user_func
Nov 16 05:19:08 user devstack@keystone.service[52282]: ERROR keystone.server.flask.application return self.get_or_create(
Nov 16 05:19:08 user devstack@keystone.service[52282]: ERROR keystone.server.flask.application
File "/opt/stack/data/venv/lib/python3.10/site-packages/dogpile/cache/region.py", line 1054, in get_or_create
Nov 16 05:19:08 user devstack@keystone.service[52282]: ERROR keystone.server.flask.application with Lock(
Nov 16 05:19:08 user devstack@keystone.service[52282]: ERROR keystone.server.flask.application
File "/opt/stack/data/venv/lib/python3.10/site-packages/dogpile/lock.py", line 185, in __enter__
Nov 16 05:19:08 user devstack@keystone.service[52282]: ERROR keystone.server.flask.application return self._enter()
Nov 16 05:19:08 user devstack@keystone.service[52282]: ERROR keystone.server.flask.application
File "/opt/stack/data/venv/lib/python3.10/site-packages/dogpile/lock.py", line 94, in _enter
Nov 16 05:19:08 user devstack@keystone.service[52282]: ERROR keystone.server.flask.application generated = self._enter_create(value, createdtime)
Nov 16 05:19:08 user devstack@keystone.service[52282]: ERROR keystone.server.flask.application
File "/opt/stack/data/venv/lib/python3.10/site-packages/dogpile/lock.py", line 178, in _enter_create
Nov 16 05:19:08 user devstack@keystone.service[52282]: ERROR keystone.server.flask.application return self.creator()
Nov 16 05:19:08 user devstack@keystone.service[52282]: ERROR keystone.server.flask.application
File "/opt/stack/data/venv/lib/python3.10/site-packages/dogpile/cache/region.py", line 1007, in gen_value
Nov 16 05:19:08 user devstack@keystone.service[52282]: ERROR keystone.server.flask.application created_value = creator(
Nov 16 05:19:08 user devstack@keystone.service[52282]: ERROR keystone.server.flask.application
File "/opt/stack/keystone/keystone/assignment/core.py", line 1276, in get_role
Nov 16 05:19:08 user devstack@keystone.service[52282]: ERROR keystone.server.flask.application return self.driver.get_role(role_id)
Nov 16 05:19:08 user devstack@keystone.service[52282]: ERROR keystone.server.flask.application
File "/opt/stack/keystone/keystone/assignment/role_backends/sql.py", line 70, in get_role
Nov 16 05:19:08 user devstack@keystone.service[52282]: ERROR keystone.server.flask.application return self._get_role(session, role_id).to_dict()
Nov 16 05:19:08 user devstack@keystone.service[52282]: ERROR keystone.server.flask.application
File "/opt/stack/keystone/keystone/assignment/role_backends/sql.py", line 65, in _get_role
Nov 16 05:19:08 user devstack@keystone.service[52282]: ERROR keystone.server.flask.application raise exception.RoleNotFound(role_id=role_id)
Nov 16 05:19:08 user devstack@keystone.service[52282]: ERROR keystone.server.flask.application keystone.exception.RoleNotFound: Could not find role: member.
Nov 16 05:19:08 user devstack@keystone.service[52282]: ERROR keystone.server.flask.application
Nov 16 05:19:08 user devstack@keystone.service[52282]: [pid: 52282|app: 0|req: 27/74] 10.0.0.210 () {56 vars in 1094 bytes} [Thu Nov 16 05:19:07 2023] GET /identity/v3/roles/member => generated 84 bytes in 149 msecs (HTTP/1.1 404) 5 headers in 183 bytes (1 switches on core 0)
Nov 16 05:19:08 user devstack@keystone.service[52282]: DEBUG keystone.server.flask.request_processing.middleware.auth_context [None req-739b4c1b-4373-4f0c-82c7-4cc480dc81af None admin] Authenticating user token {{(pid=52282) process_request /opt/stack/data/venv/lib/python3.10/site-packages/keystonemiddleware/auth_token/__init__.py:406}}
Nov 16 05:19:08 user devstack@keystone.service[52283]: DEBUG keystone.server.flask.request_processing.middleware.auth_context [None req-ee714994-51a4-4292-8102-3f8c99408e1c None admin] Validating token access rules against request {{(pid=52283) validate_allowed_request /opt/stack/data/venv/lib/python3.10/site-packages/keystonemiddleware/auth_token/__init__.py:544}}
Nov 16 05:19:08 user devstack@keystone.service[52281]: DEBUG keystone.server.flask.request_processing.middleware.auth_context [None req-175ca551-330f-433c-b55c-2ceefff9b47f None admin] RBAC: auth_context: {'token': , 'domain_id': None, 'trust_id': None, 'trustor_id': None, 'trustee_id': None, 'domain_name': None, 'group_ids': [], 'user_id': 'be84b2ddfe0646a38c145e9f002fe7b7', 'user_domain_id': 'default', 'system_scope': 'all', 'project_id': None, 'project_domain_id': None, 'roles': ['admin', 'manager', 'member', 'reader'], 'is_admin_project': True, 'service_user_id': None, 'service_user_domain_id': None, 'service_project_id': None, 'service_project_domain_id': None, 'service_roles': []} {{(pid=52281) fill_context /opt/stack/keystone/keystone/server/flask/request_processing/middleware/auth_context.py:480}}
Nov 16 05:19:08 user devstack@keystone.service[52281]: DEBUG keystone.server.flask.request_processing.req_logging [None req-175ca551-330f-433c-b55c-2ceefff9b47f None admin] REQUEST_METHOD: `GET` {{(pid=52281) log_request_info /opt/stack/keystone/keystone/server/flask/request_processing/req_logging.py:27}}
Nov 16 05:19:08 user devstack@keystone.service[52281]: DEBUG keystone.server.flask.request_processing.req_logging [None req-175ca551-330f-433c-b55c-2ceefff9b47f None admin] SCRIPT_NAME: `/identity` {{(pid=52281) log_request_info /opt/stack/keystone/keystone/server/flask/request_processing/req_logging.py:28}}
Nov 16 05:19:08 user devstack@keystone.service[52281]: DEBUG keystone.server.flask.request_processing.req_logging [None req-175ca551-330f-433c-b55c-2ceefff9b47f None admin] PATH_INFO: `/v3/projects/7ba38d2305ad40bd81513f1a0f6d3127` {{(pid=52281) log_request_info /opt/stack/keystone/keystone/server/flask/request_processing/req_logging.py:29}}
Nov 16 05:19:08 user devstack@keystone.service[52281]: DEBUG keystone.common.rbac_enforcer.enforcer [None req-175ca551-330f-433c-b55c-2ceefff9b47f None admin] RBAC: Authorizing `identity:get_project(project_id=7ba38d2305ad40bd81513f1a0f6d3127)` {{(pid=52281) enforce_call /opt/stack/keystone/keystone/common/rbac_enforcer/enforcer.py:449}}
Nov 16 05:19:08 user devstack@keystone.service[52281]: DEBUG keystone.common.rbac_enforcer.enforcer [None req-175ca551-330f-433c-b55c-2ceefff9b47f None admin] RBAC: Authorization granted {{(pid=52281) enforce_call /opt/stack/keystone/keystone/common/rbac_enforcer/enforcer.py:457}}
Nov 16 05:19:08 user devstack@keystone.service[52281]: [pid: 52281|app: 0|req: 25/75] 10.0.0.210 () {56 vars in 1181 bytes} [Thu Nov 16 05:19:07 2023] GET /identity/v3/projects/7ba38d2305ad40bd81513f1a0f6d3127 => generated 297 bytes in 274 msecs (HTTP/1.1 200) 5 headers in 177 bytes (1 switches on core 0)
Nov 16 05:19:08 user devstack@keystone.service[52281]: DEBUG keystone.server.flask.request_processing.middleware.auth_context [None req-175ca551-330f-433c-b55c-2ceefff9b47f None admin] Authenticating user token {{(pid=52281) process_request /opt/stack/data/venv/lib/python3.10/site-packages/keystonemiddleware/auth_token/__init__.py:406}}
Nov 16 05:19:08 user devstack@keystone.service[52283]: DEBUG keystone.server.flask.request_processing.middleware.auth_context [None req-9da118ad-898e-44be-bbc4-95934c15670a None admin] RBAC: auth_context: {'token': , 'domain_id': None, 'trust_id': None, 'trustor_id': None, 'trustee_id': None, 'domain_name': None, 'group_ids': [], 'user_id': 'be84b2ddfe0646a38c145e9f002fe7b7', 'user_domain_id': 'default', 'system_scope': 'all', 'project_id': None, 'project_domain_id': None, 'roles': ['admin', 'manager', 'member', 'reader'], 'is_admin_project': True, 'service_user_id': None, 'service_user_domain_id': None, 'service_project_id': None, 'service_project_domain_id': None, 'service_roles': []} {{(pid=52283) fill_context /opt/stack/keystone/keystone/server/flask/request_processing/middleware/auth_context.py:480}}
Nov 16 05:19:08 user devstack@keystone.service[52283]: DEBUG keystone.server.flask.request_processing.req_logging [None req-9da118ad-898e-44be-bbc4-95934c15670a None admin] REQUEST_METHOD: `GET` {{(pid=52283) log_request_info /opt/stack/keystone/keystone/server/flask/request_processing/req_logging.py:27}}
Nov 16 05:19:08 user devstack@keystone.service[52283]: DEBUG keystone.server.flask.request_processing.req_logging [None req-9da118ad-898e-44be-bbc4-95934c15670a None admin] SCRIPT_NAME: `/identity` {{(pid=52283) log_request_info /opt/stack/keystone/keystone/server/flask/request_processing/req_logging.py:28}}
Nov 16 05:19:08 user devstack@keystone.service[52283]: DEBUG keystone.server.flask.request_processing.req_logging [None req-9da118ad-898e-44be-bbc4-95934c15670a None admin] PATH_INFO: `/v3/roles` {{(pid=52283) log_request_info /opt/stack/keystone/keystone/server/flask/request_processing/req_logging.py:29}}
Nov 16 05:19:08 user devstack@keystone.service[52283]: DEBUG keystone.common.rbac_enforcer.enforcer [None req-9da118ad-898e-44be-bbc4-95934c15670a None admin] RBAC: Adding query filter params (name=anotherrole) {{(pid=52283) _extract_filter_values /opt/stack/keystone/keystone/common/rbac_enforcer/enforcer.py:167}}
Nov 16 05:19:08 user devstack@keystone.service[52283]: DEBUG keystone.common.rbac_enforcer.enforcer [None req-9da118ad-898e-44be-bbc4-95934c15670a None admin] RBAC: Authorizing `identity:list_roles()` {{(pid=52283) enforce_call /opt/stack/keystone/keystone/common/rbac_enforcer/enforcer.py:449}}
Nov 16 05:19:08 user devstack@keystone.service[52283]: DEBUG keystone.common.rbac_enforcer.enforcer [None req-9da118ad-898e-44be-bbc4-95934c15670a None admin] RBAC: Authorization granted {{(pid=52283) enforce_call /opt/stack/keystone/keystone/common/rbac_enforcer/enforcer.py:457}}
Nov 16 05:19:08 user devstack@keystone.service[52283]: [pid: 52283|app: 0|req: 24/76] 10.0.0.210 () {56 vars in 1106 bytes} [Thu Nov 16 05:19:07 2023] GET /identity/v3/roles?name=anotherrole => generated 332 bytes in 159 msecs (HTTP/1.1 200) 5 headers in 177 bytes (1 switches on core 0)
Nov 16 05:19:08 user devstack@keystone.service[52283]: DEBUG keystone.server.flask.request_processing.middleware.auth_context [None req-9da118ad-898e-44be-bbc4-95934c15670a None admin] Authenticating user token {{(pid=52283) process_request /opt/stack/data/venv/lib/python3.10/site-packages/keystonemiddleware/auth_token/__init__.py:406}}
Nov 16 05:19:08 user devstack@keystone.service[52282]: DEBUG keystone.server.flask.request_processing.middleware.auth_context [None req-739b4c1b-4373-4f0c-82c7-4cc480dc81af None admin] Validating token access rules against request {{(pid=52282) validate_allowed_request /opt/stack/data/venv/lib/python3.10/site-packages/keystonemiddleware/auth_token/__init__.py:544}}
Nov 16 05:19:08 user devstack@keystone.service[52281]: DEBUG keystone.server.flask.request_processing.middleware.auth_context [None req-175ca551-330f-433c-b55c-2ceefff9b47f None admin] Validating token access rules against request {{(pid=52281) validate_allowed_request /opt/stack/data/venv/lib/python3.10/site-packages/keystonemiddleware/auth_token/__init__.py:544}}
Nov 16 05:19:08 user devstack@keystone.service[52282]: DEBUG keystone.server.flask.request_processing.middleware.auth_context [None req-4eb09fc4-90ab-42d9-a0ba-1a2eb543f4a9 None admin] RBAC: auth_context: {'token': , 'domain_id': None, 'trust_id': None, 'trustor_id': None, 'trustee_id': None, 'domain_name': None, 'group_ids': [], 'user_id': 'be84b2ddfe0646a38c145e9f002fe7b7', 'user_domain_id': 'default', 'system_scope': 'all', 'project_id': None, 'project_domain_id': None, 'roles': ['admin', 'manager', 'member', 'reader'], 'is_admin_project': True, 'service_user_id': None, 'service_user_domain_id': None, 'service_project_id': None, 'service_project_domain_id': None, 'service_roles': []} {{(pid=52282) fill_context /opt/stack/keystone/keystone/server/flask/request_processing/middleware/auth_context.py:480}}
Nov 16 05:19:08 user devstack@keystone.service[52282]: DEBUG keystone.server.flask.request_processing.req_logging [None req-4eb09fc4-90ab-42d9-a0ba-1a2eb543f4a9 None admin] REQUEST_METHOD: `GET` {{(pid=52282) log_request_info /opt/stack/keystone/keystone/server/flask/request_processing/req_logging.py:27}}
Nov 16 05:19:08 user devstack@keystone.service[52282]: DEBUG keystone.server.flask.request_processing.req_logging [None req-4eb09fc4-90ab-42d9-a0ba-1a2eb543f4a9 None admin] SCRIPT_NAME: `/identity` {{(pid=52282) log_request_info /opt/stack/keystone/keystone/server/flask/request_processing/req_logging.py:28}}
Nov 16 05:19:08 user devstack@keystone.service[52282]: DEBUG keystone.server.flask.request_processing.req_logging [None req-4eb09fc4-90ab-42d9-a0ba-1a2eb543f4a9 None admin] PATH_INFO: `/v3/projects/7ba38d2305ad40bd81513f1a0f6d3127` {{(pid=52282) log_request_info /opt/stack/keystone/keystone/server/flask/request_processing/req_logging.py:29}}
Nov 16 05:19:08 user devstack@keystone.service[52282]: DEBUG keystone.common.rbac_enforcer.enforcer [None req-4eb09fc4-90ab-42d9-a0ba-1a2eb543f4a9 None admin] RBAC: Authorizing `identity:get_project(project_id=7ba38d2305ad40bd81513f1a0f6d3127)` {{(pid=52282) enforce_call /opt/stack/keystone/keystone/common/rbac_enforcer/enforcer.py:449}}
Nov 16 05:19:08 user devstack@keystone.service[52282]: DEBUG keystone.common.rbac_enforcer.enforcer [None req-4eb09fc4-90ab-42d9-a0ba-1a2eb543f4a9 None admin] RBAC: Authorization granted {{(pid=52282) enforce_call /opt/stack/keystone/keystone/common/rbac_enforcer/enforcer.py:457}}
Nov 16 05:19:08 user devstack@keystone.service[52282]: [pid: 52282|app: 0|req: 28/77] 10.0.0.210 () {56 vars in 1181 bytes} [Thu Nov 16 05:19:08 2023] GET /identity/v3/projects/7ba38d2305ad40bd81513f1a0f6d3127 => generated 297 bytes in 134 msecs (HTTP/1.1 200) 5 headers in 177 bytes (1 switches on core 0)
Nov 16 05:19:08 user devstack@keystone.service[52282]: DEBUG keystone.server.flask.request_processing.middleware.auth_context [None req-4eb09fc4-90ab-42d9-a0ba-1a2eb543f4a9 None admin] Authenticating user token {{(pid=52282) process_request /opt/stack/data/venv/lib/python3.10/site-packages/keystonemiddleware/auth_token/__init__.py:406}}
Nov 16 05:19:08 user devstack@keystone.service[52281]: DEBUG keystone.server.flask.request_processing.middleware.auth_context [None req-c3da2f0b-94f6-4dab-9953-793e98cb7618 None admin] RBAC: auth_context: {'token': , 'domain_id': None, 'trust_id': None, 'trustor_id': None, 'trustee_id': None, 'domain_name': None, 'group_ids': [], 'user_id': 'be84b2ddfe0646a38c145e9f002fe7b7', 'user_domain_id': 'default', 'system_scope': 'all', 'project_id': None, 'project_domain_id': None, 'roles': ['admin', 'manager', 'member', 'reader'], 'is_admin_project': True, 'service_user_id': None, 'service_user_domain_id': None, 'service_project_id': None, 'service_project_domain_id': None, 'service_roles': []} {{(pid=52281) fill_context /opt/stack/keystone/keystone/server/flask/request_processing/middleware/auth_context.py:480}}
Nov 16 05:19:08 user devstack@keystone.service[52281]: DEBUG keystone.server.flask.request_processing.req_logging [None req-c3da2f0b-94f6-4dab-9953-793e98cb7618 None admin] REQUEST_METHOD: `GET` {{(pid=52281) log_request_info /opt/stack/keystone/keystone/server/flask/request_processing/req_logging.py:27}}
Nov 16 05:19:08 user devstack@keystone.service[52281]: DEBUG keystone.server.flask.request_processing.req_logging [None req-c3da2f0b-94f6-4dab-9953-793e98cb7618 None admin] SCRIPT_NAME: `/identity` {{(pid=52281) log_request_info /opt/stack/keystone/keystone/server/flask/request_processing/req_logging.py:28}}
Nov 16 05:19:08 user devstack@keystone.service[52281]: DEBUG keystone.server.flask.request_processing.req_logging [None req-c3da2f0b-94f6-4dab-9953-793e98cb7618 None admin] PATH_INFO: `/v3/domains/default` {{(pid=52281) log_request_info /opt/stack/keystone/keystone/server/flask/request_processing/req_logging.py:29}}
Nov 16 05:19:08 user devstack@keystone.service[52281]: DEBUG keystone.common.rbac_enforcer.enforcer [None req-c3da2f0b-94f6-4dab-9953-793e98cb7618 None admin] RBAC: Authorizing `identity:get_domain(domain_id=default)` {{(pid=52281) enforce_call /opt/stack/keystone/keystone/common/rbac_enforcer/enforcer.py:449}}
Nov 16 05:19:08 user devstack@keystone.service[52281]: DEBUG keystone.common.rbac_enforcer.enforcer [None req-c3da2f0b-94f6-4dab-9953-793e98cb7618 None admin] RBAC: Authorization granted {{(pid=52281) enforce_call /opt/stack/keystone/keystone/common/rbac_enforcer/enforcer.py:457}}
Nov 16 05:19:08 user devstack@keystone.service[52283]: DEBUG keystone.server.flask.request_processing.middleware.auth_context [None req-9da118ad-898e-44be-bbc4-95934c15670a None admin] Validating token access rules against request {{(pid=52283) validate_allowed_request /opt/stack/data/venv/lib/python3.10/site-packages/keystonemiddleware/auth_token/__init__.py:544}}
Nov 16 05:19:08 user devstack@keystone.service[52281]: [pid: 52281|app: 0|req: 26/78] 10.0.0.210 () {56 vars in 1103 bytes} [Thu Nov 16 05:19:08 2023] GET /identity/v3/domains/default => generated 198 bytes in 132 msecs (HTTP/1.1 200) 5 headers in 177 bytes (1 switches on core 0)
Nov 16 05:19:08 user devstack@keystone.service[52281]: DEBUG keystone.server.flask.request_processing.middleware.auth_context [None req-c3da2f0b-94f6-4dab-9953-793e98cb7618 None admin] Authenticating user token {{(pid=52281) process_request /opt/stack/data/venv/lib/python3.10/site-packages/keystonemiddleware/auth_token/__init__.py:406}}
Nov 16 05:19:08 user devstack@keystone.service[52283]: DEBUG keystone.server.flask.request_processing.middleware.auth_context [None req-29634546-681a-42dd-8788-cc9a003b70ad None admin] RBAC: auth_context: {'token': , 'domain_id': None, 'trust_id': None, 'trustor_id': None, 'trustee_id': None, 'domain_name': None, 'group_ids': [], 'user_id': 'be84b2ddfe0646a38c145e9f002fe7b7', 'user_domain_id': 'default', 'system_scope': 'all', 'project_id': None, 'project_domain_id': None, 'roles': ['admin', 'manager', 'member', 'reader'], 'is_admin_project': True, 'service_user_id': None, 'service_user_domain_id': None, 'service_project_id': None, 'service_project_domain_id': None, 'service_roles': []} {{(pid=52283) fill_context /opt/stack/keystone/keystone/server/flask/request_processing/middleware/auth_context.py:480}}
Nov 16 05:19:08 user devstack@keystone.service[52283]: DEBUG keystone.server.flask.request_processing.req_logging [None req-29634546-681a-42dd-8788-cc9a003b70ad None admin] REQUEST_METHOD: `GET` {{(pid=52283) log_request_info /opt/stack/keystone/keystone/server/flask/request_processing/req_logging.py:27}}
Nov 16 05:19:08 user devstack@keystone.service[52283]: DEBUG keystone.server.flask.request_processing.req_logging [None req-29634546-681a-42dd-8788-cc9a003b70ad None admin] SCRIPT_NAME: `/identity` {{(pid=52283) log_request_info /opt/stack/keystone/keystone/server/flask/request_processing/req_logging.py:28}}
Nov 16 05:19:08 user devstack@keystone.service[52283]: DEBUG keystone.server.flask.request_processing.req_logging [None req-29634546-681a-42dd-8788-cc9a003b70ad None admin] PATH_INFO: `/v3/roles` {{(pid=52283) log_request_info /opt/stack/keystone/keystone/server/flask/request_processing/req_logging.py:29}}
Nov 16 05:19:08 user devstack@keystone.service[52283]: DEBUG keystone.common.rbac_enforcer.enforcer [None req-29634546-681a-42dd-8788-cc9a003b70ad None admin] RBAC: Adding query filter params (name=member) {{(pid=52283) _extract_filter_values /opt/stack/keystone/keystone/common/rbac_enforcer/enforcer.py:167}}
Nov 16 05:19:08 user devstack@keystone.service[52283]: DEBUG keystone.common.rbac_enforcer.enforcer [None req-29634546-681a-42dd-8788-cc9a003b70ad None admin] RBAC: Authorizing `identity:list_roles()` {{(pid=52283) enforce_call /opt/stack/keystone/keystone/common/rbac_enforcer/enforcer.py:449}}
Nov 16 05:19:08 user devstack@keystone.service[52283]: DEBUG keystone.common.rbac_enforcer.enforcer [None req-29634546-681a-42dd-8788-cc9a003b70ad None admin] RBAC: Authorization granted {{(pid=52283) enforce_call /opt/stack/keystone/keystone/common/rbac_enforcer/enforcer.py:457}}
Nov 16 05:19:08 user devstack@keystone.service[52283]: [pid: 52283|app: 0|req: 25/79] 10.0.0.210 () {56 vars in 1096 bytes} [Thu Nov 16 05:19:08 2023] GET /identity/v3/roles?name=member => generated 339 bytes in 143 msecs (HTTP/1.1 200) 5 headers in 177 bytes (1 switches on core 0)
Nov 16 05:19:08 user devstack@keystone.service[52283]: DEBUG keystone.server.flask.request_processing.middleware.auth_context [None req-29634546-681a-42dd-8788-cc9a003b70ad None admin] Authenticating user token {{(pid=52283) process_request /opt/stack/data/venv/lib/python3.10/site-packages/keystonemiddleware/auth_token/__init__.py:406}}
Nov 16 05:19:08 user devstack@keystone.service[52282]: DEBUG keystone.server.flask.request_processing.middleware.auth_context [None req-4eb09fc4-90ab-42d9-a0ba-1a2eb543f4a9 None admin] Validating token access rules against request {{(pid=52282) validate_allowed_request /opt/stack/data/venv/lib/python3.10/site-packages/keystonemiddleware/auth_token/__init__.py:544}}
Nov 16 05:19:08 user devstack@keystone.service[52281]: DEBUG keystone.server.flask.request_processing.middleware.auth_context [None req-c3da2f0b-94f6-4dab-9953-793e98cb7618 None admin] Validating token access rules against request {{(pid=52281) validate_allowed_request /opt/stack/data/venv/lib/python3.10/site-packages/keystonemiddleware/auth_token/__init__.py:544}}
Nov 16 05:19:08 user devstack@keystone.service[52282]: DEBUG keystone.server.flask.request_processing.middleware.auth_context [None req-1b4bd09f-be4d-4856-a3a8-06df645582e9 None admin] RBAC: auth_context: {'token': , 'domain_id': None, 'trust_id': None, 'trustor_id': None, 'trustee_id': None, 'domain_name': None, 'group_ids': [], 'user_id': 'be84b2ddfe0646a38c145e9f002fe7b7', 'user_domain_id': 'default', 'system_scope': 'all', 'project_id': None, 'project_domain_id': None, 'roles': ['admin', 'manager', 'member', 'reader'], 'is_admin_project': True, 'service_user_id': None, 'service_user_domain_id': None, 'service_project_id': None, 'service_project_domain_id': None, 'service_roles': []} {{(pid=52282) fill_context /opt/stack/keystone/keystone/server/flask/request_processing/middleware/auth_context.py:480}}
Nov 16 05:19:08 user devstack@keystone.service[52282]: DEBUG keystone.server.flask.request_processing.req_logging [None req-1b4bd09f-be4d-4856-a3a8-06df645582e9 None admin] REQUEST_METHOD: `PUT` {{(pid=52282) log_request_info /opt/stack/keystone/keystone/server/flask/request_processing/req_logging.py:27}}
Nov 16 05:19:08 user devstack@keystone.service[52282]: DEBUG keystone.server.flask.request_processing.req_logging [None req-1b4bd09f-be4d-4856-a3a8-06df645582e9 None admin] SCRIPT_NAME: `/identity` {{(pid=52282) log_request_info /opt/stack/keystone/keystone/server/flask/request_processing/req_logging.py:28}}
Nov 16 05:19:08 user devstack@keystone.service[52282]: DEBUG keystone.server.flask.request_processing.req_logging [None req-1b4bd09f-be4d-4856-a3a8-06df645582e9 None admin] PATH_INFO: `/v3/projects/7ba38d2305ad40bd81513f1a0f6d3127/users/8ebd89d17b7a41fbb7198fb30d2ed2c9/roles/5c4732e53d33465480a6759702717e0f` {{(pid=52282) log_request_info /opt/stack/keystone/keystone/server/flask/request_processing/req_logging.py:29}}
Nov 16 05:19:08 user devstack@keystone.service[52282]: DEBUG keystone.common.rbac_enforcer.enforcer [None req-1b4bd09f-be4d-4856-a3a8-06df645582e9 None admin] RBAC: Authorizing `identity:create_grant(project_id=7ba38d2305ad40bd81513f1a0f6d3127, user_id=8ebd89d17b7a41fbb7198fb30d2ed2c9, role_id=5c4732e53d33465480a6759702717e0f)` {{(pid=52282) enforce_call /opt/stack/keystone/keystone/common/rbac_enforcer/enforcer.py:449}}
Nov 16 05:19:08 user devstack@keystone.service[52282]: DEBUG keystone.common.rbac_enforcer.enforcer [None req-1b4bd09f-be4d-4856-a3a8-06df645582e9 None admin] RBAC: Authorization granted {{(pid=52282) enforce_call /opt/stack/keystone/keystone/common/rbac_enforcer/enforcer.py:457}}
Nov 16 05:19:08 user devstack@keystone.service[52282]: [pid: 52282|app: 0|req: 29/80] 10.0.0.210 () {58 vars in 1434 bytes} [Thu Nov 16 05:19:08 2023] PUT /identity/v3/projects/7ba38d2305ad40bd81513f1a0f6d3127/users/8ebd89d17b7a41fbb7198fb30d2ed2c9/roles/5c4732e53d33465480a6759702717e0f => generated 0 bytes in 153 msecs (HTTP/1.1 204) 3 headers in 132 bytes (0 switches on core 0)
Nov 16 05:19:08 user devstack@keystone.service[52282]: DEBUG keystone.server.flask.request_processing.middleware.auth_context [None req-1b4bd09f-be4d-4856-a3a8-06df645582e9 None admin] Authenticating user token {{(pid=52282) process_request /opt/stack/data/venv/lib/python3.10/site-packages/keystonemiddleware/auth_token/__init__.py:406}}
Nov 16 05:19:08 user devstack@keystone.service[52281]: DEBUG keystone.server.flask.request_processing.middleware.auth_context [None req-da0659a8-6730-4285-ae3d-8d483aca9247 None admin] RBAC: auth_context: {'token': , 'domain_id': None, 'trust_id': None, 'trustor_id': None, 'trustee_id': None, 'domain_name': None, 'group_ids': [], 'user_id': 'be84b2ddfe0646a38c145e9f002fe7b7', 'user_domain_id': 'default', 'system_scope': 'all', 'project_id': None, 'project_domain_id': None, 'roles': ['admin', 'manager', 'member', 'reader'], 'is_admin_project': True, 'service_user_id': None, 'service_user_domain_id': None, 'service_project_id': None, 'service_project_domain_id': None, 'service_roles': []} {{(pid=52281) fill_context /opt/stack/keystone/keystone/server/flask/request_processing/middleware/auth_context.py:480}}
Nov 16 05:19:08 user devstack@keystone.service[52281]: DEBUG keystone.server.flask.request_processing.req_logging [None req-da0659a8-6730-4285-ae3d-8d483aca9247 None admin] REQUEST_METHOD: `GET` {{(pid=52281) log_request_info /opt/stack/keystone/keystone/server/flask/request_processing/req_logging.py:27}}
Nov 16 05:19:08 user devstack@keystone.service[52281]: DEBUG keystone.server.flask.request_processing.req_logging [None req-da0659a8-6730-4285-ae3d-8d483aca9247 None admin] SCRIPT_NAME: `/identity` {{(pid=52281) log_request_info /opt/stack/keystone/keystone/server/flask/request_processing/req_logging.py:28}}
Nov 16 05:19:08 user devstack@keystone.service[52281]: DEBUG keystone.server.flask.request_processing.req_logging [None req-da0659a8-6730-4285-ae3d-8d483aca9247 None admin] PATH_INFO: `/v3/users/8ebd89d17b7a41fbb7198fb30d2ed2c9` {{(pid=52281) log_request_info /opt/stack/keystone/keystone/server/flask/request_processing/req_logging.py:29}}
Nov 16 05:19:08 user devstack@keystone.service[52281]: DEBUG keystone.common.rbac_enforcer.enforcer [None req-da0659a8-6730-4285-ae3d-8d483aca9247 None admin] RBAC: Authorizing `identity:get_user(user_id=8ebd89d17b7a41fbb7198fb30d2ed2c9)` {{(pid=52281) enforce_call /opt/stack/keystone/keystone/common/rbac_enforcer/enforcer.py:449}}
Nov 16 05:19:08 user devstack@keystone.service[52281]: DEBUG keystone.common.rbac_enforcer.enforcer [None req-da0659a8-6730-4285-ae3d-8d483aca9247 None admin] RBAC: Authorization granted {{(pid=52281) enforce_call /opt/stack/keystone/keystone/common/rbac_enforcer/enforcer.py:457}}
Nov 16 05:19:08 user devstack@keystone.service[52281]: [pid: 52281|app: 0|req: 27/81] 10.0.0.210 () {56 vars in 1172 bytes} [Thu Nov 16 05:19:08 2023] GET /identity/v3/users/8ebd89d17b7a41fbb7198fb30d2ed2c9 => generated 274 bytes in 137 msecs (HTTP/1.1 200) 5 headers in 177 bytes (1 switches on core 0)
Nov 16 05:19:08 user devstack@keystone.service[52281]: DEBUG keystone.server.flask.request_processing.middleware.auth_context [None req-da0659a8-6730-4285-ae3d-8d483aca9247 None admin] Authenticating user token {{(pid=52281) process_request /opt/stack/data/venv/lib/python3.10/site-packages/keystonemiddleware/auth_token/__init__.py:406}}
Nov 16 05:19:08 user devstack@keystone.service[52282]: DEBUG keystone.server.flask.request_processing.middleware.auth_context [None req-1b4bd09f-be4d-4856-a3a8-06df645582e9 None admin] Validating token access rules against request {{(pid=52282) validate_allowed_request /opt/stack/data/venv/lib/python3.10/site-packages/keystonemiddleware/auth_token/__init__.py:544}}
Nov 16 05:19:08 user devstack@keystone.service[52281]: DEBUG keystone.server.flask.request_processing.middleware.auth_context [None req-da0659a8-6730-4285-ae3d-8d483aca9247 None admin] Validating token access rules against request {{(pid=52281) validate_allowed_request /opt/stack/data/venv/lib/python3.10/site-packages/keystonemiddleware/auth_token/__init__.py:544}}
Nov 16 05:19:08 user devstack@keystone.service[52282]: DEBUG keystone.server.flask.request_processing.middleware.auth_context [None req-6a2f54b8-e162-4b6e-bc68-2cd3d42c3a40 None admin] RBAC: auth_context: {'token': , 'domain_id': None, 'trust_id': None, 'trustor_id': None, 'trustee_id': None, 'domain_name': None, 'group_ids': [], 'user_id': 'be84b2ddfe0646a38c145e9f002fe7b7', 'user_domain_id': 'default', 'system_scope': 'all', 'project_id': None, 'project_domain_id': None, 'roles': ['admin', 'manager', 'member', 'reader'], 'is_admin_project': True, 'service_user_id': None, 'service_user_domain_id': None, 'service_project_id': None, 'service_project_domain_id': None, 'service_roles': []} {{(pid=52282) fill_context /opt/stack/keystone/keystone/server/flask/request_processing/middleware/auth_context.py:480}}
Nov 16 05:19:08 user devstack@keystone.service[52282]: DEBUG keystone.server.flask.request_processing.req_logging [None req-6a2f54b8-e162-4b6e-bc68-2cd3d42c3a40 None admin] REQUEST_METHOD: `POST` {{(pid=52282) log_request_info /opt/stack/keystone/keystone/server/flask/request_processing/req_logging.py:27}}
Nov 16 05:19:08 user devstack@keystone.service[52282]: DEBUG keystone.server.flask.request_processing.req_logging [None req-6a2f54b8-e162-4b6e-bc68-2cd3d42c3a40 None admin] SCRIPT_NAME: `/identity` {{(pid=52282) log_request_info /opt/stack/keystone/keystone/server/flask/request_processing/req_logging.py:28}}
Nov 16 05:19:08 user devstack@keystone.service[52282]: DEBUG keystone.server.flask.request_processing.req_logging [None req-6a2f54b8-e162-4b6e-bc68-2cd3d42c3a40 None admin] PATH_INFO: `/v3/users` {{(pid=52282) log_request_info /opt/stack/keystone/keystone/server/flask/request_processing/req_logging.py:29}}
Nov 16 05:19:08 user devstack@keystone.service[52282]: DEBUG keystone.common.rbac_enforcer.enforcer [None req-6a2f54b8-e162-4b6e-bc68-2cd3d42c3a40 None admin] RBAC: Authorizing `identity:create_user()` {{(pid=52282) enforce_call /opt/stack/keystone/keystone/common/rbac_enforcer/enforcer.py:449}}
Nov 16 05:19:08 user devstack@keystone.service[52282]: DEBUG keystone.common.rbac_enforcer.enforcer [None req-6a2f54b8-e162-4b6e-bc68-2cd3d42c3a40 None admin] RBAC: Authorization granted {{(pid=52282) enforce_call /opt/stack/keystone/keystone/common/rbac_enforcer/enforcer.py:457}}
Nov 16 05:19:08 user devstack@keystone.service[52282]: WARNING keystone.common.password_hashing [None req-6a2f54b8-e162-4b6e-bc68-2cd3d42c3a40 None admin] Truncating password to algorithm specific maximum length 72 characters.
Nov 16 05:19:08 user devstack@keystone.service[52281]: DEBUG keystone.server.flask.request_processing.middleware.auth_context [None req-d45b376a-428f-4dd3-8368-5f85b0fed889 None admin] RBAC: auth_context: {'token': , 'domain_id': None, 'trust_id': None, 'trustor_id': None, 'trustee_id': None, 'domain_name': None, 'group_ids': [], 'user_id': 'be84b2ddfe0646a38c145e9f002fe7b7', 'user_domain_id': 'default', 'system_scope': 'all', 'project_id': None, 'project_domain_id': None, 'roles': ['admin', 'manager', 'member', 'reader'], 'is_admin_project': True, 'service_user_id': None, 'service_user_domain_id': None, 'service_project_id': None, 'service_project_domain_id': None, 'service_roles': []} {{(pid=52281) fill_context /opt/stack/keystone/keystone/server/flask/request_processing/middleware/auth_context.py:480}}
Nov 16 05:19:08 user devstack@keystone.service[52281]: DEBUG keystone.server.flask.request_processing.req_logging [None req-d45b376a-428f-4dd3-8368-5f85b0fed889 None admin] REQUEST_METHOD: `GET` {{(pid=52281) log_request_info /opt/stack/keystone/keystone/server/flask/request_processing/req_logging.py:27}}
Nov 16 05:19:08 user devstack@keystone.service[52281]: DEBUG keystone.server.flask.request_processing.req_logging [None req-d45b376a-428f-4dd3-8368-5f85b0fed889 None admin] SCRIPT_NAME: `/identity` {{(pid=52281) log_request_info /opt/stack/keystone/keystone/server/flask/request_processing/req_logging.py:28}}
Nov 16 05:19:08 user devstack@keystone.service[52281]: DEBUG keystone.server.flask.request_processing.req_logging [None req-d45b376a-428f-4dd3-8368-5f85b0fed889 None admin] PATH_INFO: `/v3/users/8ebd89d17b7a41fbb7198fb30d2ed2c9` {{(pid=52281) log_request_info /opt/stack/keystone/keystone/server/flask/request_processing/req_logging.py:29}}
Nov 16 05:19:08 user devstack@keystone.service[52281]: DEBUG keystone.common.rbac_enforcer.enforcer [None req-d45b376a-428f-4dd3-8368-5f85b0fed889 None admin] RBAC: Authorizing `identity:get_user(user_id=8ebd89d17b7a41fbb7198fb30d2ed2c9)` {{(pid=52281) enforce_call /opt/stack/keystone/keystone/common/rbac_enforcer/enforcer.py:449}}
Nov 16 05:19:08 user devstack@keystone.service[52281]: DEBUG keystone.common.rbac_enforcer.enforcer [None req-d45b376a-428f-4dd3-8368-5f85b0fed889 None admin] RBAC: Authorization granted {{(pid=52281) enforce_call /opt/stack/keystone/keystone/common/rbac_enforcer/enforcer.py:457}}
Nov 16 05:19:08 user devstack@keystone.service[52281]: [pid: 52281|app: 0|req: 28/82] 10.0.0.210 () {56 vars in 1172 bytes} [Thu Nov 16 05:19:08 2023] GET /identity/v3/users/8ebd89d17b7a41fbb7198fb30d2ed2c9 => generated 274 bytes in 138 msecs (HTTP/1.1 200) 5 headers in 177 bytes (1 switches on core 0)
Nov 16 05:19:08 user devstack@keystone.service[52281]: DEBUG keystone.server.flask.request_processing.middleware.auth_context [None req-d45b376a-428f-4dd3-8368-5f85b0fed889 None admin] Authenticating user token {{(pid=52281) process_request /opt/stack/data/venv/lib/python3.10/site-packages/keystonemiddleware/auth_token/__init__.py:406}}
Nov 16 05:19:08 user devstack@keystone.service[52281]: DEBUG keystone.server.flask.request_processing.middleware.auth_context [None req-d45b376a-428f-4dd3-8368-5f85b0fed889 None admin] Validating token access rules against request {{(pid=52281) validate_allowed_request /opt/stack/data/venv/lib/python3.10/site-packages/keystonemiddleware/auth_token/__init__.py:544}}
Nov 16 05:19:08 user devstack@keystone.service[52283]: DEBUG keystone.server.flask.request_processing.middleware.auth_context [None req-29634546-681a-42dd-8788-cc9a003b70ad None admin] Validating token access rules against request {{(pid=52283) validate_allowed_request /opt/stack/data/venv/lib/python3.10/site-packages/keystonemiddleware/auth_token/__init__.py:544}}
Nov 16 05:19:08 user devstack@keystone.service[52281]: DEBUG keystone.server.flask.request_processing.middleware.auth_context [None req-1aac984b-3dbc-451a-91fb-20d944bd822b None admin] RBAC: auth_context: {'token': , 'domain_id': None, 'trust_id': None, 'trustor_id': None, 'trustee_id': None, 'domain_name': None, 'group_ids': [], 'user_id': 'be84b2ddfe0646a38c145e9f002fe7b7', 'user_domain_id': 'default', 'system_scope': 'all', 'project_id': None, 'project_domain_id': None, 'roles': ['admin', 'manager', 'member', 'reader'], 'is_admin_project': True, 'service_user_id': None, 'service_user_domain_id': None, 'service_project_id': None, 'service_project_domain_id': None, 'service_roles': []} {{(pid=52281) fill_context /opt/stack/keystone/keystone/server/flask/request_processing/middleware/auth_context.py:480}}
Nov 16 05:19:08 user devstack@keystone.service[52281]: DEBUG keystone.server.flask.request_processing.req_logging [None req-1aac984b-3dbc-451a-91fb-20d944bd822b None admin] REQUEST_METHOD: `GET` {{(pid=52281) log_request_info /opt/stack/keystone/keystone/server/flask/request_processing/req_logging.py:27}}
Nov 16 05:19:08 user devstack@keystone.service[52281]: DEBUG keystone.server.flask.request_processing.req_logging [None req-1aac984b-3dbc-451a-91fb-20d944bd822b None admin] SCRIPT_NAME: `/identity` {{(pid=52281) log_request_info /opt/stack/keystone/keystone/server/flask/request_processing/req_logging.py:28}}
Nov 16 05:19:08 user devstack@keystone.service[52281]: DEBUG keystone.server.flask.request_processing.req_logging [None req-1aac984b-3dbc-451a-91fb-20d944bd822b None admin] PATH_INFO: `/v3/projects/7ba38d2305ad40bd81513f1a0f6d3127` {{(pid=52281) log_request_info /opt/stack/keystone/keystone/server/flask/request_processing/req_logging.py:29}}
Nov 16 05:19:08 user devstack@keystone.service[52283]: DEBUG keystone.server.flask.request_processing.middleware.auth_context [None req-3a658e04-7332-4acf-a467-00d645c2730f None admin] RBAC: auth_context: {'token': , 'domain_id': None, 'trust_id': None, 'trustor_id': None, 'trustee_id': None, 'domain_name': None, 'group_ids': [], 'user_id': 'be84b2ddfe0646a38c145e9f002fe7b7', 'user_domain_id': 'default', 'system_scope': 'all', 'project_id': None, 'project_domain_id': None, 'roles': ['admin', 'manager', 'member', 'reader'], 'is_admin_project': True, 'service_user_id': None, 'service_user_domain_id': None, 'service_project_id': None, 'service_project_domain_id': None, 'service_roles': []} {{(pid=52283) fill_context /opt/stack/keystone/keystone/server/flask/request_processing/middleware/auth_context.py:480}}
Nov 16 05:19:08 user devstack@keystone.service[52283]: DEBUG keystone.server.flask.request_processing.req_logging [None req-3a658e04-7332-4acf-a467-00d645c2730f None admin] REQUEST_METHOD: `PUT` {{(pid=52283) log_request_info /opt/stack/keystone/keystone/server/flask/request_processing/req_logging.py:27}}
Nov 16 05:19:08 user devstack@keystone.service[52283]: DEBUG keystone.server.flask.request_processing.req_logging [None req-3a658e04-7332-4acf-a467-00d645c2730f None admin] SCRIPT_NAME: `/identity` {{(pid=52283) log_request_info /opt/stack/keystone/keystone/server/flask/request_processing/req_logging.py:28}}
Nov 16 05:19:08 user devstack@keystone.service[52283]: DEBUG keystone.server.flask.request_processing.req_logging [None req-3a658e04-7332-4acf-a467-00d645c2730f None admin] PATH_INFO: `/v3/projects/7ba38d2305ad40bd81513f1a0f6d3127/users/be84b2ddfe0646a38c145e9f002fe7b7/roles/36664b0deacb488a88f34a2d7574f7a3` {{(pid=52283) log_request_info /opt/stack/keystone/keystone/server/flask/request_processing/req_logging.py:29}}
Nov 16 05:19:08 user devstack@keystone.service[52283]: DEBUG keystone.common.rbac_enforcer.enforcer [None req-3a658e04-7332-4acf-a467-00d645c2730f None admin] RBAC: Authorizing `identity:create_grant(project_id=7ba38d2305ad40bd81513f1a0f6d3127, user_id=be84b2ddfe0646a38c145e9f002fe7b7, role_id=36664b0deacb488a88f34a2d7574f7a3)` {{(pid=52283) enforce_call /opt/stack/keystone/keystone/common/rbac_enforcer/enforcer.py:449}}
Nov 16 05:19:08 user devstack@keystone.service[52281]: DEBUG keystone.common.rbac_enforcer.enforcer [None req-1aac984b-3dbc-451a-91fb-20d944bd822b None admin] RBAC: Authorizing `identity:get_project(project_id=7ba38d2305ad40bd81513f1a0f6d3127)` {{(pid=52281) enforce_call /opt/stack/keystone/keystone/common/rbac_enforcer/enforcer.py:449}}
Nov 16 05:19:08 user devstack@keystone.service[52283]: DEBUG keystone.common.rbac_enforcer.enforcer [None req-3a658e04-7332-4acf-a467-00d645c2730f None admin] RBAC: Authorization granted {{(pid=52283) enforce_call /opt/stack/keystone/keystone/common/rbac_enforcer/enforcer.py:457}}
Nov 16 05:19:08 user devstack@keystone.service[52281]: DEBUG keystone.common.rbac_enforcer.enforcer [None req-1aac984b-3dbc-451a-91fb-20d944bd822b None admin] RBAC: Authorization granted {{(pid=52281) enforce_call /opt/stack/keystone/keystone/common/rbac_enforcer/enforcer.py:457}}
Nov 16 05:19:08 user devstack@keystone.service[52281]: [pid: 52281|app: 0|req: 29/83] 10.0.0.210 () {56 vars in 1181 bytes} [Thu Nov 16 05:19:08 2023] GET /identity/v3/projects/7ba38d2305ad40bd81513f1a0f6d3127 => generated 297 bytes in 195 msecs (HTTP/1.1 200) 5 headers in 177 bytes (1 switches on core 0)
Nov 16 05:19:08 user devstack@keystone.service[52281]: DEBUG keystone.server.flask.request_processing.middleware.auth_context [None req-1aac984b-3dbc-451a-91fb-20d944bd822b None admin] Authenticating user token {{(pid=52281) process_request /opt/stack/data/venv/lib/python3.10/site-packages/keystonemiddleware/auth_token/__init__.py:406}}
Nov 16 05:19:08 user devstack@keystone.service[52282]: [pid: 52282|app: 0|req: 30/84] 10.0.0.210 () {60 vars in 1127 bytes} [Thu Nov 16 05:19:08 2023] POST /identity/v3/users => generated 288 bytes in 429 msecs (HTTP/1.1 201) 5 headers in 182 bytes (1 switches on core 0)
Nov 16 05:19:08 user devstack@keystone.service[52283]: [pid: 52283|app: 0|req: 26/85] 10.0.0.210 () {58 vars in 1434 bytes} [Thu Nov 16 05:19:08 2023] PUT /identity/v3/projects/7ba38d2305ad40bd81513f1a0f6d3127/users/be84b2ddfe0646a38c145e9f002fe7b7/roles/36664b0deacb488a88f34a2d7574f7a3 => generated 0 bytes in 510 msecs (HTTP/1.1 204) 3 headers in 132 bytes (0 switches on core 0)
Nov 16 05:19:08 user devstack@keystone.service[52282]: DEBUG keystone.server.flask.request_processing.middleware.auth_context [None req-6a2f54b8-e162-4b6e-bc68-2cd3d42c3a40 None admin] Authenticating user token {{(pid=52282) process_request /opt/stack/data/venv/lib/python3.10/site-packages/keystonemiddleware/auth_token/__init__.py:406}}
Nov 16 05:19:08 user devstack@keystone.service[52281]: DEBUG keystone.server.flask.request_processing.middleware.auth_context [None req-1aac984b-3dbc-451a-91fb-20d944bd822b None admin] Validating token access rules against request {{(pid=52281) validate_allowed_request /opt/stack/data/venv/lib/python3.10/site-packages/keystonemiddleware/auth_token/__init__.py:544}}
Nov 16 05:19:08 user devstack@keystone.service[52281]: DEBUG keystone.server.flask.request_processing.middleware.auth_context [None req-0292e3b0-ab95-4a8c-92e9-1fd1e8c80e4c None admin] RBAC: auth_context: {'token': , 'domain_id': None, 'trust_id': None, 'trustor_id': None, 'trustee_id': None, 'domain_name': None, 'group_ids': [], 'user_id': 'be84b2ddfe0646a38c145e9f002fe7b7', 'user_domain_id': 'default', 'system_scope': 'all', 'project_id': None, 'project_domain_id': None, 'roles': ['admin', 'manager', 'member', 'reader'], 'is_admin_project': True, 'service_user_id': None, 'service_user_domain_id': None, 'service_project_id': None, 'service_project_domain_id': None, 'service_roles': []} {{(pid=52281) fill_context /opt/stack/keystone/keystone/server/flask/request_processing/middleware/auth_context.py:480}}
Nov 16 05:19:08 user devstack@keystone.service[52281]: DEBUG keystone.server.flask.request_processing.req_logging [None req-0292e3b0-ab95-4a8c-92e9-1fd1e8c80e4c None admin] REQUEST_METHOD: `GET` {{(pid=52281) log_request_info /opt/stack/keystone/keystone/server/flask/request_processing/req_logging.py:27}}
Nov 16 05:19:08 user devstack@keystone.service[52281]: DEBUG keystone.server.flask.request_processing.req_logging [None req-0292e3b0-ab95-4a8c-92e9-1fd1e8c80e4c None admin] SCRIPT_NAME: `/identity` {{(pid=52281) log_request_info /opt/stack/keystone/keystone/server/flask/request_processing/req_logging.py:28}}
Nov 16 05:19:08 user devstack@keystone.service[52281]: DEBUG keystone.server.flask.request_processing.req_logging [None req-0292e3b0-ab95-4a8c-92e9-1fd1e8c80e4c None admin] PATH_INFO: `/v3/projects/f647079be0824dcd87da611b463d73b1` {{(pid=52281) log_request_info /opt/stack/keystone/keystone/server/flask/request_processing/req_logging.py:29}}
Nov 16 05:19:08 user devstack@keystone.service[52281]: DEBUG keystone.common.rbac_enforcer.enforcer [None req-0292e3b0-ab95-4a8c-92e9-1fd1e8c80e4c None admin] RBAC: Authorizing `identity:get_project(project_id=f647079be0824dcd87da611b463d73b1)` {{(pid=52281) enforce_call /opt/stack/keystone/keystone/common/rbac_enforcer/enforcer.py:449}}
Nov 16 05:19:08 user devstack@keystone.service[52281]: DEBUG keystone.common.rbac_enforcer.enforcer [None req-0292e3b0-ab95-4a8c-92e9-1fd1e8c80e4c None admin] RBAC: Authorization granted {{(pid=52281) enforce_call /opt/stack/keystone/keystone/common/rbac_enforcer/enforcer.py:457}}
