Nov 16 20:49:59 user devstack@g-api.service[77638]: DEBUG glance.common.config [None req-b1f37e99-e3a3-4010-891b-889448784019 None None] barbican.collect_timing = False {{(pid=77638) log_opt_values /opt/stack/data/venv/lib/python3.10/site-packages/oslo_config/cfg.py:2609}}
Nov 16 20:49:59 user devstack@g-api.service[77638]: DEBUG glance.common.config [None req-b1f37e99-e3a3-4010-891b-889448784019 None None] barbican.insecure = False {{(pid=77638) log_opt_values /opt/stack/data/venv/lib/python3.10/site-packages/oslo_config/cfg.py:2609}}
Nov 16 20:49:59 user devstack@g-api.service[77638]: DEBUG glance.common.config [None req-b1f37e99-e3a3-4010-891b-889448784019 None None] barbican.keyfile = None {{(pid=77638) log_opt_values /opt/stack/data/venv/lib/python3.10/site-packages/oslo_config/cfg.py:2609}}
Nov 16 20:49:59 user devstack@g-api.service[77638]: DEBUG glance.common.config [None req-b1f37e99-e3a3-4010-891b-889448784019 None None] barbican.number_of_retries = 60 {{(pid=77638) log_opt_values /opt/stack/data/venv/lib/python3.10/site-packages/oslo_config/cfg.py:2609}}
Nov 16 20:49:59 user devstack@g-api.service[77638]: DEBUG glance.common.config [None req-b1f37e99-e3a3-4010-891b-889448784019 None None] barbican.retry_delay = 1 {{(pid=77638) log_opt_values /opt/stack/data/venv/lib/python3.10/site-packages/oslo_config/cfg.py:2609}}
Nov 16 20:49:59 user devstack@g-api.service[77638]: DEBUG glance.common.config [None req-b1f37e99-e3a3-4010-891b-889448784019 None None] barbican.send_service_user_token = False {{(pid=77638) log_opt_values /opt/stack/data/venv/lib/python3.10/site-packages/oslo_config/cfg.py:2609}}
Nov 16 20:49:59 user devstack@g-api.service[77638]: DEBUG glance.common.config [None req-b1f37e99-e3a3-4010-891b-889448784019 None None] barbican.split_loggers = False {{(pid=77638) log_opt_values /opt/stack/data/venv/lib/python3.10/site-packages/oslo_config/cfg.py:2609}}
Nov 16 20:49:59 user devstack@g-api.service[77638]: DEBUG glance.common.config [None req-b1f37e99-e3a3-4010-891b-889448784019 None None] barbican.timeout = None {{(pid=77638) log_opt_values /opt/stack/data/venv/lib/python3.10/site-packages/oslo_config/cfg.py:2609}}
Nov 16 20:49:59 user devstack@g-api.service[77638]: DEBUG glance.common.config [None req-b1f37e99-e3a3-4010-891b-889448784019 None None] barbican.verify_ssl = True {{(pid=77638) log_opt_values /opt/stack/data/venv/lib/python3.10/site-packages/oslo_config/cfg.py:2609}}
Nov 16 20:49:59 user devstack@g-api.service[77638]: DEBUG glance.common.config [None req-b1f37e99-e3a3-4010-891b-889448784019 None None] barbican.verify_ssl_path = None {{(pid=77638) log_opt_values /opt/stack/data/venv/lib/python3.10/site-packages/oslo_config/cfg.py:2609}}
Nov 16 20:49:59 user devstack@g-api.service[77638]: DEBUG glance.common.config [None req-b1f37e99-e3a3-4010-891b-889448784019 None None] barbican_service_user.auth_section = None {{(pid=77638) log_opt_values /opt/stack/data/venv/lib/python3.10/site-packages/oslo_config/cfg.py:2609}}
Nov 16 20:49:59 user devstack@g-api.service[77638]: DEBUG glance.common.config [None req-b1f37e99-e3a3-4010-891b-889448784019 None None] barbican_service_user.auth_type = None {{(pid=77638) log_opt_values /opt/stack/data/venv/lib/python3.10/site-packages/oslo_config/cfg.py:2609}}
Nov 16 20:49:59 user devstack@g-api.service[77638]: DEBUG glance.common.config [None req-b1f37e99-e3a3-4010-891b-889448784019 None None] barbican_service_user.cafile = None {{(pid=77638) log_opt_values /opt/stack/data/venv/lib/python3.10/site-packages/oslo_config/cfg.py:2609}}
Nov 16 20:49:59 user devstack@g-api.service[77638]: DEBUG glance.common.config [None req-b1f37e99-e3a3-4010-891b-889448784019 None None] barbican_service_user.certfile = None {{(pid=77638) log_opt_values /opt/stack/data/venv/lib/python3.10/site-packages/oslo_config/cfg.py:2609}}
Nov 16 20:49:59 user devstack@g-api.service[77638]: DEBUG glance.common.config [None req-b1f37e99-e3a3-4010-891b-889448784019 None None] barbican_service_user.collect_timing = False {{(pid=77638) log_opt_values /opt/stack/data/venv/lib/python3.10/site-packages/oslo_config/cfg.py:2609}}
Nov 16 20:49:59 user devstack@g-api.service[77638]: DEBUG glance.common.config [None req-b1f37e99-e3a3-4010-891b-889448784019 None None] barbican_service_user.insecure = False {{(pid=77638) log_opt_values /opt/stack/data/venv/lib/python3.10/site-packages/oslo_config/cfg.py:2609}}
Nov 16 20:49:59 user devstack@g-api.service[77638]: DEBUG glance.common.config [None req-b1f37e99-e3a3-4010-891b-889448784019 None None] barbican_service_user.keyfile = None {{(pid=77638) log_opt_values /opt/stack/data/venv/lib/python3.10/site-packages/oslo_config/cfg.py:2609}}
Nov 16 20:49:59 user devstack@g-api.service[77638]: DEBUG glance.common.config [None req-b1f37e99-e3a3-4010-891b-889448784019 None None] barbican_service_user.split_loggers = False {{(pid=77638) log_opt_values /opt/stack/data/venv/lib/python3.10/site-packages/oslo_config/cfg.py:2609}}
Nov 16 20:49:59 user devstack@g-api.service[77638]: DEBUG glance.common.config [None req-b1f37e99-e3a3-4010-891b-889448784019 None None] barbican_service_user.timeout = None {{(pid=77638) log_opt_values /opt/stack/data/venv/lib/python3.10/site-packages/oslo_config/cfg.py:2609}}
Nov 16 20:49:59 user devstack@g-api.service[77638]: DEBUG glance.common.config [None req-b1f37e99-e3a3-4010-891b-889448784019 None None] healthcheck.backends = ['disable_by_file'] {{(pid=77638) log_opt_values /opt/stack/data/venv/lib/python3.10/site-packages/oslo_config/cfg.py:2609}}
Nov 16 20:49:59 user devstack@g-api.service[77638]: DEBUG glance.common.config [None req-b1f37e99-e3a3-4010-891b-889448784019 None None] healthcheck.detailed = False {{(pid=77638) log_opt_values /opt/stack/data/venv/lib/python3.10/site-packages/oslo_config/cfg.py:2609}}
Nov 16 20:49:59 user devstack@g-api.service[77638]: DEBUG glance.common.config [None req-b1f37e99-e3a3-4010-891b-889448784019 None None] healthcheck.disable_by_file_path = None {{(pid=77638) log_opt_values /opt/stack/data/venv/lib/python3.10/site-packages/oslo_config/cfg.py:2609}}
Nov 16 20:49:59 user devstack@g-api.service[77638]: DEBUG glance.common.config [None req-b1f37e99-e3a3-4010-891b-889448784019 None None] healthcheck.path = /healthcheck {{(pid=77638) log_opt_values /opt/stack/data/venv/lib/python3.10/site-packages/oslo_config/cfg.py:2609}}
Nov 16 20:49:59 user devstack@g-api.service[77638]: DEBUG glance.common.config [None req-b1f37e99-e3a3-4010-891b-889448784019 None None] ******************************************************************************** {{(pid=77638) log_opt_values /opt/stack/data/venv/lib/python3.10/site-packages/oslo_config/cfg.py:2613}}
Nov 16 20:49:59 user devstack@g-api.service[77638]: WSGI app 0 (mountpoint='') ready in 4 seconds on interpreter 0x55ca9bcfc0a0 pid: 77638 (default app)
Nov 16 20:50:04 user devstack@g-api.service[77640]: DEBUG glance.api.middleware.version_negotiation [None req-f65d42ca-ed74-446d-be0a-82fa2ff0f5f7 None None] Determining version of request: GET / Accept: application/json {{(pid=77640) process_request /opt/stack/glance/glance/api/middleware/version_negotiation.py:44}}
Nov 16 20:50:04 user devstack@g-api.service[77640]: DEBUG glance.api.middleware.version_negotiation [None req-f65d42ca-ed74-446d-be0a-82fa2ff0f5f7 None None] Using url versioning {{(pid=77640) process_request /opt/stack/glance/glance/api/middleware/version_negotiation.py:57}}
Nov 16 20:50:04 user devstack@g-api.service[77640]: DEBUG glance.api.middleware.version_negotiation [None req-f65d42ca-ed74-446d-be0a-82fa2ff0f5f7 None None] Unknown version. Returning version choices. {{(pid=77640) process_request /opt/stack/glance/glance/api/middleware/version_negotiation.py:64}}
Nov 16 20:50:04 user devstack@g-api.service[77640]: [pid: 77640|app: 0|req: 2/2] 127.0.0.1 () {34 vars in 498 bytes} [Thu Nov 16 20:50:04 2023] GET / => generated 1287 bytes in 4 msecs (HTTP/1.1 300) 3 headers in 106 bytes (1 switches on core 0)
Nov 16 20:50:04 user devstack@g-api.service[77639]: DEBUG glance.api.middleware.version_negotiation [None req-32003cb6-b895-413f-900b-3a04dd94d190 None None] Determining version of request: POST /v2/images Accept: */* {{(pid=77639) process_request /opt/stack/glance/glance/api/middleware/version_negotiation.py:44}}
Nov 16 20:50:04 user devstack@g-api.service[77639]: DEBUG glance.api.middleware.version_negotiation [None req-32003cb6-b895-413f-900b-3a04dd94d190 None None] Using url versioning {{(pid=77639) process_request /opt/stack/glance/glance/api/middleware/version_negotiation.py:57}}
Nov 16 20:50:04 user devstack@g-api.service[77639]: DEBUG glance.api.middleware.version_negotiation [None req-32003cb6-b895-413f-900b-3a04dd94d190 None None] Matched version: v2 {{(pid=77639) process_request /opt/stack/glance/glance/api/middleware/version_negotiation.py:69}}
Nov 16 20:50:04 user devstack@g-api.service[77639]: DEBUG glance.api.middleware.version_negotiation [None req-32003cb6-b895-413f-900b-3a04dd94d190 None None] new path /v2/images {{(pid=77639) process_request /opt/stack/glance/glance/api/middleware/version_negotiation.py:70}}
Nov 16 20:50:05 user devstack@g-api.service[77639]: INFO dbcounter [None req-86434a63-8344-4dc0-bb17-1a05670183d2 admin admin] Registered counter for database glance
Nov 16 20:50:05 user devstack@g-api.service[77639]: DEBUG oslo_db.sqlalchemy.engines [None req-86434a63-8344-4dc0-bb17-1a05670183d2 admin admin] MySQL server mode set to STRICT_TRANS_TABLES,STRICT_ALL_TABLES,NO_ZERO_IN_DATE,NO_ZERO_DATE,ERROR_FOR_DIVISION_BY_ZERO,TRADITIONAL,NO_ENGINE_SUBSTITUTION {{(pid=77639) _check_effective_sql_mode /opt/stack/data/venv/lib/python3.10/site-packages/oslo_db/sqlalchemy/engines.py:342}}
Nov 16 20:50:05 user devstack@g-api.service[77639]: DEBUG dbcounter [-] [77639] Writer thread running {{(pid=77639) stat_writer /opt/stack/data/venv/lib/python3.10/site-packages/dbcounter.py:102}}
Nov 16 20:50:05 user devstack@g-api.service[77639]: [pid: 77639|app: 0|req: 1/3] 127.0.0.1 () {40 vars in 761 bytes} [Thu Nov 16 20:50:04 2023] POST /v2/images => generated 807 bytes in 1011 msecs (HTTP/1.1 201) 6 headers in 314 bytes (1 switches on core 0)
Nov 16 20:50:05 user devstack@g-api.service[77638]: DEBUG glance.api.middleware.version_negotiation [None req-b1f37e99-e3a3-4010-891b-889448784019 None None] Determining version of request: PUT /v2/images/27c9a0fb-521f-4a68-953c-213bad7c1be5/file Accept: {{(pid=77638) process_request /opt/stack/glance/glance/api/middleware/version_negotiation.py:44}}
Nov 16 20:50:05 user devstack@g-api.service[77638]: DEBUG glance.api.middleware.version_negotiation [None req-b1f37e99-e3a3-4010-891b-889448784019 None None] Using url versioning {{(pid=77638) process_request /opt/stack/glance/glance/api/middleware/version_negotiation.py:57}}
Nov 16 20:50:05 user devstack@g-api.service[77638]: DEBUG glance.api.middleware.version_negotiation [None req-b1f37e99-e3a3-4010-891b-889448784019 None None] Matched version: v2 {{(pid=77638) process_request /opt/stack/glance/glance/api/middleware/version_negotiation.py:69}}
Nov 16 20:50:05 user devstack@g-api.service[77638]: DEBUG glance.api.middleware.version_negotiation [None req-b1f37e99-e3a3-4010-891b-889448784019 None None] new path /v2/images/27c9a0fb-521f-4a68-953c-213bad7c1be5/file {{(pid=77638) process_request /opt/stack/glance/glance/api/middleware/version_negotiation.py:70}}
Nov 16 20:50:05 user devstack@g-api.service[77638]: INFO dbcounter [None req-1d10e345-3916-41cc-8b02-888249231b1b admin admin] Registered counter for database glance
Nov 16 20:50:05 user devstack@g-api.service[77638]: DEBUG oslo_db.sqlalchemy.engines [None req-1d10e345-3916-41cc-8b02-888249231b1b admin admin] MySQL server mode set to STRICT_TRANS_TABLES,STRICT_ALL_TABLES,NO_ZERO_IN_DATE,NO_ZERO_DATE,ERROR_FOR_DIVISION_BY_ZERO,TRADITIONAL,NO_ENGINE_SUBSTITUTION {{(pid=77638) _check_effective_sql_mode /opt/stack/data/venv/lib/python3.10/site-packages/oslo_db/sqlalchemy/engines.py:342}}
Nov 16 20:50:05 user devstack@g-api.service[77638]: DEBUG dbcounter [-] [77638] Writer thread running {{(pid=77638) stat_writer /opt/stack/data/venv/lib/python3.10/site-packages/dbcounter.py:102}}
Nov 16 20:50:06 user devstack@g-api.service[77638]: INFO glance.api.v2.image_data [None req-1d10e345-3916-41cc-8b02-888249231b1b admin admin] Unable to create trust: no such option collect_timing in group [keystone_authtoken] Use the existing user token.
Nov 16 20:50:06 user devstack@g-api.service[77638]: DEBUG glance.location [None req-1d10e345-3916-41cc-8b02-888249231b1b admin admin] Enabling in-flight format inspection for qcow2 {{(pid=77638) set_data /opt/stack/glance/glance/location.py:581}}
Nov 16 20:50:06 user devstack@g-api.service[77638]: DEBUG glance_store._drivers.filesystem [None req-1d10e345-3916-41cc-8b02-888249231b1b admin admin] Wrote 21430272 bytes to /opt/stack/data/glance/images/27c9a0fb-521f-4a68-953c-213bad7c1be5 with checksum c8fc807773e5354afe61636071771906 and multihash 1103b92ce8ad966e41235a4de260deb791ff571670c0342666c8582fbb9caefe6af07ebb11d34f44f8414b609b29c1bdf1d72ffa6faa39c88e8721d09847952b {{(pid=77638) add /opt/stack/data/venv/lib/python3.10/site-packages/glance_store/_drivers/filesystem.py:773}}
Nov 16 20:50:06 user devstack@g-api.service[77638]: INFO glance.location [None req-1d10e345-3916-41cc-8b02-888249231b1b admin admin] Image format matched and virtual size computed: 117440512
Nov 16 20:50:06 user devstack@g-api.service[77638]: DEBUG glance_store.backend [None req-1d10e345-3916-41cc-8b02-888249231b1b admin admin] Skipping store.set_acls... not implemented. {{(pid=77638) set_acls /opt/stack/data/venv/lib/python3.10/site-packages/glance_store/backend.py:508}}
Nov 16 20:50:06 user devstack@g-api.service[77638]: [pid: 77638|app: 0|req: 1/4] 127.0.0.1 () {40 vars in 854 bytes} [Thu Nov 16 20:50:05 2023] PUT /v2/images/27c9a0fb-521f-4a68-953c-213bad7c1be5/file => generated 0 bytes in 1582 msecs (HTTP/1.1 204) 4 headers in 171 bytes (1 switches on core 0)
Nov 16 20:50:15 user devstack@g-api.service[77639]: DEBUG dbcounter [-] [77639] Writing DB stats glance:SELECT=10,glance:INSERT=5 {{(pid=77639) stat_writer /opt/stack/data/venv/lib/python3.10/site-packages/dbcounter.py:115}}
Nov 16 20:50:16 user devstack@g-api.service[77638]: DEBUG dbcounter [-] [77638] Writing DB stats glance:SELECT=29,glance:UPDATE=2,glance:INSERT=1 {{(pid=77638) stat_writer /opt/stack/data/venv/lib/python3.10/site-packages/dbcounter.py:115}}
Nov 16 20:50:58 user devstack@g-api.service[77640]: DEBUG glance.api.middleware.version_negotiation [None req-f65d42ca-ed74-446d-be0a-82fa2ff0f5f7 None None] Determining version of request: GET / Accept: application/json {{(pid=77640) process_request /opt/stack/glance/glance/api/middleware/version_negotiation.py:44}}
Nov 16 20:50:58 user devstack@g-api.service[77640]: DEBUG glance.api.middleware.version_negotiation [None req-f65d42ca-ed74-446d-be0a-82fa2ff0f5f7 None None] Using url versioning {{(pid=77640) process_request /opt/stack/glance/glance/api/middleware/version_negotiation.py:57}}
Nov 16 20:50:58 user devstack@g-api.service[77640]: DEBUG glance.api.middleware.version_negotiation [None req-f65d42ca-ed74-446d-be0a-82fa2ff0f5f7 None None] Unknown version. Returning version choices. {{(pid=77640) process_request /opt/stack/glance/glance/api/middleware/version_negotiation.py:64}}
Nov 16 20:50:58 user devstack@g-api.service[77640]: [pid: 77640|app: 0|req: 3/5] 127.0.0.1 () {34 vars in 498 bytes} [Thu Nov 16 20:50:58 2023] GET / => generated 1287 bytes in 5 msecs (HTTP/1.1 300) 3 headers in 106 bytes (1 switches on core 0)
Nov 16 20:50:58 user devstack@g-api.service[77639]: DEBUG glance.api.middleware.version_negotiation [None req-86434a63-8344-4dc0-bb17-1a05670183d2 admin admin] Determining version of request: GET /v2/images Accept: application/json {{(pid=77639) process_request /opt/stack/glance/glance/api/middleware/version_negotiation.py:44}}
Nov 16 20:50:58 user devstack@g-api.service[77639]: DEBUG glance.api.middleware.version_negotiation [None req-86434a63-8344-4dc0-bb17-1a05670183d2 admin admin] Using url versioning {{(pid=77639) process_request /opt/stack/glance/glance/api/middleware/version_negotiation.py:57}}
Nov 16 20:50:58 user devstack@g-api.service[77639]: DEBUG glance.api.middleware.version_negotiation [None req-86434a63-8344-4dc0-bb17-1a05670183d2 admin admin] Matched version: v2 {{(pid=77639) process_request /opt/stack/glance/glance/api/middleware/version_negotiation.py:69}}
Nov 16 20:50:58 user devstack@g-api.service[77639]: DEBUG glance.api.middleware.version_negotiation [None req-86434a63-8344-4dc0-bb17-1a05670183d2 admin admin] new path /v2/images {{(pid=77639) process_request /opt/stack/glance/glance/api/middleware/version_negotiation.py:70}}
Nov 16 20:50:58 user devstack@g-api.service[77639]: [pid: 77639|app: 0|req: 2/6] 127.0.0.1 () {36 vars in 720 bytes} [Thu Nov 16 20:50:58 2023] GET /v2/images => generated 1045 bytes in 76 msecs (HTTP/1.1 200) 4 headers in 158 bytes (1 switches on core 0)
Nov 16 20:51:08 user devstack@g-api.service[77639]: DEBUG dbcounter [-] [77639] Writing DB stats glance:SELECT=2 {{(pid=77639) stat_writer /opt/stack/data/venv/lib/python3.10/site-packages/dbcounter.py:115}}
Nov 16 20:52:34 user devstack@g-api.service[77638]: DEBUG glance.api.middleware.version_negotiation [None req-1d10e345-3916-41cc-8b02-888249231b1b admin admin] Determining version of request: GET / Accept: application/json {{(pid=77638) process_request /opt/stack/glance/glance/api/middleware/version_negotiation.py:44}}
Nov 16 20:52:34 user devstack@g-api.service[77638]: DEBUG glance.api.middleware.version_negotiation [None req-1d10e345-3916-41cc-8b02-888249231b1b admin admin] Using url versioning {{(pid=77638) process_request /opt/stack/glance/glance/api/middleware/version_negotiation.py:57}}
Nov 16 20:52:34 user devstack@g-api.service[77638]: DEBUG glance.api.middleware.version_negotiation [None req-1d10e345-3916-41cc-8b02-888249231b1b admin admin] Unknown version. Returning version choices. {{(pid=77638) process_request /opt/stack/glance/glance/api/middleware/version_negotiation.py:64}}
Nov 16 20:52:34 user devstack@g-api.service[77638]: [pid: 77638|app: 0|req: 2/7] 127.0.0.1 () {36 vars in 470 bytes} [Thu Nov 16 20:52:34 2023] GET / => generated 1287 bytes in 3 msecs (HTTP/1.1 300) 3 headers in 106 bytes (1 switches on core 0)
Nov 16 20:53:43 user devstack@g-api.service[77640]: DEBUG glance.api.middleware.version_negotiation [None req-f65d42ca-ed74-446d-be0a-82fa2ff0f5f7 None None] Determining version of request: GET / Accept: application/json {{(pid=77640) process_request /opt/stack/glance/glance/api/middleware/version_negotiation.py:44}}
Nov 16 20:53:43 user devstack@g-api.service[77640]: DEBUG glance.api.middleware.version_negotiation [None req-f65d42ca-ed74-446d-be0a-82fa2ff0f5f7 None None] Using url versioning {{(pid=77640) process_request /opt/stack/glance/glance/api/middleware/version_negotiation.py:57}}
Nov 16 20:53:43 user devstack@g-api.service[77640]: DEBUG glance.api.middleware.version_negotiation [None req-f65d42ca-ed74-446d-be0a-82fa2ff0f5f7 None None] Unknown version. Returning version choices. {{(pid=77640) process_request /opt/stack/glance/glance/api/middleware/version_negotiation.py:64}}
Nov 16 20:53:43 user devstack@g-api.service[77640]: [pid: 77640|app: 0|req: 4/8] 127.0.0.1 () {34 vars in 485 bytes} [Thu Nov 16 20:53:43 2023] GET / => generated 1287 bytes in 3 msecs (HTTP/1.1 300) 3 headers in 106 bytes (1 switches on core 0)
Nov 16 20:53:43 user devstack@g-api.service[77639]: DEBUG glance.api.middleware.version_negotiation [None req-aa58ce67-f23e-49e8-9bce-7bb75abf213d admin admin] Determining version of request: GET /v2/images/27c9a0fb-521f-4a68-953c-213bad7c1be5 Accept: */* {{(pid=77639) process_request /opt/stack/glance/glance/api/middleware/version_negotiation.py:44}}
Nov 16 20:53:43 user devstack@g-api.service[77639]: DEBUG glance.api.middleware.version_negotiation [None req-aa58ce67-f23e-49e8-9bce-7bb75abf213d admin admin] Using url versioning {{(pid=77639) process_request /opt/stack/glance/glance/api/middleware/version_negotiation.py:57}}
Nov 16 20:53:43 user devstack@g-api.service[77639]: DEBUG glance.api.middleware.version_negotiation [None req-aa58ce67-f23e-49e8-9bce-7bb75abf213d admin admin] Matched version: v2 {{(pid=77639) process_request /opt/stack/glance/glance/api/middleware/version_negotiation.py:69}}
Nov 16 20:53:43 user devstack@g-api.service[77639]: DEBUG glance.api.middleware.version_negotiation [None req-aa58ce67-f23e-49e8-9bce-7bb75abf213d admin admin] new path /v2/images/27c9a0fb-521f-4a68-953c-213bad7c1be5 {{(pid=77639) process_request /opt/stack/glance/glance/api/middleware/version_negotiation.py:70}}
Nov 16 20:53:43 user devstack@g-api.service[77639]: WARNING keystonemiddleware.auth_token [None req-aa58ce67-f23e-49e8-9bce-7bb75abf213d admin admin] A valid token was submitted as a service token, but it was not a valid service token. This is incorrect but backwards compatible behaviour. This will be removed in future releases.
Nov 16 20:53:43 user devstack@g-api.service[77639]: [pid: 77639|app: 0|req: 3/9] 127.0.0.1 () {42 vars in 1041 bytes} [Thu Nov 16 20:53:43 2023] GET /v2/images/27c9a0fb-521f-4a68-953c-213bad7c1be5 => generated 976 bytes in 80 msecs (HTTP/1.1 200) 4 headers in 157 bytes (1 switches on core 0)
Nov 16 20:53:43 user devstack@g-api.service[77638]: DEBUG glance.api.middleware.version_negotiation [None req-1d10e345-3916-41cc-8b02-888249231b1b admin admin] Determining version of request: GET /v2/schemas/image Accept: */* {{(pid=77638) process_request /opt/stack/glance/glance/api/middleware/version_negotiation.py:44}}
Nov 16 20:53:43 user devstack@g-api.service[77638]: DEBUG glance.api.middleware.version_negotiation [None req-1d10e345-3916-41cc-8b02-888249231b1b admin admin] Using url versioning {{(pid=77638) process_request /opt/stack/glance/glance/api/middleware/version_negotiation.py:57}}
Nov 16 20:53:43 user devstack@g-api.service[77638]: DEBUG glance.api.middleware.version_negotiation [None req-1d10e345-3916-41cc-8b02-888249231b1b admin admin] Matched version: v2 {{(pid=77638) process_request /opt/stack/glance/glance/api/middleware/version_negotiation.py:69}}
Nov 16 20:53:43 user devstack@g-api.service[77638]: DEBUG glance.api.middleware.version_negotiation [None req-1d10e345-3916-41cc-8b02-888249231b1b admin admin] new path /v2/schemas/image {{(pid=77638) process_request /opt/stack/glance/glance/api/middleware/version_negotiation.py:70}}
Nov 16 20:53:43 user devstack@g-api.service[77638]: WARNING keystonemiddleware.auth_token [None req-1d10e345-3916-41cc-8b02-888249231b1b admin admin] A valid token was submitted as a service token, but it was not a valid service token. This is incorrect but backwards compatible behaviour. This will be removed in future releases.
Nov 16 20:53:43 user devstack@g-api.service[77638]: [pid: 77638|app: 0|req: 3/10] 127.0.0.1 () {42 vars in 981 bytes} [Thu Nov 16 20:53:43 2023] GET /v2/schemas/image => generated 6083 bytes in 22 msecs (HTTP/1.1 200) 4 headers in 158 bytes (1 switches on core 0)
Nov 16 20:53:46 user devstack@g-api.service[77640]: DEBUG glance.api.middleware.version_negotiation [None req-f65d42ca-ed74-446d-be0a-82fa2ff0f5f7 None None] Determining version of request: GET / Accept: application/json {{(pid=77640) process_request /opt/stack/glance/glance/api/middleware/version_negotiation.py:44}}
Nov 16 20:53:46 user devstack@g-api.service[77640]: DEBUG glance.api.middleware.version_negotiation [None req-f65d42ca-ed74-446d-be0a-82fa2ff0f5f7 None None] Using url versioning {{(pid=77640) process_request /opt/stack/glance/glance/api/middleware/version_negotiation.py:57}}
Nov 16 20:53:46 user devstack@g-api.service[77640]: DEBUG glance.api.middleware.version_negotiation [None req-f65d42ca-ed74-446d-be0a-82fa2ff0f5f7 None None] Unknown version. Returning version choices. {{(pid=77640) process_request /opt/stack/glance/glance/api/middleware/version_negotiation.py:64}}
Nov 16 20:53:46 user devstack@g-api.service[77640]: [pid: 77640|app: 0|req: 5/11] 127.0.0.1 () {34 vars in 485 bytes} [Thu Nov 16 20:53:46 2023] GET / => generated 1287 bytes in 2 msecs (HTTP/1.1 300) 3 headers in 106 bytes (1 switches on core 0)
Nov 16 20:53:46 user devstack@g-api.service[77639]: DEBUG glance.api.middleware.version_negotiation [None req-d81c3455-e8b6-41dd-a6e8-23a3ec8015da tempest-DeleteServersTestJSON-353932806 tempest-DeleteServersTestJSON-353932806-project-member] Determining version of request: GET /v2/images/27c9a0fb-521f-4a68-953c-213bad7c1be5 Accept: */* {{(pid=77639) process_request /opt/stack/glance/glance/api/middleware/version_negotiation.py:44}}
Nov 16 20:53:46 user devstack@g-api.service[77639]: DEBUG glance.api.middleware.version_negotiation [None req-d81c3455-e8b6-41dd-a6e8-23a3ec8015da tempest-DeleteServersTestJSON-353932806 tempest-DeleteServersTestJSON-353932806-project-member] Using url versioning {{(pid=77639) process_request /opt/stack/glance/glance/api/middleware/version_negotiation.py:57}}
Nov 16 20:53:46 user devstack@g-api.service[77639]: DEBUG glance.api.middleware.version_negotiation [None req-d81c3455-e8b6-41dd-a6e8-23a3ec8015da tempest-DeleteServersTestJSON-353932806 tempest-DeleteServersTestJSON-353932806-project-member] Matched version: v2 {{(pid=77639) process_request /opt/stack/glance/glance/api/middleware/version_negotiation.py:69}}
Nov 16 20:53:46 user devstack@g-api.service[77639]: DEBUG glance.api.middleware.version_negotiation [None req-d81c3455-e8b6-41dd-a6e8-23a3ec8015da tempest-DeleteServersTestJSON-353932806 tempest-DeleteServersTestJSON-353932806-project-member] new path /v2/images/27c9a0fb-521f-4a68-953c-213bad7c1be5 {{(pid=77639) process_request /opt/stack/glance/glance/api/middleware/version_negotiation.py:70}}
Nov 16 20:53:46 user devstack@g-api.service[77639]: [pid: 77639|app: 0|req: 4/12] 127.0.0.1 () {42 vars in 1041 bytes} [Thu Nov 16 20:53:46 2023] GET /v2/images/27c9a0fb-521f-4a68-953c-213bad7c1be5 => generated 976 bytes in 27 msecs (HTTP/1.1 200) 4 headers in 157 bytes (1 switches on core 0)
Nov 16 20:53:46 user devstack@g-api.service[77638]: DEBUG glance.api.middleware.version_negotiation [None req-d81c3455-e8b6-41dd-a6e8-23a3ec8015da tempest-DeleteServersTestJSON-353932806 tempest-DeleteServersTestJSON-353932806-project-member] Determining version of request: GET /v2/schemas/image Accept: */* {{(pid=77638) process_request /opt/stack/glance/glance/api/middleware/version_negotiation.py:44}}
Nov 16 20:53:46 user devstack@g-api.service[77638]: DEBUG glance.api.middleware.version_negotiation [None req-d81c3455-e8b6-41dd-a6e8-23a3ec8015da tempest-DeleteServersTestJSON-353932806 tempest-DeleteServersTestJSON-353932806-project-member] Using url versioning {{(pid=77638) process_request /opt/stack/glance/glance/api/middleware/version_negotiation.py:57}}
Nov 16 20:53:46 user devstack@g-api.service[77638]: DEBUG glance.api.middleware.version_negotiation [None req-d81c3455-e8b6-41dd-a6e8-23a3ec8015da tempest-DeleteServersTestJSON-353932806 tempest-DeleteServersTestJSON-353932806-project-member] Matched version: v2 {{(pid=77638) process_request /opt/stack/glance/glance/api/middleware/version_negotiation.py:69}}
Nov 16 20:53:46 user devstack@g-api.service[77638]: DEBUG glance.api.middleware.version_negotiation [None req-d81c3455-e8b6-41dd-a6e8-23a3ec8015da tempest-DeleteServersTestJSON-353932806 tempest-DeleteServersTestJSON-353932806-project-member] new path /v2/schemas/image {{(pid=77638) process_request /opt/stack/glance/glance/api/middleware/version_negotiation.py:70}}
Nov 16 20:53:46 user devstack@g-api.service[77638]: [pid: 77638|app: 0|req: 4/13] 127.0.0.1 () {42 vars in 981 bytes} [Thu Nov 16 20:53:46 2023] GET /v2/schemas/image => generated 6083 bytes in 8 msecs (HTTP/1.1 200) 4 headers in 158 bytes (1 switches on core 0)
Nov 16 20:53:48 user devstack@g-api.service[77640]: DEBUG glance.api.middleware.version_negotiation [None req-f65d42ca-ed74-446d-be0a-82fa2ff0f5f7 None None] Determining version of request: GET /v2/images/27c9a0fb-521f-4a68-953c-213bad7c1be5 Accept: */* {{(pid=77640) process_request /opt/stack/glance/glance/api/middleware/version_negotiation.py:44}}
Nov 16 20:53:48 user devstack@g-api.service[77640]: DEBUG glance.api.middleware.version_negotiation [None req-f65d42ca-ed74-446d-be0a-82fa2ff0f5f7 None None] Using url versioning {{(pid=77640) process_request /opt/stack/glance/glance/api/middleware/version_negotiation.py:57}}
Nov 16 20:53:48 user devstack@g-api.service[77640]: DEBUG glance.api.middleware.version_negotiation [None req-f65d42ca-ed74-446d-be0a-82fa2ff0f5f7 None None] Matched version: v2 {{(pid=77640) process_request /opt/stack/glance/glance/api/middleware/version_negotiation.py:69}}
Nov 16 20:53:48 user devstack@g-api.service[77640]: DEBUG glance.api.middleware.version_negotiation [None req-f65d42ca-ed74-446d-be0a-82fa2ff0f5f7 None None] new path /v2/images/27c9a0fb-521f-4a68-953c-213bad7c1be5 {{(pid=77640) process_request /opt/stack/glance/glance/api/middleware/version_negotiation.py:70}}
Nov 16 20:53:48 user devstack@g-api.service[77640]: WARNING keystonemiddleware.auth_token [None req-f65d42ca-ed74-446d-be0a-82fa2ff0f5f7 None None] A valid token was submitted as a service token, but it was not a valid service token. This is incorrect but backwards compatible behaviour. This will be removed in future releases.
Nov 16 20:53:48 user devstack@g-api.service[77640]: INFO dbcounter [None req-d81c3455-e8b6-41dd-a6e8-23a3ec8015da tempest-DeleteServersTestJSON-353932806 tempest-DeleteServersTestJSON-353932806-project-member] Registered counter for database glance
Nov 16 20:53:48 user devstack@g-api.service[77640]: DEBUG oslo_db.sqlalchemy.engines [None req-d81c3455-e8b6-41dd-a6e8-23a3ec8015da tempest-DeleteServersTestJSON-353932806 tempest-DeleteServersTestJSON-353932806-project-member] MySQL server mode set to STRICT_TRANS_TABLES,STRICT_ALL_TABLES,NO_ZERO_IN_DATE,NO_ZERO_DATE,ERROR_FOR_DIVISION_BY_ZERO,TRADITIONAL,NO_ENGINE_SUBSTITUTION {{(pid=77640) _check_effective_sql_mode /opt/stack/data/venv/lib/python3.10/site-packages/oslo_db/sqlalchemy/engines.py:342}}
Nov 16 20:53:48 user devstack@g-api.service[77640]: DEBUG dbcounter [-] [77640] Writer thread running {{(pid=77640) stat_writer /opt/stack/data/venv/lib/python3.10/site-packages/dbcounter.py:102}}
Nov 16 20:53:48 user devstack@g-api.service[77640]: [pid: 77640|app: 0|req: 6/14] 127.0.0.1 () {42 vars in 1041 bytes} [Thu Nov 16 20:53:48 2023] GET /v2/images/27c9a0fb-521f-4a68-953c-213bad7c1be5 => generated 976 bytes in 432 msecs (HTTP/1.1 200) 4 headers in 157 bytes (1 switches on core 0)
Nov 16 20:53:48 user devstack@g-api.service[77639]: DEBUG glance.api.middleware.version_negotiation [None req-bd6c0b9e-c358-444b-8a1f-0aef7f9d2198 tempest-ServerActionsTestOtherB-464571541 tempest-ServerActionsTestOtherB-464571541-project-member] Determining version of request: GET /v2/images/27c9a0fb-521f-4a68-953c-213bad7c1be5/file Accept: */* {{(pid=77639) process_request /opt/stack/glance/glance/api/middleware/version_negotiation.py:44}}
Nov 16 20:53:48 user devstack@g-api.service[77639]: DEBUG glance.api.middleware.version_negotiation [None req-bd6c0b9e-c358-444b-8a1f-0aef7f9d2198 tempest-ServerActionsTestOtherB-464571541 tempest-ServerActionsTestOtherB-464571541-project-member] Using url versioning {{(pid=77639) process_request /opt/stack/glance/glance/api/middleware/version_negotiation.py:57}}
Nov 16 20:53:48 user devstack@g-api.service[77639]: DEBUG glance.api.middleware.version_negotiation [None req-bd6c0b9e-c358-444b-8a1f-0aef7f9d2198 tempest-ServerActionsTestOtherB-464571541 tempest-ServerActionsTestOtherB-464571541-project-member] Matched version: v2 {{(pid=77639) process_request /opt/stack/glance/glance/api/middleware/version_negotiation.py:69}}
Nov 16 20:53:48 user devstack@g-api.service[77639]: DEBUG glance.api.middleware.version_negotiation [None req-bd6c0b9e-c358-444b-8a1f-0aef7f9d2198 tempest-ServerActionsTestOtherB-464571541 tempest-ServerActionsTestOtherB-464571541-project-member] new path /v2/images/27c9a0fb-521f-4a68-953c-213bad7c1be5/file {{(pid=77639) process_request /opt/stack/glance/glance/api/middleware/version_negotiation.py:70}}
Nov 16 20:53:48 user devstack@g-api.service[77638]: DEBUG glance.api.middleware.version_negotiation [None req-bd6c0b9e-c358-444b-8a1f-0aef7f9d2198 tempest-ServerActionsTestOtherB-464571541 tempest-ServerActionsTestOtherB-464571541-project-member] Determining version of request: GET / Accept: application/json {{(pid=77638) process_request /opt/stack/glance/glance/api/middleware/version_negotiation.py:44}}
Nov 16 20:53:48 user devstack@g-api.service[77638]: DEBUG glance.api.middleware.version_negotiation [None req-bd6c0b9e-c358-444b-8a1f-0aef7f9d2198 tempest-ServerActionsTestOtherB-464571541 tempest-ServerActionsTestOtherB-464571541-project-member] Using url versioning {{(pid=77638) process_request /opt/stack/glance/glance/api/middleware/version_negotiation.py:57}}
Nov 16 20:53:48 user devstack@g-api.service[77638]: DEBUG glance.api.middleware.version_negotiation [None req-bd6c0b9e-c358-444b-8a1f-0aef7f9d2198 tempest-ServerActionsTestOtherB-464571541 tempest-ServerActionsTestOtherB-464571541-project-member] Unknown version. Returning version choices. {{(pid=77638) process_request /opt/stack/glance/glance/api/middleware/version_negotiation.py:64}}
Nov 16 20:53:48 user devstack@g-api.service[77638]: [pid: 77638|app: 0|req: 5/15] 127.0.0.1 () {34 vars in 485 bytes} [Thu Nov 16 20:53:48 2023] GET / => generated 1287 bytes in 2 msecs (HTTP/1.1 300) 3 headers in 106 bytes (1 switches on core 0)
Nov 16 20:53:48 user devstack@g-api.service[77640]: DEBUG glance.api.middleware.version_negotiation [None req-d81c3455-e8b6-41dd-a6e8-23a3ec8015da tempest-DeleteServersTestJSON-353932806 tempest-DeleteServersTestJSON-353932806-project-member] Determining version of request: GET /v2/images/27c9a0fb-521f-4a68-953c-213bad7c1be5 Accept: */* {{(pid=77640) process_request /opt/stack/glance/glance/api/middleware/version_negotiation.py:44}}
Nov 16 20:53:48 user devstack@g-api.service[77640]: DEBUG glance.api.middleware.version_negotiation [None req-d81c3455-e8b6-41dd-a6e8-23a3ec8015da tempest-DeleteServersTestJSON-353932806 tempest-DeleteServersTestJSON-353932806-project-member] Using url versioning {{(pid=77640) process_request /opt/stack/glance/glance/api/middleware/version_negotiation.py:57}}
Nov 16 20:53:48 user devstack@g-api.service[77640]: DEBUG glance.api.middleware.version_negotiation [None req-d81c3455-e8b6-41dd-a6e8-23a3ec8015da tempest-DeleteServersTestJSON-353932806 tempest-DeleteServersTestJSON-353932806-project-member] Matched version: v2 {{(pid=77640) process_request /opt/stack/glance/glance/api/middleware/version_negotiation.py:69}}
Nov 16 20:53:48 user devstack@g-api.service[77640]: DEBUG glance.api.middleware.version_negotiation [None req-d81c3455-e8b6-41dd-a6e8-23a3ec8015da tempest-DeleteServersTestJSON-353932806 tempest-DeleteServersTestJSON-353932806-project-member] new path /v2/images/27c9a0fb-521f-4a68-953c-213bad7c1be5 {{(pid=77640) process_request /opt/stack/glance/glance/api/middleware/version_negotiation.py:70}}
Nov 16 20:53:48 user devstack@g-api.service[77639]: DEBUG glance_store._drivers.filesystem [None req-d81c3455-e8b6-41dd-a6e8-23a3ec8015da tempest-DeleteServersTestJSON-353932806 tempest-DeleteServersTestJSON-353932806-project-member] Found image at /opt/stack/data/glance/images/27c9a0fb-521f-4a68-953c-213bad7c1be5. Returning in ChunkedFile. {{(pid=77639) get /opt/stack/data/venv/lib/python3.10/site-packages/glance_store/_drivers/filesystem.py:614}}
Nov 16 20:53:48 user devstack@g-api.service[77640]: [pid: 77640|app: 0|req: 7/16] 127.0.0.1 () {42 vars in 1041 bytes} [Thu Nov 16 20:53:48 2023] GET /v2/images/27c9a0fb-521f-4a68-953c-213bad7c1be5 => generated 976 bytes in 24 msecs (HTTP/1.1 200) 4 headers in 157 bytes (1 switches on core 0)
Nov 16 20:53:48 user devstack@g-api.service[77638]: DEBUG glance.api.middleware.version_negotiation [None req-bd6c0b9e-c358-444b-8a1f-0aef7f9d2198 tempest-ServerActionsTestOtherB-464571541 tempest-ServerActionsTestOtherB-464571541-project-member] Determining version of request: GET /v2/schemas/image Accept: */* {{(pid=77638) process_request /opt/stack/glance/glance/api/middleware/version_negotiation.py:44}}
Nov 16 20:53:48 user devstack@g-api.service[77638]: DEBUG glance.api.middleware.version_negotiation [None req-bd6c0b9e-c358-444b-8a1f-0aef7f9d2198 tempest-ServerActionsTestOtherB-464571541 tempest-ServerActionsTestOtherB-464571541-project-member] Using url versioning {{(pid=77638) process_request /opt/stack/glance/glance/api/middleware/version_negotiation.py:57}}
Nov 16 20:53:48 user devstack@g-api.service[77638]: DEBUG glance.api.middleware.version_negotiation [None req-bd6c0b9e-c358-444b-8a1f-0aef7f9d2198 tempest-ServerActionsTestOtherB-464571541 tempest-ServerActionsTestOtherB-464571541-project-member] Matched version: v2 {{(pid=77638) process_request /opt/stack/glance/glance/api/middleware/version_negotiation.py:69}}
Nov 16 20:53:48 user devstack@g-api.service[77638]: DEBUG glance.api.middleware.version_negotiation [None req-bd6c0b9e-c358-444b-8a1f-0aef7f9d2198 tempest-ServerActionsTestOtherB-464571541 tempest-ServerActionsTestOtherB-464571541-project-member] new path /v2/schemas/image {{(pid=77638) process_request /opt/stack/glance/glance/api/middleware/version_negotiation.py:70}}
Nov 16 20:53:48 user devstack@g-api.service[77639]: DEBUG glance.image_cache [None req-d81c3455-e8b6-41dd-a6e8-23a3ec8015da tempest-DeleteServersTestJSON-353932806 tempest-DeleteServersTestJSON-353932806-project-member] Tee'ing image '27c9a0fb-521f-4a68-953c-213bad7c1be5' into cache {{(pid=77639) get_caching_iter /opt/stack/glance/glance/image_cache/__init__.py:343}}
Nov 16 20:53:48 user devstack@g-api.service[77638]: [pid: 77638|app: 0|req: 6/17] 127.0.0.1 () {42 vars in 981 bytes} [Thu Nov 16 20:53:48 2023] GET /v2/schemas/image => generated 6083 bytes in 7 msecs (HTTP/1.1 200) 4 headers in 158 bytes (1 switches on core 0)
Nov 16 20:53:48 user devstack@g-api.service[77639]: DEBUG glance.image_cache.drivers.sqlite [None req-d81c3455-e8b6-41dd-a6e8-23a3ec8015da tempest-DeleteServersTestJSON-353932806 tempest-DeleteServersTestJSON-353932806-project-member] Fetch finished, moving '/opt/stack/data/glance/cache/incomplete/27c9a0fb-521f-4a68-953c-213bad7c1be5' to '/opt/stack/data/glance/cache/27c9a0fb-521f-4a68-953c-213bad7c1be5' {{(pid=77639) commit /opt/stack/glance/glance/image_cache/drivers/sqlite.py:324}}
Nov 16 20:53:48 user devstack@g-api.service[77639]: [pid: 77639|app: 0|req: 5/18] 127.0.0.1 () {42 vars in 1051 bytes} [Thu Nov 16 20:53:48 2023] GET /v2/images/27c9a0fb-521f-4a68-953c-213bad7c1be5/file => generated 21430272 bytes in 259 msecs (HTTP/1.1 200) 4 headers in 191 bytes (328 switches on core 0)
Nov 16 20:53:50 user devstack@g-api.service[77640]: DEBUG glance.api.middleware.version_negotiation [None req-06601ce1-343c-4d12-bfd1-e8cc452f44c8 tempest-AttachVolumeShelveTestJSON-1431350314 tempest-AttachVolumeShelveTestJSON-1431350314-project-member] Determining version of request: GET /v2/images/27c9a0fb-521f-4a68-953c-213bad7c1be5 Accept: */* {{(pid=77640) process_request /opt/stack/glance/glance/api/middleware/version_negotiation.py:44}}
Nov 16 20:53:50 user devstack@g-api.service[77640]: DEBUG glance.api.middleware.version_negotiation [None req-06601ce1-343c-4d12-bfd1-e8cc452f44c8 tempest-AttachVolumeShelveTestJSON-1431350314 tempest-AttachVolumeShelveTestJSON-1431350314-project-member] Using url versioning {{(pid=77640) process_request /opt/stack/glance/glance/api/middleware/version_negotiation.py:57}}
Nov 16 20:53:50 user devstack@g-api.service[77640]: DEBUG glance.api.middleware.version_negotiation [None req-06601ce1-343c-4d12-bfd1-e8cc452f44c8 tempest-AttachVolumeShelveTestJSON-1431350314 tempest-AttachVolumeShelveTestJSON-1431350314-project-member] Matched version: v2 {{(pid=77640) process_request /opt/stack/glance/glance/api/middleware/version_negotiation.py:69}}
Nov 16 20:53:50 user devstack@g-api.service[77640]: DEBUG glance.api.middleware.version_negotiation [None req-06601ce1-343c-4d12-bfd1-e8cc452f44c8 tempest-AttachVolumeShelveTestJSON-1431350314 tempest-AttachVolumeShelveTestJSON-1431350314-project-member] new path /v2/images/27c9a0fb-521f-4a68-953c-213bad7c1be5 {{(pid=77640) process_request /opt/stack/glance/glance/api/middleware/version_negotiation.py:70}}
Nov 16 20:53:50 user devstack@g-api.service[77640]: [pid: 77640|app: 0|req: 8/19] 127.0.0.1 () {42 vars in 1041 bytes} [Thu Nov 16 20:53:50 2023] GET /v2/images/27c9a0fb-521f-4a68-953c-213bad7c1be5 => generated 976 bytes in 21 msecs (HTTP/1.1 200) 4 headers in 157 bytes (1 switches on core 0)
Nov 16 20:53:50 user devstack@g-api.service[77638]: DEBUG glance.api.middleware.version_negotiation [None req-06601ce1-343c-4d12-bfd1-e8cc452f44c8 tempest-AttachVolumeShelveTestJSON-1431350314 tempest-AttachVolumeShelveTestJSON-1431350314-project-member] Determining version of request: GET /v2/schemas/image Accept: */* {{(pid=77638) process_request /opt/stack/glance/glance/api/middleware/version_negotiation.py:44}}
Nov 16 20:53:50 user devstack@g-api.service[77638]: DEBUG glance.api.middleware.version_negotiation [None req-06601ce1-343c-4d12-bfd1-e8cc452f44c8 tempest-AttachVolumeShelveTestJSON-1431350314 tempest-AttachVolumeShelveTestJSON-1431350314-project-member] Using url versioning {{(pid=77638) process_request /opt/stack/glance/glance/api/middleware/version_negotiation.py:57}}
Nov 16 20:53:50 user devstack@g-api.service[77638]: DEBUG glance.api.middleware.version_negotiation [None req-06601ce1-343c-4d12-bfd1-e8cc452f44c8 tempest-AttachVolumeShelveTestJSON-1431350314 tempest-AttachVolumeShelveTestJSON-1431350314-project-member] Matched version: v2 {{(pid=77638) process_request /opt/stack/glance/glance/api/middleware/version_negotiation.py:69}}
Nov 16 20:53:50 user devstack@g-api.service[77638]: DEBUG glance.api.middleware.version_negotiation [None req-06601ce1-343c-4d12-bfd1-e8cc452f44c8 tempest-AttachVolumeShelveTestJSON-1431350314 tempest-AttachVolumeShelveTestJSON-1431350314-project-member] new path /v2/schemas/image {{(pid=77638) process_request /opt/stack/glance/glance/api/middleware/version_negotiation.py:70}}
Nov 16 20:53:50 user devstack@g-api.service[77638]: [pid: 77638|app: 0|req: 7/20] 127.0.0.1 () {42 vars in 981 bytes} [Thu Nov 16 20:53:50 2023] GET /v2/schemas/image => generated 6083 bytes in 6 msecs (HTTP/1.1 200) 4 headers in 158 bytes (1 switches on core 0)