Nov 16 21:54:49 user devstack@keystone.service[46794]: DEBUG keystone.common.rbac_enforcer.enforcer [None req-e37a0a6e-d53a-4bdb-b545-459e6fac6355 None admin] RBAC: Adding query filter params (name=reader) {{(pid=46794) _extract_filter_values /opt/stack/keystone/keystone/common/rbac_enforcer/enforcer.py:167}}
Nov 16 21:54:49 user devstack@keystone.service[46794]: DEBUG keystone.common.rbac_enforcer.enforcer [None req-e37a0a6e-d53a-4bdb-b545-459e6fac6355 None admin] RBAC: Authorizing `identity:list_roles()` {{(pid=46794) enforce_call /opt/stack/keystone/keystone/common/rbac_enforcer/enforcer.py:449}}
Nov 16 21:54:49 user devstack@keystone.service[46792]: DEBUG keystone.server.flask.request_processing.middleware.auth_context [None req-1927d509-7d27-46ff-959c-83c2e642cf23 None admin] RBAC: auth_context: {'token': , 'domain_id': None, 'trust_id': None, 'trustor_id': None, 'trustee_id': None, 'domain_name': None, 'group_ids': [], 'user_id': '977e15873ee34d6a9750c51458f64fa7', 'user_domain_id': 'default', 'system_scope': 'all', 'project_id': None, 'project_domain_id': None, 'roles': ['admin', 'manager', 'member', 'reader'], 'is_admin_project': True, 'service_user_id': None, 'service_user_domain_id': None, 'service_project_id': None, 'service_project_domain_id': None, 'service_roles': []} {{(pid=46792) fill_context /opt/stack/keystone/keystone/server/flask/request_processing/middleware/auth_context.py:480}}
Nov 16 21:54:49 user devstack@keystone.service[46792]: DEBUG keystone.server.flask.request_processing.req_logging [None req-1927d509-7d27-46ff-959c-83c2e642cf23 None admin] REQUEST_METHOD: `GET` {{(pid=46792) log_request_info /opt/stack/keystone/keystone/server/flask/request_processing/req_logging.py:27}}
Nov 16 21:54:49 user devstack@keystone.service[46792]: DEBUG keystone.server.flask.request_processing.req_logging [None req-1927d509-7d27-46ff-959c-83c2e642cf23 None admin] SCRIPT_NAME: `/identity` {{(pid=46792) log_request_info /opt/stack/keystone/keystone/server/flask/request_processing/req_logging.py:28}}
Nov 16 21:54:49 user devstack@keystone.service[46792]: DEBUG keystone.server.flask.request_processing.req_logging [None req-1927d509-7d27-46ff-959c-83c2e642cf23 None admin] PATH_INFO: `/v3/roles` {{(pid=46792) log_request_info /opt/stack/keystone/keystone/server/flask/request_processing/req_logging.py:29}}
Nov 16 21:54:49 user devstack@keystone.service[46792]: DEBUG keystone.common.rbac_enforcer.enforcer [None req-1927d509-7d27-46ff-959c-83c2e642cf23 None admin] RBAC: Adding query filter params (name=anotherrole) {{(pid=46792) _extract_filter_values /opt/stack/keystone/keystone/common/rbac_enforcer/enforcer.py:167}}
Nov 16 21:54:49 user devstack@keystone.service[46794]: DEBUG keystone.common.rbac_enforcer.enforcer [None req-e37a0a6e-d53a-4bdb-b545-459e6fac6355 None admin] RBAC: Authorization granted {{(pid=46794) enforce_call /opt/stack/keystone/keystone/common/rbac_enforcer/enforcer.py:457}}
Nov 16 21:54:49 user devstack@keystone.service[46792]: DEBUG keystone.common.rbac_enforcer.enforcer [None req-1927d509-7d27-46ff-959c-83c2e642cf23 None admin] RBAC: Authorizing `identity:list_roles()` {{(pid=46792) enforce_call /opt/stack/keystone/keystone/common/rbac_enforcer/enforcer.py:449}}
Nov 16 21:54:49 user devstack@keystone.service[46792]: DEBUG keystone.common.rbac_enforcer.enforcer [None req-1927d509-7d27-46ff-959c-83c2e642cf23 None admin] RBAC: Authorization granted {{(pid=46792) enforce_call /opt/stack/keystone/keystone/common/rbac_enforcer/enforcer.py:457}}
Nov 16 21:54:49 user devstack@keystone.service[46793]: DEBUG keystone.server.flask.request_processing.middleware.auth_context [None req-45dfb635-4e14-4c85-83ad-9003f9b39e93 None admin] Validating token access rules against request {{(pid=46793) validate_allowed_request /opt/stack/data/venv/lib/python3.10/site-packages/keystonemiddleware/auth_token/__init__.py:544}}
Nov 16 21:54:49 user devstack@keystone.service[46792]: [pid: 46792|app: 0|req: 40/113] 10.0.0.210 () {56 vars in 1106 bytes} [Thu Nov 16 21:54:49 2023] GET /identity/v3/roles?name=anotherrole => generated 332 bytes in 139 msecs (HTTP/1.1 200) 5 headers in 177 bytes (1 switches on core 0)
Nov 16 21:54:49 user devstack@keystone.service[46792]: DEBUG keystone.server.flask.request_processing.middleware.auth_context [None req-1927d509-7d27-46ff-959c-83c2e642cf23 None admin] Authenticating user token {{(pid=46792) process_request /opt/stack/data/venv/lib/python3.10/site-packages/keystonemiddleware/auth_token/__init__.py:406}}
Nov 16 21:54:49 user devstack@keystone.service[46794]: [pid: 46794|app: 0|req: 35/114] 10.0.0.210 () {56 vars in 1096 bytes} [Thu Nov 16 21:54:49 2023] GET /identity/v3/roles?name=reader => generated 339 bytes in 163 msecs (HTTP/1.1 200) 5 headers in 177 bytes (1 switches on core 0)
Nov 16 21:54:49 user devstack@keystone.service[46794]: DEBUG keystone.server.flask.request_processing.middleware.auth_context [None req-e37a0a6e-d53a-4bdb-b545-459e6fac6355 None admin] Authenticating user token {{(pid=46794) process_request /opt/stack/data/venv/lib/python3.10/site-packages/keystonemiddleware/auth_token/__init__.py:406}}
Nov 16 21:54:49 user devstack@keystone.service[46793]: DEBUG keystone.server.flask.request_processing.middleware.auth_context [None req-4f77f94a-aee7-421c-a69f-a41b3cce2cbd None admin] RBAC: auth_context: {'token': , 'domain_id': None, 'trust_id': None, 'trustor_id': None, 'trustee_id': None, 'domain_name': None, 'group_ids': [], 'user_id': '977e15873ee34d6a9750c51458f64fa7', 'user_domain_id': 'default', 'system_scope': 'all', 'project_id': None, 'project_domain_id': None, 'roles': ['admin', 'manager', 'member', 'reader'], 'is_admin_project': True, 'service_user_id': None, 'service_user_domain_id': None, 'service_project_id': None, 'service_project_domain_id': None, 'service_roles': []} {{(pid=46793) fill_context /opt/stack/keystone/keystone/server/flask/request_processing/middleware/auth_context.py:480}}
Nov 16 21:54:49 user devstack@keystone.service[46793]: DEBUG keystone.server.flask.request_processing.req_logging [None req-4f77f94a-aee7-421c-a69f-a41b3cce2cbd None admin] REQUEST_METHOD: `GET` {{(pid=46793) log_request_info /opt/stack/keystone/keystone/server/flask/request_processing/req_logging.py:27}}
Nov 16 21:54:49 user devstack@keystone.service[46793]: DEBUG keystone.server.flask.request_processing.req_logging [None req-4f77f94a-aee7-421c-a69f-a41b3cce2cbd None admin] SCRIPT_NAME: `/identity` {{(pid=46793) log_request_info /opt/stack/keystone/keystone/server/flask/request_processing/req_logging.py:28}}
Nov 16 21:54:49 user devstack@keystone.service[46793]: DEBUG keystone.server.flask.request_processing.req_logging [None req-4f77f94a-aee7-421c-a69f-a41b3cce2cbd None admin] PATH_INFO: `/v3/projects/769245bd38b74e11b9c41938fad4c1b4` {{(pid=46793) log_request_info /opt/stack/keystone/keystone/server/flask/request_processing/req_logging.py:29}}
Nov 16 21:54:49 user devstack@keystone.service[46793]: DEBUG keystone.common.rbac_enforcer.enforcer [None req-4f77f94a-aee7-421c-a69f-a41b3cce2cbd None admin] RBAC: Authorizing `identity:get_project(project_id=769245bd38b74e11b9c41938fad4c1b4)` {{(pid=46793) enforce_call /opt/stack/keystone/keystone/common/rbac_enforcer/enforcer.py:449}}
Nov 16 21:54:49 user devstack@keystone.service[46793]: DEBUG keystone.common.rbac_enforcer.enforcer [None req-4f77f94a-aee7-421c-a69f-a41b3cce2cbd None admin] RBAC: Authorization granted {{(pid=46793) enforce_call /opt/stack/keystone/keystone/common/rbac_enforcer/enforcer.py:457}}
Nov 16 21:54:49 user devstack@keystone.service[46793]: [pid: 46793|app: 0|req: 40/115] 10.0.0.210 () {56 vars in 1181 bytes} [Thu Nov 16 21:54:49 2023] GET /identity/v3/projects/769245bd38b74e11b9c41938fad4c1b4 => generated 297 bytes in 136 msecs (HTTP/1.1 200) 5 headers in 177 bytes (1 switches on core 0)
Nov 16 21:54:49 user devstack@keystone.service[46793]: DEBUG keystone.server.flask.request_processing.middleware.auth_context [None req-4f77f94a-aee7-421c-a69f-a41b3cce2cbd None admin] Authenticating user token {{(pid=46793) process_request /opt/stack/data/venv/lib/python3.10/site-packages/keystonemiddleware/auth_token/__init__.py:406}}
Nov 16 21:54:49 user devstack@keystone.service[46792]: DEBUG keystone.server.flask.request_processing.middleware.auth_context [None req-1927d509-7d27-46ff-959c-83c2e642cf23 None admin] Validating token access rules against request {{(pid=46792) validate_allowed_request /opt/stack/data/venv/lib/python3.10/site-packages/keystonemiddleware/auth_token/__init__.py:544}}
Nov 16 21:54:49 user devstack@keystone.service[46794]: DEBUG keystone.server.flask.request_processing.middleware.auth_context [None req-e37a0a6e-d53a-4bdb-b545-459e6fac6355 None admin] Validating token access rules against request {{(pid=46794) validate_allowed_request /opt/stack/data/venv/lib/python3.10/site-packages/keystonemiddleware/auth_token/__init__.py:544}}
Nov 16 21:54:49 user devstack@keystone.service[46794]: DEBUG keystone.server.flask.request_processing.middleware.auth_context [None req-e1f5f4cb-599f-43c8-a4f7-3c0b511c490e None admin] RBAC: auth_context: {'token': , 'domain_id': None, 'trust_id': None, 'trustor_id': None, 'trustee_id': None, 'domain_name': None, 'group_ids': [], 'user_id': '977e15873ee34d6a9750c51458f64fa7', 'user_domain_id': 'default', 'system_scope': 'all', 'project_id': None, 'project_domain_id': None, 'roles': ['admin', 'manager', 'member', 'reader'], 'is_admin_project': True, 'service_user_id': None, 'service_user_domain_id': None, 'service_project_id': None, 'service_project_domain_id': None, 'service_roles': []} {{(pid=46794) fill_context /opt/stack/keystone/keystone/server/flask/request_processing/middleware/auth_context.py:480}}
Nov 16 21:54:49 user devstack@keystone.service[46794]: DEBUG keystone.server.flask.request_processing.req_logging [None req-e1f5f4cb-599f-43c8-a4f7-3c0b511c490e None admin] REQUEST_METHOD: `POST` {{(pid=46794) log_request_info /opt/stack/keystone/keystone/server/flask/request_processing/req_logging.py:27}}
Nov 16 21:54:49 user devstack@keystone.service[46794]: DEBUG keystone.server.flask.request_processing.req_logging [None req-e1f5f4cb-599f-43c8-a4f7-3c0b511c490e None admin] SCRIPT_NAME: `/identity` {{(pid=46794) log_request_info /opt/stack/keystone/keystone/server/flask/request_processing/req_logging.py:28}}
Nov 16 21:54:49 user devstack@keystone.service[46792]: DEBUG keystone.server.flask.request_processing.middleware.auth_context [None req-2d07e257-a81f-4146-9ac1-94c07c6090f1 None admin] RBAC: auth_context: {'token': , 'domain_id': None, 'trust_id': None, 'trustor_id': None, 'trustee_id': None, 'domain_name': None, 'group_ids': [], 'user_id': '977e15873ee34d6a9750c51458f64fa7', 'user_domain_id': 'default', 'system_scope': 'all', 'project_id': None, 'project_domain_id': None, 'roles': ['admin', 'manager', 'member', 'reader'], 'is_admin_project': True, 'service_user_id': None, 'service_user_domain_id': None, 'service_project_id': None, 'service_project_domain_id': None, 'service_roles': []} {{(pid=46792) fill_context /opt/stack/keystone/keystone/server/flask/request_processing/middleware/auth_context.py:480}}
Nov 16 21:54:49 user devstack@keystone.service[46794]: DEBUG keystone.server.flask.request_processing.req_logging [None req-e1f5f4cb-599f-43c8-a4f7-3c0b511c490e None admin] PATH_INFO: `/v3/projects` {{(pid=46794) log_request_info /opt/stack/keystone/keystone/server/flask/request_processing/req_logging.py:29}}
Nov 16 21:54:49 user devstack@keystone.service[46792]: DEBUG keystone.server.flask.request_processing.req_logging [None req-2d07e257-a81f-4146-9ac1-94c07c6090f1 None admin] REQUEST_METHOD: `GET` {{(pid=46792) log_request_info /opt/stack/keystone/keystone/server/flask/request_processing/req_logging.py:27}}
Nov 16 21:54:49 user devstack@keystone.service[46794]: DEBUG keystone.common.rbac_enforcer.enforcer [None req-e1f5f4cb-599f-43c8-a4f7-3c0b511c490e None admin] RBAC: Authorizing `identity:create_project()` {{(pid=46794) enforce_call /opt/stack/keystone/keystone/common/rbac_enforcer/enforcer.py:449}}
Nov 16 21:54:49 user devstack@keystone.service[46792]: DEBUG keystone.server.flask.request_processing.req_logging [None req-2d07e257-a81f-4146-9ac1-94c07c6090f1 None admin] SCRIPT_NAME: `/identity` {{(pid=46792) log_request_info /opt/stack/keystone/keystone/server/flask/request_processing/req_logging.py:28}}
Nov 16 21:54:49 user devstack@keystone.service[46792]: DEBUG keystone.server.flask.request_processing.req_logging [None req-2d07e257-a81f-4146-9ac1-94c07c6090f1 None admin] PATH_INFO: `/v3/role_assignments` {{(pid=46792) log_request_info /opt/stack/keystone/keystone/server/flask/request_processing/req_logging.py:29}}
Nov 16 21:54:49 user devstack@keystone.service[46792]: DEBUG keystone.common.rbac_enforcer.enforcer [None req-2d07e257-a81f-4146-9ac1-94c07c6090f1 None admin] RBAC: Adding query filter params (role.id=603810e58d1a47ec9f7153c62bebc089, scope.project.id=769245bd38b74e11b9c41938fad4c1b4, user.id=ce5461b5c559466e8f9c4e74d053550e) {{(pid=46792) _extract_filter_values /opt/stack/keystone/keystone/common/rbac_enforcer/enforcer.py:167}}
Nov 16 21:54:49 user devstack@keystone.service[46794]: DEBUG keystone.common.rbac_enforcer.enforcer [None req-e1f5f4cb-599f-43c8-a4f7-3c0b511c490e None admin] RBAC: Authorization granted {{(pid=46794) enforce_call /opt/stack/keystone/keystone/common/rbac_enforcer/enforcer.py:457}}
Nov 16 21:54:49 user devstack@keystone.service[46792]: DEBUG keystone.common.rbac_enforcer.enforcer [None req-2d07e257-a81f-4146-9ac1-94c07c6090f1 None admin] RBAC: Authorizing `identity:list_role_assignments()` {{(pid=46792) enforce_call /opt/stack/keystone/keystone/common/rbac_enforcer/enforcer.py:449}}
Nov 16 21:54:49 user devstack@keystone.service[46792]: DEBUG keystone.common.rbac_enforcer.enforcer [None req-2d07e257-a81f-4146-9ac1-94c07c6090f1 None admin] RBAC: Authorization granted {{(pid=46792) enforce_call /opt/stack/keystone/keystone/common/rbac_enforcer/enforcer.py:457}}
Nov 16 21:54:49 user devstack@keystone.service[46793]: DEBUG keystone.server.flask.request_processing.middleware.auth_context [None req-4f77f94a-aee7-421c-a69f-a41b3cce2cbd None admin] Validating token access rules against request {{(pid=46793) validate_allowed_request /opt/stack/data/venv/lib/python3.10/site-packages/keystonemiddleware/auth_token/__init__.py:544}}
Nov 16 21:54:49 user devstack@keystone.service[46792]: [pid: 46792|app: 0|req: 41/116] 10.0.0.210 () {56 vars in 1369 bytes} [Thu Nov 16 21:54:49 2023] GET /identity/v3/role_assignments?user.id=ce5461b5c559466e8f9c4e74d053550e&scope.project.id=769245bd38b74e11b9c41938fad4c1b4&role.id=603810e58d1a47ec9f7153c62bebc089 => generated 606 bytes in 140 msecs (HTTP/1.1 200) 5 headers in 177 bytes (1 switches on core 0)
Nov 16 21:54:49 user devstack@keystone.service[46792]: DEBUG keystone.server.flask.request_processing.middleware.auth_context [None req-2d07e257-a81f-4146-9ac1-94c07c6090f1 None admin] Authenticating user token {{(pid=46792) process_request /opt/stack/data/venv/lib/python3.10/site-packages/keystonemiddleware/auth_token/__init__.py:406}}
Nov 16 21:54:49 user devstack@keystone.service[46794]: [pid: 46794|app: 0|req: 36/117] 10.0.0.210 () {60 vars in 1136 bytes} [Thu Nov 16 21:54:49 2023] POST /identity/v3/projects => generated 301 bytes in 153 msecs (HTTP/1.1 201) 5 headers in 182 bytes (1 switches on core 0)
Nov 16 21:54:49 user devstack@keystone.service[46794]: DEBUG keystone.server.flask.request_processing.middleware.auth_context [None req-e1f5f4cb-599f-43c8-a4f7-3c0b511c490e None admin] Authenticating user token {{(pid=46794) process_request /opt/stack/data/venv/lib/python3.10/site-packages/keystonemiddleware/auth_token/__init__.py:406}}
Nov 16 21:54:49 user devstack@keystone.service[46793]: DEBUG keystone.server.flask.request_processing.middleware.auth_context [None req-d1fb1cd8-55c0-46d2-a97e-37bead088e9f None admin] RBAC: auth_context: {'token': , 'domain_id': None, 'trust_id': None, 'trustor_id': None, 'trustee_id': None, 'domain_name': None, 'group_ids': [], 'user_id': '977e15873ee34d6a9750c51458f64fa7', 'user_domain_id': 'default', 'system_scope': 'all', 'project_id': None, 'project_domain_id': None, 'roles': ['admin', 'manager', 'member', 'reader'], 'is_admin_project': True, 'service_user_id': None, 'service_user_domain_id': None, 'service_project_id': None, 'service_project_domain_id': None, 'service_roles': []} {{(pid=46793) fill_context /opt/stack/keystone/keystone/server/flask/request_processing/middleware/auth_context.py:480}}
Nov 16 21:54:49 user devstack@keystone.service[46793]: DEBUG keystone.server.flask.request_processing.req_logging [None req-d1fb1cd8-55c0-46d2-a97e-37bead088e9f None admin] REQUEST_METHOD: `GET` {{(pid=46793) log_request_info /opt/stack/keystone/keystone/server/flask/request_processing/req_logging.py:27}}
Nov 16 21:54:49 user devstack@keystone.service[46793]: DEBUG keystone.server.flask.request_processing.req_logging [None req-d1fb1cd8-55c0-46d2-a97e-37bead088e9f None admin] SCRIPT_NAME: `/identity` {{(pid=46793) log_request_info /opt/stack/keystone/keystone/server/flask/request_processing/req_logging.py:28}}
Nov 16 21:54:49 user devstack@keystone.service[46793]: DEBUG keystone.server.flask.request_processing.req_logging [None req-d1fb1cd8-55c0-46d2-a97e-37bead088e9f None admin] PATH_INFO: `/v3/roles/member` {{(pid=46793) log_request_info /opt/stack/keystone/keystone/server/flask/request_processing/req_logging.py:29}}
Nov 16 21:54:49 user devstack@keystone.service[46793]: DEBUG keystone.common.rbac_enforcer.enforcer [None req-d1fb1cd8-55c0-46d2-a97e-37bead088e9f None admin] Extracting inferred target data resulted in "NOT FOUND (404)". {{(pid=46793) enforce_call /opt/stack/keystone/keystone/common/rbac_enforcer/enforcer.py:409}}
Nov 16 21:54:49 user devstack@keystone.service[46793]: ERROR keystone.server.flask.application [None req-d1fb1cd8-55c0-46d2-a97e-37bead088e9f None admin] Could not find role: member.: keystone.exception.RoleNotFound: Could not find role: member.
Nov 16 21:54:49 user devstack@keystone.service[46793]: ERROR keystone.server.flask.application
Traceback (most recent call last):
Nov 16 21:54:49 user devstack@keystone.service[46793]: ERROR keystone.server.flask.application
File "/opt/stack/data/venv/lib/python3.10/site-packages/flask/app.py", line 1823, in full_dispatch_request
Nov 16 21:54:49 user devstack@keystone.service[46793]: ERROR keystone.server.flask.application rv = self.dispatch_request()
Nov 16 21:54:49 user devstack@keystone.service[46793]: ERROR keystone.server.flask.application
File "/opt/stack/data/venv/lib/python3.10/site-packages/flask/app.py", line 1799, in dispatch_request
Nov 16 21:54:49 user devstack@keystone.service[46793]: ERROR keystone.server.flask.application return self.ensure_sync(self.view_functions[rule.endpoint])(**view_args)
Nov 16 21:54:49 user devstack@keystone.service[46793]: ERROR keystone.server.flask.application
File "/opt/stack/data/venv/lib/python3.10/site-packages/flask_restful/__init__.py", line 489, in wrapper
Nov 16 21:54:49 user devstack@keystone.service[46793]: ERROR keystone.server.flask.application resp = resource(*args, **kwargs)
Nov 16 21:54:49 user devstack@keystone.service[46793]: ERROR keystone.server.flask.application
File "/opt/stack/data/venv/lib/python3.10/site-packages/flask/views.py", line 107, in view
Nov 16 21:54:49 user devstack@keystone.service[46793]: ERROR keystone.server.flask.application return current_app.ensure_sync(self.dispatch_request)(**kwargs)
Nov 16 21:54:49 user devstack@keystone.service[46793]: ERROR keystone.server.flask.application
File "/opt/stack/data/venv/lib/python3.10/site-packages/flask_restful/__init__.py", line 604, in dispatch_request
Nov 16 21:54:49 user devstack@keystone.service[46793]: ERROR keystone.server.flask.application resp = meth(*args, **kwargs)
Nov 16 21:54:49 user devstack@keystone.service[46793]: ERROR keystone.server.flask.application
File "/opt/stack/keystone/keystone/api/roles.py", line 50, in get
Nov 16 21:54:49 user devstack@keystone.service[46793]: ERROR keystone.server.flask.application return self._get_role(role_id)
Nov 16 21:54:49 user devstack@keystone.service[46793]: ERROR keystone.server.flask.application
File "/opt/stack/keystone/keystone/api/roles.py", line 70, in _get_role
Nov 16 21:54:49 user devstack@keystone.service[46793]: ERROR keystone.server.flask.application ENFORCER.enforce_call(action='identity:get_role')
Nov 16 21:54:49 user devstack@keystone.service[46793]: ERROR keystone.server.flask.application
File "/opt/stack/keystone/keystone/common/rbac_enforcer/enforcer.py", line 402, in enforce_call
Nov 16 21:54:49 user devstack@keystone.service[46793]: ERROR keystone.server.flask.application policy_dict.update(cls._extract_member_target_data(
Nov 16 21:54:49 user devstack@keystone.service[46793]: ERROR keystone.server.flask.application
File "/opt/stack/keystone/keystone/common/rbac_enforcer/enforcer.py", line 234, in _extract_member_target_data
Nov 16 21:54:49 user devstack@keystone.service[46793]: ERROR keystone.server.flask.application member_name: func(flask.request.view_args[key])
Nov 16 21:54:49 user devstack@keystone.service[46793]: ERROR keystone.server.flask.application
File "/opt/stack/keystone/keystone/common/manager.py", line 115, in wrapped
Nov 16 21:54:49 user devstack@keystone.service[46793]: ERROR keystone.server.flask.application __ret_val = __f(*args, **kwargs)
Nov 16 21:54:49 user devstack@keystone.service[46793]: ERROR keystone.server.flask.application
File "/opt/stack/data/venv/lib/python3.10/site-packages/decorator.py", line 232, in fun
Nov 16 21:54:49 user devstack@keystone.service[46793]: ERROR keystone.server.flask.application return caller(func, *(extras + args), **kw)
Nov 16 21:54:49 user devstack@keystone.service[46793]: ERROR keystone.server.flask.application
File "/opt/stack/data/venv/lib/python3.10/site-packages/dogpile/cache/region.py", line 1594, in get_or_create_for_user_func
Nov 16 21:54:49 user devstack@keystone.service[46793]: ERROR keystone.server.flask.application return self.get_or_create(
Nov 16 21:54:49 user devstack@keystone.service[46793]: ERROR keystone.server.flask.application
File "/opt/stack/data/venv/lib/python3.10/site-packages/dogpile/cache/region.py", line 1054, in get_or_create
Nov 16 21:54:49 user devstack@keystone.service[46793]: ERROR keystone.server.flask.application with Lock(
Nov 16 21:54:49 user devstack@keystone.service[46793]: ERROR keystone.server.flask.application
File "/opt/stack/data/venv/lib/python3.10/site-packages/dogpile/lock.py", line 185, in __enter__
Nov 16 21:54:49 user devstack@keystone.service[46793]: ERROR keystone.server.flask.application return self._enter()
Nov 16 21:54:49 user devstack@keystone.service[46793]: ERROR keystone.server.flask.application
File "/opt/stack/data/venv/lib/python3.10/site-packages/dogpile/lock.py", line 94, in _enter
Nov 16 21:54:49 user devstack@keystone.service[46793]: ERROR keystone.server.flask.application generated = self._enter_create(value, createdtime)
Nov 16 21:54:49 user devstack@keystone.service[46793]: ERROR keystone.server.flask.application
File "/opt/stack/data/venv/lib/python3.10/site-packages/dogpile/lock.py", line 178, in _enter_create
Nov 16 21:54:49 user devstack@keystone.service[46793]: ERROR keystone.server.flask.application return self.creator()
Nov 16 21:54:49 user devstack@keystone.service[46793]: ERROR keystone.server.flask.application
File "/opt/stack/data/venv/lib/python3.10/site-packages/dogpile/cache/region.py", line 1007, in gen_value
Nov 16 21:54:49 user devstack@keystone.service[46793]: ERROR keystone.server.flask.application created_value = creator(
Nov 16 21:54:49 user devstack@keystone.service[46793]: ERROR keystone.server.flask.application
File "/opt/stack/keystone/keystone/assignment/core.py", line 1276, in get_role
Nov 16 21:54:49 user devstack@keystone.service[46793]: ERROR keystone.server.flask.application return self.driver.get_role(role_id)
Nov 16 21:54:49 user devstack@keystone.service[46793]: ERROR keystone.server.flask.application
File "/opt/stack/keystone/keystone/assignment/role_backends/sql.py", line 70, in get_role
Nov 16 21:54:49 user devstack@keystone.service[46793]: ERROR keystone.server.flask.application return self._get_role(session, role_id).to_dict()
Nov 16 21:54:49 user devstack@keystone.service[46793]: ERROR keystone.server.flask.application
File "/opt/stack/keystone/keystone/assignment/role_backends/sql.py", line 65, in _get_role
Nov 16 21:54:49 user devstack@keystone.service[46793]: ERROR keystone.server.flask.application raise exception.RoleNotFound(role_id=role_id)
Nov 16 21:54:49 user devstack@keystone.service[46793]: ERROR keystone.server.flask.application keystone.exception.RoleNotFound: Could not find role: member.
Nov 16 21:54:49 user devstack@keystone.service[46793]: ERROR keystone.server.flask.application
Nov 16 21:54:49 user devstack@keystone.service[46793]: [pid: 46793|app: 0|req: 41/118] 10.0.0.210 () {56 vars in 1094 bytes} [Thu Nov 16 21:54:49 2023] GET /identity/v3/roles/member => generated 84 bytes in 153 msecs (HTTP/1.1 404) 5 headers in 183 bytes (1 switches on core 0)
Nov 16 21:54:49 user devstack@keystone.service[46793]: DEBUG keystone.server.flask.request_processing.middleware.auth_context [None req-d1fb1cd8-55c0-46d2-a97e-37bead088e9f None admin] Authenticating user token {{(pid=46793) process_request /opt/stack/data/venv/lib/python3.10/site-packages/keystonemiddleware/auth_token/__init__.py:406}}
Nov 16 21:54:49 user devstack@keystone.service[46792]: DEBUG keystone.server.flask.request_processing.middleware.auth_context [None req-2d07e257-a81f-4146-9ac1-94c07c6090f1 None admin] Validating token access rules against request {{(pid=46792) validate_allowed_request /opt/stack/data/venv/lib/python3.10/site-packages/keystonemiddleware/auth_token/__init__.py:544}}
Nov 16 21:54:49 user devstack@keystone.service[46792]: DEBUG keystone.server.flask.request_processing.middleware.auth_context [None req-20dd122a-787a-4adc-8551-b7302513eefc None admin] RBAC: auth_context: {'token': , 'domain_id': None, 'trust_id': None, 'trustor_id': None, 'trustee_id': None, 'domain_name': None, 'group_ids': [], 'user_id': '977e15873ee34d6a9750c51458f64fa7', 'user_domain_id': 'default', 'system_scope': 'all', 'project_id': None, 'project_domain_id': None, 'roles': ['admin', 'manager', 'member', 'reader'], 'is_admin_project': True, 'service_user_id': None, 'service_user_domain_id': None, 'service_project_id': None, 'service_project_domain_id': None, 'service_roles': []} {{(pid=46792) fill_context /opt/stack/keystone/keystone/server/flask/request_processing/middleware/auth_context.py:480}}
Nov 16 21:54:49 user devstack@keystone.service[46792]: DEBUG keystone.server.flask.request_processing.req_logging [None req-20dd122a-787a-4adc-8551-b7302513eefc None admin] REQUEST_METHOD: `GET` {{(pid=46792) log_request_info /opt/stack/keystone/keystone/server/flask/request_processing/req_logging.py:27}}
Nov 16 21:54:49 user devstack@keystone.service[46792]: DEBUG keystone.server.flask.request_processing.req_logging [None req-20dd122a-787a-4adc-8551-b7302513eefc None admin] SCRIPT_NAME: `/identity` {{(pid=46792) log_request_info /opt/stack/keystone/keystone/server/flask/request_processing/req_logging.py:28}}
Nov 16 21:54:49 user devstack@keystone.service[46792]: DEBUG keystone.server.flask.request_processing.req_logging [None req-20dd122a-787a-4adc-8551-b7302513eefc None admin] PATH_INFO: `/v3/users/ce5461b5c559466e8f9c4e74d053550e` {{(pid=46792) log_request_info /opt/stack/keystone/keystone/server/flask/request_processing/req_logging.py:29}}
Nov 16 21:54:49 user devstack@keystone.service[46792]: DEBUG keystone.common.rbac_enforcer.enforcer [None req-20dd122a-787a-4adc-8551-b7302513eefc None admin] RBAC: Authorizing `identity:get_user(user_id=ce5461b5c559466e8f9c4e74d053550e)` {{(pid=46792) enforce_call /opt/stack/keystone/keystone/common/rbac_enforcer/enforcer.py:449}}
Nov 16 21:54:49 user devstack@keystone.service[46792]: DEBUG keystone.common.rbac_enforcer.enforcer [None req-20dd122a-787a-4adc-8551-b7302513eefc None admin] RBAC: Authorization granted {{(pid=46792) enforce_call /opt/stack/keystone/keystone/common/rbac_enforcer/enforcer.py:457}}
Nov 16 21:54:49 user devstack@keystone.service[46792]: [pid: 46792|app: 0|req: 42/119] 10.0.0.210 () {56 vars in 1172 bytes} [Thu Nov 16 21:54:49 2023] GET /identity/v3/users/ce5461b5c559466e8f9c4e74d053550e => generated 274 bytes in 139 msecs (HTTP/1.1 200) 5 headers in 177 bytes (1 switches on core 0)
Nov 16 21:54:49 user devstack@keystone.service[46792]: DEBUG keystone.server.flask.request_processing.middleware.auth_context [None req-20dd122a-787a-4adc-8551-b7302513eefc None admin] Authenticating user token {{(pid=46792) process_request /opt/stack/data/venv/lib/python3.10/site-packages/keystonemiddleware/auth_token/__init__.py:406}}
Nov 16 21:54:49 user devstack@keystone.service[46793]: DEBUG keystone.server.flask.request_processing.middleware.auth_context [None req-d1fb1cd8-55c0-46d2-a97e-37bead088e9f None admin] Validating token access rules against request {{(pid=46793) validate_allowed_request /opt/stack/data/venv/lib/python3.10/site-packages/keystonemiddleware/auth_token/__init__.py:544}}
Nov 16 21:54:49 user devstack@keystone.service[46794]: DEBUG keystone.server.flask.request_processing.middleware.auth_context [None req-e1f5f4cb-599f-43c8-a4f7-3c0b511c490e None admin] Validating token access rules against request {{(pid=46794) validate_allowed_request /opt/stack/data/venv/lib/python3.10/site-packages/keystonemiddleware/auth_token/__init__.py:544}}
Nov 16 21:54:49 user devstack@keystone.service[46793]: DEBUG keystone.server.flask.request_processing.middleware.auth_context [None req-f35e073d-c4a8-4a02-8e46-72c0ddc9047c None admin] RBAC: auth_context: {'token': , 'domain_id': None, 'trust_id': None, 'trustor_id': None, 'trustee_id': None, 'domain_name': None, 'group_ids': [], 'user_id': '977e15873ee34d6a9750c51458f64fa7', 'user_domain_id': 'default', 'system_scope': 'all', 'project_id': None, 'project_domain_id': None, 'roles': ['admin', 'manager', 'member', 'reader'], 'is_admin_project': True, 'service_user_id': None, 'service_user_domain_id': None, 'service_project_id': None, 'service_project_domain_id': None, 'service_roles': []} {{(pid=46793) fill_context /opt/stack/keystone/keystone/server/flask/request_processing/middleware/auth_context.py:480}}
Nov 16 21:54:49 user devstack@keystone.service[46793]: DEBUG keystone.server.flask.request_processing.req_logging [None req-f35e073d-c4a8-4a02-8e46-72c0ddc9047c None admin] REQUEST_METHOD: `GET` {{(pid=46793) log_request_info /opt/stack/keystone/keystone/server/flask/request_processing/req_logging.py:27}}
Nov 16 21:54:49 user devstack@keystone.service[46793]: DEBUG keystone.server.flask.request_processing.req_logging [None req-f35e073d-c4a8-4a02-8e46-72c0ddc9047c None admin] SCRIPT_NAME: `/identity` {{(pid=46793) log_request_info /opt/stack/keystone/keystone/server/flask/request_processing/req_logging.py:28}}
Nov 16 21:54:49 user devstack@keystone.service[46793]: DEBUG keystone.server.flask.request_processing.req_logging [None req-f35e073d-c4a8-4a02-8e46-72c0ddc9047c None admin] PATH_INFO: `/v3/role_assignments` {{(pid=46793) log_request_info /opt/stack/keystone/keystone/server/flask/request_processing/req_logging.py:29}}
Nov 16 21:54:49 user devstack@keystone.service[46793]: DEBUG keystone.common.rbac_enforcer.enforcer [None req-f35e073d-c4a8-4a02-8e46-72c0ddc9047c None admin] RBAC: Adding query filter params (role.id=2c904c7b2f02461e87b325d9a9b2614b, scope.project.id=769245bd38b74e11b9c41938fad4c1b4, user.id=977e15873ee34d6a9750c51458f64fa7) {{(pid=46793) _extract_filter_values /opt/stack/keystone/keystone/common/rbac_enforcer/enforcer.py:167}}
Nov 16 21:54:49 user devstack@keystone.service[46793]: DEBUG keystone.common.rbac_enforcer.enforcer [None req-f35e073d-c4a8-4a02-8e46-72c0ddc9047c None admin] RBAC: Authorizing `identity:list_role_assignments()` {{(pid=46793) enforce_call /opt/stack/keystone/keystone/common/rbac_enforcer/enforcer.py:449}}
Nov 16 21:54:49 user devstack@keystone.service[46793]: DEBUG keystone.common.rbac_enforcer.enforcer [None req-f35e073d-c4a8-4a02-8e46-72c0ddc9047c None admin] RBAC: Authorization granted {{(pid=46793) enforce_call /opt/stack/keystone/keystone/common/rbac_enforcer/enforcer.py:457}}
Nov 16 21:54:49 user devstack@keystone.service[46793]: [pid: 46793|app: 0|req: 42/120] 10.0.0.210 () {56 vars in 1369 bytes} [Thu Nov 16 21:54:49 2023] GET /identity/v3/role_assignments?user.id=977e15873ee34d6a9750c51458f64fa7&scope.project.id=769245bd38b74e11b9c41938fad4c1b4&role.id=2c904c7b2f02461e87b325d9a9b2614b => generated 606 bytes in 150 msecs (HTTP/1.1 200) 5 headers in 177 bytes (1 switches on core 0)
Nov 16 21:54:49 user devstack@keystone.service[46793]: DEBUG keystone.server.flask.request_processing.middleware.auth_context [None req-f35e073d-c4a8-4a02-8e46-72c0ddc9047c None admin] Authenticating user token {{(pid=46793) process_request /opt/stack/data/venv/lib/python3.10/site-packages/keystonemiddleware/auth_token/__init__.py:406}}
Nov 16 21:54:49 user devstack@keystone.service[46794]: DEBUG keystone.server.flask.request_processing.middleware.auth_context [None req-1d0944b5-433f-40ef-9157-d85fa681e89d None admin] RBAC: auth_context: {'token': , 'domain_id': None, 'trust_id': None, 'trustor_id': None, 'trustee_id': None, 'domain_name': None, 'group_ids': [], 'user_id': '977e15873ee34d6a9750c51458f64fa7', 'user_domain_id': 'default', 'system_scope': 'all', 'project_id': None, 'project_domain_id': None, 'roles': ['admin', 'manager', 'member', 'reader'], 'is_admin_project': True, 'service_user_id': None, 'service_user_domain_id': None, 'service_project_id': None, 'service_project_domain_id': None, 'service_roles': []} {{(pid=46794) fill_context /opt/stack/keystone/keystone/server/flask/request_processing/middleware/auth_context.py:480}}
Nov 16 21:54:49 user devstack@keystone.service[46794]: DEBUG keystone.server.flask.request_processing.req_logging [None req-1d0944b5-433f-40ef-9157-d85fa681e89d None admin] REQUEST_METHOD: `GET` {{(pid=46794) log_request_info /opt/stack/keystone/keystone/server/flask/request_processing/req_logging.py:27}}
Nov 16 21:54:49 user devstack@keystone.service[46794]: DEBUG keystone.server.flask.request_processing.req_logging [None req-1d0944b5-433f-40ef-9157-d85fa681e89d None admin] SCRIPT_NAME: `/identity` {{(pid=46794) log_request_info /opt/stack/keystone/keystone/server/flask/request_processing/req_logging.py:28}}
Nov 16 21:54:49 user devstack@keystone.service[46794]: DEBUG keystone.server.flask.request_processing.req_logging [None req-1d0944b5-433f-40ef-9157-d85fa681e89d None admin] PATH_INFO: `/v3/users/748a34b70eb74fd2ab1b15a1266beb57` {{(pid=46794) log_request_info /opt/stack/keystone/keystone/server/flask/request_processing/req_logging.py:29}}
Nov 16 21:54:49 user devstack@keystone.service[46794]: DEBUG keystone.common.rbac_enforcer.enforcer [None req-1d0944b5-433f-40ef-9157-d85fa681e89d None admin] RBAC: Authorizing `identity:get_user(user_id=748a34b70eb74fd2ab1b15a1266beb57)` {{(pid=46794) enforce_call /opt/stack/keystone/keystone/common/rbac_enforcer/enforcer.py:449}}
Nov 16 21:54:49 user devstack@keystone.service[46794]: DEBUG keystone.common.rbac_enforcer.enforcer [None req-1d0944b5-433f-40ef-9157-d85fa681e89d None admin] RBAC: Authorization granted {{(pid=46794) enforce_call /opt/stack/keystone/keystone/common/rbac_enforcer/enforcer.py:457}}
Nov 16 21:54:49 user devstack@keystone.service[46794]: [pid: 46794|app: 0|req: 37/121] 10.0.0.210 () {56 vars in 1172 bytes} [Thu Nov 16 21:54:49 2023] GET /identity/v3/users/748a34b70eb74fd2ab1b15a1266beb57 => generated 288 bytes in 200 msecs (HTTP/1.1 200) 5 headers in 177 bytes (1 switches on core 0)
Nov 16 21:54:49 user devstack@keystone.service[46794]: DEBUG keystone.server.flask.request_processing.middleware.auth_context [None req-1d0944b5-433f-40ef-9157-d85fa681e89d None admin] Authenticating user token {{(pid=46794) process_request /opt/stack/data/venv/lib/python3.10/site-packages/keystonemiddleware/auth_token/__init__.py:406}}
Nov 16 21:54:50 user devstack@keystone.service[46792]: DEBUG keystone.server.flask.request_processing.middleware.auth_context [None req-20dd122a-787a-4adc-8551-b7302513eefc None admin] Validating token access rules against request {{(pid=46792) validate_allowed_request /opt/stack/data/venv/lib/python3.10/site-packages/keystonemiddleware/auth_token/__init__.py:544}}
Nov 16 21:54:50 user devstack@keystone.service[46792]: DEBUG keystone.server.flask.request_processing.middleware.auth_context [None req-20a4c09b-76f6-4da0-9e14-8c60af04e757 None admin] RBAC: auth_context: {'token': , 'domain_id': None, 'trust_id': None, 'trustor_id': None, 'trustee_id': None, 'domain_name': None, 'group_ids': [], 'user_id': '977e15873ee34d6a9750c51458f64fa7', 'user_domain_id': 'default', 'system_scope': 'all', 'project_id': None, 'project_domain_id': None, 'roles': ['admin', 'manager', 'member', 'reader'], 'is_admin_project': True, 'service_user_id': None, 'service_user_domain_id': None, 'service_project_id': None, 'service_project_domain_id': None, 'service_roles': []} {{(pid=46792) fill_context /opt/stack/keystone/keystone/server/flask/request_processing/middleware/auth_context.py:480}}
Nov 16 21:54:50 user devstack@keystone.service[46792]: DEBUG keystone.server.flask.request_processing.req_logging [None req-20a4c09b-76f6-4da0-9e14-8c60af04e757 None admin] REQUEST_METHOD: `GET` {{(pid=46792) log_request_info /opt/stack/keystone/keystone/server/flask/request_processing/req_logging.py:27}}
Nov 16 21:54:50 user devstack@keystone.service[46792]: DEBUG keystone.server.flask.request_processing.req_logging [None req-20a4c09b-76f6-4da0-9e14-8c60af04e757 None admin] SCRIPT_NAME: `/identity` {{(pid=46792) log_request_info /opt/stack/keystone/keystone/server/flask/request_processing/req_logging.py:28}}
Nov 16 21:54:50 user devstack@keystone.service[46792]: DEBUG keystone.server.flask.request_processing.req_logging [None req-20a4c09b-76f6-4da0-9e14-8c60af04e757 None admin] PATH_INFO: `/v3/roles` {{(pid=46792) log_request_info /opt/stack/keystone/keystone/server/flask/request_processing/req_logging.py:29}}
Nov 16 21:54:50 user devstack@keystone.service[46792]: DEBUG keystone.common.rbac_enforcer.enforcer [None req-20a4c09b-76f6-4da0-9e14-8c60af04e757 None admin] RBAC: Adding query filter params (name=member) {{(pid=46792) _extract_filter_values /opt/stack/keystone/keystone/common/rbac_enforcer/enforcer.py:167}}
Nov 16 21:54:50 user devstack@keystone.service[46792]: DEBUG keystone.common.rbac_enforcer.enforcer [None req-20a4c09b-76f6-4da0-9e14-8c60af04e757 None admin] RBAC: Authorizing `identity:list_roles()` {{(pid=46792) enforce_call /opt/stack/keystone/keystone/common/rbac_enforcer/enforcer.py:449}}
Nov 16 21:54:50 user devstack@keystone.service[46792]: DEBUG keystone.common.rbac_enforcer.enforcer [None req-20a4c09b-76f6-4da0-9e14-8c60af04e757 None admin] RBAC: Authorization granted {{(pid=46792) enforce_call /opt/stack/keystone/keystone/common/rbac_enforcer/enforcer.py:457}}
Nov 16 21:54:50 user devstack@keystone.service[46792]: [pid: 46792|app: 0|req: 43/122] 10.0.0.210 () {56 vars in 1096 bytes} [Thu Nov 16 21:54:49 2023] GET /identity/v3/roles?name=member => generated 339 bytes in 158 msecs (HTTP/1.1 200) 5 headers in 177 bytes (1 switches on core 0)
Nov 16 21:54:50 user devstack@keystone.service[46792]: DEBUG keystone.server.flask.request_processing.middleware.auth_context [None req-20a4c09b-76f6-4da0-9e14-8c60af04e757 None admin] Authenticating user token {{(pid=46792) process_request /opt/stack/data/venv/lib/python3.10/site-packages/keystonemiddleware/auth_token/__init__.py:406}}
Nov 16 21:54:50 user devstack@keystone.service[46793]: DEBUG keystone.server.flask.request_processing.middleware.auth_context [None req-f35e073d-c4a8-4a02-8e46-72c0ddc9047c None admin] Validating token access rules against request {{(pid=46793) validate_allowed_request /opt/stack/data/venv/lib/python3.10/site-packages/keystonemiddleware/auth_token/__init__.py:544}}
Nov 16 21:54:50 user devstack@keystone.service[46794]: DEBUG keystone.server.flask.request_processing.middleware.auth_context [None req-1d0944b5-433f-40ef-9157-d85fa681e89d None admin] Validating token access rules against request {{(pid=46794) validate_allowed_request /opt/stack/data/venv/lib/python3.10/site-packages/keystonemiddleware/auth_token/__init__.py:544}}
Nov 16 21:54:50 user devstack@keystone.service[46793]: DEBUG keystone.server.flask.request_processing.middleware.auth_context [None req-c039e5f9-b112-43d0-80cd-bff86fa6a416 None admin] RBAC: auth_context: {'token': , 'domain_id': None, 'trust_id': None, 'trustor_id': None, 'trustee_id': None, 'domain_name': None, 'group_ids': [], 'user_id': '977e15873ee34d6a9750c51458f64fa7', 'user_domain_id': 'default', 'system_scope': 'all', 'project_id': None, 'project_domain_id': None, 'roles': ['admin', 'manager', 'member', 'reader'], 'is_admin_project': True, 'service_user_id': None, 'service_user_domain_id': None, 'service_project_id': None, 'service_project_domain_id': None, 'service_roles': []} {{(pid=46793) fill_context /opt/stack/keystone/keystone/server/flask/request_processing/middleware/auth_context.py:480}}
Nov 16 21:54:50 user devstack@keystone.service[46793]: DEBUG keystone.server.flask.request_processing.req_logging [None req-c039e5f9-b112-43d0-80cd-bff86fa6a416 None admin] REQUEST_METHOD: `GET` {{(pid=46793) log_request_info /opt/stack/keystone/keystone/server/flask/request_processing/req_logging.py:27}}
Nov 16 21:54:50 user devstack@keystone.service[46793]: DEBUG keystone.server.flask.request_processing.req_logging [None req-c039e5f9-b112-43d0-80cd-bff86fa6a416 None admin] SCRIPT_NAME: `/identity` {{(pid=46793) log_request_info /opt/stack/keystone/keystone/server/flask/request_processing/req_logging.py:28}}
Nov 16 21:54:50 user devstack@keystone.service[46793]: DEBUG keystone.server.flask.request_processing.req_logging [None req-c039e5f9-b112-43d0-80cd-bff86fa6a416 None admin] PATH_INFO: `/v3/auth/tokens` {{(pid=46793) log_request_info /opt/stack/keystone/keystone/server/flask/request_processing/req_logging.py:29}}
Nov 16 21:54:50 user devstack@keystone.service[46794]: DEBUG keystone.server.flask.request_processing.middleware.auth_context [None req-748f4ee4-dfad-4cf7-ae9e-f930e9eaa58b None admin] RBAC: auth_context: {'token': , 'domain_id': None, 'trust_id': None, 'trustor_id': None, 'trustee_id': None, 'domain_name': None, 'group_ids': [], 'user_id': '977e15873ee34d6a9750c51458f64fa7', 'user_domain_id': 'default', 'system_scope': 'all', 'project_id': None, 'project_domain_id': None, 'roles': ['admin', 'manager', 'member', 'reader'], 'is_admin_project': True, 'service_user_id': None, 'service_user_domain_id': None, 'service_project_id': None, 'service_project_domain_id': None, 'service_roles': []} {{(pid=46794) fill_context /opt/stack/keystone/keystone/server/flask/request_processing/middleware/auth_context.py:480}}
Nov 16 21:54:50 user devstack@keystone.service[46794]: DEBUG keystone.server.flask.request_processing.req_logging [None req-748f4ee4-dfad-4cf7-ae9e-f930e9eaa58b None admin] REQUEST_METHOD: `GET` {{(pid=46794) log_request_info /opt/stack/keystone/keystone/server/flask/request_processing/req_logging.py:27}}
Nov 16 21:54:50 user devstack@keystone.service[46794]: DEBUG keystone.server.flask.request_processing.req_logging [None req-748f4ee4-dfad-4cf7-ae9e-f930e9eaa58b None admin] SCRIPT_NAME: `/identity` {{(pid=46794) log_request_info /opt/stack/keystone/keystone/server/flask/request_processing/req_logging.py:28}}
Nov 16 21:54:50 user devstack@keystone.service[46794]: DEBUG keystone.server.flask.request_processing.req_logging [None req-748f4ee4-dfad-4cf7-ae9e-f930e9eaa58b None admin] PATH_INFO: `/v3/projects/769245bd38b74e11b9c41938fad4c1b4` {{(pid=46794) log_request_info /opt/stack/keystone/keystone/server/flask/request_processing/req_logging.py:29}}
Nov 16 21:54:50 user devstack@keystone.service[46794]: DEBUG keystone.common.rbac_enforcer.enforcer [None req-748f4ee4-dfad-4cf7-ae9e-f930e9eaa58b None admin] RBAC: Authorizing `identity:get_project(project_id=769245bd38b74e11b9c41938fad4c1b4)` {{(pid=46794) enforce_call /opt/stack/keystone/keystone/common/rbac_enforcer/enforcer.py:449}}
Nov 16 21:54:50 user devstack@keystone.service[46794]: DEBUG keystone.common.rbac_enforcer.enforcer [None req-748f4ee4-dfad-4cf7-ae9e-f930e9eaa58b None admin] RBAC: Authorization granted {{(pid=46794) enforce_call /opt/stack/keystone/keystone/common/rbac_enforcer/enforcer.py:457}}
Nov 16 21:54:50 user devstack@keystone.service[46794]: [pid: 46794|app: 0|req: 38/123] 10.0.0.210 () {56 vars in 1181 bytes} [Thu Nov 16 21:54:49 2023] GET /identity/v3/projects/769245bd38b74e11b9c41938fad4c1b4 => generated 297 bytes in 162 msecs (HTTP/1.1 200) 5 headers in 177 bytes (2 switches on core 0)
Nov 16 21:54:50 user devstack@keystone.service[46794]: DEBUG keystone.server.flask.request_processing.middleware.auth_context [None req-748f4ee4-dfad-4cf7-ae9e-f930e9eaa58b None admin] Authenticating user token {{(pid=46794) process_request /opt/stack/data/venv/lib/python3.10/site-packages/keystonemiddleware/auth_token/__init__.py:406}}
Nov 16 21:54:50 user devstack@keystone.service[46792]: DEBUG keystone.server.flask.request_processing.middleware.auth_context [None req-20a4c09b-76f6-4da0-9e14-8c60af04e757 None admin] Validating token access rules against request {{(pid=46792) validate_allowed_request /opt/stack/data/venv/lib/python3.10/site-packages/keystonemiddleware/auth_token/__init__.py:544}}
Nov 16 21:54:50 user devstack@keystone.service[46793]: DEBUG keystone.common.rbac_enforcer.enforcer [None req-c039e5f9-b112-43d0-80cd-bff86fa6a416 None admin] RBAC: Authorizing `identity:validate_token()` {{(pid=46793) enforce_call /opt/stack/keystone/keystone/common/rbac_enforcer/enforcer.py:449}}
Nov 16 21:54:50 user devstack@keystone.service[46793]: DEBUG keystone.common.rbac_enforcer.enforcer [None req-c039e5f9-b112-43d0-80cd-bff86fa6a416 None admin] RBAC: Authorization granted {{(pid=46793) enforce_call /opt/stack/keystone/keystone/common/rbac_enforcer/enforcer.py:457}}
Nov 16 21:54:50 user devstack@keystone.service[46792]: DEBUG keystone.server.flask.request_processing.middleware.auth_context [None req-2afa4f12-ed38-4ded-a43d-9592fff10964 None admin] RBAC: auth_context: {'token': , 'domain_id': None, 'trust_id': None, 'trustor_id': None, 'trustee_id': None, 'domain_name': None, 'group_ids': [], 'user_id': '977e15873ee34d6a9750c51458f64fa7', 'user_domain_id': 'default', 'system_scope': 'all', 'project_id': None, 'project_domain_id': None, 'roles': ['admin', 'manager', 'member', 'reader'], 'is_admin_project': True, 'service_user_id': None, 'service_user_domain_id': None, 'service_project_id': None, 'service_project_domain_id': None, 'service_roles': []} {{(pid=46792) fill_context /opt/stack/keystone/keystone/server/flask/request_processing/middleware/auth_context.py:480}}
Nov 16 21:54:50 user devstack@keystone.service[46792]: DEBUG keystone.server.flask.request_processing.req_logging [None req-2afa4f12-ed38-4ded-a43d-9592fff10964 None admin] REQUEST_METHOD: `GET` {{(pid=46792) log_request_info /opt/stack/keystone/keystone/server/flask/request_processing/req_logging.py:27}}
Nov 16 21:54:50 user devstack@keystone.service[46792]: DEBUG keystone.server.flask.request_processing.req_logging [None req-2afa4f12-ed38-4ded-a43d-9592fff10964 None admin] SCRIPT_NAME: `/identity` {{(pid=46792) log_request_info /opt/stack/keystone/keystone/server/flask/request_processing/req_logging.py:28}}
Nov 16 21:54:50 user devstack@keystone.service[46792]: DEBUG keystone.server.flask.request_processing.req_logging [None req-2afa4f12-ed38-4ded-a43d-9592fff10964 None admin] PATH_INFO: `/v3/users/ce5461b5c559466e8f9c4e74d053550e` {{(pid=46792) log_request_info /opt/stack/keystone/keystone/server/flask/request_processing/req_logging.py:29}}
Nov 16 21:54:50 user devstack@keystone.service[46792]: DEBUG keystone.common.rbac_enforcer.enforcer [None req-2afa4f12-ed38-4ded-a43d-9592fff10964 None admin] RBAC: Authorizing `identity:get_user(user_id=ce5461b5c559466e8f9c4e74d053550e)` {{(pid=46792) enforce_call /opt/stack/keystone/keystone/common/rbac_enforcer/enforcer.py:449}}
Nov 16 21:54:50 user devstack@keystone.service[46792]: DEBUG keystone.common.rbac_enforcer.enforcer [None req-2afa4f12-ed38-4ded-a43d-9592fff10964 None admin] RBAC: Authorization granted {{(pid=46792) enforce_call /opt/stack/keystone/keystone/common/rbac_enforcer/enforcer.py:457}}
Nov 16 21:54:50 user devstack@keystone.service[46792]: [pid: 46792|app: 0|req: 44/124] 10.0.0.210 () {56 vars in 1172 bytes} [Thu Nov 16 21:54:50 2023] GET /identity/v3/users/ce5461b5c559466e8f9c4e74d053550e => generated 274 bytes in 149 msecs (HTTP/1.1 200) 5 headers in 177 bytes (2 switches on core 0)
Nov 16 21:54:50 user devstack@keystone.service[46792]: DEBUG keystone.server.flask.request_processing.middleware.auth_context [None req-2afa4f12-ed38-4ded-a43d-9592fff10964 None admin] Authenticating user token {{(pid=46792) process_request /opt/stack/data/venv/lib/python3.10/site-packages/keystonemiddleware/auth_token/__init__.py:406}}
Nov 16 21:54:50 user devstack@keystone.service[46794]: DEBUG keystone.server.flask.request_processing.middleware.auth_context [None req-748f4ee4-dfad-4cf7-ae9e-f930e9eaa58b None admin] Validating token access rules against request {{(pid=46794) validate_allowed_request /opt/stack/data/venv/lib/python3.10/site-packages/keystonemiddleware/auth_token/__init__.py:544}}
