Nov 16 22:06:12 user devstack@n-api.service[65659]: DEBUG oslo_concurrency.lockutils [None req-090736bf-fcf9-4b5f-885f-718603a0b581 tempest-VolumesAssistedSnapshotsTest-620741861 tempest-VolumesAssistedSnapshotsTest-620741861-project-member] Acquiring lock "6d7aad05-9572-4cc1-84ea-e48898f3fdd0" by "nova.context.set_target_cell..get_or_set_cached_cell_and_set_connections" {{(pid=65659) inner /opt/stack/data/venv/lib/python3.10/site-packages/oslo_concurrency/lockutils.py:404}}
Nov 16 22:06:12 user devstack@n-api.service[65659]: DEBUG oslo_concurrency.lockutils [None req-090736bf-fcf9-4b5f-885f-718603a0b581 tempest-VolumesAssistedSnapshotsTest-620741861 tempest-VolumesAssistedSnapshotsTest-620741861-project-member] Lock "6d7aad05-9572-4cc1-84ea-e48898f3fdd0" acquired by "nova.context.set_target_cell..get_or_set_cached_cell_and_set_connections" :: waited 0.000s {{(pid=65659) inner /opt/stack/data/venv/lib/python3.10/site-packages/oslo_concurrency/lockutils.py:409}}
Nov 16 22:06:12 user devstack@n-api.service[65659]: DEBUG oslo_concurrency.lockutils [None req-090736bf-fcf9-4b5f-885f-718603a0b581 tempest-VolumesAssistedSnapshotsTest-620741861 tempest-VolumesAssistedSnapshotsTest-620741861-project-member] Lock "6d7aad05-9572-4cc1-84ea-e48898f3fdd0" "released" by "nova.context.set_target_cell..get_or_set_cached_cell_and_set_connections" :: held 0.000s {{(pid=65659) inner /opt/stack/data/venv/lib/python3.10/site-packages/oslo_concurrency/lockutils.py:423}}
Nov 16 22:06:12 user devstack@n-api.service[65659]: DEBUG nova.policy [None req-090736bf-fcf9-4b5f-885f-718603a0b581 tempest-VolumesAssistedSnapshotsTest-620741861 tempest-VolumesAssistedSnapshotsTest-620741861-project-member] Policy check for os_compute_api:os-extended-server-attributes failed with credentials {'is_admin': False, 'user_id': '58e5c380dc9140ceaf69430c2f269665', 'user_domain_id': 'default', 'system_scope': None, 'domain_id': None, 'project_id': 'c5f91b8f7edb4dbe9d457b30a85d72bb', 'project_domain_id': 'default', 'roles': ['reader', 'member'], 'is_admin_project': True, 'service_user_id': None, 'service_user_domain_id': None, 'service_project_id': None, 'service_project_domain_id': None, 'service_roles': []} {{(pid=65659) authorize /opt/stack/nova/nova/policy.py:203}}
Nov 16 22:06:12 user devstack@n-api.service[65659]: INFO nova.api.openstack.requestlog [None req-090736bf-fcf9-4b5f-885f-718603a0b581 tempest-VolumesAssistedSnapshotsTest-620741861 tempest-VolumesAssistedSnapshotsTest-620741861-project-member] 10.0.0.210 "GET /compute/v2.1/servers/f661a6b9-da19-42cb-ae0a-94732cea6e26" status: 200 len: 1549 microversion: 2.1 time: 0.213180
Nov 16 22:06:12 user devstack@n-api.service[65659]: [pid: 65659|app: 0|req: 38/123] 10.0.0.210 () {62 vars in 1313 bytes} [Thu Nov 16 22:06:12 2023] GET /compute/v2.1/servers/f661a6b9-da19-42cb-ae0a-94732cea6e26 => generated 1549 bytes in 215 msecs (HTTP/1.1 200) 9 headers in 358 bytes (1 switches on core 0)
Nov 16 22:06:22 user devstack@n-api.service[65657]: DEBUG nova.api.openstack.wsgi [None req-a956073b-ffae-4779-a1c6-58b2ba334d5e tempest-VolumesActionsTest-1621411024 tempest-VolumesActionsTest-1621411024-project-member] Calling method '>' {{(pid=65657) _process_stack /opt/stack/nova/nova/api/openstack/wsgi.py:513}}
Nov 16 22:06:22 user devstack@n-api.service[65657]: DEBUG nova.compute.api [None req-a956073b-ffae-4779-a1c6-58b2ba334d5e tempest-VolumesActionsTest-1621411024 tempest-VolumesActionsTest-1621411024-project-member] [instance: ad6117ad-8595-43c7-be4e-6367bf55872b] Fetching instance by UUID {{(pid=65657) get /opt/stack/nova/nova/compute/api.py:2978}}
Nov 16 22:06:22 user devstack@n-api.service[65657]: DEBUG dbcounter [-] [65657] Writing DB stats nova_api:SELECT=2 {{(pid=65657) stat_writer /opt/stack/data/venv/lib/python3.10/site-packages/dbcounter.py:115}}
Nov 16 22:06:22 user devstack@n-api.service[65657]: DEBUG dbcounter [-] [65657] Writing DB stats nova_cell1:SELECT=6 {{(pid=65657) stat_writer /opt/stack/data/venv/lib/python3.10/site-packages/dbcounter.py:115}}
Nov 16 22:06:22 user devstack@n-api.service[65657]: DEBUG oslo_concurrency.lockutils [None req-a956073b-ffae-4779-a1c6-58b2ba334d5e tempest-VolumesActionsTest-1621411024 tempest-VolumesActionsTest-1621411024-project-member] Acquiring lock "6d7aad05-9572-4cc1-84ea-e48898f3fdd0" by "nova.context.set_target_cell..get_or_set_cached_cell_and_set_connections" {{(pid=65657) inner /opt/stack/data/venv/lib/python3.10/site-packages/oslo_concurrency/lockutils.py:404}}
Nov 16 22:06:22 user devstack@n-api.service[65657]: DEBUG oslo_concurrency.lockutils [None req-a956073b-ffae-4779-a1c6-58b2ba334d5e tempest-VolumesActionsTest-1621411024 tempest-VolumesActionsTest-1621411024-project-member] Lock "6d7aad05-9572-4cc1-84ea-e48898f3fdd0" acquired by "nova.context.set_target_cell..get_or_set_cached_cell_and_set_connections" :: waited 0.000s {{(pid=65657) inner /opt/stack/data/venv/lib/python3.10/site-packages/oslo_concurrency/lockutils.py:409}}
Nov 16 22:06:22 user devstack@n-api.service[65657]: DEBUG oslo_concurrency.lockutils [None req-a956073b-ffae-4779-a1c6-58b2ba334d5e tempest-VolumesActionsTest-1621411024 tempest-VolumesActionsTest-1621411024-project-member] Lock "6d7aad05-9572-4cc1-84ea-e48898f3fdd0" "released" by "nova.context.set_target_cell..get_or_set_cached_cell_and_set_connections" :: held 0.000s {{(pid=65657) inner /opt/stack/data/venv/lib/python3.10/site-packages/oslo_concurrency/lockutils.py:423}}
Nov 16 22:06:22 user devstack@n-api.service[65657]: DEBUG oslo_concurrency.lockutils [None req-a956073b-ffae-4779-a1c6-58b2ba334d5e tempest-VolumesActionsTest-1621411024 tempest-VolumesActionsTest-1621411024-project-member] Acquiring lock "6d7aad05-9572-4cc1-84ea-e48898f3fdd0" by "nova.context.set_target_cell..get_or_set_cached_cell_and_set_connections" {{(pid=65657) inner /opt/stack/data/venv/lib/python3.10/site-packages/oslo_concurrency/lockutils.py:404}}
Nov 16 22:06:22 user devstack@n-api.service[65657]: DEBUG oslo_concurrency.lockutils [None req-a956073b-ffae-4779-a1c6-58b2ba334d5e tempest-VolumesActionsTest-1621411024 tempest-VolumesActionsTest-1621411024-project-member] Lock "6d7aad05-9572-4cc1-84ea-e48898f3fdd0" acquired by "nova.context.set_target_cell..get_or_set_cached_cell_and_set_connections" :: waited 0.000s {{(pid=65657) inner /opt/stack/data/venv/lib/python3.10/site-packages/oslo_concurrency/lockutils.py:409}}
Nov 16 22:06:22 user devstack@n-api.service[65657]: DEBUG oslo_concurrency.lockutils [None req-a956073b-ffae-4779-a1c6-58b2ba334d5e tempest-VolumesActionsTest-1621411024 tempest-VolumesActionsTest-1621411024-project-member] Lock "6d7aad05-9572-4cc1-84ea-e48898f3fdd0" "released" by "nova.context.set_target_cell..get_or_set_cached_cell_and_set_connections" :: held 0.000s {{(pid=65657) inner /opt/stack/data/venv/lib/python3.10/site-packages/oslo_concurrency/lockutils.py:423}}
Nov 16 22:06:22 user devstack@n-api.service[65657]: DEBUG nova.policy [None req-a956073b-ffae-4779-a1c6-58b2ba334d5e tempest-VolumesActionsTest-1621411024 tempest-VolumesActionsTest-1621411024-project-member] Policy check for os_compute_api:os-extended-server-attributes failed with credentials {'is_admin': False, 'user_id': 'a0c2384b71334780b7514c423b3bab06', 'user_domain_id': 'default', 'system_scope': None, 'domain_id': None, 'project_id': '5a63e1ee3f58478596dffb6ae65a9cb0', 'project_domain_id': 'default', 'roles': ['reader', 'member'], 'is_admin_project': True, 'service_user_id': None, 'service_user_domain_id': None, 'service_project_id': None, 'service_project_domain_id': None, 'service_roles': []} {{(pid=65657) authorize /opt/stack/nova/nova/policy.py:203}}
Nov 16 22:06:22 user devstack@n-api.service[65657]: INFO nova.api.openstack.requestlog [None req-a956073b-ffae-4779-a1c6-58b2ba334d5e tempest-VolumesActionsTest-1621411024 tempest-VolumesActionsTest-1621411024-project-member] 10.0.0.210 "GET /compute/v2.1/servers/ad6117ad-8595-43c7-be4e-6367bf55872b" status: 200 len: 1483 microversion: 2.1 time: 0.196994
Nov 16 22:06:22 user devstack@n-api.service[65657]: [pid: 65657|app: 0|req: 41/124] 10.0.0.210 () {62 vars in 1313 bytes} [Thu Nov 16 22:06:22 2023] GET /compute/v2.1/servers/ad6117ad-8595-43c7-be4e-6367bf55872b => generated 1483 bytes in 198 msecs (HTTP/1.1 200) 9 headers in 358 bytes (2 switches on core 0)
Nov 16 22:06:29 user devstack@n-api.service[65658]: DEBUG nova.api.openstack.wsgi [None req-2cd6a356-c040-41de-9c7e-10ef1fe5e30a tempest-ServerBootFromVolumeStableRescueTest-1674291337 tempest-ServerBootFromVolumeStableRescueTest-1674291337-project-member] Action: 'action', calling method: >, body: {"createImage": {"name": "tempest-ServerBootFromVolumeStableRescueTest-image-346022205"}} {{(pid=65658) _process_stack /opt/stack/nova/nova/api/openstack/wsgi.py:511}}
Nov 16 22:06:29 user devstack@n-api.service[65658]: DEBUG nova.compute.api [None req-2cd6a356-c040-41de-9c7e-10ef1fe5e30a tempest-ServerBootFromVolumeStableRescueTest-1674291337 tempest-ServerBootFromVolumeStableRescueTest-1674291337-project-member] [instance: 0e81f476-4c12-4f5b-ba13-b25d25bfce5f] Fetching instance by UUID {{(pid=65658) get /opt/stack/nova/nova/compute/api.py:2978}}
Nov 16 22:06:29 user devstack@n-api.service[65658]: DEBUG dbcounter [-] [65658] Writing DB stats nova_api:SELECT=2 {{(pid=65658) stat_writer /opt/stack/data/venv/lib/python3.10/site-packages/dbcounter.py:115}}
Nov 16 22:06:29 user devstack@n-api.service[65658]: DEBUG dbcounter [-] [65658] Writing DB stats nova_cell1:SELECT=6 {{(pid=65658) stat_writer /opt/stack/data/venv/lib/python3.10/site-packages/dbcounter.py:115}}
Nov 16 22:06:29 user devstack@n-api.service[65658]: DEBUG oslo_concurrency.lockutils [None req-2cd6a356-c040-41de-9c7e-10ef1fe5e30a tempest-ServerBootFromVolumeStableRescueTest-1674291337 tempest-ServerBootFromVolumeStableRescueTest-1674291337-project-member] Acquiring lock "6d7aad05-9572-4cc1-84ea-e48898f3fdd0" by "nova.context.set_target_cell..get_or_set_cached_cell_and_set_connections" {{(pid=65658) inner /opt/stack/data/venv/lib/python3.10/site-packages/oslo_concurrency/lockutils.py:404}}
Nov 16 22:06:29 user devstack@n-api.service[65658]: DEBUG oslo_concurrency.lockutils [None req-2cd6a356-c040-41de-9c7e-10ef1fe5e30a tempest-ServerBootFromVolumeStableRescueTest-1674291337 tempest-ServerBootFromVolumeStableRescueTest-1674291337-project-member] Lock "6d7aad05-9572-4cc1-84ea-e48898f3fdd0" acquired by "nova.context.set_target_cell..get_or_set_cached_cell_and_set_connections" :: waited 0.001s {{(pid=65658) inner /opt/stack/data/venv/lib/python3.10/site-packages/oslo_concurrency/lockutils.py:409}}
Nov 16 22:06:29 user devstack@n-api.service[65658]: DEBUG oslo_concurrency.lockutils [None req-2cd6a356-c040-41de-9c7e-10ef1fe5e30a tempest-ServerBootFromVolumeStableRescueTest-1674291337 tempest-ServerBootFromVolumeStableRescueTest-1674291337-project-member] Lock "6d7aad05-9572-4cc1-84ea-e48898f3fdd0" "released" by "nova.context.set_target_cell..get_or_set_cached_cell_and_set_connections" :: held 0.001s {{(pid=65658) inner /opt/stack/data/venv/lib/python3.10/site-packages/oslo_concurrency/lockutils.py:423}}
Nov 16 22:06:29 user devstack@n-api.service[65658]: DEBUG oslo_concurrency.lockutils [None req-2cd6a356-c040-41de-9c7e-10ef1fe5e30a tempest-ServerBootFromVolumeStableRescueTest-1674291337 tempest-ServerBootFromVolumeStableRescueTest-1674291337-project-member] Acquiring lock "6d7aad05-9572-4cc1-84ea-e48898f3fdd0" by "nova.context.set_target_cell..get_or_set_cached_cell_and_set_connections" {{(pid=65658) inner /opt/stack/data/venv/lib/python3.10/site-packages/oslo_concurrency/lockutils.py:404}}
Nov 16 22:06:29 user devstack@n-api.service[65658]: DEBUG oslo_concurrency.lockutils [None req-2cd6a356-c040-41de-9c7e-10ef1fe5e30a tempest-ServerBootFromVolumeStableRescueTest-1674291337 tempest-ServerBootFromVolumeStableRescueTest-1674291337-project-member] Lock "6d7aad05-9572-4cc1-84ea-e48898f3fdd0" acquired by "nova.context.set_target_cell..get_or_set_cached_cell_and_set_connections" :: waited 0.001s {{(pid=65658) inner /opt/stack/data/venv/lib/python3.10/site-packages/oslo_concurrency/lockutils.py:409}}
Nov 16 22:06:29 user devstack@n-api.service[65658]: DEBUG oslo_concurrency.lockutils [None req-2cd6a356-c040-41de-9c7e-10ef1fe5e30a tempest-ServerBootFromVolumeStableRescueTest-1674291337 tempest-ServerBootFromVolumeStableRescueTest-1674291337-project-member] Lock "6d7aad05-9572-4cc1-84ea-e48898f3fdd0" "released" by "nova.context.set_target_cell..get_or_set_cached_cell_and_set_connections" :: held 0.000s {{(pid=65658) inner /opt/stack/data/venv/lib/python3.10/site-packages/oslo_concurrency/lockutils.py:423}}
Nov 16 22:06:30 user devstack@n-api.service[65659]: DEBUG nova.api.openstack.wsgi [None req-6bb058f9-5617-47bd-a182-a4c370a8b53e tempest-ServersNegativeTestJSON-1463465268 tempest-ServersNegativeTestJSON-1463465268-project-member] Action: 'create', calling method: >, body: {"server": {"name": "tempest-ServersNegativeTestJSON-server-1351330038", "imageRef": "e9c6ec41-263e-4cb2-bbb4-437828aad3fe", "flavorRef": "1", "networks": [{"uuid": "f808c60a-91db-4ca3-96bb-788ef22900c7"}]}} {{(pid=65659) _process_stack /opt/stack/nova/nova/api/openstack/wsgi.py:511}}
Nov 16 22:06:30 user devstack@n-api.service[65659]: DEBUG dbcounter [-] [65659] Writing DB stats nova_api:SELECT=2 {{(pid=65659) stat_writer /opt/stack/data/venv/lib/python3.10/site-packages/dbcounter.py:115}}
Nov 16 22:06:30 user devstack@n-api.service[65659]: DEBUG dbcounter [-] [65659] Writing DB stats nova_cell1:SELECT=6 {{(pid=65659) stat_writer /opt/stack/data/venv/lib/python3.10/site-packages/dbcounter.py:115}}
Nov 16 22:06:30 user devstack@n-api.service[65659]: DEBUG nova.network.neutron [None req-6bb058f9-5617-47bd-a182-a4c370a8b53e tempest-ServersNegativeTestJSON-1463465268 tempest-ServersNegativeTestJSON-1463465268-project-member] validate_networks() for [('f808c60a-91db-4ca3-96bb-788ef22900c7', None, None, None, None, None)] {{(pid=65659) validate_networks /opt/stack/nova/nova/network/neutron.py:2645}}
Nov 16 22:06:30 user devstack@n-api.service[65658]: INFO nova.api.openstack.requestlog [None req-2cd6a356-c040-41de-9c7e-10ef1fe5e30a tempest-ServerBootFromVolumeStableRescueTest-1674291337 tempest-ServerBootFromVolumeStableRescueTest-1674291337-project-member] 10.0.0.210 "POST /compute/v2.1/servers/0e81f476-4c12-4f5b-ba13-b25d25bfce5f/action" status: 202 len: 52 microversion: 2.87 time: 1.172611
Nov 16 22:06:30 user devstack@n-api.service[65658]: [pid: 65658|app: 0|req: 46/125] 10.0.0.210 () {66 vars in 1396 bytes} [Thu Nov 16 22:06:29 2023] POST /compute/v2.1/servers/0e81f476-4c12-4f5b-ba13-b25d25bfce5f/action => generated 52 bytes in 1174 msecs (HTTP/1.1 202) 9 headers in 364 bytes (1 switches on core 0)
Nov 16 22:06:30 user devstack@n-api.service[65659]: DEBUG nova.virt.hardware [None req-6bb058f9-5617-47bd-a182-a4c370a8b53e tempest-ServersNegativeTestJSON-1463465268 tempest-ServersNegativeTestJSON-1463465268-project-member] Flavor limits 0:0:0 {{(pid=65659) get_cpu_topology_constraints /opt/stack/nova/nova/virt/hardware.py:348}}
Nov 16 22:06:30 user devstack@n-api.service[65659]: DEBUG nova.virt.hardware [None req-6bb058f9-5617-47bd-a182-a4c370a8b53e tempest-ServersNegativeTestJSON-1463465268 tempest-ServersNegativeTestJSON-1463465268-project-member] Image limits 0:0:0 {{(pid=65659) get_cpu_topology_constraints /opt/stack/nova/nova/virt/hardware.py:352}}
Nov 16 22:06:30 user devstack@n-api.service[65659]: DEBUG nova.virt.hardware [None req-6bb058f9-5617-47bd-a182-a4c370a8b53e tempest-ServersNegativeTestJSON-1463465268 tempest-ServersNegativeTestJSON-1463465268-project-member] Flavor pref 0:0:0 {{(pid=65659) get_cpu_topology_constraints /opt/stack/nova/nova/virt/hardware.py:388}}
Nov 16 22:06:30 user devstack@n-api.service[65659]: DEBUG nova.virt.hardware [None req-6bb058f9-5617-47bd-a182-a4c370a8b53e tempest-ServersNegativeTestJSON-1463465268 tempest-ServersNegativeTestJSON-1463465268-project-member] Image pref 0:0:0 {{(pid=65659) get_cpu_topology_constraints /opt/stack/nova/nova/virt/hardware.py:392}}
Nov 16 22:06:30 user devstack@n-api.service[65659]: DEBUG nova.virt.hardware [None req-6bb058f9-5617-47bd-a182-a4c370a8b53e tempest-ServersNegativeTestJSON-1463465268 tempest-ServersNegativeTestJSON-1463465268-project-member] Chose sockets=0, cores=0, threads=0; limits were sockets=65536, cores=65536, threads=65536 {{(pid=65659) get_cpu_topology_constraints /opt/stack/nova/nova/virt/hardware.py:430}}
Nov 16 22:06:30 user devstack@n-api.service[65659]: DEBUG oslo_concurrency.lockutils [None req-6bb058f9-5617-47bd-a182-a4c370a8b53e tempest-ServersNegativeTestJSON-1463465268 tempest-ServersNegativeTestJSON-1463465268-project-member] Acquiring lock "00000000-0000-0000-0000-000000000000" by "nova.context.set_target_cell..get_or_set_cached_cell_and_set_connections" {{(pid=65659) inner /opt/stack/data/venv/lib/python3.10/site-packages/oslo_concurrency/lockutils.py:404}}
Nov 16 22:06:30 user devstack@n-api.service[65659]: DEBUG oslo_concurrency.lockutils [None req-6bb058f9-5617-47bd-a182-a4c370a8b53e tempest-ServersNegativeTestJSON-1463465268 tempest-ServersNegativeTestJSON-1463465268-project-member] Lock "00000000-0000-0000-0000-000000000000" acquired by "nova.context.set_target_cell..get_or_set_cached_cell_and_set_connections" :: waited 0.001s {{(pid=65659) inner /opt/stack/data/venv/lib/python3.10/site-packages/oslo_concurrency/lockutils.py:409}}
Nov 16 22:06:30 user devstack@n-api.service[65659]: DEBUG oslo_concurrency.lockutils [None req-6bb058f9-5617-47bd-a182-a4c370a8b53e tempest-ServersNegativeTestJSON-1463465268 tempest-ServersNegativeTestJSON-1463465268-project-member] Lock "00000000-0000-0000-0000-000000000000" "released" by "nova.context.set_target_cell..get_or_set_cached_cell_and_set_connections" :: held 0.001s {{(pid=65659) inner /opt/stack/data/venv/lib/python3.10/site-packages/oslo_concurrency/lockutils.py:423}}
Nov 16 22:06:30 user devstack@n-api.service[65659]: DEBUG oslo_concurrency.lockutils [None req-6bb058f9-5617-47bd-a182-a4c370a8b53e tempest-ServersNegativeTestJSON-1463465268 tempest-ServersNegativeTestJSON-1463465268-project-member] Acquiring lock "6d7aad05-9572-4cc1-84ea-e48898f3fdd0" by "nova.context.set_target_cell..get_or_set_cached_cell_and_set_connections" {{(pid=65659) inner /opt/stack/data/venv/lib/python3.10/site-packages/oslo_concurrency/lockutils.py:404}}
Nov 16 22:06:30 user devstack@n-api.service[65659]: DEBUG oslo_concurrency.lockutils [None req-6bb058f9-5617-47bd-a182-a4c370a8b53e tempest-ServersNegativeTestJSON-1463465268 tempest-ServersNegativeTestJSON-1463465268-project-member] Lock "6d7aad05-9572-4cc1-84ea-e48898f3fdd0" acquired by "nova.context.set_target_cell..get_or_set_cached_cell_and_set_connections" :: waited 0.001s {{(pid=65659) inner /opt/stack/data/venv/lib/python3.10/site-packages/oslo_concurrency/lockutils.py:409}}
Nov 16 22:06:30 user devstack@n-api.service[65659]: DEBUG oslo_concurrency.lockutils [None req-6bb058f9-5617-47bd-a182-a4c370a8b53e tempest-ServersNegativeTestJSON-1463465268 tempest-ServersNegativeTestJSON-1463465268-project-member] Lock "6d7aad05-9572-4cc1-84ea-e48898f3fdd0" "released" by "nova.context.set_target_cell..get_or_set_cached_cell_and_set_connections" :: held 0.001s {{(pid=65659) inner /opt/stack/data/venv/lib/python3.10/site-packages/oslo_concurrency/lockutils.py:423}}
Nov 16 22:06:30 user devstack@n-api.service[65659]: DEBUG nova.quota [None req-6bb058f9-5617-47bd-a182-a4c370a8b53e tempest-ServersNegativeTestJSON-1463465268 tempest-ServersNegativeTestJSON-1463465268-project-member] Getting quotas for project 3eef4fa46c3f44e0b80839af6eae1155. Resources: {'ram', 'instances', 'cores'} {{(pid=65659) _get_quotas /opt/stack/nova/nova/quota.py:393}}
Nov 16 22:06:30 user devstack@n-api.service[65659]: DEBUG nova.quota [None req-6bb058f9-5617-47bd-a182-a4c370a8b53e tempest-ServersNegativeTestJSON-1463465268 tempest-ServersNegativeTestJSON-1463465268-project-member] Getting quotas for user bee7e89a4ff74c118c8b76fcfd51955d and project 3eef4fa46c3f44e0b80839af6eae1155. Resources: {'ram', 'instances', 'cores'} {{(pid=65659) _get_quotas /opt/stack/nova/nova/quota.py:383}}
Nov 16 22:06:30 user devstack@n-api.service[65659]: DEBUG nova.compute.api [None req-6bb058f9-5617-47bd-a182-a4c370a8b53e tempest-ServersNegativeTestJSON-1463465268 tempest-ServersNegativeTestJSON-1463465268-project-member] Going to run 1 instances... {{(pid=65659) _provision_instances /opt/stack/nova/nova/compute/api.py:1404}}
Nov 16 22:06:30 user devstack@n-api.service[65659]: DEBUG nova.compute.api [None req-6bb058f9-5617-47bd-a182-a4c370a8b53e tempest-ServersNegativeTestJSON-1463465268 tempest-ServersNegativeTestJSON-1463465268-project-member] [instance: d48fda8d-0fbd-4f9c-ba30-cf1f26d509d9] block_device_mapping [BlockDeviceMapping(attachment_id=,boot_index=0,connection_info=None,created_at=,delete_on_termination=True,deleted=,deleted_at=,destination_type='local',device_name=None,device_type='disk',disk_bus=None,encrypted=False,encryption_format=None,encryption_options=None,encryption_secret_uuid=None,guest_format=None,id=,image_id='e9c6ec41-263e-4cb2-bbb4-437828aad3fe',instance=,instance_uuid=,no_device=False,snapshot_id=None,source_type='image',tag=None,updated_at=,uuid=,volume_id=None,volume_size=None,volume_type=None)] {{(pid=65659) _bdm_validate_set_size_and_instance /opt/stack/nova/nova/compute/api.py:1865}}
Nov 16 22:06:30 user devstack@n-api.service[65659]: INFO nova.api.openstack.requestlog [None req-6bb058f9-5617-47bd-a182-a4c370a8b53e tempest-ServersNegativeTestJSON-1463465268 tempest-ServersNegativeTestJSON-1463465268-project-member] 10.0.0.210 "POST /compute/v2.1/servers" status: 202 len: 378 microversion: 2.1 time: 0.706639
Nov 16 22:06:30 user devstack@n-api.service[65659]: [pid: 65659|app: 0|req: 39/126] 10.0.0.210 () {64 vars in 1224 bytes} [Thu Nov 16 22:06:30 2023] POST /compute/v2.1/servers => generated 378 bytes in 709 msecs (HTTP/1.1 202) 10 headers in 450 bytes (1 switches on core 0)
Nov 16 22:06:30 user devstack@n-api.service[65657]: DEBUG nova.api.openstack.wsgi [None req-ae7928bc-80fe-4ed2-bef7-e6635d783190 tempest-ServersNegativeTestJSON-1463465268 tempest-ServersNegativeTestJSON-1463465268-project-member] Calling method '>' {{(pid=65657) _process_stack /opt/stack/nova/nova/api/openstack/wsgi.py:513}}
Nov 16 22:06:30 user devstack@n-api.service[65657]: DEBUG nova.compute.api [None req-ae7928bc-80fe-4ed2-bef7-e6635d783190 tempest-ServersNegativeTestJSON-1463465268 tempest-ServersNegativeTestJSON-1463465268-project-member] [instance: d48fda8d-0fbd-4f9c-ba30-cf1f26d509d9] Fetching instance by UUID {{(pid=65657) get /opt/stack/nova/nova/compute/api.py:2978}}
Nov 16 22:06:30 user devstack@n-api.service[65657]: DEBUG nova.policy [None req-ae7928bc-80fe-4ed2-bef7-e6635d783190 tempest-ServersNegativeTestJSON-1463465268 tempest-ServersNegativeTestJSON-1463465268-project-member] Policy check for os_compute_api:os-extended-server-attributes failed with credentials {'is_admin': False, 'user_id': 'bee7e89a4ff74c118c8b76fcfd51955d', 'user_domain_id': 'default', 'system_scope': None, 'domain_id': None, 'project_id': '3eef4fa46c3f44e0b80839af6eae1155', 'project_domain_id': 'default', 'roles': ['reader', 'member'], 'is_admin_project': True, 'service_user_id': None, 'service_user_domain_id': None, 'service_project_id': None, 'service_project_domain_id': None, 'service_roles': []} {{(pid=65657) authorize /opt/stack/nova/nova/policy.py:203}}
Nov 16 22:06:30 user devstack@n-api.service[65657]: INFO nova.api.openstack.requestlog [None req-ae7928bc-80fe-4ed2-bef7-e6635d783190 tempest-ServersNegativeTestJSON-1463465268 tempest-ServersNegativeTestJSON-1463465268-project-member] 10.0.0.210 "GET /compute/v2.1/servers/d48fda8d-0fbd-4f9c-ba30-cf1f26d509d9" status: 200 len: 1209 microversion: 2.1 time: 0.078909
Nov 16 22:06:30 user devstack@n-api.service[65657]: [pid: 65657|app: 0|req: 42/127] 10.0.0.210 () {62 vars in 1313 bytes} [Thu Nov 16 22:06:30 2023] GET /compute/v2.1/servers/d48fda8d-0fbd-4f9c-ba30-cf1f26d509d9 => generated 1209 bytes in 81 msecs (HTTP/1.1 200) 9 headers in 358 bytes (1 switches on core 0)
Nov 16 22:06:32 user devstack@n-api.service[65659]: DEBUG nova.api.openstack.wsgi [None req-e06718cc-099b-4ee3-aa5a-953c57c3e28a tempest-AttachVolumeTestJSON-1887834587 tempest-AttachVolumeTestJSON-1887834587-project-member] Calling method '>' {{(pid=65659) _process_stack /opt/stack/nova/nova/api/openstack/wsgi.py:513}}
Nov 16 22:06:32 user devstack@n-api.service[65659]: DEBUG nova.compute.api [None req-e06718cc-099b-4ee3-aa5a-953c57c3e28a tempest-AttachVolumeTestJSON-1887834587 tempest-AttachVolumeTestJSON-1887834587-project-member] [instance: 05c1be9b-cd9f-473e-b0ee-7a902facd9cd] Fetching instance by UUID {{(pid=65659) get /opt/stack/nova/nova/compute/api.py:2978}}
Nov 16 22:06:32 user devstack@n-api.service[65658]: DEBUG nova.api.openstack.wsgi [None req-ec47214d-e71c-4f27-b8fc-631c1d379e89 tempest-DeleteServersTestJSON-665170126 tempest-DeleteServersTestJSON-665170126-project-member] Action: 'create', calling method: >, body: {"volumeAttachment": {"volumeId": "a56afa94-93ec-4600-86fe-3bc3d76cb9d3"}} {{(pid=65658) _process_stack /opt/stack/nova/nova/api/openstack/wsgi.py:511}}
Nov 16 22:06:32 user devstack@n-api.service[65659]: DEBUG oslo_concurrency.lockutils [None req-e06718cc-099b-4ee3-aa5a-953c57c3e28a tempest-AttachVolumeTestJSON-1887834587 tempest-AttachVolumeTestJSON-1887834587-project-member] Acquiring lock "6d7aad05-9572-4cc1-84ea-e48898f3fdd0" by "nova.context.set_target_cell..get_or_set_cached_cell_and_set_connections" {{(pid=65659) inner /opt/stack/data/venv/lib/python3.10/site-packages/oslo_concurrency/lockutils.py:404}}
Nov 16 22:06:32 user devstack@n-api.service[65658]: DEBUG nova.compute.api [None req-ec47214d-e71c-4f27-b8fc-631c1d379e89 tempest-DeleteServersTestJSON-665170126 tempest-DeleteServersTestJSON-665170126-project-member] [instance: ad672630-855f-4222-abf7-612ba98ad9e8] Fetching instance by UUID {{(pid=65658) get /opt/stack/nova/nova/compute/api.py:2978}}
Nov 16 22:06:32 user devstack@n-api.service[65659]: DEBUG oslo_concurrency.lockutils [None req-e06718cc-099b-4ee3-aa5a-953c57c3e28a tempest-AttachVolumeTestJSON-1887834587 tempest-AttachVolumeTestJSON-1887834587-project-member] Lock "6d7aad05-9572-4cc1-84ea-e48898f3fdd0" acquired by "nova.context.set_target_cell..get_or_set_cached_cell_and_set_connections" :: waited 0.001s {{(pid=65659) inner /opt/stack/data/venv/lib/python3.10/site-packages/oslo_concurrency/lockutils.py:409}}
Nov 16 22:06:32 user devstack@n-api.service[65659]: DEBUG oslo_concurrency.lockutils [None req-e06718cc-099b-4ee3-aa5a-953c57c3e28a tempest-AttachVolumeTestJSON-1887834587 tempest-AttachVolumeTestJSON-1887834587-project-member] Lock "6d7aad05-9572-4cc1-84ea-e48898f3fdd0" "released" by "nova.context.set_target_cell..get_or_set_cached_cell_and_set_connections" :: held 0.000s {{(pid=65659) inner /opt/stack/data/venv/lib/python3.10/site-packages/oslo_concurrency/lockutils.py:423}}
Nov 16 22:06:32 user devstack@n-api.service[65659]: DEBUG oslo_concurrency.lockutils [None req-e06718cc-099b-4ee3-aa5a-953c57c3e28a tempest-AttachVolumeTestJSON-1887834587 tempest-AttachVolumeTestJSON-1887834587-project-member] Acquiring lock "6d7aad05-9572-4cc1-84ea-e48898f3fdd0" by "nova.context.set_target_cell..get_or_set_cached_cell_and_set_connections" {{(pid=65659) inner /opt/stack/data/venv/lib/python3.10/site-packages/oslo_concurrency/lockutils.py:404}}
Nov 16 22:06:32 user devstack@n-api.service[65659]: DEBUG oslo_concurrency.lockutils [None req-e06718cc-099b-4ee3-aa5a-953c57c3e28a tempest-AttachVolumeTestJSON-1887834587 tempest-AttachVolumeTestJSON-1887834587-project-member] Lock "6d7aad05-9572-4cc1-84ea-e48898f3fdd0" acquired by "nova.context.set_target_cell..get_or_set_cached_cell_and_set_connections" :: waited 0.000s {{(pid=65659) inner /opt/stack/data/venv/lib/python3.10/site-packages/oslo_concurrency/lockutils.py:409}}
Nov 16 22:06:32 user devstack@n-api.service[65659]: DEBUG oslo_concurrency.lockutils [None req-e06718cc-099b-4ee3-aa5a-953c57c3e28a tempest-AttachVolumeTestJSON-1887834587 tempest-AttachVolumeTestJSON-1887834587-project-member] Lock "6d7aad05-9572-4cc1-84ea-e48898f3fdd0" "released" by "nova.context.set_target_cell..get_or_set_cached_cell_and_set_connections" :: held 0.000s {{(pid=65659) inner /opt/stack/data/venv/lib/python3.10/site-packages/oslo_concurrency/lockutils.py:423}}
Nov 16 22:06:32 user devstack@n-api.service[65658]: DEBUG oslo_concurrency.lockutils [None req-ec47214d-e71c-4f27-b8fc-631c1d379e89 tempest-DeleteServersTestJSON-665170126 tempest-DeleteServersTestJSON-665170126-project-member] Acquiring lock "6d7aad05-9572-4cc1-84ea-e48898f3fdd0" by "nova.context.set_target_cell..get_or_set_cached_cell_and_set_connections" {{(pid=65658) inner /opt/stack/data/venv/lib/python3.10/site-packages/oslo_concurrency/lockutils.py:404}}
Nov 16 22:06:32 user devstack@n-api.service[65658]: DEBUG oslo_concurrency.lockutils [None req-ec47214d-e71c-4f27-b8fc-631c1d379e89 tempest-DeleteServersTestJSON-665170126 tempest-DeleteServersTestJSON-665170126-project-member] Lock "6d7aad05-9572-4cc1-84ea-e48898f3fdd0" acquired by "nova.context.set_target_cell..get_or_set_cached_cell_and_set_connections" :: waited 0.001s {{(pid=65658) inner /opt/stack/data/venv/lib/python3.10/site-packages/oslo_concurrency/lockutils.py:409}}
Nov 16 22:06:32 user devstack@n-api.service[65658]: DEBUG oslo_concurrency.lockutils [None req-ec47214d-e71c-4f27-b8fc-631c1d379e89 tempest-DeleteServersTestJSON-665170126 tempest-DeleteServersTestJSON-665170126-project-member] Lock "6d7aad05-9572-4cc1-84ea-e48898f3fdd0" "released" by "nova.context.set_target_cell..get_or_set_cached_cell_and_set_connections" :: held 0.001s {{(pid=65658) inner /opt/stack/data/venv/lib/python3.10/site-packages/oslo_concurrency/lockutils.py:423}}
Nov 16 22:06:32 user devstack@n-api.service[65658]: DEBUG oslo_concurrency.lockutils [None req-ec47214d-e71c-4f27-b8fc-631c1d379e89 tempest-DeleteServersTestJSON-665170126 tempest-DeleteServersTestJSON-665170126-project-member] Acquiring lock "6d7aad05-9572-4cc1-84ea-e48898f3fdd0" by "nova.context.set_target_cell..get_or_set_cached_cell_and_set_connections" {{(pid=65658) inner /opt/stack/data/venv/lib/python3.10/site-packages/oslo_concurrency/lockutils.py:404}}
Nov 16 22:06:32 user devstack@n-api.service[65658]: DEBUG oslo_concurrency.lockutils [None req-ec47214d-e71c-4f27-b8fc-631c1d379e89 tempest-DeleteServersTestJSON-665170126 tempest-DeleteServersTestJSON-665170126-project-member] Lock "6d7aad05-9572-4cc1-84ea-e48898f3fdd0" acquired by "nova.context.set_target_cell..get_or_set_cached_cell_and_set_connections" :: waited 0.001s {{(pid=65658) inner /opt/stack/data/venv/lib/python3.10/site-packages/oslo_concurrency/lockutils.py:409}}
Nov 16 22:06:32 user devstack@n-api.service[65658]: DEBUG oslo_concurrency.lockutils [None req-ec47214d-e71c-4f27-b8fc-631c1d379e89 tempest-DeleteServersTestJSON-665170126 tempest-DeleteServersTestJSON-665170126-project-member] Lock "6d7aad05-9572-4cc1-84ea-e48898f3fdd0" "released" by "nova.context.set_target_cell..get_or_set_cached_cell_and_set_connections" :: held 0.001s {{(pid=65658) inner /opt/stack/data/venv/lib/python3.10/site-packages/oslo_concurrency/lockutils.py:423}}
Nov 16 22:06:33 user devstack@n-api.service[65657]: DEBUG nova.api.openstack.wsgi [None req-ace47d06-0dba-4766-8bfd-4b48e9328e00 tempest-AttachVolumeShelveTestJSON-365587182 tempest-AttachVolumeShelveTestJSON-365587182-project-member] Calling method '>' {{(pid=65657) _process_stack /opt/stack/nova/nova/api/openstack/wsgi.py:513}}
Nov 16 22:06:33 user devstack@n-api.service[65657]: DEBUG nova.compute.api [None req-ace47d06-0dba-4766-8bfd-4b48e9328e00 tempest-AttachVolumeShelveTestJSON-365587182 tempest-AttachVolumeShelveTestJSON-365587182-project-member] [instance: 1aa2d938-9000-437f-96aa-23f4494b3c3d] Fetching instance by UUID {{(pid=65657) get /opt/stack/nova/nova/compute/api.py:2978}}
Nov 16 22:06:33 user devstack@n-api.service[65657]: DEBUG dbcounter [-] [65657] Writing DB stats nova_cell1:SELECT=6 {{(pid=65657) stat_writer /opt/stack/data/venv/lib/python3.10/site-packages/dbcounter.py:115}}
Nov 16 22:06:33 user devstack@n-api.service[65657]: DEBUG oslo_concurrency.lockutils [None req-ace47d06-0dba-4766-8bfd-4b48e9328e00 tempest-AttachVolumeShelveTestJSON-365587182 tempest-AttachVolumeShelveTestJSON-365587182-project-member] Acquiring lock "6d7aad05-9572-4cc1-84ea-e48898f3fdd0" by "nova.context.set_target_cell..get_or_set_cached_cell_and_set_connections" {{(pid=65657) inner /opt/stack/data/venv/lib/python3.10/site-packages/oslo_concurrency/lockutils.py:404}}
Nov 16 22:06:33 user devstack@n-api.service[65657]: DEBUG oslo_concurrency.lockutils [None req-ace47d06-0dba-4766-8bfd-4b48e9328e00 tempest-AttachVolumeShelveTestJSON-365587182 tempest-AttachVolumeShelveTestJSON-365587182-project-member] Lock "6d7aad05-9572-4cc1-84ea-e48898f3fdd0" acquired by "nova.context.set_target_cell..get_or_set_cached_cell_and_set_connections" :: waited 0.001s {{(pid=65657) inner /opt/stack/data/venv/lib/python3.10/site-packages/oslo_concurrency/lockutils.py:409}}
Nov 16 22:06:33 user devstack@n-api.service[65657]: DEBUG oslo_concurrency.lockutils [None req-ace47d06-0dba-4766-8bfd-4b48e9328e00 tempest-AttachVolumeShelveTestJSON-365587182 tempest-AttachVolumeShelveTestJSON-365587182-project-member] Lock "6d7aad05-9572-4cc1-84ea-e48898f3fdd0" "released" by "nova.context.set_target_cell..get_or_set_cached_cell_and_set_connections" :: held 0.000s {{(pid=65657) inner /opt/stack/data/venv/lib/python3.10/site-packages/oslo_concurrency/lockutils.py:423}}
Nov 16 22:06:33 user devstack@n-api.service[65657]: DEBUG oslo_concurrency.lockutils [None req-ace47d06-0dba-4766-8bfd-4b48e9328e00 tempest-AttachVolumeShelveTestJSON-365587182 tempest-AttachVolumeShelveTestJSON-365587182-project-member] Acquiring lock "6d7aad05-9572-4cc1-84ea-e48898f3fdd0" by "nova.context.set_target_cell..get_or_set_cached_cell_and_set_connections" {{(pid=65657) inner /opt/stack/data/venv/lib/python3.10/site-packages/oslo_concurrency/lockutils.py:404}}
Nov 16 22:06:33 user devstack@n-api.service[65657]: DEBUG oslo_concurrency.lockutils [None req-ace47d06-0dba-4766-8bfd-4b48e9328e00 tempest-AttachVolumeShelveTestJSON-365587182 tempest-AttachVolumeShelveTestJSON-365587182-project-member] Lock "6d7aad05-9572-4cc1-84ea-e48898f3fdd0" acquired by "nova.context.set_target_cell..get_or_set_cached_cell_and_set_connections" :: waited 0.000s {{(pid=65657) inner /opt/stack/data/venv/lib/python3.10/site-packages/oslo_concurrency/lockutils.py:409}}
Nov 16 22:06:33 user devstack@n-api.service[65657]: DEBUG oslo_concurrency.lockutils [None req-ace47d06-0dba-4766-8bfd-4b48e9328e00 tempest-AttachVolumeShelveTestJSON-365587182 tempest-AttachVolumeShelveTestJSON-365587182-project-member] Lock "6d7aad05-9572-4cc1-84ea-e48898f3fdd0" "released" by "nova.context.set_target_cell..get_or_set_cached_cell_and_set_connections" :: held 0.000s {{(pid=65657) inner /opt/stack/data/venv/lib/python3.10/site-packages/oslo_concurrency/lockutils.py:423}}
Nov 16 22:06:33 user devstack@n-api.service[65658]: INFO nova.api.openstack.requestlog [None req-ec47214d-e71c-4f27-b8fc-631c1d379e89 tempest-DeleteServersTestJSON-665170126 tempest-DeleteServersTestJSON-665170126-project-member] 10.0.0.210 "POST /compute/v2.1/servers/ad672630-855f-4222-abf7-612ba98ad9e8/os-volume_attachments" status: 200 len: 194 microversion: 2.1 time: 0.700493
Nov 16 22:06:33 user devstack@n-api.service[65658]: [pid: 65658|app: 0|req: 47/128] 10.0.0.210 () {64 vars in 1400 bytes} [Thu Nov 16 22:06:32 2023] POST /compute/v2.1/servers/ad672630-855f-4222-abf7-612ba98ad9e8/os-volume_attachments => generated 194 bytes in 703 msecs (HTTP/1.1 200) 9 headers in 357 bytes (1 switches on core 0)
Nov 16 22:06:33 user devstack@n-api.service[65659]: INFO nova.api.openstack.requestlog [None req-e06718cc-099b-4ee3-aa5a-953c57c3e28a tempest-AttachVolumeTestJSON-1887834587 tempest-AttachVolumeTestJSON-1887834587-project-member] 10.0.0.210 "GET /compute/v2.1/servers/05c1be9b-cd9f-473e-b0ee-7a902facd9cd/os-interface" status: 200 len: 283 microversion: 2.1 time: 0.916086
Nov 16 22:06:33 user devstack@n-api.service[65659]: [pid: 65659|app: 0|req: 40/129] 10.0.0.210 () {62 vars in 1352 bytes} [Thu Nov 16 22:06:32 2023] GET /compute/v2.1/servers/05c1be9b-cd9f-473e-b0ee-7a902facd9cd/os-interface => generated 283 bytes in 918 msecs (HTTP/1.1 200) 9 headers in 357 bytes (1 switches on core 0)
Nov 16 22:06:33 user devstack@n-api.service[65657]: INFO nova.api.openstack.requestlog [None req-ace47d06-0dba-4766-8bfd-4b48e9328e00 tempest-AttachVolumeShelveTestJSON-365587182 tempest-AttachVolumeShelveTestJSON-365587182-project-member] 10.0.0.210 "GET /compute/v2.1/servers/1aa2d938-9000-437f-96aa-23f4494b3c3d/os-interface" status: 200 len: 282 microversion: 2.20 time: 0.574655
Nov 16 22:06:33 user devstack@n-api.service[65657]: [pid: 65657|app: 0|req: 43/130] 10.0.0.210 () {64 vars in 1393 bytes} [Thu Nov 16 22:06:33 2023] GET /compute/v2.1/servers/1aa2d938-9000-437f-96aa-23f4494b3c3d/os-interface => generated 282 bytes in 576 msecs (HTTP/1.1 200) 9 headers in 359 bytes (2 switches on core 0)
Nov 16 22:06:34 user devstack@n-api.service[65658]: DEBUG nova.api.openstack.wsgi [req-75419dfc-3734-4fee-aff7-26bc8c5d5a0e req-09b2759f-d3ed-4b9c-b90e-f15371e60c91 service nova] Action: 'create', calling method: >, body: {"events": [{"name": "network-changed", "server_uuid": "d48fda8d-0fbd-4f9c-ba30-cf1f26d509d9", "tag": "eb45578c-a7aa-4f54-9e3e-dae75bb28de9"}]} {{(pid=65658) _process_stack /opt/stack/nova/nova/api/openstack/wsgi.py:511}}
Nov 16 22:06:34 user devstack@n-api.service[65658]: DEBUG oslo_concurrency.lockutils [req-75419dfc-3734-4fee-aff7-26bc8c5d5a0e req-09b2759f-d3ed-4b9c-b90e-f15371e60c91 service nova] Acquiring lock "6d7aad05-9572-4cc1-84ea-e48898f3fdd0" by "nova.context.set_target_cell..get_or_set_cached_cell_and_set_connections" {{(pid=65658) inner /opt/stack/data/venv/lib/python3.10/site-packages/oslo_concurrency/lockutils.py:404}}
Nov 16 22:06:34 user devstack@n-api.service[65658]: DEBUG oslo_concurrency.lockutils [req-75419dfc-3734-4fee-aff7-26bc8c5d5a0e req-09b2759f-d3ed-4b9c-b90e-f15371e60c91 service nova] Lock "6d7aad05-9572-4cc1-84ea-e48898f3fdd0" acquired by "nova.context.set_target_cell..get_or_set_cached_cell_and_set_connections" :: waited 0.001s {{(pid=65658) inner /opt/stack/data/venv/lib/python3.10/site-packages/oslo_concurrency/lockutils.py:409}}
Nov 16 22:06:34 user devstack@n-api.service[65658]: DEBUG oslo_concurrency.lockutils [req-75419dfc-3734-4fee-aff7-26bc8c5d5a0e req-09b2759f-d3ed-4b9c-b90e-f15371e60c91 service nova] Lock "6d7aad05-9572-4cc1-84ea-e48898f3fdd0" "released" by "nova.context.set_target_cell..get_or_set_cached_cell_and_set_connections" :: held 0.001s {{(pid=65658) inner /opt/stack/data/venv/lib/python3.10/site-packages/oslo_concurrency/lockutils.py:423}}
Nov 16 22:06:34 user devstack@n-api.service[65658]: INFO nova.api.openstack.compute.server_external_events [req-75419dfc-3734-4fee-aff7-26bc8c5d5a0e req-09b2759f-d3ed-4b9c-b90e-f15371e60c91 service nova] Creating event network-changed:eb45578c-a7aa-4f54-9e3e-dae75bb28de9 for instance d48fda8d-0fbd-4f9c-ba30-cf1f26d509d9 on user
Nov 16 22:06:34 user devstack@n-api.service[65658]: INFO nova.api.openstack.requestlog [req-75419dfc-3734-4fee-aff7-26bc8c5d5a0e req-09b2759f-d3ed-4b9c-b90e-f15371e60c91 service nova] 10.0.0.210 "POST /compute/v2.1/os-server-external-events" status: 200 len: 179 microversion: 2.1 time: 0.077700
Nov 16 22:06:34 user devstack@n-api.service[65658]: [pid: 65658|app: 0|req: 48/131] 10.0.0.210 () {68 vars in 1394 bytes} [Thu Nov 16 22:06:34 2023] POST /compute/v2.1/os-server-external-events => generated 179 bytes in 82 msecs (HTTP/1.1 200) 9 headers in 357 bytes (2 switches on core 0)
Nov 16 22:06:35 user devstack@n-api.service[65659]: DEBUG nova.api.openstack.wsgi [req-8c19f1dd-3fa1-4da0-b2ec-5dd90ed87d15 req-e9ea9772-d2d0-4d31-96c5-9ad527591a60 service nova] Action: 'create', calling method: >, body: {"events": [{"name": "network-changed", "server_uuid": "1aa2d938-9000-437f-96aa-23f4494b3c3d", "tag": "75a414c8-f955-4abe-b80c-54e14150ecd1"}]} {{(pid=65659) _process_stack /opt/stack/nova/nova/api/openstack/wsgi.py:511}}
Nov 16 22:06:35 user devstack@n-api.service[65659]: DEBUG oslo_concurrency.lockutils [req-8c19f1dd-3fa1-4da0-b2ec-5dd90ed87d15 req-e9ea9772-d2d0-4d31-96c5-9ad527591a60 service nova] Acquiring lock "6d7aad05-9572-4cc1-84ea-e48898f3fdd0" by "nova.context.set_target_cell..get_or_set_cached_cell_and_set_connections" {{(pid=65659) inner /opt/stack/data/venv/lib/python3.10/site-packages/oslo_concurrency/lockutils.py:404}}
Nov 16 22:06:35 user devstack@n-api.service[65659]: DEBUG oslo_concurrency.lockutils [req-8c19f1dd-3fa1-4da0-b2ec-5dd90ed87d15 req-e9ea9772-d2d0-4d31-96c5-9ad527591a60 service nova] Lock "6d7aad05-9572-4cc1-84ea-e48898f3fdd0" acquired by "nova.context.set_target_cell..get_or_set_cached_cell_and_set_connections" :: waited 0.001s {{(pid=65659) inner /opt/stack/data/venv/lib/python3.10/site-packages/oslo_concurrency/lockutils.py:409}}
Nov 16 22:06:35 user devstack@n-api.service[65659]: DEBUG oslo_concurrency.lockutils [req-8c19f1dd-3fa1-4da0-b2ec-5dd90ed87d15 req-e9ea9772-d2d0-4d31-96c5-9ad527591a60 service nova] Lock "6d7aad05-9572-4cc1-84ea-e48898f3fdd0" "released" by "nova.context.set_target_cell..get_or_set_cached_cell_and_set_connections" :: held 0.001s {{(pid=65659) inner /opt/stack/data/venv/lib/python3.10/site-packages/oslo_concurrency/lockutils.py:423}}
Nov 16 22:06:35 user devstack@n-api.service[65657]: DEBUG nova.api.openstack.wsgi [req-d0c27c6a-591c-4eb6-9e3c-84d6182d49ee req-d8c4d88e-827c-4ffc-a3e6-6d1f51f3172c service nova] Action: 'create', calling method: >, body: {"events": [{"name": "network-changed", "server_uuid": "05c1be9b-cd9f-473e-b0ee-7a902facd9cd", "tag": "3001f218-ebf0-4514-8d2c-3a53b2688804"}]} {{(pid=65657) _process_stack /opt/stack/nova/nova/api/openstack/wsgi.py:511}}
Nov 16 22:06:35 user devstack@n-api.service[65657]: DEBUG oslo_concurrency.lockutils [req-d0c27c6a-591c-4eb6-9e3c-84d6182d49ee req-d8c4d88e-827c-4ffc-a3e6-6d1f51f3172c service nova] Acquiring lock "6d7aad05-9572-4cc1-84ea-e48898f3fdd0" by "nova.context.set_target_cell..get_or_set_cached_cell_and_set_connections" {{(pid=65657) inner /opt/stack/data/venv/lib/python3.10/site-packages/oslo_concurrency/lockutils.py:404}}
Nov 16 22:06:35 user devstack@n-api.service[65657]: DEBUG oslo_concurrency.lockutils [req-d0c27c6a-591c-4eb6-9e3c-84d6182d49ee req-d8c4d88e-827c-4ffc-a3e6-6d1f51f3172c service nova] Lock "6d7aad05-9572-4cc1-84ea-e48898f3fdd0" acquired by "nova.context.set_target_cell..get_or_set_cached_cell_and_set_connections" :: waited 0.001s {{(pid=65657) inner /opt/stack/data/venv/lib/python3.10/site-packages/oslo_concurrency/lockutils.py:409}}
Nov 16 22:06:35 user devstack@n-api.service[65657]: DEBUG oslo_concurrency.lockutils [req-d0c27c6a-591c-4eb6-9e3c-84d6182d49ee req-d8c4d88e-827c-4ffc-a3e6-6d1f51f3172c service nova] Lock "6d7aad05-9572-4cc1-84ea-e48898f3fdd0" "released" by "nova.context.set_target_cell..get_or_set_cached_cell_and_set_connections" :: held 0.000s {{(pid=65657) inner /opt/stack/data/venv/lib/python3.10/site-packages/oslo_concurrency/lockutils.py:423}}
Nov 16 22:06:35 user devstack@n-api.service[65659]: INFO nova.api.openstack.compute.server_external_events [req-8c19f1dd-3fa1-4da0-b2ec-5dd90ed87d15 req-e9ea9772-d2d0-4d31-96c5-9ad527591a60 service nova] Creating event network-changed:75a414c8-f955-4abe-b80c-54e14150ecd1 for instance 1aa2d938-9000-437f-96aa-23f4494b3c3d on user
Nov 16 22:06:35 user devstack@n-api.service[65659]: INFO nova.api.openstack.requestlog [req-8c19f1dd-3fa1-4da0-b2ec-5dd90ed87d15 req-e9ea9772-d2d0-4d31-96c5-9ad527591a60 service nova] 10.0.0.210 "POST /compute/v2.1/os-server-external-events" status: 200 len: 179 microversion: 2.1 time: 0.070689
Nov 16 22:06:35 user devstack@n-api.service[65659]: [pid: 65659|app: 0|req: 41/132] 10.0.0.210 () {68 vars in 1394 bytes} [Thu Nov 16 22:06:35 2023] POST /compute/v2.1/os-server-external-events => generated 179 bytes in 74 msecs (HTTP/1.1 200) 9 headers in 357 bytes (1 switches on core 0)
Nov 16 22:06:35 user devstack@n-api.service[65657]: INFO nova.api.openstack.compute.server_external_events [req-d0c27c6a-591c-4eb6-9e3c-84d6182d49ee req-d8c4d88e-827c-4ffc-a3e6-6d1f51f3172c service nova] Creating event network-changed:3001f218-ebf0-4514-8d2c-3a53b2688804 for instance 05c1be9b-cd9f-473e-b0ee-7a902facd9cd on user
Nov 16 22:06:35 user devstack@n-api.service[65657]: INFO nova.api.openstack.requestlog [req-d0c27c6a-591c-4eb6-9e3c-84d6182d49ee req-d8c4d88e-827c-4ffc-a3e6-6d1f51f3172c service nova] 10.0.0.210 "POST /compute/v2.1/os-server-external-events" status: 200 len: 179 microversion: 2.1 time: 0.048471
Nov 16 22:06:35 user devstack@n-api.service[65657]: [pid: 65657|app: 0|req: 44/133] 10.0.0.210 () {68 vars in 1394 bytes} [Thu Nov 16 22:06:35 2023] POST /compute/v2.1/os-server-external-events => generated 179 bytes in 52 msecs (HTTP/1.1 200) 9 headers in 357 bytes (2 switches on core 0)
Nov 16 22:06:35 user devstack@n-api.service[65658]: DEBUG nova.api.openstack.wsgi [None req-be6562aa-556f-497c-8ec2-0d80f59a7746 tempest-AttachVolumeShelveTestJSON-365587182 tempest-AttachVolumeShelveTestJSON-365587182-project-member] Calling method '>' {{(pid=65658) _process_stack /opt/stack/nova/nova/api/openstack/wsgi.py:513}}
Nov 16 22:06:35 user devstack@n-api.service[65658]: DEBUG nova.compute.api [None req-be6562aa-556f-497c-8ec2-0d80f59a7746 tempest-AttachVolumeShelveTestJSON-365587182 tempest-AttachVolumeShelveTestJSON-365587182-project-member] [instance: 1aa2d938-9000-437f-96aa-23f4494b3c3d] Fetching instance by UUID {{(pid=65658) get /opt/stack/nova/nova/compute/api.py:2978}}
Nov 16 22:06:35 user devstack@n-api.service[65658]: DEBUG oslo_concurrency.lockutils [None req-be6562aa-556f-497c-8ec2-0d80f59a7746 tempest-AttachVolumeShelveTestJSON-365587182 tempest-AttachVolumeShelveTestJSON-365587182-project-member] Acquiring lock "6d7aad05-9572-4cc1-84ea-e48898f3fdd0" by "nova.context.set_target_cell..get_or_set_cached_cell_and_set_connections" {{(pid=65658) inner /opt/stack/data/venv/lib/python3.10/site-packages/oslo_concurrency/lockutils.py:404}}
Nov 16 22:06:35 user devstack@n-api.service[65658]: DEBUG oslo_concurrency.lockutils [None req-be6562aa-556f-497c-8ec2-0d80f59a7746 tempest-AttachVolumeShelveTestJSON-365587182 tempest-AttachVolumeShelveTestJSON-365587182-project-member] Lock "6d7aad05-9572-4cc1-84ea-e48898f3fdd0" acquired by "nova.context.set_target_cell..get_or_set_cached_cell_and_set_connections" :: waited 0.002s {{(pid=65658) inner /opt/stack/data/venv/lib/python3.10/site-packages/oslo_concurrency/lockutils.py:409}}
Nov 16 22:06:35 user devstack@n-api.service[65658]: DEBUG oslo_concurrency.lockutils [None req-be6562aa-556f-497c-8ec2-0d80f59a7746 tempest-AttachVolumeShelveTestJSON-365587182 tempest-AttachVolumeShelveTestJSON-365587182-project-member] Lock "6d7aad05-9572-4cc1-84ea-e48898f3fdd0" "released" by "nova.context.set_target_cell..get_or_set_cached_cell_and_set_connections" :: held 0.001s {{(pid=65658) inner /opt/stack/data/venv/lib/python3.10/site-packages/oslo_concurrency/lockutils.py:423}}
Nov 16 22:06:35 user devstack@n-api.service[65658]: DEBUG oslo_concurrency.lockutils [None req-be6562aa-556f-497c-8ec2-0d80f59a7746 tempest-AttachVolumeShelveTestJSON-365587182 tempest-AttachVolumeShelveTestJSON-365587182-project-member] Acquiring lock "6d7aad05-9572-4cc1-84ea-e48898f3fdd0" by "nova.context.set_target_cell..get_or_set_cached_cell_and_set_connections" {{(pid=65658) inner /opt/stack/data/venv/lib/python3.10/site-packages/oslo_concurrency/lockutils.py:404}}
Nov 16 22:06:35 user devstack@n-api.service[65658]: DEBUG oslo_concurrency.lockutils [None req-be6562aa-556f-497c-8ec2-0d80f59a7746 tempest-AttachVolumeShelveTestJSON-365587182 tempest-AttachVolumeShelveTestJSON-365587182-project-member] Lock "6d7aad05-9572-4cc1-84ea-e48898f3fdd0" acquired by "nova.context.set_target_cell..get_or_set_cached_cell_and_set_connections" :: waited 0.000s {{(pid=65658) inner /opt/stack/data/venv/lib/python3.10/site-packages/oslo_concurrency/lockutils.py:409}}
Nov 16 22:06:35 user devstack@n-api.service[65658]: DEBUG oslo_concurrency.lockutils [None req-be6562aa-556f-497c-8ec2-0d80f59a7746 tempest-AttachVolumeShelveTestJSON-365587182 tempest-AttachVolumeShelveTestJSON-365587182-project-member] Lock "6d7aad05-9572-4cc1-84ea-e48898f3fdd0" "released" by "nova.context.set_target_cell..get_or_set_cached_cell_and_set_connections" :: held 0.001s {{(pid=65658) inner /opt/stack/data/venv/lib/python3.10/site-packages/oslo_concurrency/lockutils.py:423}}
Nov 16 22:06:35 user devstack@n-api.service[65658]: INFO nova.api.openstack.requestlog [None req-be6562aa-556f-497c-8ec2-0d80f59a7746 tempest-AttachVolumeShelveTestJSON-365587182 tempest-AttachVolumeShelveTestJSON-365587182-project-member] 10.0.0.210 "GET /compute/v2.1/servers/1aa2d938-9000-437f-96aa-23f4494b3c3d/ips" status: 200 len: 109 microversion: 2.20 time: 0.051996
Nov 16 22:06:35 user devstack@n-api.service[65658]: [pid: 65658|app: 0|req: 49/134] 10.0.0.210 () {64 vars in 1366 bytes} [Thu Nov 16 22:06:35 2023] GET /compute/v2.1/servers/1aa2d938-9000-437f-96aa-23f4494b3c3d/ips => generated 109 bytes in 55 msecs (HTTP/1.1 200) 9 headers in 359 bytes (1 switches on core 0)
Nov 16 22:06:35 user devstack@n-api.service[65659]: DEBUG nova.api.openstack.wsgi [None req-e6f16211-cc87-4abb-8d9b-aa77a82648da tempest-AttachVolumeTestJSON-1887834587 tempest-AttachVolumeTestJSON-1887834587-project-member] Calling method '>' {{(pid=65659) _process_stack /opt/stack/nova/nova/api/openstack/wsgi.py:513}}
