Nov 17 01:16:58 user devstack@c-api.service[76078]: DEBUG cinder.api.openstack.wsgi [None req-e3a137cb-3d76-40b6-95eb-2fab5b1bdc36 tempest-GroupSnapshotsTest-284704903 tempest-GroupSnapshotsTest-284704903-project-member] Empty body provided in request {{(pid=76078) get_body /opt/stack/cinder/cinder/api/openstack/wsgi.py:715}}
Nov 17 01:16:58 user devstack@c-api.service[76078]: DEBUG cinder.api.openstack.wsgi [None req-e3a137cb-3d76-40b6-95eb-2fab5b1bdc36 tempest-GroupSnapshotsTest-284704903 tempest-GroupSnapshotsTest-284704903-project-member] Calling method 'version_select' {{(pid=76078) _process_stack /opt/stack/cinder/cinder/api/openstack/wsgi.py:868}}
Nov 17 01:16:58 user devstack@c-api.service[76078]: DEBUG cinder.api.v3.groups [None req-e3a137cb-3d76-40b6-95eb-2fab5b1bdc36 tempest-GroupSnapshotsTest-284704903 tempest-GroupSnapshotsTest-284704903-project-member] show called for member 69822a57-2731-4677-86e8-db1953038621 {{(pid=76078) show /opt/stack/cinder/cinder/api/v3/groups.py:58}}
Nov 17 01:16:58 user devstack@c-api.service[76078]: /opt/stack/data/venv/lib/python3.10/site-packages/oslo_context/context.py:100: DeprecationWarning: Policy enforcement is depending on the value of is_admin. This key is deprecated. Please update your policy file to use the standard policy values.
Nov 17 01:16:58 user devstack@c-api.service[76078]: warnings.warn('Policy enforcement is depending on the value of '
Nov 17 01:16:58 user devstack@c-api.service[76078]: INFO cinder.api.openstack.wsgi [None req-e3a137cb-3d76-40b6-95eb-2fab5b1bdc36 tempest-GroupSnapshotsTest-284704903 tempest-GroupSnapshotsTest-284704903-project-member] http://10.0.0.210/volume/v3/8eb873696d54425fa39a1d66fcdd4959/groups/69822a57-2731-4677-86e8-db1953038621 returned with HTTP 200
Nov 17 01:16:58 user devstack@c-api.service[76078]: [pid: 76078|app: 0|req: 17/50] 10.0.0.210 () {64 vars in 1440 bytes} [Fri Nov 17 01:16:58 2023] GET /volume/v3/8eb873696d54425fa39a1d66fcdd4959/groups/69822a57-2731-4677-86e8-db1953038621 => generated 418 bytes in 72 msecs (HTTP/1.1 200) 7 headers in 286 bytes (1 switches on core 0)
Nov 17 01:16:58 user devstack@c-api.service[76076]: DEBUG cinder.api.middleware.request_id [None req-fa8ecc3c-2fd4-4596-b43e-755620e2b2f5 None None] RequestId filter calling following filter/app {{(pid=76076) _context_setter /opt/stack/cinder/cinder/api/middleware/request_id.py:62}}
Nov 17 01:16:58 user devstack@c-api.service[76076]: INFO cinder.api.openstack.wsgi [None req-fa8ecc3c-2fd4-4596-b43e-755620e2b2f5 tempest-GroupSnapshotsTest-284704903 tempest-GroupSnapshotsTest-284704903-project-member] GET http://10.0.0.210/volume/v3/8eb873696d54425fa39a1d66fcdd4959/volumes/detail
Nov 17 01:16:58 user devstack@c-api.service[76076]: DEBUG cinder.api.openstack.wsgi [None req-fa8ecc3c-2fd4-4596-b43e-755620e2b2f5 tempest-GroupSnapshotsTest-284704903 tempest-GroupSnapshotsTest-284704903-project-member] Empty body provided in request {{(pid=76076) get_body /opt/stack/cinder/cinder/api/openstack/wsgi.py:715}}
Nov 17 01:16:58 user devstack@c-api.service[76076]: DEBUG cinder.api.openstack.wsgi [None req-fa8ecc3c-2fd4-4596-b43e-755620e2b2f5 tempest-GroupSnapshotsTest-284704903 tempest-GroupSnapshotsTest-284704903-project-member] Calling method 'detail' {{(pid=76076) _process_stack /opt/stack/cinder/cinder/api/openstack/wsgi.py:868}}
Nov 17 01:16:58 user devstack@c-api.service[76076]: DEBUG cinder.api.api_utils [None req-fa8ecc3c-2fd4-4596-b43e-755620e2b2f5 tempest-GroupSnapshotsTest-284704903 tempest-GroupSnapshotsTest-284704903-project-member] Removing options '' from query. {{(pid=76076) remove_invalid_filter_options /opt/stack/cinder/cinder/api/api_utils.py:83}}
Nov 17 01:16:58 user devstack@c-api.service[76076]: DEBUG cinder.volume.api [None req-fa8ecc3c-2fd4-4596-b43e-755620e2b2f5 tempest-GroupSnapshotsTest-284704903 tempest-GroupSnapshotsTest-284704903-project-member] Searching by: MultiDict([('no_migration_targets', True)]). {{(pid=76076) get_all /opt/stack/cinder/cinder/volume/api.py:664}}
Nov 17 01:16:58 user devstack@c-api.service[76076]: INFO cinder.volume.api [None req-fa8ecc3c-2fd4-4596-b43e-755620e2b2f5 tempest-GroupSnapshotsTest-284704903 tempest-GroupSnapshotsTest-284704903-project-member] Get all volumes completed successfully.
Nov 17 01:16:58 user devstack@c-api.service[76076]: WARNING stevedore.named [None req-fa8ecc3c-2fd4-4596-b43e-755620e2b2f5 tempest-GroupSnapshotsTest-284704903 tempest-GroupSnapshotsTest-284704903-project-member] Could not load cinder.keymgr.conf_key_mgr.ConfKeyManager
Nov 17 01:16:58 user devstack@c-api.service[76076]: WARNING castellan.key_manager [None req-fa8ecc3c-2fd4-4596-b43e-755620e2b2f5 tempest-GroupSnapshotsTest-284704903 tempest-GroupSnapshotsTest-284704903-project-member] Deprecation Warning : cinder.keymgr.conf_key_mgr.ConfKeyManager is not a stevedore based driver, trying to load it as a class: stevedore.exception.NoMatches: No 'castellan.drivers' driver found, looking for 'cinder.keymgr.conf_key_mgr.ConfKeyManager'
Nov 17 01:16:58 user devstack@c-api.service[76076]: DEBUG oslo_db.sqlalchemy.engines [None req-fa8ecc3c-2fd4-4596-b43e-755620e2b2f5 tempest-GroupSnapshotsTest-284704903 tempest-GroupSnapshotsTest-284704903-project-member] MySQL server mode set to STRICT_TRANS_TABLES,STRICT_ALL_TABLES,NO_ZERO_IN_DATE,NO_ZERO_DATE,ERROR_FOR_DIVISION_BY_ZERO,TRADITIONAL,NO_ENGINE_SUBSTITUTION {{(pid=76076) _check_effective_sql_mode /opt/stack/data/venv/lib/python3.10/site-packages/oslo_db/sqlalchemy/engines.py:342}}
Nov 17 01:16:58 user devstack@c-api.service[76076]: /opt/stack/data/venv/lib/python3.10/site-packages/oslo_context/context.py:100: DeprecationWarning: Policy enforcement is depending on the value of is_admin. This key is deprecated. Please update your policy file to use the standard policy values.
Nov 17 01:16:58 user devstack@c-api.service[76076]: warnings.warn('Policy enforcement is depending on the value of '
Nov 17 01:16:58 user devstack@c-api.service[76076]: WARNING stevedore.named [None req-fa8ecc3c-2fd4-4596-b43e-755620e2b2f5 tempest-GroupSnapshotsTest-284704903 tempest-GroupSnapshotsTest-284704903-project-member] Could not load cinder.keymgr.conf_key_mgr.ConfKeyManager
Nov 17 01:16:58 user devstack@c-api.service[76076]: WARNING castellan.key_manager [None req-fa8ecc3c-2fd4-4596-b43e-755620e2b2f5 tempest-GroupSnapshotsTest-284704903 tempest-GroupSnapshotsTest-284704903-project-member] Deprecation Warning : cinder.keymgr.conf_key_mgr.ConfKeyManager is not a stevedore based driver, trying to load it as a class: stevedore.exception.NoMatches: No 'castellan.drivers' driver found, looking for 'cinder.keymgr.conf_key_mgr.ConfKeyManager'
Nov 17 01:16:58 user devstack@c-api.service[76076]: DEBUG oslo_db.sqlalchemy.engines [None req-fa8ecc3c-2fd4-4596-b43e-755620e2b2f5 tempest-GroupSnapshotsTest-284704903 tempest-GroupSnapshotsTest-284704903-project-member] MySQL server mode set to STRICT_TRANS_TABLES,STRICT_ALL_TABLES,NO_ZERO_IN_DATE,NO_ZERO_DATE,ERROR_FOR_DIVISION_BY_ZERO,TRADITIONAL,NO_ENGINE_SUBSTITUTION {{(pid=76076) _check_effective_sql_mode /opt/stack/data/venv/lib/python3.10/site-packages/oslo_db/sqlalchemy/engines.py:342}}
Nov 17 01:16:58 user devstack@c-api.service[76076]: /opt/stack/data/venv/lib/python3.10/site-packages/oslo_context/context.py:100: DeprecationWarning: Policy enforcement is depending on the value of is_admin. This key is deprecated. Please update your policy file to use the standard policy values.
Nov 17 01:16:58 user devstack@c-api.service[76076]: warnings.warn('Policy enforcement is depending on the value of '
Nov 17 01:16:58 user devstack@c-api.service[76076]: INFO cinder.api.openstack.wsgi [None req-fa8ecc3c-2fd4-4596-b43e-755620e2b2f5 tempest-GroupSnapshotsTest-284704903 tempest-GroupSnapshotsTest-284704903-project-member] http://10.0.0.210/volume/v3/8eb873696d54425fa39a1d66fcdd4959/volumes/detail returned with HTTP 200
Nov 17 01:16:58 user devstack@c-api.service[76076]: [pid: 76076|app: 0|req: 17/51] 10.0.0.210 () {64 vars in 1353 bytes} [Fri Nov 17 01:16:58 2023] GET /volume/v3/8eb873696d54425fa39a1d66fcdd4959/volumes/detail => generated 1959 bytes in 151 msecs (HTTP/1.1 200) 7 headers in 287 bytes (1 switches on core 0)
Nov 17 01:16:58 user devstack@c-api.service[76077]: DEBUG cinder.api.middleware.request_id [None req-18154063-fdd5-46d8-b1f8-62f94e731aa9 None None] RequestId filter calling following filter/app {{(pid=76077) _context_setter /opt/stack/cinder/cinder/api/middleware/request_id.py:62}}
Nov 17 01:16:58 user devstack@c-api.service[76078]: DEBUG cinder.api.middleware.request_id [None req-221baac6-44a6-4499-b0ab-630dfcbb46de None None] RequestId filter calling following filter/app {{(pid=76078) _context_setter /opt/stack/cinder/cinder/api/middleware/request_id.py:62}}
Nov 17 01:16:58 user devstack@c-api.service[76077]: INFO cinder.api.openstack.wsgi [None req-18154063-fdd5-46d8-b1f8-62f94e731aa9 tempest-GroupSnapshotsTest-284704903 tempest-GroupSnapshotsTest-284704903-project-member] POST http://10.0.0.210/volume/v3/8eb873696d54425fa39a1d66fcdd4959/groups/69822a57-2731-4677-86e8-db1953038621/action
Nov 17 01:16:58 user devstack@c-api.service[76077]: DEBUG cinder.api.openstack.wsgi [None req-18154063-fdd5-46d8-b1f8-62f94e731aa9 tempest-GroupSnapshotsTest-284704903 tempest-GroupSnapshotsTest-284704903-project-member] Action body: b'{"delete": {"delete-volumes": true}}' {{(pid=76077) get_method /opt/stack/cinder/cinder/api/openstack/wsgi.py:983}}
Nov 17 01:16:58 user devstack@c-api.service[76077]: DEBUG cinder.api.openstack.wsgi [None req-18154063-fdd5-46d8-b1f8-62f94e731aa9 tempest-GroupSnapshotsTest-284704903 tempest-GroupSnapshotsTest-284704903-project-member] Action: 'action', calling method: version_select, body: {"delete": {"delete-volumes": true}} {{(pid=76077) _process_stack /opt/stack/cinder/cinder/api/openstack/wsgi.py:866}}
Nov 17 01:16:58 user devstack@c-api.service[76077]: DEBUG cinder.api.v3.groups [None req-18154063-fdd5-46d8-b1f8-62f94e731aa9 tempest-GroupSnapshotsTest-284704903 tempest-GroupSnapshotsTest-284704903-project-member] delete called for group 69822a57-2731-4677-86e8-db1953038621 {{(pid=76077) _delete /opt/stack/cinder/cinder/api/v3/groups.py:117}}
Nov 17 01:16:58 user devstack@c-api.service[76077]: INFO cinder.api.v3.groups [None req-18154063-fdd5-46d8-b1f8-62f94e731aa9 tempest-GroupSnapshotsTest-284704903 tempest-GroupSnapshotsTest-284704903-project-member] Delete group with id: 69822a57-2731-4677-86e8-db1953038621
Nov 17 01:16:58 user devstack@c-api.service[76077]: /opt/stack/data/venv/lib/python3.10/site-packages/oslo_context/context.py:100: DeprecationWarning: Policy enforcement is depending on the value of is_admin. This key is deprecated. Please update your policy file to use the standard policy values.
Nov 17 01:16:58 user devstack@c-api.service[76077]: warnings.warn('Policy enforcement is depending on the value of '
Nov 17 01:16:58 user devstack@c-api.service[76077]: INFO cinder.api.openstack.wsgi [None req-18154063-fdd5-46d8-b1f8-62f94e731aa9 tempest-GroupSnapshotsTest-284704903 tempest-GroupSnapshotsTest-284704903-project-member] http://10.0.0.210/volume/v3/8eb873696d54425fa39a1d66fcdd4959/groups/69822a57-2731-4677-86e8-db1953038621/action returned with HTTP 202
Nov 17 01:16:58 user devstack@c-api.service[76077]: [pid: 76077|app: 0|req: 18/52] 10.0.0.210 () {66 vars in 1482 bytes} [Fri Nov 17 01:16:58 2023] POST /volume/v3/8eb873696d54425fa39a1d66fcdd4959/groups/69822a57-2731-4677-86e8-db1953038621/action => generated 0 bytes in 145 msecs (HTTP/1.1 202) 6 headers in 234 bytes (1 switches on core 0)
Nov 17 01:16:58 user devstack@c-api.service[76076]: DEBUG cinder.api.middleware.request_id [None req-0458f23a-3e8f-452e-a6d1-9c243679077e None None] RequestId filter calling following filter/app {{(pid=76076) _context_setter /opt/stack/cinder/cinder/api/middleware/request_id.py:62}}
Nov 17 01:16:58 user devstack@c-api.service[76076]: INFO cinder.api.openstack.wsgi [None req-0458f23a-3e8f-452e-a6d1-9c243679077e tempest-GroupSnapshotsTest-284704903 tempest-GroupSnapshotsTest-284704903-project-member] GET http://10.0.0.210/volume/v3/8eb873696d54425fa39a1d66fcdd4959/volumes/9b0fd7c7-6856-486e-b10d-b1171e5521d5
Nov 17 01:16:58 user devstack@c-api.service[76076]: DEBUG cinder.api.openstack.wsgi [None req-0458f23a-3e8f-452e-a6d1-9c243679077e tempest-GroupSnapshotsTest-284704903 tempest-GroupSnapshotsTest-284704903-project-member] Empty body provided in request {{(pid=76076) get_body /opt/stack/cinder/cinder/api/openstack/wsgi.py:715}}
Nov 17 01:16:58 user devstack@c-api.service[76076]: DEBUG cinder.api.openstack.wsgi [None req-0458f23a-3e8f-452e-a6d1-9c243679077e tempest-GroupSnapshotsTest-284704903 tempest-GroupSnapshotsTest-284704903-project-member] Calling method 'show' {{(pid=76076) _process_stack /opt/stack/cinder/cinder/api/openstack/wsgi.py:868}}
Nov 17 01:16:58 user devstack@c-api.service[76076]: /opt/stack/data/venv/lib/python3.10/site-packages/oslo_context/context.py:100: DeprecationWarning: Policy enforcement is depending on the value of is_admin. This key is deprecated. Please update your policy file to use the standard policy values.
Nov 17 01:16:58 user devstack@c-api.service[76076]: warnings.warn('Policy enforcement is depending on the value of '
Nov 17 01:16:58 user devstack@c-api.service[76076]: INFO cinder.volume.api [None req-0458f23a-3e8f-452e-a6d1-9c243679077e tempest-GroupSnapshotsTest-284704903 tempest-GroupSnapshotsTest-284704903-project-member] Volume info retrieved successfully.
Nov 17 01:16:58 user devstack@c-api.service[76076]: WARNING stevedore.named [None req-0458f23a-3e8f-452e-a6d1-9c243679077e tempest-GroupSnapshotsTest-284704903 tempest-GroupSnapshotsTest-284704903-project-member] Could not load cinder.keymgr.conf_key_mgr.ConfKeyManager
Nov 17 01:16:58 user devstack@c-api.service[76076]: WARNING castellan.key_manager [None req-0458f23a-3e8f-452e-a6d1-9c243679077e tempest-GroupSnapshotsTest-284704903 tempest-GroupSnapshotsTest-284704903-project-member] Deprecation Warning : cinder.keymgr.conf_key_mgr.ConfKeyManager is not a stevedore based driver, trying to load it as a class: stevedore.exception.NoMatches: No 'castellan.drivers' driver found, looking for 'cinder.keymgr.conf_key_mgr.ConfKeyManager'
Nov 17 01:16:58 user devstack@c-api.service[76076]: DEBUG oslo_db.sqlalchemy.engines [None req-0458f23a-3e8f-452e-a6d1-9c243679077e tempest-GroupSnapshotsTest-284704903 tempest-GroupSnapshotsTest-284704903-project-member] MySQL server mode set to STRICT_TRANS_TABLES,STRICT_ALL_TABLES,NO_ZERO_IN_DATE,NO_ZERO_DATE,ERROR_FOR_DIVISION_BY_ZERO,TRADITIONAL,NO_ENGINE_SUBSTITUTION {{(pid=76076) _check_effective_sql_mode /opt/stack/data/venv/lib/python3.10/site-packages/oslo_db/sqlalchemy/engines.py:342}}
Nov 17 01:16:58 user devstack@c-api.service[76076]: /opt/stack/data/venv/lib/python3.10/site-packages/oslo_context/context.py:100: DeprecationWarning: Policy enforcement is depending on the value of is_admin. This key is deprecated. Please update your policy file to use the standard policy values.
Nov 17 01:16:58 user devstack@c-api.service[76076]: warnings.warn('Policy enforcement is depending on the value of '
Nov 17 01:16:58 user devstack@c-api.service[76076]: INFO cinder.api.openstack.wsgi [None req-0458f23a-3e8f-452e-a6d1-9c243679077e tempest-GroupSnapshotsTest-284704903 tempest-GroupSnapshotsTest-284704903-project-member] http://10.0.0.210/volume/v3/8eb873696d54425fa39a1d66fcdd4959/volumes/9b0fd7c7-6856-486e-b10d-b1171e5521d5 returned with HTTP 200
Nov 17 01:16:58 user devstack@c-api.service[76076]: [pid: 76076|app: 0|req: 18/53] 10.0.0.210 () {64 vars in 1443 bytes} [Fri Nov 17 01:16:58 2023] GET /volume/v3/8eb873696d54425fa39a1d66fcdd4959/volumes/9b0fd7c7-6856-486e-b10d-b1171e5521d5 => generated 988 bytes in 88 msecs (HTTP/1.1 200) 7 headers in 286 bytes (1 switches on core 0)
Nov 17 01:16:58 user devstack@c-api.service[76078]: INFO cinder.api.openstack.wsgi [None req-221baac6-44a6-4499-b0ab-630dfcbb46de tempest-ServerStableDeviceRescueTest-358573654 tempest-ServerStableDeviceRescueTest-358573654-project-member] POST http://10.0.0.210/volume/v3/6869af66e0cc47bf9cca02ea9b688a6d/volumes
Nov 17 01:16:58 user devstack@c-api.service[76078]: DEBUG cinder.api.openstack.wsgi [None req-221baac6-44a6-4499-b0ab-630dfcbb46de tempest-ServerStableDeviceRescueTest-358573654 tempest-ServerStableDeviceRescueTest-358573654-project-member] Action: 'create', calling method: create, body: {"volume": {"size": 1, "display_name": "tempest-ServerStableDeviceRescueTest-volume-426505190"}} {{(pid=76078) _process_stack /opt/stack/cinder/cinder/api/openstack/wsgi.py:866}}
Nov 17 01:16:58 user devstack@c-api.service[76078]: DEBUG cinder.api.v3.volumes [None req-221baac6-44a6-4499-b0ab-630dfcbb46de tempest-ServerStableDeviceRescueTest-358573654 tempest-ServerStableDeviceRescueTest-358573654-project-member] Create volume request body: {'volume': {'size': 1, 'display_name': 'tempest-ServerStableDeviceRescueTest-volume-426505190'}} {{(pid=76078) create /opt/stack/cinder/cinder/api/v3/volumes.py:297}}
Nov 17 01:16:58 user devstack@c-api.service[76078]: INFO cinder.api.v3.volumes [None req-221baac6-44a6-4499-b0ab-630dfcbb46de tempest-ServerStableDeviceRescueTest-358573654 tempest-ServerStableDeviceRescueTest-358573654-project-member] Create volume of 1 GB
Nov 17 01:16:58 user devstack@c-api.service[76078]: /opt/stack/data/venv/lib/python3.10/site-packages/oslo_context/context.py:100: DeprecationWarning: Policy enforcement is depending on the value of is_admin. This key is deprecated. Please update your policy file to use the standard policy values.
Nov 17 01:16:58 user devstack@c-api.service[76078]: warnings.warn('Policy enforcement is depending on the value of '
Nov 17 01:16:58 user devstack@c-api.service[76078]: DEBUG cinder.volume.api [None req-221baac6-44a6-4499-b0ab-630dfcbb46de tempest-ServerStableDeviceRescueTest-358573654 tempest-ServerStableDeviceRescueTest-358573654-project-member] Availability zone cache updated, next update will occur around 2023-11-17 02:16:58.758157. {{(pid=76078) list_availability_zones /opt/stack/cinder/cinder/volume/api.py:155}}
Nov 17 01:16:58 user devstack@c-api.service[76078]: INFO cinder.volume.api [None req-221baac6-44a6-4499-b0ab-630dfcbb46de tempest-ServerStableDeviceRescueTest-358573654 tempest-ServerStableDeviceRescueTest-358573654-project-member] Availability Zones retrieved successfully.
Nov 17 01:16:58 user devstack@c-api.service[76078]: /opt/stack/data/venv/lib/python3.10/site-packages/taskflow/engines/action_engine/process_executor.py:17: DeprecationWarning: The asyncore module is deprecated and will be removed in Python 3.12. The recommended replacement is asyncio
Nov 17 01:16:58 user devstack@c-api.service[76078]: import asyncore
Nov 17 01:16:58 user devstack@c-api.service[76078]: DEBUG cinder.volume.api [None req-221baac6-44a6-4499-b0ab-630dfcbb46de tempest-ServerStableDeviceRescueTest-358573654 tempest-ServerStableDeviceRescueTest-358573654-project-member] Flow 'volume_create_api' (e563a1cd-96ef-4f50-8c22-a32d10a9974f) transitioned into state 'RUNNING' from state 'PENDING' {{(pid=76078) _flow_receiver /opt/stack/data/venv/lib/python3.10/site-packages/taskflow/listeners/logging.py:141}}
Nov 17 01:16:58 user devstack@c-api.service[76078]: DEBUG cinder.volume.api [None req-221baac6-44a6-4499-b0ab-630dfcbb46de tempest-ServerStableDeviceRescueTest-358573654 tempest-ServerStableDeviceRescueTest-358573654-project-member] Task 'cinder.volume.flows.api.create_volume.ExtractVolumeRequestTask;volume:create' (85f00958-8c4c-40d0-8c92-3bf1b11e356d) transitioned into state 'RUNNING' from state 'PENDING' {{(pid=76078) _task_receiver /opt/stack/data/venv/lib/python3.10/site-packages/taskflow/listeners/logging.py:190}}
Nov 17 01:16:58 user devstack@c-api.service[76078]: DEBUG cinder.volume.flows.api.create_volume [None req-221baac6-44a6-4499-b0ab-630dfcbb46de tempest-ServerStableDeviceRescueTest-358573654 tempest-ServerStableDeviceRescueTest-358573654-project-member] Validating volume size '1' using validate_int {{(pid=76078) _extract_size /opt/stack/cinder/cinder/volume/flows/api/create_volume.py:228}}
Nov 17 01:16:58 user devstack@c-api.service[76078]: DEBUG cinder.volume.api [None req-221baac6-44a6-4499-b0ab-630dfcbb46de tempest-ServerStableDeviceRescueTest-358573654 tempest-ServerStableDeviceRescueTest-358573654-project-member] Task 'cinder.volume.flows.api.create_volume.ExtractVolumeRequestTask;volume:create' (85f00958-8c4c-40d0-8c92-3bf1b11e356d) transitioned into state 'SUCCESS' from state 'RUNNING' with result '{'size': 1, 'snapshot_id': None, 'source_volid': None, 'volume_type': VolumeType(created_at=2023-11-17T01:13:08Z,deleted=False,deleted_at=None,description=None,extra_specs={volume_backend_name='joviandss-2'},id=5801678f-dbaf-43a4-971b-8dd444855f74,is_public=True,name='joviandss-2',projects=[],qos_specs=,qos_specs_id=None,updated_at=None), 'volume_type_id': '5801678f-dbaf-43a4-971b-8dd444855f74', 'encryption_key_id': None, 'qos_specs': None, 'consistencygroup_id': None, 'cgsnapshot_id': None, 'group_id': None, 'replication_status': 'disabled', 'refresh_az': False, 'backup_id': None, 'multiattach': False, 'availability_zones': ['nova']}' {{(pid=76078) _task_receiver /opt/stack/data/venv/lib/python3.10/site-packages/taskflow/listeners/logging.py:178}}
Nov 17 01:16:58 user devstack@c-api.service[76078]: DEBUG cinder.volume.api [None req-221baac6-44a6-4499-b0ab-630dfcbb46de tempest-ServerStableDeviceRescueTest-358573654 tempest-ServerStableDeviceRescueTest-358573654-project-member] Task 'cinder.volume.flows.api.create_volume.QuotaReserveTask;volume:create' (920c9095-25d8-4172-9643-31a40fe30a6b) transitioned into state 'RUNNING' from state 'PENDING' {{(pid=76078) _task_receiver /opt/stack/data/venv/lib/python3.10/site-packages/taskflow/listeners/logging.py:190}}
Nov 17 01:16:58 user devstack@c-api.service[76078]: WARNING cinder.quota [None req-221baac6-44a6-4499-b0ab-630dfcbb46de tempest-ServerStableDeviceRescueTest-358573654 tempest-ServerStableDeviceRescueTest-358573654-project-member] Deprecated: Default quota for resource: volumes_joviandss-2 is set by the default quota flag: quota_volumes_joviandss-2, it is now deprecated. Please use the default quota class for default quota.
Nov 17 01:16:58 user devstack@c-api.service[76078]: WARNING cinder.quota [None req-221baac6-44a6-4499-b0ab-630dfcbb46de tempest-ServerStableDeviceRescueTest-358573654 tempest-ServerStableDeviceRescueTest-358573654-project-member] Deprecated: Default quota for resource: gigabytes_joviandss-2 is set by the default quota flag: quota_gigabytes_joviandss-2, it is now deprecated. Please use the default quota class for default quota.
Nov 17 01:16:59 user devstack@c-api.service[76078]: DEBUG cinder.quota [None req-221baac6-44a6-4499-b0ab-630dfcbb46de tempest-ServerStableDeviceRescueTest-358573654 tempest-ServerStableDeviceRescueTest-358573654-project-member] Created reservations ['59c3f5d8-0f06-4855-a8b2-6baf5266399f', '926d4bd7-4b0e-4558-8e08-cfbbbf7346f8', 'f9cc7689-4ef5-439a-b97b-bc1057fd6bd5', 'bee1d6fd-3de9-4589-9baa-3235aedff1ff'] {{(pid=76078) reserve /opt/stack/cinder/cinder/quota.py:755}}
Nov 17 01:16:59 user devstack@c-api.service[76078]: DEBUG cinder.volume.api [None req-221baac6-44a6-4499-b0ab-630dfcbb46de tempest-ServerStableDeviceRescueTest-358573654 tempest-ServerStableDeviceRescueTest-358573654-project-member] Task 'cinder.volume.flows.api.create_volume.QuotaReserveTask;volume:create' (920c9095-25d8-4172-9643-31a40fe30a6b) transitioned into state 'SUCCESS' from state 'RUNNING' with result '{'reservations': ['59c3f5d8-0f06-4855-a8b2-6baf5266399f', '926d4bd7-4b0e-4558-8e08-cfbbbf7346f8', 'f9cc7689-4ef5-439a-b97b-bc1057fd6bd5', 'bee1d6fd-3de9-4589-9baa-3235aedff1ff']}' {{(pid=76078) _task_receiver /opt/stack/data/venv/lib/python3.10/site-packages/taskflow/listeners/logging.py:178}}
Nov 17 01:16:59 user devstack@c-api.service[76078]: DEBUG cinder.volume.api [None req-221baac6-44a6-4499-b0ab-630dfcbb46de tempest-ServerStableDeviceRescueTest-358573654 tempest-ServerStableDeviceRescueTest-358573654-project-member] Task 'cinder.volume.flows.api.create_volume.EntryCreateTask;volume:create' (8c93bbed-0718-4f8d-bfa1-acb182dffa4e) transitioned into state 'RUNNING' from state 'PENDING' {{(pid=76078) _task_receiver /opt/stack/data/venv/lib/python3.10/site-packages/taskflow/listeners/logging.py:190}}
Nov 17 01:16:59 user devstack@c-api.service[76078]: DEBUG cinder.volume.api [None req-221baac6-44a6-4499-b0ab-630dfcbb46de tempest-ServerStableDeviceRescueTest-358573654 tempest-ServerStableDeviceRescueTest-358573654-project-member] Task 'cinder.volume.flows.api.create_volume.EntryCreateTask;volume:create' (8c93bbed-0718-4f8d-bfa1-acb182dffa4e) transitioned into state 'SUCCESS' from state 'RUNNING' with result '{'volume_id': 'fa7be6d3-d525-4aa3-bcc3-481465f2832b', 'volume_properties': VolumeProperties(attach_status='detached',availability_zone='nova',cgsnapshot_id=None,consistencygroup_id=None,display_description=None,display_name='tempest-ServerStableDeviceRescueTest-volume-426505190',encryption_key_id=None,group_id=None,group_type_id=,metadata={},multiattach=False,project_id='6869af66e0cc47bf9cca02ea9b688a6d',qos_specs=None,replication_status=,reservations=['59c3f5d8-0f06-4855-a8b2-6baf5266399f','926d4bd7-4b0e-4558-8e08-cfbbbf7346f8','f9cc7689-4ef5-439a-b97b-bc1057fd6bd5','bee1d6fd-3de9-4589-9baa-3235aedff1ff'],size=1,snapshot_id=None,source_replicaid=,source_volid=None,status='creating',user_id='0a9b03e89f164c23a6e8e4d1b75ba07b',volume_type_id=5801678f-dbaf-43a4-971b-8dd444855f74), 'volume': Volume(_name_id=None,admin_metadata=,attach_status='detached',availability_zone='nova',bootable=False,cluster=,cluster_name=None,consistencygroup=,consistencygroup_id=None,created_at=2023-11-17T01:16:59Z,deleted=False,deleted_at=None,display_description=None,display_name='tempest-ServerStableDeviceRescueTest-volume-426505190',ec2_id=None,encryption_key_id=None,glance_metadata=,group=,group_id=None,host=None,id=fa7be6d3-d525-4aa3-bcc3-481465f2832b,launched_at=None,metadata={},migration_status=None,multiattach=False,previous_status=None,project_id='6869af66e0cc47bf9cca02ea9b688a6d',provider_auth=None,provider_geometry=None,provider_id=None,provider_location=None,replication_driver_data=None,replication_extended_status=None,replication_status=None,scheduled_at=None,service_uuid=None,shared_targets=True,size=1,snapshot_id=None,snapshots=,source_volid=None,status='creating',terminated_at=None,updated_at=None,use_quota=True,user_id='0a9b03e89f164c23a6e8e4d1b75ba07b',volume_attachment=VolumeAttachmentList,volume_type=VolumeType(5801678f-dbaf-43a4-971b-8dd444855f74),volume_type_id=5801678f-dbaf-43a4-971b-8dd444855f74)}' {{(pid=76078) _task_receiver /opt/stack/data/venv/lib/python3.10/site-packages/taskflow/listeners/logging.py:178}}
Nov 17 01:16:59 user devstack@c-api.service[76078]: DEBUG cinder.volume.api [None req-221baac6-44a6-4499-b0ab-630dfcbb46de tempest-ServerStableDeviceRescueTest-358573654 tempest-ServerStableDeviceRescueTest-358573654-project-member] Task 'cinder.volume.flows.api.create_volume.QuotaCommitTask;volume:create' (70dad1c0-9e89-4bee-80c5-54c6e971ddb6) transitioned into state 'RUNNING' from state 'PENDING' {{(pid=76078) _task_receiver /opt/stack/data/venv/lib/python3.10/site-packages/taskflow/listeners/logging.py:190}}
Nov 17 01:16:59 user devstack@c-api.service[76078]: DEBUG cinder.volume.api [None req-221baac6-44a6-4499-b0ab-630dfcbb46de tempest-ServerStableDeviceRescueTest-358573654 tempest-ServerStableDeviceRescueTest-358573654-project-member] Task 'cinder.volume.flows.api.create_volume.QuotaCommitTask;volume:create' (70dad1c0-9e89-4bee-80c5-54c6e971ddb6) transitioned into state 'SUCCESS' from state 'RUNNING' with result '{'volume_properties': VolumeProperties(attach_status='detached',availability_zone='nova',cgsnapshot_id=None,consistencygroup_id=None,display_description=None,display_name='tempest-ServerStableDeviceRescueTest-volume-426505190',encryption_key_id=None,group_id=None,group_type_id=,metadata={},multiattach=False,project_id='6869af66e0cc47bf9cca02ea9b688a6d',qos_specs=None,replication_status=,reservations=['59c3f5d8-0f06-4855-a8b2-6baf5266399f','926d4bd7-4b0e-4558-8e08-cfbbbf7346f8','f9cc7689-4ef5-439a-b97b-bc1057fd6bd5','bee1d6fd-3de9-4589-9baa-3235aedff1ff'],size=1,snapshot_id=None,source_replicaid=,source_volid=None,status='creating',user_id='0a9b03e89f164c23a6e8e4d1b75ba07b',volume_type_id=5801678f-dbaf-43a4-971b-8dd444855f74)}' {{(pid=76078) _task_receiver /opt/stack/data/venv/lib/python3.10/site-packages/taskflow/listeners/logging.py:178}}
Nov 17 01:16:59 user devstack@c-api.service[76078]: DEBUG cinder.volume.api [None req-221baac6-44a6-4499-b0ab-630dfcbb46de tempest-ServerStableDeviceRescueTest-358573654 tempest-ServerStableDeviceRescueTest-358573654-project-member] Task 'cinder.volume.flows.api.create_volume.VolumeCastTask;volume:create' (e47c24dc-3205-406c-b080-14f955459e03) transitioned into state 'RUNNING' from state 'PENDING' {{(pid=76078) _task_receiver /opt/stack/data/venv/lib/python3.10/site-packages/taskflow/listeners/logging.py:190}}
Nov 17 01:16:59 user devstack@c-api.service[76078]: DEBUG cinder.volume.api [None req-221baac6-44a6-4499-b0ab-630dfcbb46de tempest-ServerStableDeviceRescueTest-358573654 tempest-ServerStableDeviceRescueTest-358573654-project-member] Task 'cinder.volume.flows.api.create_volume.VolumeCastTask;volume:create' (e47c24dc-3205-406c-b080-14f955459e03) transitioned into state 'SUCCESS' from state 'RUNNING' with result 'None' {{(pid=76078) _task_receiver /opt/stack/data/venv/lib/python3.10/site-packages/taskflow/listeners/logging.py:178}}
Nov 17 01:16:59 user devstack@c-api.service[76078]: DEBUG cinder.volume.api [None req-221baac6-44a6-4499-b0ab-630dfcbb46de tempest-ServerStableDeviceRescueTest-358573654 tempest-ServerStableDeviceRescueTest-358573654-project-member] Flow 'volume_create_api' (e563a1cd-96ef-4f50-8c22-a32d10a9974f) transitioned into state 'SUCCESS' from state 'RUNNING' {{(pid=76078) _flow_receiver /opt/stack/data/venv/lib/python3.10/site-packages/taskflow/listeners/logging.py:141}}
Nov 17 01:16:59 user devstack@c-api.service[76078]: INFO cinder.volume.api [None req-221baac6-44a6-4499-b0ab-630dfcbb46de tempest-ServerStableDeviceRescueTest-358573654 tempest-ServerStableDeviceRescueTest-358573654-project-member] Create volume request issued successfully.
Nov 17 01:16:59 user devstack@c-api.service[76078]: INFO cinder.api.openstack.wsgi [None req-221baac6-44a6-4499-b0ab-630dfcbb46de tempest-ServerStableDeviceRescueTest-358573654 tempest-ServerStableDeviceRescueTest-358573654-project-member] http://10.0.0.210/volume/v3/6869af66e0cc47bf9cca02ea9b688a6d/volumes returned with HTTP 202
Nov 17 01:16:59 user devstack@c-api.service[76078]: [pid: 76078|app: 0|req: 18/54] 10.0.0.210 () {64 vars in 1312 bytes} [Fri Nov 17 01:16:58 2023] POST /volume/v3/6869af66e0cc47bf9cca02ea9b688a6d/volumes => generated 825 bytes in 741 msecs (HTTP/1.1 202) 7 headers in 291 bytes (1 switches on core 0)
Nov 17 01:16:59 user devstack@c-api.service[76077]: DEBUG cinder.api.middleware.request_id [None req-1a59a2c9-b20e-42f8-849c-c70c378c7132 None None] RequestId filter calling following filter/app {{(pid=76077) _context_setter /opt/stack/cinder/cinder/api/middleware/request_id.py:62}}
Nov 17 01:16:59 user devstack@c-api.service[76076]: DEBUG cinder.api.middleware.request_id [None req-7253628a-8c38-4295-8941-457ba0a02700 None None] RequestId filter calling following filter/app {{(pid=76076) _context_setter /opt/stack/cinder/cinder/api/middleware/request_id.py:62}}
Nov 17 01:16:59 user devstack@c-api.service[76076]: INFO cinder.api.openstack.wsgi [None req-7253628a-8c38-4295-8941-457ba0a02700 tempest-GroupSnapshotsTest-284704903 tempest-GroupSnapshotsTest-284704903-project-member] GET http://10.0.0.210/volume/v3/8eb873696d54425fa39a1d66fcdd4959/volumes/9b0fd7c7-6856-486e-b10d-b1171e5521d5
Nov 17 01:16:59 user devstack@c-api.service[76076]: DEBUG cinder.api.openstack.wsgi [None req-7253628a-8c38-4295-8941-457ba0a02700 tempest-GroupSnapshotsTest-284704903 tempest-GroupSnapshotsTest-284704903-project-member] Empty body provided in request {{(pid=76076) get_body /opt/stack/cinder/cinder/api/openstack/wsgi.py:715}}
Nov 17 01:16:59 user devstack@c-api.service[76076]: DEBUG cinder.api.openstack.wsgi [None req-7253628a-8c38-4295-8941-457ba0a02700 tempest-GroupSnapshotsTest-284704903 tempest-GroupSnapshotsTest-284704903-project-member] Calling method 'show' {{(pid=76076) _process_stack /opt/stack/cinder/cinder/api/openstack/wsgi.py:868}}
Nov 17 01:16:59 user devstack@c-api.service[76077]: INFO cinder.api.openstack.wsgi [None req-1a59a2c9-b20e-42f8-849c-c70c378c7132 tempest-VolumeHostsAdminTestsJSON-346121099 tempest-VolumeHostsAdminTestsJSON-346121099-project-admin] GET http://10.0.0.210/volume/v3/eb8faee63082491cbefc1576b7eda669/os-hosts
Nov 17 01:16:59 user devstack@c-api.service[76077]: DEBUG cinder.api.openstack.wsgi [None req-1a59a2c9-b20e-42f8-849c-c70c378c7132 tempest-VolumeHostsAdminTestsJSON-346121099 tempest-VolumeHostsAdminTestsJSON-346121099-project-admin] Empty body provided in request {{(pid=76077) get_body /opt/stack/cinder/cinder/api/openstack/wsgi.py:715}}
Nov 17 01:16:59 user devstack@c-api.service[76077]: DEBUG cinder.api.openstack.wsgi [None req-1a59a2c9-b20e-42f8-849c-c70c378c7132 tempest-VolumeHostsAdminTestsJSON-346121099 tempest-VolumeHostsAdminTestsJSON-346121099-project-admin] Calling method 'index' {{(pid=76077) _process_stack /opt/stack/cinder/cinder/api/openstack/wsgi.py:868}}
Nov 17 01:16:59 user devstack@c-api.service[76076]: /opt/stack/data/venv/lib/python3.10/site-packages/oslo_context/context.py:100: DeprecationWarning: Policy enforcement is depending on the value of is_admin. This key is deprecated. Please update your policy file to use the standard policy values.
Nov 17 01:16:59 user devstack@c-api.service[76076]: warnings.warn('Policy enforcement is depending on the value of '
Nov 17 01:16:59 user devstack@c-api.service[76077]: DEBUG cinder.api.contrib.hosts [None req-1a59a2c9-b20e-42f8-849c-c70c378c7132 tempest-VolumeHostsAdminTestsJSON-346121099 tempest-VolumeHostsAdminTestsJSON-346121099-project-admin] status, active and update: available, enabled, 2023-11-17 01:15:10+00:00 {{(pid=76077) _list_hosts /opt/stack/cinder/cinder/api/contrib/hosts.py:59}}
Nov 17 01:16:59 user devstack@c-api.service[76077]: DEBUG cinder.api.contrib.hosts [None req-1a59a2c9-b20e-42f8-849c-c70c378c7132 tempest-VolumeHostsAdminTestsJSON-346121099 tempest-VolumeHostsAdminTestsJSON-346121099-project-admin] status, active and update: available, enabled, 2023-11-17 01:15:09+00:00 {{(pid=76077) _list_hosts /opt/stack/cinder/cinder/api/contrib/hosts.py:59}}
Nov 17 01:16:59 user devstack@c-api.service[76077]: INFO cinder.api.openstack.wsgi [None req-1a59a2c9-b20e-42f8-849c-c70c378c7132 tempest-VolumeHostsAdminTestsJSON-346121099 tempest-VolumeHostsAdminTestsJSON-346121099-project-admin] http://10.0.0.210/volume/v3/eb8faee63082491cbefc1576b7eda669/os-hosts returned with HTTP 200
Nov 17 01:16:59 user devstack@c-api.service[76077]: [pid: 76077|app: 0|req: 19/55] 10.0.0.210 () {62 vars in 1294 bytes} [Fri Nov 17 01:16:59 2023] GET /volume/v3/eb8faee63082491cbefc1576b7eda669/os-hosts => generated 368 bytes in 288 msecs (HTTP/1.1 200) 7 headers in 285 bytes (1 switches on core 0)
Nov 17 01:16:59 user devstack@c-api.service[76076]: INFO cinder.volume.api [None req-7253628a-8c38-4295-8941-457ba0a02700 tempest-GroupSnapshotsTest-284704903 tempest-GroupSnapshotsTest-284704903-project-member] Volume info retrieved successfully.
Nov 17 01:16:59 user devstack@c-api.service[76076]: WARNING stevedore.named [None req-7253628a-8c38-4295-8941-457ba0a02700 tempest-GroupSnapshotsTest-284704903 tempest-GroupSnapshotsTest-284704903-project-member] Could not load cinder.keymgr.conf_key_mgr.ConfKeyManager
Nov 17 01:16:59 user devstack@c-api.service[76078]: DEBUG cinder.api.middleware.request_id [None req-58119b8d-611a-42ad-bcf7-a1f9800753af None None] RequestId filter calling following filter/app {{(pid=76078) _context_setter /opt/stack/cinder/cinder/api/middleware/request_id.py:62}}
Nov 17 01:16:59 user devstack@c-api.service[76076]: WARNING castellan.key_manager [None req-7253628a-8c38-4295-8941-457ba0a02700 tempest-GroupSnapshotsTest-284704903 tempest-GroupSnapshotsTest-284704903-project-member] Deprecation Warning : cinder.keymgr.conf_key_mgr.ConfKeyManager is not a stevedore based driver, trying to load it as a class: stevedore.exception.NoMatches: No 'castellan.drivers' driver found, looking for 'cinder.keymgr.conf_key_mgr.ConfKeyManager'
Nov 17 01:16:59 user devstack@c-api.service[76078]: INFO cinder.api.openstack.wsgi [None req-58119b8d-611a-42ad-bcf7-a1f9800753af tempest-VolumeHostsAdminTestsJSON-346121099 tempest-VolumeHostsAdminTestsJSON-346121099-project-admin] GET http://10.0.0.210/volume/v3/eb8faee63082491cbefc1576b7eda669/os-hosts
Nov 17 01:16:59 user devstack@c-api.service[76078]: DEBUG cinder.api.openstack.wsgi [None req-58119b8d-611a-42ad-bcf7-a1f9800753af tempest-VolumeHostsAdminTestsJSON-346121099 tempest-VolumeHostsAdminTestsJSON-346121099-project-admin] Empty body provided in request {{(pid=76078) get_body /opt/stack/cinder/cinder/api/openstack/wsgi.py:715}}
Nov 17 01:16:59 user devstack@c-api.service[76078]: DEBUG cinder.api.openstack.wsgi [None req-58119b8d-611a-42ad-bcf7-a1f9800753af tempest-VolumeHostsAdminTestsJSON-346121099 tempest-VolumeHostsAdminTestsJSON-346121099-project-admin] Calling method 'index' {{(pid=76078) _process_stack /opt/stack/cinder/cinder/api/openstack/wsgi.py:868}}
Nov 17 01:16:59 user devstack@c-api.service[76076]: DEBUG oslo_db.sqlalchemy.engines [None req-7253628a-8c38-4295-8941-457ba0a02700 tempest-GroupSnapshotsTest-284704903 tempest-GroupSnapshotsTest-284704903-project-member] MySQL server mode set to STRICT_TRANS_TABLES,STRICT_ALL_TABLES,NO_ZERO_IN_DATE,NO_ZERO_DATE,ERROR_FOR_DIVISION_BY_ZERO,TRADITIONAL,NO_ENGINE_SUBSTITUTION {{(pid=76076) _check_effective_sql_mode /opt/stack/data/venv/lib/python3.10/site-packages/oslo_db/sqlalchemy/engines.py:342}}
Nov 17 01:16:59 user devstack@c-api.service[76078]: /opt/stack/data/venv/lib/python3.10/site-packages/oslo_context/context.py:100: DeprecationWarning: Policy enforcement is depending on the value of is_admin. This key is deprecated. Please update your policy file to use the standard policy values.
Nov 17 01:16:59 user devstack@c-api.service[76078]: warnings.warn('Policy enforcement is depending on the value of '
Nov 17 01:16:59 user devstack@c-api.service[76078]: DEBUG cinder.api.contrib.hosts [None req-58119b8d-611a-42ad-bcf7-a1f9800753af tempest-VolumeHostsAdminTestsJSON-346121099 tempest-VolumeHostsAdminTestsJSON-346121099-project-admin] status, active and update: available, enabled, 2023-11-17 01:15:10+00:00 {{(pid=76078) _list_hosts /opt/stack/cinder/cinder/api/contrib/hosts.py:59}}
Nov 17 01:16:59 user devstack@c-api.service[76078]: DEBUG cinder.api.contrib.hosts [None req-58119b8d-611a-42ad-bcf7-a1f9800753af tempest-VolumeHostsAdminTestsJSON-346121099 tempest-VolumeHostsAdminTestsJSON-346121099-project-admin] status, active and update: available, enabled, 2023-11-17 01:15:09+00:00 {{(pid=76078) _list_hosts /opt/stack/cinder/cinder/api/contrib/hosts.py:59}}
Nov 17 01:16:59 user devstack@c-api.service[76078]: INFO cinder.api.openstack.wsgi [None req-58119b8d-611a-42ad-bcf7-a1f9800753af tempest-VolumeHostsAdminTestsJSON-346121099 tempest-VolumeHostsAdminTestsJSON-346121099-project-admin] http://10.0.0.210/volume/v3/eb8faee63082491cbefc1576b7eda669/os-hosts returned with HTTP 200
Nov 17 01:16:59 user devstack@c-api.service[76078]: [pid: 76078|app: 0|req: 19/56] 10.0.0.210 () {62 vars in 1294 bytes} [Fri Nov 17 01:16:59 2023] GET /volume/v3/eb8faee63082491cbefc1576b7eda669/os-hosts => generated 368 bytes in 31 msecs (HTTP/1.1 200) 7 headers in 285 bytes (1 switches on core 0)
Nov 17 01:16:59 user devstack@c-api.service[76076]: /opt/stack/data/venv/lib/python3.10/site-packages/oslo_context/context.py:100: DeprecationWarning: Policy enforcement is depending on the value of is_admin. This key is deprecated. Please update your policy file to use the standard policy values.
Nov 17 01:16:59 user devstack@c-api.service[76076]: warnings.warn('Policy enforcement is depending on the value of '
Nov 17 01:16:59 user devstack@c-api.service[76077]: DEBUG cinder.api.middleware.request_id [None req-01313923-f7c4-46f1-91d4-2b87083c18fa None None] RequestId filter calling following filter/app {{(pid=76077) _context_setter /opt/stack/cinder/cinder/api/middleware/request_id.py:62}}
Nov 17 01:16:59 user devstack@c-api.service[76077]: INFO cinder.api.openstack.wsgi [None req-01313923-f7c4-46f1-91d4-2b87083c18fa tempest-VolumeHostsAdminTestsJSON-346121099 tempest-VolumeHostsAdminTestsJSON-346121099-project-admin] GET http://10.0.0.210/volume/v3/eb8faee63082491cbefc1576b7eda669/os-hosts/user@joviandss-2
Nov 17 01:16:59 user devstack@c-api.service[76077]: DEBUG cinder.api.openstack.wsgi [None req-01313923-f7c4-46f1-91d4-2b87083c18fa tempest-VolumeHostsAdminTestsJSON-346121099 tempest-VolumeHostsAdminTestsJSON-346121099-project-admin] Empty body provided in request {{(pid=76077) get_body /opt/stack/cinder/cinder/api/openstack/wsgi.py:715}}
Nov 17 01:16:59 user devstack@c-api.service[76077]: DEBUG cinder.api.openstack.wsgi [None req-01313923-f7c4-46f1-91d4-2b87083c18fa tempest-VolumeHostsAdminTestsJSON-346121099 tempest-VolumeHostsAdminTestsJSON-346121099-project-admin] Calling method 'show' {{(pid=76077) _process_stack /opt/stack/cinder/cinder/api/openstack/wsgi.py:868}}
Nov 17 01:16:59 user devstack@c-api.service[76076]: INFO cinder.api.openstack.wsgi [None req-7253628a-8c38-4295-8941-457ba0a02700 tempest-GroupSnapshotsTest-284704903 tempest-GroupSnapshotsTest-284704903-project-member] http://10.0.0.210/volume/v3/8eb873696d54425fa39a1d66fcdd4959/volumes/9b0fd7c7-6856-486e-b10d-b1171e5521d5 returned with HTTP 200
Nov 17 01:16:59 user devstack@c-api.service[76076]: [pid: 76076|app: 0|req: 19/57] 10.0.0.210 () {64 vars in 1443 bytes} [Fri Nov 17 01:16:59 2023] GET /volume/v3/8eb873696d54425fa39a1d66fcdd4959/volumes/9b0fd7c7-6856-486e-b10d-b1171e5521d5 => generated 988 bytes in 149 msecs (HTTP/1.1 200) 7 headers in 286 bytes (1 switches on core 0)
Nov 17 01:16:59 user devstack@c-api.service[76077]: INFO cinder.api.openstack.wsgi [None req-01313923-f7c4-46f1-91d4-2b87083c18fa tempest-VolumeHostsAdminTestsJSON-346121099 tempest-VolumeHostsAdminTestsJSON-346121099-project-admin] http://10.0.0.210/volume/v3/eb8faee63082491cbefc1576b7eda669/os-hosts/user@joviandss-2 returned with HTTP 200
Nov 17 01:16:59 user devstack@c-api.service[76077]: [pid: 76077|app: 0|req: 20/58] 10.0.0.210 () {62 vars in 1345 bytes} [Fri Nov 17 01:16:59 2023] GET /volume/v3/eb8faee63082491cbefc1576b7eda669/os-hosts/user@joviandss-2 => generated 540 bytes in 77 msecs (HTTP/1.1 200) 7 headers in 285 bytes (1 switches on core 0)
Nov 17 01:17:00 user devstack@c-api.service[76078]: DEBUG cinder.api.middleware.request_id [None req-72f69200-47e8-44d5-9731-887a8cbb8e26 None None] RequestId filter calling following filter/app {{(pid=76078) _context_setter /opt/stack/cinder/cinder/api/middleware/request_id.py:62}}
Nov 17 01:17:00 user devstack@c-api.service[76078]: INFO cinder.api.openstack.wsgi [None req-72f69200-47e8-44d5-9731-887a8cbb8e26 tempest-GroupSnapshotsTest-284704903 tempest-GroupSnapshotsTest-284704903-project-member] GET http://10.0.0.210/volume/v3/8eb873696d54425fa39a1d66fcdd4959/volumes/9b0fd7c7-6856-486e-b10d-b1171e5521d5
Nov 17 01:17:00 user devstack@c-api.service[76078]: DEBUG cinder.api.openstack.wsgi [None req-72f69200-47e8-44d5-9731-887a8cbb8e26 tempest-GroupSnapshotsTest-284704903 tempest-GroupSnapshotsTest-284704903-project-member] Empty body provided in request {{(pid=76078) get_body /opt/stack/cinder/cinder/api/openstack/wsgi.py:715}}
Nov 17 01:17:00 user devstack@c-api.service[76078]: DEBUG cinder.api.openstack.wsgi [None req-72f69200-47e8-44d5-9731-887a8cbb8e26 tempest-GroupSnapshotsTest-284704903 tempest-GroupSnapshotsTest-284704903-project-member] Calling method 'show' {{(pid=76078) _process_stack /opt/stack/cinder/cinder/api/openstack/wsgi.py:868}}
Nov 17 01:17:00 user devstack@c-api.service[76078]: /opt/stack/data/venv/lib/python3.10/site-packages/oslo_context/context.py:100: DeprecationWarning: Policy enforcement is depending on the value of is_admin. This key is deprecated. Please update your policy file to use the standard policy values.
Nov 17 01:17:00 user devstack@c-api.service[76078]: warnings.warn('Policy enforcement is depending on the value of '
Nov 17 01:17:00 user devstack@c-api.service[76078]: INFO cinder.volume.api [None req-72f69200-47e8-44d5-9731-887a8cbb8e26 tempest-GroupSnapshotsTest-284704903 tempest-GroupSnapshotsTest-284704903-project-member] Volume info retrieved successfully.
Nov 17 01:17:00 user devstack@c-api.service[76078]: WARNING stevedore.named [None req-72f69200-47e8-44d5-9731-887a8cbb8e26 tempest-GroupSnapshotsTest-284704903 tempest-GroupSnapshotsTest-284704903-project-member] Could not load cinder.keymgr.conf_key_mgr.ConfKeyManager
Nov 17 01:17:00 user devstack@c-api.service[76078]: WARNING castellan.key_manager [None req-72f69200-47e8-44d5-9731-887a8cbb8e26 tempest-GroupSnapshotsTest-284704903 tempest-GroupSnapshotsTest-284704903-project-member] Deprecation Warning : cinder.keymgr.conf_key_mgr.ConfKeyManager is not a stevedore based driver, trying to load it as a class: stevedore.exception.NoMatches: No 'castellan.drivers' driver found, looking for 'cinder.keymgr.conf_key_mgr.ConfKeyManager'
Nov 17 01:17:00 user devstack@c-api.service[76078]: DEBUG oslo_db.sqlalchemy.engines [None req-72f69200-47e8-44d5-9731-887a8cbb8e26 tempest-GroupSnapshotsTest-284704903 tempest-GroupSnapshotsTest-284704903-project-member] MySQL server mode set to STRICT_TRANS_TABLES,STRICT_ALL_TABLES,NO_ZERO_IN_DATE,NO_ZERO_DATE,ERROR_FOR_DIVISION_BY_ZERO,TRADITIONAL,NO_ENGINE_SUBSTITUTION {{(pid=76078) _check_effective_sql_mode /opt/stack/data/venv/lib/python3.10/site-packages/oslo_db/sqlalchemy/engines.py:342}}
Nov 17 01:17:00 user devstack@c-api.service[76078]: /opt/stack/data/venv/lib/python3.10/site-packages/oslo_context/context.py:100: DeprecationWarning: Policy enforcement is depending on the value of is_admin. This key is deprecated. Please update your policy file to use the standard policy values.
Nov 17 01:17:00 user devstack@c-api.service[76078]: warnings.warn('Policy enforcement is depending on the value of '
Nov 17 01:17:00 user devstack@c-api.service[76078]: INFO cinder.api.openstack.wsgi [None req-72f69200-47e8-44d5-9731-887a8cbb8e26 tempest-GroupSnapshotsTest-284704903 tempest-GroupSnapshotsTest-284704903-project-member] http://10.0.0.210/volume/v3/8eb873696d54425fa39a1d66fcdd4959/volumes/9b0fd7c7-6856-486e-b10d-b1171e5521d5 returned with HTTP 200
Nov 17 01:17:00 user devstack@c-api.service[76078]: [pid: 76078|app: 0|req: 20/59] 10.0.0.210 () {64 vars in 1443 bytes} [Fri Nov 17 01:17:00 2023] GET /volume/v3/8eb873696d54425fa39a1d66fcdd4959/volumes/9b0fd7c7-6856-486e-b10d-b1171e5521d5 => generated 988 bytes in 83 msecs (HTTP/1.1 200) 7 headers in 286 bytes (1 switches on core 0)
Nov 17 01:17:01 user devstack@c-api.service[76076]: DEBUG cinder.api.middleware.request_id [None req-8085d61d-55df-4c7e-bb49-df2555be03bf None None] RequestId filter calling following filter/app {{(pid=76076) _context_setter /opt/stack/cinder/cinder/api/middleware/request_id.py:62}}
Nov 17 01:17:01 user devstack@c-api.service[76076]: INFO cinder.api.openstack.wsgi [None req-8085d61d-55df-4c7e-bb49-df2555be03bf tempest-GroupSnapshotsTest-284704903 tempest-GroupSnapshotsTest-284704903-project-member] GET http://10.0.0.210/volume/v3/8eb873696d54425fa39a1d66fcdd4959/volumes/9b0fd7c7-6856-486e-b10d-b1171e5521d5
Nov 17 01:17:01 user devstack@c-api.service[76076]: DEBUG cinder.api.openstack.wsgi [None req-8085d61d-55df-4c7e-bb49-df2555be03bf tempest-GroupSnapshotsTest-284704903 tempest-GroupSnapshotsTest-284704903-project-member] Empty body provided in request {{(pid=76076) get_body /opt/stack/cinder/cinder/api/openstack/wsgi.py:715}}
Nov 17 01:17:01 user devstack@c-api.service[76076]: DEBUG cinder.api.openstack.wsgi [None req-8085d61d-55df-4c7e-bb49-df2555be03bf tempest-GroupSnapshotsTest-284704903 tempest-GroupSnapshotsTest-284704903-project-member] Calling method 'show' {{(pid=76076) _process_stack /opt/stack/cinder/cinder/api/openstack/wsgi.py:868}}
Nov 17 01:17:02 user devstack@c-api.service[76076]: INFO cinder.api.openstack.wsgi [None req-8085d61d-55df-4c7e-bb49-df2555be03bf tempest-GroupSnapshotsTest-284704903 tempest-GroupSnapshotsTest-284704903-project-member] http://10.0.0.210/volume/v3/8eb873696d54425fa39a1d66fcdd4959/volumes/9b0fd7c7-6856-486e-b10d-b1171e5521d5 returned with HTTP 404
Nov 17 01:17:02 user devstack@c-api.service[76076]: [pid: 76076|app: 0|req: 20/60] 10.0.0.210 () {64 vars in 1443 bytes} [Fri Nov 17 01:17:01 2023] GET /volume/v3/8eb873696d54425fa39a1d66fcdd4959/volumes/9b0fd7c7-6856-486e-b10d-b1171e5521d5 => generated 109 bytes in 48 msecs (HTTP/1.1 404) 7 headers in 293 bytes (1 switches on core 0)
Nov 17 01:17:02 user devstack@c-api.service[76077]: DEBUG cinder.api.middleware.request_id [None req-633a1593-664f-4b64-b5e8-e6d714479c1a None None] RequestId filter calling following filter/app {{(pid=76077) _context_setter /opt/stack/cinder/cinder/api/middleware/request_id.py:62}}
Nov 17 01:17:02 user devstack@c-api.service[76077]: INFO cinder.api.openstack.wsgi [None req-633a1593-664f-4b64-b5e8-e6d714479c1a tempest-GroupSnapshotsTest-284704903 tempest-GroupSnapshotsTest-284704903-project-member] GET http://10.0.0.210/volume/v3/8eb873696d54425fa39a1d66fcdd4959/groups/69822a57-2731-4677-86e8-db1953038621
