Nov 18 18:18:45 user devstack@keystone.service[46070]: DEBUG keystone.server.flask.request_processing.middleware.auth_context [None req-49d3d8d5-dd7d-4e05-94d2-5332a3849f78 None admin] Authenticating user token {{(pid=46070) process_request /opt/stack/data/venv/lib/python3.10/site-packages/keystonemiddleware/auth_token/__init__.py:406}}
Nov 18 18:18:45 user devstack@keystone.service[46069]: DEBUG keystone.server.flask.request_processing.middleware.auth_context [None req-e6abe746-fd10-4127-8e4a-194b9f391c7f None admin] RBAC: auth_context: {'token': , 'domain_id': None, 'trust_id': None, 'trustor_id': None, 'trustee_id': None, 'domain_name': None, 'group_ids': [], 'user_id': '844d604a8e5c424b967048cadce69014', 'user_domain_id': 'default', 'system_scope': 'all', 'project_id': None, 'project_domain_id': None, 'roles': ['admin', 'manager', 'member', 'reader'], 'is_admin_project': True, 'service_user_id': None, 'service_user_domain_id': None, 'service_project_id': None, 'service_project_domain_id': None, 'service_roles': []} {{(pid=46069) fill_context /opt/stack/keystone/keystone/server/flask/request_processing/middleware/auth_context.py:480}}
Nov 18 18:18:45 user devstack@keystone.service[46069]: DEBUG keystone.server.flask.request_processing.req_logging [None req-e6abe746-fd10-4127-8e4a-194b9f391c7f None admin] REQUEST_METHOD: `GET` {{(pid=46069) log_request_info /opt/stack/keystone/keystone/server/flask/request_processing/req_logging.py:27}}
Nov 18 18:18:45 user devstack@keystone.service[46069]: DEBUG keystone.server.flask.request_processing.req_logging [None req-e6abe746-fd10-4127-8e4a-194b9f391c7f None admin] SCRIPT_NAME: `/identity` {{(pid=46069) log_request_info /opt/stack/keystone/keystone/server/flask/request_processing/req_logging.py:28}}
Nov 18 18:18:45 user devstack@keystone.service[46069]: DEBUG keystone.server.flask.request_processing.req_logging [None req-e6abe746-fd10-4127-8e4a-194b9f391c7f None admin] PATH_INFO: `/v3/roles/anotherrole` {{(pid=46069) log_request_info /opt/stack/keystone/keystone/server/flask/request_processing/req_logging.py:29}}
Nov 18 18:18:45 user devstack@keystone.service[46069]: DEBUG keystone.common.rbac_enforcer.enforcer [None req-e6abe746-fd10-4127-8e4a-194b9f391c7f None admin] Extracting inferred target data resulted in "NOT FOUND (404)". {{(pid=46069) enforce_call /opt/stack/keystone/keystone/common/rbac_enforcer/enforcer.py:409}}
Nov 18 18:18:45 user devstack@keystone.service[46069]: ERROR keystone.server.flask.application [None req-e6abe746-fd10-4127-8e4a-194b9f391c7f None admin] Could not find role: anotherrole.: keystone.exception.RoleNotFound: Could not find role: anotherrole.
Nov 18 18:18:45 user devstack@keystone.service[46069]: ERROR keystone.server.flask.application
Traceback (most recent call last):
Nov 18 18:18:45 user devstack@keystone.service[46069]: ERROR keystone.server.flask.application
File "/opt/stack/data/venv/lib/python3.10/site-packages/flask/app.py", line 1823, in full_dispatch_request
Nov 18 18:18:45 user devstack@keystone.service[46069]: ERROR keystone.server.flask.application rv = self.dispatch_request()
Nov 18 18:18:45 user devstack@keystone.service[46069]: ERROR keystone.server.flask.application
File "/opt/stack/data/venv/lib/python3.10/site-packages/flask/app.py", line 1799, in dispatch_request
Nov 18 18:18:45 user devstack@keystone.service[46069]: ERROR keystone.server.flask.application return self.ensure_sync(self.view_functions[rule.endpoint])(**view_args)
Nov 18 18:18:45 user devstack@keystone.service[46069]: ERROR keystone.server.flask.application
File "/opt/stack/data/venv/lib/python3.10/site-packages/flask_restful/__init__.py", line 489, in wrapper
Nov 18 18:18:45 user devstack@keystone.service[46069]: ERROR keystone.server.flask.application resp = resource(*args, **kwargs)
Nov 18 18:18:45 user devstack@keystone.service[46069]: ERROR keystone.server.flask.application
File "/opt/stack/data/venv/lib/python3.10/site-packages/flask/views.py", line 107, in view
Nov 18 18:18:45 user devstack@keystone.service[46069]: ERROR keystone.server.flask.application return current_app.ensure_sync(self.dispatch_request)(**kwargs)
Nov 18 18:18:45 user devstack@keystone.service[46069]: ERROR keystone.server.flask.application
File "/opt/stack/data/venv/lib/python3.10/site-packages/flask_restful/__init__.py", line 604, in dispatch_request
Nov 18 18:18:45 user devstack@keystone.service[46069]: ERROR keystone.server.flask.application resp = meth(*args, **kwargs)
Nov 18 18:18:45 user devstack@keystone.service[46069]: ERROR keystone.server.flask.application
File "/opt/stack/keystone/keystone/api/roles.py", line 50, in get
Nov 18 18:18:45 user devstack@keystone.service[46069]: ERROR keystone.server.flask.application return self._get_role(role_id)
Nov 18 18:18:45 user devstack@keystone.service[46069]: ERROR keystone.server.flask.application
File "/opt/stack/keystone/keystone/api/roles.py", line 70, in _get_role
Nov 18 18:18:45 user devstack@keystone.service[46069]: ERROR keystone.server.flask.application ENFORCER.enforce_call(action='identity:get_role')
Nov 18 18:18:45 user devstack@keystone.service[46069]: ERROR keystone.server.flask.application
File "/opt/stack/keystone/keystone/common/rbac_enforcer/enforcer.py", line 402, in enforce_call
Nov 18 18:18:45 user devstack@keystone.service[46069]: ERROR keystone.server.flask.application policy_dict.update(cls._extract_member_target_data(
Nov 18 18:18:45 user devstack@keystone.service[46069]: ERROR keystone.server.flask.application
File "/opt/stack/keystone/keystone/common/rbac_enforcer/enforcer.py", line 234, in _extract_member_target_data
Nov 18 18:18:45 user devstack@keystone.service[46069]: ERROR keystone.server.flask.application member_name: func(flask.request.view_args[key])
Nov 18 18:18:45 user devstack@keystone.service[46069]: ERROR keystone.server.flask.application
File "/opt/stack/keystone/keystone/common/manager.py", line 115, in wrapped
Nov 18 18:18:45 user devstack@keystone.service[46069]: ERROR keystone.server.flask.application __ret_val = __f(*args, **kwargs)
Nov 18 18:18:45 user devstack@keystone.service[46069]: ERROR keystone.server.flask.application
File "/opt/stack/data/venv/lib/python3.10/site-packages/decorator.py", line 232, in fun
Nov 18 18:18:45 user devstack@keystone.service[46069]: ERROR keystone.server.flask.application return caller(func, *(extras + args), **kw)
Nov 18 18:18:45 user devstack@keystone.service[46069]: ERROR keystone.server.flask.application
File "/opt/stack/data/venv/lib/python3.10/site-packages/dogpile/cache/region.py", line 1594, in get_or_create_for_user_func
Nov 18 18:18:45 user devstack@keystone.service[46069]: ERROR keystone.server.flask.application return self.get_or_create(
Nov 18 18:18:45 user devstack@keystone.service[46069]: ERROR keystone.server.flask.application
File "/opt/stack/data/venv/lib/python3.10/site-packages/dogpile/cache/region.py", line 1054, in get_or_create
Nov 18 18:18:45 user devstack@keystone.service[46069]: ERROR keystone.server.flask.application with Lock(
Nov 18 18:18:45 user devstack@keystone.service[46069]: ERROR keystone.server.flask.application
File "/opt/stack/data/venv/lib/python3.10/site-packages/dogpile/lock.py", line 185, in __enter__
Nov 18 18:18:45 user devstack@keystone.service[46069]: ERROR keystone.server.flask.application return self._enter()
Nov 18 18:18:45 user devstack@keystone.service[46069]: ERROR keystone.server.flask.application
File "/opt/stack/data/venv/lib/python3.10/site-packages/dogpile/lock.py", line 94, in _enter
Nov 18 18:18:45 user devstack@keystone.service[46069]: ERROR keystone.server.flask.application generated = self._enter_create(value, createdtime)
Nov 18 18:18:45 user devstack@keystone.service[46069]: ERROR keystone.server.flask.application
File "/opt/stack/data/venv/lib/python3.10/site-packages/dogpile/lock.py", line 178, in _enter_create
Nov 18 18:18:45 user devstack@keystone.service[46069]: ERROR keystone.server.flask.application return self.creator()
Nov 18 18:18:45 user devstack@keystone.service[46069]: ERROR keystone.server.flask.application
File "/opt/stack/data/venv/lib/python3.10/site-packages/dogpile/cache/region.py", line 1007, in gen_value
Nov 18 18:18:45 user devstack@keystone.service[46069]: ERROR keystone.server.flask.application created_value = creator(
Nov 18 18:18:45 user devstack@keystone.service[46069]: ERROR keystone.server.flask.application
File "/opt/stack/keystone/keystone/assignment/core.py", line 1276, in get_role
Nov 18 18:18:45 user devstack@keystone.service[46069]: ERROR keystone.server.flask.application return self.driver.get_role(role_id)
Nov 18 18:18:45 user devstack@keystone.service[46069]: ERROR keystone.server.flask.application
File "/opt/stack/keystone/keystone/assignment/role_backends/sql.py", line 70, in get_role
Nov 18 18:18:45 user devstack@keystone.service[46069]: ERROR keystone.server.flask.application return self._get_role(session, role_id).to_dict()
Nov 18 18:18:45 user devstack@keystone.service[46069]: ERROR keystone.server.flask.application
File "/opt/stack/keystone/keystone/assignment/role_backends/sql.py", line 65, in _get_role
Nov 18 18:18:45 user devstack@keystone.service[46069]: ERROR keystone.server.flask.application raise exception.RoleNotFound(role_id=role_id)
Nov 18 18:18:45 user devstack@keystone.service[46069]: ERROR keystone.server.flask.application keystone.exception.RoleNotFound: Could not find role: anotherrole.
Nov 18 18:18:45 user devstack@keystone.service[46069]: ERROR keystone.server.flask.application
Nov 18 18:18:45 user devstack@keystone.service[46069]: [pid: 46069|app: 0|req: 107/324] 10.0.0.210 () {56 vars in 1109 bytes} [Sat Nov 18 18:18:45 2023] GET /identity/v3/roles/anotherrole => generated 89 bytes in 229 msecs (HTTP/1.1 404) 5 headers in 183 bytes (1 switches on core 0)
Nov 18 18:18:45 user devstack@keystone.service[46069]: DEBUG keystone.server.flask.request_processing.middleware.auth_context [None req-e6abe746-fd10-4127-8e4a-194b9f391c7f None admin] Authenticating user token {{(pid=46069) process_request /opt/stack/data/venv/lib/python3.10/site-packages/keystonemiddleware/auth_token/__init__.py:406}}
Nov 18 18:18:45 user devstack@keystone.service[46071]: DEBUG keystone.server.flask.request_processing.middleware.auth_context [None req-0a2f5e9f-b655-475b-8108-e92790d4058b None admin] Validating token access rules against request {{(pid=46071) validate_allowed_request /opt/stack/data/venv/lib/python3.10/site-packages/keystonemiddleware/auth_token/__init__.py:544}}
Nov 18 18:18:45 user devstack@keystone.service[46070]: DEBUG keystone.server.flask.request_processing.middleware.auth_context [None req-49d3d8d5-dd7d-4e05-94d2-5332a3849f78 None admin] Validating token access rules against request {{(pid=46070) validate_allowed_request /opt/stack/data/venv/lib/python3.10/site-packages/keystonemiddleware/auth_token/__init__.py:544}}
Nov 18 18:18:45 user devstack@keystone.service[46071]: DEBUG keystone.server.flask.request_processing.middleware.auth_context [None req-4b15d35c-437f-41ec-b065-d2558375401d None admin] RBAC: auth_context: {'token': , 'domain_id': None, 'trust_id': None, 'trustor_id': None, 'trustee_id': None, 'domain_name': None, 'group_ids': [], 'user_id': '844d604a8e5c424b967048cadce69014', 'user_domain_id': 'default', 'system_scope': 'all', 'project_id': None, 'project_domain_id': None, 'roles': ['admin', 'manager', 'member', 'reader'], 'is_admin_project': True, 'service_user_id': None, 'service_user_domain_id': None, 'service_project_id': None, 'service_project_domain_id': None, 'service_roles': []} {{(pid=46071) fill_context /opt/stack/keystone/keystone/server/flask/request_processing/middleware/auth_context.py:480}}
Nov 18 18:18:45 user devstack@keystone.service[46071]: DEBUG keystone.server.flask.request_processing.req_logging [None req-4b15d35c-437f-41ec-b065-d2558375401d None admin] REQUEST_METHOD: `GET` {{(pid=46071) log_request_info /opt/stack/keystone/keystone/server/flask/request_processing/req_logging.py:27}}
Nov 18 18:18:45 user devstack@keystone.service[46071]: DEBUG keystone.server.flask.request_processing.req_logging [None req-4b15d35c-437f-41ec-b065-d2558375401d None admin] SCRIPT_NAME: `/identity` {{(pid=46071) log_request_info /opt/stack/keystone/keystone/server/flask/request_processing/req_logging.py:28}}
Nov 18 18:18:45 user devstack@keystone.service[46071]: DEBUG keystone.server.flask.request_processing.req_logging [None req-4b15d35c-437f-41ec-b065-d2558375401d None admin] PATH_INFO: `/v3/groups/e1f80868b06041889185a297faa09735` {{(pid=46071) log_request_info /opt/stack/keystone/keystone/server/flask/request_processing/req_logging.py:29}}
Nov 18 18:18:45 user devstack@keystone.service[46071]: DEBUG keystone.common.rbac_enforcer.enforcer [None req-4b15d35c-437f-41ec-b065-d2558375401d None admin] RBAC: Authorizing `identity:get_group(group_id=e1f80868b06041889185a297faa09735)` {{(pid=46071) enforce_call /opt/stack/keystone/keystone/common/rbac_enforcer/enforcer.py:449}}
Nov 18 18:18:45 user devstack@keystone.service[46071]: DEBUG keystone.common.rbac_enforcer.enforcer [None req-4b15d35c-437f-41ec-b065-d2558375401d None admin] RBAC: Authorization granted {{(pid=46071) enforce_call /opt/stack/keystone/keystone/common/rbac_enforcer/enforcer.py:457}}
Nov 18 18:18:45 user devstack@keystone.service[46071]: [pid: 46071|app: 0|req: 110/325] 10.0.0.210 () {56 vars in 1175 bytes} [Sat Nov 18 18:18:45 2023] GET /identity/v3/groups/e1f80868b06041889185a297faa09735 => generated 225 bytes in 140 msecs (HTTP/1.1 200) 5 headers in 177 bytes (1 switches on core 0)
Nov 18 18:18:45 user devstack@keystone.service[46071]: DEBUG keystone.server.flask.request_processing.middleware.auth_context [None req-4b15d35c-437f-41ec-b065-d2558375401d None admin] Authenticating user token {{(pid=46071) process_request /opt/stack/data/venv/lib/python3.10/site-packages/keystonemiddleware/auth_token/__init__.py:406}}
Nov 18 18:18:45 user devstack@keystone.service[46070]: DEBUG keystone.server.flask.request_processing.middleware.auth_context [None req-a8b4df68-2292-4e9c-bead-19698d018082 None admin] RBAC: auth_context: {'token': , 'domain_id': None, 'trust_id': None, 'trustor_id': None, 'trustee_id': None, 'domain_name': None, 'group_ids': [], 'user_id': '844d604a8e5c424b967048cadce69014', 'user_domain_id': 'default', 'system_scope': 'all', 'project_id': None, 'project_domain_id': None, 'roles': ['admin', 'manager', 'member', 'reader'], 'is_admin_project': True, 'service_user_id': None, 'service_user_domain_id': None, 'service_project_id': None, 'service_project_domain_id': None, 'service_roles': []} {{(pid=46070) fill_context /opt/stack/keystone/keystone/server/flask/request_processing/middleware/auth_context.py:480}}
Nov 18 18:18:45 user devstack@keystone.service[46070]: DEBUG keystone.server.flask.request_processing.req_logging [None req-a8b4df68-2292-4e9c-bead-19698d018082 None admin] REQUEST_METHOD: `GET` {{(pid=46070) log_request_info /opt/stack/keystone/keystone/server/flask/request_processing/req_logging.py:27}}
Nov 18 18:18:45 user devstack@keystone.service[46070]: DEBUG keystone.server.flask.request_processing.req_logging [None req-a8b4df68-2292-4e9c-bead-19698d018082 None admin] SCRIPT_NAME: `/identity` {{(pid=46070) log_request_info /opt/stack/keystone/keystone/server/flask/request_processing/req_logging.py:28}}
Nov 18 18:18:45 user devstack@keystone.service[46070]: DEBUG keystone.server.flask.request_processing.req_logging [None req-a8b4df68-2292-4e9c-bead-19698d018082 None admin] PATH_INFO: `/v3/auth/tokens` {{(pid=46070) log_request_info /opt/stack/keystone/keystone/server/flask/request_processing/req_logging.py:29}}
Nov 18 18:18:45 user devstack@keystone.service[46069]: DEBUG keystone.server.flask.request_processing.middleware.auth_context [None req-e6abe746-fd10-4127-8e4a-194b9f391c7f None admin] Validating token access rules against request {{(pid=46069) validate_allowed_request /opt/stack/data/venv/lib/python3.10/site-packages/keystonemiddleware/auth_token/__init__.py:544}}
Nov 18 18:18:45 user devstack@keystone.service[46069]: DEBUG keystone.server.flask.request_processing.middleware.auth_context [None req-a94ad249-133a-4d74-bb42-6debdbf2630f None admin] RBAC: auth_context: {'token': , 'domain_id': None, 'trust_id': None, 'trustor_id': None, 'trustee_id': None, 'domain_name': None, 'group_ids': [], 'user_id': '844d604a8e5c424b967048cadce69014', 'user_domain_id': 'default', 'system_scope': 'all', 'project_id': None, 'project_domain_id': None, 'roles': ['admin', 'manager', 'member', 'reader'], 'is_admin_project': True, 'service_user_id': None, 'service_user_domain_id': None, 'service_project_id': None, 'service_project_domain_id': None, 'service_roles': []} {{(pid=46069) fill_context /opt/stack/keystone/keystone/server/flask/request_processing/middleware/auth_context.py:480}}
Nov 18 18:18:45 user devstack@keystone.service[46069]: DEBUG keystone.server.flask.request_processing.req_logging [None req-a94ad249-133a-4d74-bb42-6debdbf2630f None admin] REQUEST_METHOD: `GET` {{(pid=46069) log_request_info /opt/stack/keystone/keystone/server/flask/request_processing/req_logging.py:27}}
Nov 18 18:18:45 user devstack@keystone.service[46069]: DEBUG keystone.server.flask.request_processing.req_logging [None req-a94ad249-133a-4d74-bb42-6debdbf2630f None admin] SCRIPT_NAME: `/identity` {{(pid=46069) log_request_info /opt/stack/keystone/keystone/server/flask/request_processing/req_logging.py:28}}
Nov 18 18:18:45 user devstack@keystone.service[46069]: DEBUG keystone.server.flask.request_processing.req_logging [None req-a94ad249-133a-4d74-bb42-6debdbf2630f None admin] PATH_INFO: `/v3/projects/4b9b1ca24c6343b68eb43595f832fb7d` {{(pid=46069) log_request_info /opt/stack/keystone/keystone/server/flask/request_processing/req_logging.py:29}}
Nov 18 18:18:45 user devstack@keystone.service[46069]: DEBUG keystone.common.rbac_enforcer.enforcer [None req-a94ad249-133a-4d74-bb42-6debdbf2630f None admin] RBAC: Authorizing `identity:get_project(project_id=4b9b1ca24c6343b68eb43595f832fb7d)` {{(pid=46069) enforce_call /opt/stack/keystone/keystone/common/rbac_enforcer/enforcer.py:449}}
Nov 18 18:18:45 user devstack@keystone.service[46069]: DEBUG keystone.common.rbac_enforcer.enforcer [None req-a94ad249-133a-4d74-bb42-6debdbf2630f None admin] RBAC: Authorization granted {{(pid=46069) enforce_call /opt/stack/keystone/keystone/common/rbac_enforcer/enforcer.py:457}}
Nov 18 18:18:45 user devstack@keystone.service[46069]: [pid: 46069|app: 0|req: 108/326] 10.0.0.210 () {56 vars in 1181 bytes} [Sat Nov 18 18:18:45 2023] GET /identity/v3/projects/4b9b1ca24c6343b68eb43595f832fb7d => generated 301 bytes in 175 msecs (HTTP/1.1 200) 5 headers in 177 bytes (1 switches on core 0)
Nov 18 18:18:45 user devstack@keystone.service[46069]: DEBUG keystone.server.flask.request_processing.middleware.auth_context [None req-a94ad249-133a-4d74-bb42-6debdbf2630f None admin] Authenticating user token {{(pid=46069) process_request /opt/stack/data/venv/lib/python3.10/site-packages/keystonemiddleware/auth_token/__init__.py:406}}
Nov 18 18:18:45 user devstack@keystone.service[46070]: DEBUG keystone.common.rbac_enforcer.enforcer [None req-a8b4df68-2292-4e9c-bead-19698d018082 None admin] RBAC: Authorizing `identity:validate_token()` {{(pid=46070) enforce_call /opt/stack/keystone/keystone/common/rbac_enforcer/enforcer.py:449}}
Nov 18 18:18:45 user devstack@keystone.service[46070]: DEBUG keystone.common.rbac_enforcer.enforcer [None req-a8b4df68-2292-4e9c-bead-19698d018082 None admin] RBAC: Authorization granted {{(pid=46070) enforce_call /opt/stack/keystone/keystone/common/rbac_enforcer/enforcer.py:457}}
Nov 18 18:18:45 user devstack@keystone.service[46071]: DEBUG keystone.server.flask.request_processing.middleware.auth_context [None req-4b15d35c-437f-41ec-b065-d2558375401d None admin] Validating token access rules against request {{(pid=46071) validate_allowed_request /opt/stack/data/venv/lib/python3.10/site-packages/keystonemiddleware/auth_token/__init__.py:544}}
Nov 18 18:18:45 user devstack@keystone.service[46071]: DEBUG keystone.server.flask.request_processing.middleware.auth_context [None req-87942f6a-2ebc-4b93-a9ec-06b63c58059a None admin] RBAC: auth_context: {'token': , 'domain_id': None, 'trust_id': None, 'trustor_id': None, 'trustee_id': None, 'domain_name': None, 'group_ids': [], 'user_id': '844d604a8e5c424b967048cadce69014', 'user_domain_id': 'default', 'system_scope': 'all', 'project_id': None, 'project_domain_id': None, 'roles': ['admin', 'manager', 'member', 'reader'], 'is_admin_project': True, 'service_user_id': None, 'service_user_domain_id': None, 'service_project_id': None, 'service_project_domain_id': None, 'service_roles': []} {{(pid=46071) fill_context /opt/stack/keystone/keystone/server/flask/request_processing/middleware/auth_context.py:480}}
Nov 18 18:18:45 user devstack@keystone.service[46071]: DEBUG keystone.server.flask.request_processing.req_logging [None req-87942f6a-2ebc-4b93-a9ec-06b63c58059a None admin] REQUEST_METHOD: `GET` {{(pid=46071) log_request_info /opt/stack/keystone/keystone/server/flask/request_processing/req_logging.py:27}}
Nov 18 18:18:45 user devstack@keystone.service[46071]: DEBUG keystone.server.flask.request_processing.req_logging [None req-87942f6a-2ebc-4b93-a9ec-06b63c58059a None admin] SCRIPT_NAME: `/identity` {{(pid=46071) log_request_info /opt/stack/keystone/keystone/server/flask/request_processing/req_logging.py:28}}
Nov 18 18:18:45 user devstack@keystone.service[46071]: DEBUG keystone.server.flask.request_processing.req_logging [None req-87942f6a-2ebc-4b93-a9ec-06b63c58059a None admin] PATH_INFO: `/v3/roles` {{(pid=46071) log_request_info /opt/stack/keystone/keystone/server/flask/request_processing/req_logging.py:29}}
Nov 18 18:18:45 user devstack@keystone.service[46071]: DEBUG keystone.common.rbac_enforcer.enforcer [None req-87942f6a-2ebc-4b93-a9ec-06b63c58059a None admin] RBAC: Adding query filter params (name=anotherrole) {{(pid=46071) _extract_filter_values /opt/stack/keystone/keystone/common/rbac_enforcer/enforcer.py:167}}
Nov 18 18:18:45 user devstack@keystone.service[46071]: DEBUG keystone.common.rbac_enforcer.enforcer [None req-87942f6a-2ebc-4b93-a9ec-06b63c58059a None admin] RBAC: Authorizing `identity:list_roles()` {{(pid=46071) enforce_call /opt/stack/keystone/keystone/common/rbac_enforcer/enforcer.py:449}}
Nov 18 18:18:45 user devstack@keystone.service[46071]: DEBUG keystone.common.rbac_enforcer.enforcer [None req-87942f6a-2ebc-4b93-a9ec-06b63c58059a None admin] RBAC: Authorization granted {{(pid=46071) enforce_call /opt/stack/keystone/keystone/common/rbac_enforcer/enforcer.py:457}}
Nov 18 18:18:45 user devstack@keystone.service[46071]: [pid: 46071|app: 0|req: 111/327] 10.0.0.210 () {56 vars in 1106 bytes} [Sat Nov 18 18:18:45 2023] GET /identity/v3/roles?name=anotherrole => generated 332 bytes in 168 msecs (HTTP/1.1 200) 5 headers in 177 bytes (1 switches on core 0)
Nov 18 18:18:45 user devstack@keystone.service[46071]: DEBUG keystone.server.flask.request_processing.middleware.auth_context [None req-87942f6a-2ebc-4b93-a9ec-06b63c58059a None admin] Authenticating user token {{(pid=46071) process_request /opt/stack/data/venv/lib/python3.10/site-packages/keystonemiddleware/auth_token/__init__.py:406}}
Nov 18 18:18:45 user devstack@keystone.service[46069]: DEBUG keystone.server.flask.request_processing.middleware.auth_context [None req-a94ad249-133a-4d74-bb42-6debdbf2630f None admin] Validating token access rules against request {{(pid=46069) validate_allowed_request /opt/stack/data/venv/lib/python3.10/site-packages/keystonemiddleware/auth_token/__init__.py:544}}
Nov 18 18:18:45 user devstack@keystone.service[46070]: [pid: 46070|app: 0|req: 109/328] 10.0.0.210 () {58 vars in 1277 bytes} [Sat Nov 18 18:18:45 2023] GET /identity/v3/auth/tokens => generated 861 bytes in 330 msecs (HTTP/1.1 200) 6 headers in 358 bytes (1 switches on core 0)
Nov 18 18:18:45 user devstack@keystone.service[46070]: DEBUG keystone.server.flask.request_processing.middleware.auth_context [None req-a8b4df68-2292-4e9c-bead-19698d018082 None admin] Authenticating user token {{(pid=46070) process_request /opt/stack/data/venv/lib/python3.10/site-packages/keystonemiddleware/auth_token/__init__.py:406}}
Nov 18 18:18:45 user devstack@keystone.service[46069]: DEBUG keystone.server.flask.request_processing.middleware.auth_context [None req-529fefe3-5106-46fb-bd5b-9e53ac43251a None admin] RBAC: auth_context: {'token': , 'domain_id': None, 'trust_id': None, 'trustor_id': None, 'trustee_id': None, 'domain_name': None, 'group_ids': [], 'user_id': '844d604a8e5c424b967048cadce69014', 'user_domain_id': 'default', 'system_scope': 'all', 'project_id': None, 'project_domain_id': None, 'roles': ['admin', 'manager', 'member', 'reader'], 'is_admin_project': True, 'service_user_id': None, 'service_user_domain_id': None, 'service_project_id': None, 'service_project_domain_id': None, 'service_roles': []} {{(pid=46069) fill_context /opt/stack/keystone/keystone/server/flask/request_processing/middleware/auth_context.py:480}}
Nov 18 18:18:45 user devstack@keystone.service[46069]: DEBUG keystone.server.flask.request_processing.req_logging [None req-529fefe3-5106-46fb-bd5b-9e53ac43251a None admin] REQUEST_METHOD: `GET` {{(pid=46069) log_request_info /opt/stack/keystone/keystone/server/flask/request_processing/req_logging.py:27}}
Nov 18 18:18:45 user devstack@keystone.service[46069]: DEBUG keystone.server.flask.request_processing.req_logging [None req-529fefe3-5106-46fb-bd5b-9e53ac43251a None admin] SCRIPT_NAME: `/identity` {{(pid=46069) log_request_info /opt/stack/keystone/keystone/server/flask/request_processing/req_logging.py:28}}
Nov 18 18:18:45 user devstack@keystone.service[46069]: DEBUG keystone.server.flask.request_processing.req_logging [None req-529fefe3-5106-46fb-bd5b-9e53ac43251a None admin] PATH_INFO: `/v3/role_assignments` {{(pid=46069) log_request_info /opt/stack/keystone/keystone/server/flask/request_processing/req_logging.py:29}}
Nov 18 18:18:45 user devstack@keystone.service[46069]: DEBUG keystone.common.rbac_enforcer.enforcer [None req-529fefe3-5106-46fb-bd5b-9e53ac43251a None admin] RBAC: Adding query filter params (group.id=e1f80868b06041889185a297faa09735, role.id=7d5f5bd995a64064abd6c2d408102623, scope.project.id=73b4cb12a6604379a9ef69914d8fc5b0) {{(pid=46069) _extract_filter_values /opt/stack/keystone/keystone/common/rbac_enforcer/enforcer.py:167}}
Nov 18 18:18:45 user devstack@keystone.service[46069]: DEBUG keystone.common.rbac_enforcer.enforcer [None req-529fefe3-5106-46fb-bd5b-9e53ac43251a None admin] RBAC: Authorizing `identity:list_role_assignments()` {{(pid=46069) enforce_call /opt/stack/keystone/keystone/common/rbac_enforcer/enforcer.py:449}}
Nov 18 18:18:45 user devstack@keystone.service[46069]: DEBUG keystone.common.rbac_enforcer.enforcer [None req-529fefe3-5106-46fb-bd5b-9e53ac43251a None admin] RBAC: Authorization granted {{(pid=46069) enforce_call /opt/stack/keystone/keystone/common/rbac_enforcer/enforcer.py:457}}
Nov 18 18:18:45 user devstack@keystone.service[46069]: [pid: 46069|app: 0|req: 109/329] 10.0.0.210 () {56 vars in 1371 bytes} [Sat Nov 18 18:18:45 2023] GET /identity/v3/role_assignments?group.id=e1f80868b06041889185a297faa09735&scope.project.id=73b4cb12a6604379a9ef69914d8fc5b0&role.id=7d5f5bd995a64064abd6c2d408102623 => generated 609 bytes in 151 msecs (HTTP/1.1 200) 5 headers in 177 bytes (1 switches on core 0)
Nov 18 18:18:45 user devstack@keystone.service[46069]: DEBUG keystone.server.flask.request_processing.middleware.auth_context [None req-529fefe3-5106-46fb-bd5b-9e53ac43251a None admin] Authenticating user token {{(pid=46069) process_request /opt/stack/data/venv/lib/python3.10/site-packages/keystonemiddleware/auth_token/__init__.py:406}}
Nov 18 18:18:45 user devstack@keystone.service[46071]: DEBUG keystone.server.flask.request_processing.middleware.auth_context [None req-87942f6a-2ebc-4b93-a9ec-06b63c58059a None admin] Validating token access rules against request {{(pid=46071) validate_allowed_request /opt/stack/data/venv/lib/python3.10/site-packages/keystonemiddleware/auth_token/__init__.py:544}}
Nov 18 18:18:45 user devstack@keystone.service[46070]: DEBUG keystone.server.flask.request_processing.middleware.auth_context [None req-a8b4df68-2292-4e9c-bead-19698d018082 None admin] Validating token access rules against request {{(pid=46070) validate_allowed_request /opt/stack/data/venv/lib/python3.10/site-packages/keystonemiddleware/auth_token/__init__.py:544}}
Nov 18 18:18:45 user devstack@keystone.service[46071]: DEBUG keystone.server.flask.request_processing.middleware.auth_context [None req-c819790b-1eb0-47e8-a690-c167c307b6b7 None admin] RBAC: auth_context: {'token': , 'domain_id': None, 'trust_id': None, 'trustor_id': None, 'trustee_id': None, 'domain_name': None, 'group_ids': [], 'user_id': '844d604a8e5c424b967048cadce69014', 'user_domain_id': 'default', 'system_scope': 'all', 'project_id': None, 'project_domain_id': None, 'roles': ['admin', 'manager', 'member', 'reader'], 'is_admin_project': True, 'service_user_id': None, 'service_user_domain_id': None, 'service_project_id': None, 'service_project_domain_id': None, 'service_roles': []} {{(pid=46071) fill_context /opt/stack/keystone/keystone/server/flask/request_processing/middleware/auth_context.py:480}}
Nov 18 18:18:45 user devstack@keystone.service[46071]: DEBUG keystone.server.flask.request_processing.req_logging [None req-c819790b-1eb0-47e8-a690-c167c307b6b7 None admin] REQUEST_METHOD: `GET` {{(pid=46071) log_request_info /opt/stack/keystone/keystone/server/flask/request_processing/req_logging.py:27}}
Nov 18 18:18:45 user devstack@keystone.service[46071]: DEBUG keystone.server.flask.request_processing.req_logging [None req-c819790b-1eb0-47e8-a690-c167c307b6b7 None admin] SCRIPT_NAME: `/identity` {{(pid=46071) log_request_info /opt/stack/keystone/keystone/server/flask/request_processing/req_logging.py:28}}
Nov 18 18:18:45 user devstack@keystone.service[46071]: DEBUG keystone.server.flask.request_processing.req_logging [None req-c819790b-1eb0-47e8-a690-c167c307b6b7 None admin] PATH_INFO: `/v3/groups/e1f80868b06041889185a297faa09735` {{(pid=46071) log_request_info /opt/stack/keystone/keystone/server/flask/request_processing/req_logging.py:29}}
Nov 18 18:18:45 user devstack@keystone.service[46071]: DEBUG keystone.common.rbac_enforcer.enforcer [None req-c819790b-1eb0-47e8-a690-c167c307b6b7 None admin] RBAC: Authorizing `identity:get_group(group_id=e1f80868b06041889185a297faa09735)` {{(pid=46071) enforce_call /opt/stack/keystone/keystone/common/rbac_enforcer/enforcer.py:449}}
Nov 18 18:18:45 user devstack@keystone.service[46071]: DEBUG keystone.common.rbac_enforcer.enforcer [None req-c819790b-1eb0-47e8-a690-c167c307b6b7 None admin] RBAC: Authorization granted {{(pid=46071) enforce_call /opt/stack/keystone/keystone/common/rbac_enforcer/enforcer.py:457}}
Nov 18 18:18:45 user devstack@keystone.service[46070]: DEBUG keystone.server.flask.request_processing.middleware.auth_context [None req-36353dc8-87b7-4e18-a2ed-3f7274afd733 None admin] RBAC: auth_context: {'token': , 'domain_id': None, 'trust_id': None, 'trustor_id': None, 'trustee_id': None, 'domain_name': None, 'group_ids': [], 'user_id': '844d604a8e5c424b967048cadce69014', 'user_domain_id': 'default', 'system_scope': 'all', 'project_id': None, 'project_domain_id': None, 'roles': ['admin', 'manager', 'member', 'reader'], 'is_admin_project': True, 'service_user_id': None, 'service_user_domain_id': None, 'service_project_id': None, 'service_project_domain_id': None, 'service_roles': []} {{(pid=46070) fill_context /opt/stack/keystone/keystone/server/flask/request_processing/middleware/auth_context.py:480}}
Nov 18 18:18:45 user devstack@keystone.service[46070]: DEBUG keystone.server.flask.request_processing.req_logging [None req-36353dc8-87b7-4e18-a2ed-3f7274afd733 None admin] REQUEST_METHOD: `GET` {{(pid=46070) log_request_info /opt/stack/keystone/keystone/server/flask/request_processing/req_logging.py:27}}
Nov 18 18:18:45 user devstack@keystone.service[46070]: DEBUG keystone.server.flask.request_processing.req_logging [None req-36353dc8-87b7-4e18-a2ed-3f7274afd733 None admin] SCRIPT_NAME: `/identity` {{(pid=46070) log_request_info /opt/stack/keystone/keystone/server/flask/request_processing/req_logging.py:28}}
Nov 18 18:18:45 user devstack@keystone.service[46070]: DEBUG keystone.server.flask.request_processing.req_logging [None req-36353dc8-87b7-4e18-a2ed-3f7274afd733 None admin] PATH_INFO: `/v3/auth/tokens` {{(pid=46070) log_request_info /opt/stack/keystone/keystone/server/flask/request_processing/req_logging.py:29}}
Nov 18 18:18:45 user devstack@keystone.service[46071]: [pid: 46071|app: 0|req: 112/330] 10.0.0.210 () {56 vars in 1175 bytes} [Sat Nov 18 18:18:45 2023] GET /identity/v3/groups/e1f80868b06041889185a297faa09735 => generated 225 bytes in 177 msecs (HTTP/1.1 200) 5 headers in 177 bytes (1 switches on core 0)
Nov 18 18:18:45 user devstack@keystone.service[46071]: DEBUG keystone.server.flask.request_processing.middleware.auth_context [None req-c819790b-1eb0-47e8-a690-c167c307b6b7 None admin] Authenticating user token {{(pid=46071) process_request /opt/stack/data/venv/lib/python3.10/site-packages/keystonemiddleware/auth_token/__init__.py:406}}
Nov 18 18:18:45 user devstack@keystone.service[46069]: DEBUG keystone.server.flask.request_processing.middleware.auth_context [None req-529fefe3-5106-46fb-bd5b-9e53ac43251a None admin] Validating token access rules against request {{(pid=46069) validate_allowed_request /opt/stack/data/venv/lib/python3.10/site-packages/keystonemiddleware/auth_token/__init__.py:544}}
Nov 18 18:18:45 user devstack@keystone.service[46069]: DEBUG keystone.server.flask.request_processing.middleware.auth_context [None req-996bc55f-3974-4ba2-aeee-3cedeac505bf None admin] RBAC: auth_context: {'token': , 'domain_id': None, 'trust_id': None, 'trustor_id': None, 'trustee_id': None, 'domain_name': None, 'group_ids': [], 'user_id': '844d604a8e5c424b967048cadce69014', 'user_domain_id': 'default', 'system_scope': 'all', 'project_id': None, 'project_domain_id': None, 'roles': ['admin', 'manager', 'member', 'reader'], 'is_admin_project': True, 'service_user_id': None, 'service_user_domain_id': None, 'service_project_id': None, 'service_project_domain_id': None, 'service_roles': []} {{(pid=46069) fill_context /opt/stack/keystone/keystone/server/flask/request_processing/middleware/auth_context.py:480}}
Nov 18 18:18:45 user devstack@keystone.service[46069]: DEBUG keystone.server.flask.request_processing.req_logging [None req-996bc55f-3974-4ba2-aeee-3cedeac505bf None admin] REQUEST_METHOD: `GET` {{(pid=46069) log_request_info /opt/stack/keystone/keystone/server/flask/request_processing/req_logging.py:27}}
Nov 18 18:18:45 user devstack@keystone.service[46069]: DEBUG keystone.server.flask.request_processing.req_logging [None req-996bc55f-3974-4ba2-aeee-3cedeac505bf None admin] SCRIPT_NAME: `/identity` {{(pid=46069) log_request_info /opt/stack/keystone/keystone/server/flask/request_processing/req_logging.py:28}}
Nov 18 18:18:45 user devstack@keystone.service[46069]: DEBUG keystone.server.flask.request_processing.req_logging [None req-996bc55f-3974-4ba2-aeee-3cedeac505bf None admin] PATH_INFO: `/v3/projects/e4acc30afb1f4558a41fd76dac906b70` {{(pid=46069) log_request_info /opt/stack/keystone/keystone/server/flask/request_processing/req_logging.py:29}}
Nov 18 18:18:45 user devstack@keystone.service[46069]: DEBUG keystone.common.rbac_enforcer.enforcer [None req-996bc55f-3974-4ba2-aeee-3cedeac505bf None admin] RBAC: Authorizing `identity:get_project(project_id=e4acc30afb1f4558a41fd76dac906b70)` {{(pid=46069) enforce_call /opt/stack/keystone/keystone/common/rbac_enforcer/enforcer.py:449}}
Nov 18 18:18:45 user devstack@keystone.service[46069]: DEBUG keystone.common.rbac_enforcer.enforcer [None req-996bc55f-3974-4ba2-aeee-3cedeac505bf None admin] RBAC: Authorization granted {{(pid=46069) enforce_call /opt/stack/keystone/keystone/common/rbac_enforcer/enforcer.py:457}}
Nov 18 18:18:45 user devstack@keystone.service[46070]: DEBUG keystone.common.rbac_enforcer.enforcer [None req-36353dc8-87b7-4e18-a2ed-3f7274afd733 None admin] RBAC: Authorizing `identity:validate_token()` {{(pid=46070) enforce_call /opt/stack/keystone/keystone/common/rbac_enforcer/enforcer.py:449}}
Nov 18 18:18:45 user devstack@keystone.service[46069]: [pid: 46069|app: 0|req: 110/331] 10.0.0.210 () {56 vars in 1181 bytes} [Sat Nov 18 18:18:45 2023] GET /identity/v3/projects/e4acc30afb1f4558a41fd76dac906b70 => generated 343 bytes in 161 msecs (HTTP/1.1 200) 5 headers in 177 bytes (1 switches on core 0)
Nov 18 18:18:45 user devstack@keystone.service[46070]: DEBUG keystone.common.rbac_enforcer.enforcer [None req-36353dc8-87b7-4e18-a2ed-3f7274afd733 None admin] RBAC: Authorization granted {{(pid=46070) enforce_call /opt/stack/keystone/keystone/common/rbac_enforcer/enforcer.py:457}}
Nov 18 18:18:45 user devstack@keystone.service[46069]: DEBUG keystone.server.flask.request_processing.middleware.auth_context [None req-996bc55f-3974-4ba2-aeee-3cedeac505bf None admin] Authenticating user token {{(pid=46069) process_request /opt/stack/data/venv/lib/python3.10/site-packages/keystonemiddleware/auth_token/__init__.py:406}}
Nov 18 18:18:45 user devstack@keystone.service[46071]: DEBUG keystone.server.flask.request_processing.middleware.auth_context [None req-c819790b-1eb0-47e8-a690-c167c307b6b7 None admin] Validating token access rules against request {{(pid=46071) validate_allowed_request /opt/stack/data/venv/lib/python3.10/site-packages/keystonemiddleware/auth_token/__init__.py:544}}
Nov 18 18:18:45 user devstack@keystone.service[46070]: [pid: 46070|app: 0|req: 110/332] 10.0.0.210 () {58 vars in 1277 bytes} [Sat Nov 18 18:18:45 2023] GET /identity/v3/auth/tokens => generated 861 bytes in 303 msecs (HTTP/1.1 200) 6 headers in 358 bytes (1 switches on core 0)
Nov 18 18:18:45 user devstack@keystone.service[46071]: DEBUG keystone.server.flask.request_processing.middleware.auth_context [None req-c5e2fd69-2078-4fca-b9f9-226262ee40ab None admin] RBAC: auth_context: {'token': , 'domain_id': None, 'trust_id': None, 'trustor_id': None, 'trustee_id': None, 'domain_name': None, 'group_ids': [], 'user_id': '844d604a8e5c424b967048cadce69014', 'user_domain_id': 'default', 'system_scope': 'all', 'project_id': None, 'project_domain_id': None, 'roles': ['admin', 'manager', 'member', 'reader'], 'is_admin_project': True, 'service_user_id': None, 'service_user_domain_id': None, 'service_project_id': None, 'service_project_domain_id': None, 'service_roles': []} {{(pid=46071) fill_context /opt/stack/keystone/keystone/server/flask/request_processing/middleware/auth_context.py:480}}
Nov 18 18:18:45 user devstack@keystone.service[46071]: DEBUG keystone.server.flask.request_processing.req_logging [None req-c5e2fd69-2078-4fca-b9f9-226262ee40ab None admin] REQUEST_METHOD: `GET` {{(pid=46071) log_request_info /opt/stack/keystone/keystone/server/flask/request_processing/req_logging.py:27}}
Nov 18 18:18:45 user devstack@keystone.service[46071]: DEBUG keystone.server.flask.request_processing.req_logging [None req-c5e2fd69-2078-4fca-b9f9-226262ee40ab None admin] SCRIPT_NAME: `/identity` {{(pid=46071) log_request_info /opt/stack/keystone/keystone/server/flask/request_processing/req_logging.py:28}}
Nov 18 18:18:45 user devstack@keystone.service[46071]: DEBUG keystone.server.flask.request_processing.req_logging [None req-c5e2fd69-2078-4fca-b9f9-226262ee40ab None admin] PATH_INFO: `/v3/role_assignments` {{(pid=46071) log_request_info /opt/stack/keystone/keystone/server/flask/request_processing/req_logging.py:29}}
Nov 18 18:18:45 user devstack@keystone.service[46071]: DEBUG keystone.common.rbac_enforcer.enforcer [None req-c5e2fd69-2078-4fca-b9f9-226262ee40ab None admin] RBAC: Adding query filter params (group.id=e1f80868b06041889185a297faa09735, role.id=0c663f81ded3489d889e0a47c083a45e, scope.project.id=4b9b1ca24c6343b68eb43595f832fb7d) {{(pid=46071) _extract_filter_values /opt/stack/keystone/keystone/common/rbac_enforcer/enforcer.py:167}}
Nov 18 18:18:45 user devstack@keystone.service[46071]: DEBUG keystone.common.rbac_enforcer.enforcer [None req-c5e2fd69-2078-4fca-b9f9-226262ee40ab None admin] RBAC: Authorizing `identity:list_role_assignments()` {{(pid=46071) enforce_call /opt/stack/keystone/keystone/common/rbac_enforcer/enforcer.py:449}}
Nov 18 18:18:45 user devstack@keystone.service[46070]: DEBUG keystone.server.flask.request_processing.middleware.auth_context [None req-36353dc8-87b7-4e18-a2ed-3f7274afd733 None admin] Authenticating user token {{(pid=46070) process_request /opt/stack/data/venv/lib/python3.10/site-packages/keystonemiddleware/auth_token/__init__.py:406}}
Nov 18 18:18:45 user devstack@keystone.service[46071]: DEBUG keystone.common.rbac_enforcer.enforcer [None req-c5e2fd69-2078-4fca-b9f9-226262ee40ab None admin] RBAC: Authorization granted {{(pid=46071) enforce_call /opt/stack/keystone/keystone/common/rbac_enforcer/enforcer.py:457}}
Nov 18 18:18:45 user devstack@keystone.service[46071]: [pid: 46071|app: 0|req: 113/333] 10.0.0.210 () {56 vars in 1371 bytes} [Sat Nov 18 18:18:45 2023] GET /identity/v3/role_assignments?group.id=e1f80868b06041889185a297faa09735&scope.project.id=4b9b1ca24c6343b68eb43595f832fb7d&role.id=0c663f81ded3489d889e0a47c083a45e => generated 609 bytes in 182 msecs (HTTP/1.1 200) 5 headers in 177 bytes (1 switches on core 0)
Nov 18 18:18:45 user devstack@keystone.service[46069]: DEBUG keystone.server.flask.request_processing.middleware.auth_context [None req-996bc55f-3974-4ba2-aeee-3cedeac505bf None admin] Validating token access rules against request {{(pid=46069) validate_allowed_request /opt/stack/data/venv/lib/python3.10/site-packages/keystonemiddleware/auth_token/__init__.py:544}}
Nov 18 18:18:46 user devstack@keystone.service[46069]: DEBUG keystone.server.flask.request_processing.middleware.auth_context [None req-44d9c01f-1df2-4d9c-b948-3446543e6f37 None admin] RBAC: auth_context: {'token': , 'domain_id': None, 'trust_id': None, 'trustor_id': None, 'trustee_id': None, 'domain_name': None, 'group_ids': [], 'user_id': '844d604a8e5c424b967048cadce69014', 'user_domain_id': 'default', 'system_scope': 'all', 'project_id': None, 'project_domain_id': None, 'roles': ['admin', 'manager', 'member', 'reader'], 'is_admin_project': True, 'service_user_id': None, 'service_user_domain_id': None, 'service_project_id': None, 'service_project_domain_id': None, 'service_roles': []} {{(pid=46069) fill_context /opt/stack/keystone/keystone/server/flask/request_processing/middleware/auth_context.py:480}}
Nov 18 18:18:46 user devstack@keystone.service[46069]: DEBUG keystone.server.flask.request_processing.req_logging [None req-44d9c01f-1df2-4d9c-b948-3446543e6f37 None admin] REQUEST_METHOD: `GET` {{(pid=46069) log_request_info /opt/stack/keystone/keystone/server/flask/request_processing/req_logging.py:27}}
Nov 18 18:18:46 user devstack@keystone.service[46069]: DEBUG keystone.server.flask.request_processing.req_logging [None req-44d9c01f-1df2-4d9c-b948-3446543e6f37 None admin] SCRIPT_NAME: `/identity` {{(pid=46069) log_request_info /opt/stack/keystone/keystone/server/flask/request_processing/req_logging.py:28}}
Nov 18 18:18:46 user devstack@keystone.service[46069]: DEBUG keystone.server.flask.request_processing.req_logging [None req-44d9c01f-1df2-4d9c-b948-3446543e6f37 None admin] PATH_INFO: `/v3/groups/f0622f6730e64b7b966307ffb616aab6` {{(pid=46069) log_request_info /opt/stack/keystone/keystone/server/flask/request_processing/req_logging.py:29}}
Nov 18 18:18:46 user devstack@keystone.service[46069]: DEBUG keystone.common.rbac_enforcer.enforcer [None req-44d9c01f-1df2-4d9c-b948-3446543e6f37 None admin] RBAC: Authorizing `identity:get_group(group_id=f0622f6730e64b7b966307ffb616aab6)` {{(pid=46069) enforce_call /opt/stack/keystone/keystone/common/rbac_enforcer/enforcer.py:449}}
Nov 18 18:18:46 user devstack@keystone.service[46069]: DEBUG keystone.common.rbac_enforcer.enforcer [None req-44d9c01f-1df2-4d9c-b948-3446543e6f37 None admin] RBAC: Authorization granted {{(pid=46069) enforce_call /opt/stack/keystone/keystone/common/rbac_enforcer/enforcer.py:457}}
Nov 18 18:18:46 user devstack@keystone.service[46069]: [pid: 46069|app: 0|req: 111/334] 10.0.0.210 () {56 vars in 1175 bytes} [Sat Nov 18 18:18:45 2023] GET /identity/v3/groups/f0622f6730e64b7b966307ffb616aab6 => generated 228 bytes in 195 msecs (HTTP/1.1 200) 5 headers in 177 bytes (2 switches on core 0)
Nov 18 18:18:46 user devstack@keystone.service[46071]: DEBUG keystone.server.flask.request_processing.middleware.auth_context [None req-c5e2fd69-2078-4fca-b9f9-226262ee40ab None admin] Authenticating user token {{(pid=46071) process_request /opt/stack/data/venv/lib/python3.10/site-packages/keystonemiddleware/auth_token/__init__.py:406}}
Nov 18 18:18:46 user devstack@keystone.service[46070]: DEBUG keystone.server.flask.request_processing.middleware.auth_context [None req-36353dc8-87b7-4e18-a2ed-3f7274afd733 None admin] Validating token access rules against request {{(pid=46070) validate_allowed_request /opt/stack/data/venv/lib/python3.10/site-packages/keystonemiddleware/auth_token/__init__.py:544}}
Nov 18 18:18:46 user devstack@keystone.service[46070]: DEBUG keystone.server.flask.request_processing.middleware.auth_context [None req-0092ec5d-8921-4590-9c66-caddcecdb369 None admin] RBAC: auth_context: {'token': , 'domain_id': None, 'trust_id': None, 'trustor_id': None, 'trustee_id': None, 'domain_name': None, 'group_ids': [], 'user_id': '844d604a8e5c424b967048cadce69014', 'user_domain_id': 'default', 'system_scope': 'all', 'project_id': None, 'project_domain_id': None, 'roles': ['admin', 'manager', 'member', 'reader'], 'is_admin_project': True, 'service_user_id': None, 'service_user_domain_id': None, 'service_project_id': None, 'service_project_domain_id': None, 'service_roles': []} {{(pid=46070) fill_context /opt/stack/keystone/keystone/server/flask/request_processing/middleware/auth_context.py:480}}
Nov 18 18:18:46 user devstack@keystone.service[46070]: DEBUG keystone.server.flask.request_processing.req_logging [None req-0092ec5d-8921-4590-9c66-caddcecdb369 None admin] REQUEST_METHOD: `GET` {{(pid=46070) log_request_info /opt/stack/keystone/keystone/server/flask/request_processing/req_logging.py:27}}
Nov 18 18:18:46 user devstack@keystone.service[46070]: DEBUG keystone.server.flask.request_processing.req_logging [None req-0092ec5d-8921-4590-9c66-caddcecdb369 None admin] SCRIPT_NAME: `/identity` {{(pid=46070) log_request_info /opt/stack/keystone/keystone/server/flask/request_processing/req_logging.py:28}}
Nov 18 18:18:46 user devstack@keystone.service[46070]: DEBUG keystone.server.flask.request_processing.req_logging [None req-0092ec5d-8921-4590-9c66-caddcecdb369 None admin] PATH_INFO: `/v3/projects/4b9b1ca24c6343b68eb43595f832fb7d` {{(pid=46070) log_request_info /opt/stack/keystone/keystone/server/flask/request_processing/req_logging.py:29}}
Nov 18 18:18:46 user devstack@keystone.service[46070]: DEBUG keystone.common.rbac_enforcer.enforcer [None req-0092ec5d-8921-4590-9c66-caddcecdb369 None admin] RBAC: Authorizing `identity:get_project(project_id=4b9b1ca24c6343b68eb43595f832fb7d)` {{(pid=46070) enforce_call /opt/stack/keystone/keystone/common/rbac_enforcer/enforcer.py:449}}
Nov 18 18:18:46 user devstack@keystone.service[46070]: DEBUG keystone.common.rbac_enforcer.enforcer [None req-0092ec5d-8921-4590-9c66-caddcecdb369 None admin] RBAC: Authorization granted {{(pid=46070) enforce_call /opt/stack/keystone/keystone/common/rbac_enforcer/enforcer.py:457}}
Nov 18 18:18:46 user devstack@keystone.service[46070]: [pid: 46070|app: 0|req: 111/335] 10.0.0.210 () {56 vars in 1181 bytes} [Sat Nov 18 18:18:45 2023] GET /identity/v3/projects/4b9b1ca24c6343b68eb43595f832fb7d => generated 301 bytes in 151 msecs (HTTP/1.1 200) 5 headers in 177 bytes (2 switches on core 0)
Nov 18 18:18:46 user devstack@keystone.service[46069]: DEBUG keystone.server.flask.request_processing.middleware.auth_context [None req-44d9c01f-1df2-4d9c-b948-3446543e6f37 None admin] Authenticating user token {{(pid=46069) process_request /opt/stack/data/venv/lib/python3.10/site-packages/keystonemiddleware/auth_token/__init__.py:406}}
Nov 18 18:18:46 user devstack@keystone.service[46071]: DEBUG keystone.server.flask.request_processing.middleware.auth_context [None req-c5e2fd69-2078-4fca-b9f9-226262ee40ab None admin] Validating token access rules against request {{(pid=46071) validate_allowed_request /opt/stack/data/venv/lib/python3.10/site-packages/keystonemiddleware/auth_token/__init__.py:544}}
Nov 18 18:18:46 user devstack@keystone.service[46071]: DEBUG keystone.server.flask.request_processing.middleware.auth_context [None req-b91865ad-5c55-4d0b-a8f4-9d9d3140f554 None admin] RBAC: auth_context: {'token': , 'domain_id': None, 'trust_id': None, 'trustor_id': None, 'trustee_id': None, 'domain_name': None, 'group_ids': [], 'user_id': '844d604a8e5c424b967048cadce69014', 'user_domain_id': 'default', 'system_scope': 'all', 'project_id': None, 'project_domain_id': None, 'roles': ['admin', 'manager', 'member', 'reader'], 'is_admin_project': True, 'service_user_id': None, 'service_user_domain_id': None, 'service_project_id': None, 'service_project_domain_id': None, 'service_roles': []} {{(pid=46071) fill_context /opt/stack/keystone/keystone/server/flask/request_processing/middleware/auth_context.py:480}}
Nov 18 18:18:46 user devstack@keystone.service[46071]: DEBUG keystone.server.flask.request_processing.req_logging [None req-b91865ad-5c55-4d0b-a8f4-9d9d3140f554 None admin] REQUEST_METHOD: `GET` {{(pid=46071) log_request_info /opt/stack/keystone/keystone/server/flask/request_processing/req_logging.py:27}}
