Nov 27 22:09:17 user devstack@keystone.service[46360]: DEBUG keystone.server.flask.request_processing.req_logging [None req-e1ca649f-b32b-47a5-8af2-b6039eb55370 None admin] PATH_INFO: `/v3/users/ff4224cb251a435e8c9f5c4d1a0579cd` {{(pid=46360) log_request_info /opt/stack/keystone/keystone/server/flask/request_processing/req_logging.py:29}}
Nov 27 22:09:17 user devstack@keystone.service[46360]: DEBUG keystone.common.rbac_enforcer.enforcer [None req-e1ca649f-b32b-47a5-8af2-b6039eb55370 None admin] RBAC: Authorizing `identity:get_user(user_id=ff4224cb251a435e8c9f5c4d1a0579cd)` {{(pid=46360) enforce_call /opt/stack/keystone/keystone/common/rbac_enforcer/enforcer.py:449}}
Nov 27 22:09:17 user devstack@keystone.service[46360]: DEBUG keystone.common.rbac_enforcer.enforcer [None req-e1ca649f-b32b-47a5-8af2-b6039eb55370 None admin] RBAC: Authorization granted {{(pid=46360) enforce_call /opt/stack/keystone/keystone/common/rbac_enforcer/enforcer.py:457}}
Nov 27 22:09:17 user devstack@keystone.service[46360]: [pid: 46360|app: 0|req: 58/180] 10.0.0.210 () {56 vars in 1172 bytes} [Mon Nov 27 22:09:16 2023] GET /identity/v3/users/ff4224cb251a435e8c9f5c4d1a0579cd => generated 282 bytes in 170 msecs (HTTP/1.1 200) 5 headers in 177 bytes (2 switches on core 0)
Nov 27 22:09:17 user devstack@keystone.service[46359]: DEBUG keystone.server.flask.request_processing.middleware.auth_context [None req-6c72c548-bc7a-4bde-af8b-fdea31798924 None admin] Validating token access rules against request {{(pid=46359) validate_allowed_request /opt/stack/data/venv/lib/python3.10/site-packages/keystonemiddleware/auth_token/__init__.py:544}}
Nov 27 22:09:17 user devstack@keystone.service[46360]: DEBUG keystone.server.flask.request_processing.middleware.auth_context [None req-e1ca649f-b32b-47a5-8af2-b6039eb55370 None admin] Authenticating user token {{(pid=46360) process_request /opt/stack/data/venv/lib/python3.10/site-packages/keystonemiddleware/auth_token/__init__.py:406}}
Nov 27 22:09:17 user devstack@keystone.service[46361]: DEBUG keystone.server.flask.request_processing.middleware.auth_context [None req-6a069edf-2811-490d-ae9b-e4d07963965d None admin] Validating token access rules against request {{(pid=46361) validate_allowed_request /opt/stack/data/venv/lib/python3.10/site-packages/keystonemiddleware/auth_token/__init__.py:544}}
Nov 27 22:09:17 user devstack@keystone.service[46359]: DEBUG keystone.server.flask.request_processing.middleware.auth_context [None req-4d975815-f33f-45da-85ba-74cde7914242 None admin] RBAC: auth_context: {'token': , 'domain_id': None, 'trust_id': None, 'trustor_id': None, 'trustee_id': None, 'domain_name': None, 'group_ids': [], 'user_id': 'dc1aebdb92d4447893df165367a653f4', 'user_domain_id': 'default', 'system_scope': 'all', 'project_id': None, 'project_domain_id': None, 'roles': ['admin', 'manager', 'member', 'reader'], 'is_admin_project': True, 'service_user_id': None, 'service_user_domain_id': None, 'service_project_id': None, 'service_project_domain_id': None, 'service_roles': []} {{(pid=46359) fill_context /opt/stack/keystone/keystone/server/flask/request_processing/middleware/auth_context.py:480}}
Nov 27 22:09:17 user devstack@keystone.service[46359]: DEBUG keystone.server.flask.request_processing.req_logging [None req-4d975815-f33f-45da-85ba-74cde7914242 None admin] REQUEST_METHOD: `GET` {{(pid=46359) log_request_info /opt/stack/keystone/keystone/server/flask/request_processing/req_logging.py:27}}
Nov 27 22:09:17 user devstack@keystone.service[46359]: DEBUG keystone.server.flask.request_processing.req_logging [None req-4d975815-f33f-45da-85ba-74cde7914242 None admin] SCRIPT_NAME: `/identity` {{(pid=46359) log_request_info /opt/stack/keystone/keystone/server/flask/request_processing/req_logging.py:28}}
Nov 27 22:09:17 user devstack@keystone.service[46359]: DEBUG keystone.server.flask.request_processing.req_logging [None req-4d975815-f33f-45da-85ba-74cde7914242 None admin] PATH_INFO: `/v3/users/ff4224cb251a435e8c9f5c4d1a0579cd` {{(pid=46359) log_request_info /opt/stack/keystone/keystone/server/flask/request_processing/req_logging.py:29}}
Nov 27 22:09:17 user devstack@keystone.service[46359]: DEBUG keystone.common.rbac_enforcer.enforcer [None req-4d975815-f33f-45da-85ba-74cde7914242 None admin] RBAC: Authorizing `identity:get_user(user_id=ff4224cb251a435e8c9f5c4d1a0579cd)` {{(pid=46359) enforce_call /opt/stack/keystone/keystone/common/rbac_enforcer/enforcer.py:449}}
Nov 27 22:09:17 user devstack@keystone.service[46359]: DEBUG keystone.common.rbac_enforcer.enforcer [None req-4d975815-f33f-45da-85ba-74cde7914242 None admin] RBAC: Authorization granted {{(pid=46359) enforce_call /opt/stack/keystone/keystone/common/rbac_enforcer/enforcer.py:457}}
Nov 27 22:09:17 user devstack@keystone.service[46359]: [pid: 46359|app: 0|req: 60/181] 10.0.0.210 () {56 vars in 1172 bytes} [Mon Nov 27 22:09:16 2023] GET /identity/v3/users/ff4224cb251a435e8c9f5c4d1a0579cd => generated 282 bytes in 182 msecs (HTTP/1.1 200) 5 headers in 177 bytes (1 switches on core 0)
Nov 27 22:09:17 user devstack@keystone.service[46359]: DEBUG keystone.server.flask.request_processing.middleware.auth_context [None req-4d975815-f33f-45da-85ba-74cde7914242 None admin] Authenticating user token {{(pid=46359) process_request /opt/stack/data/venv/lib/python3.10/site-packages/keystonemiddleware/auth_token/__init__.py:406}}
Nov 27 22:09:17 user devstack@keystone.service[46361]: DEBUG keystone.server.flask.request_processing.middleware.auth_context [None req-6a890315-0a1f-4be8-9854-b93c5bdc0981 None admin] RBAC: auth_context: {'token': , 'domain_id': None, 'trust_id': None, 'trustor_id': None, 'trustee_id': None, 'domain_name': None, 'group_ids': [], 'user_id': 'dc1aebdb92d4447893df165367a653f4', 'user_domain_id': 'default', 'system_scope': 'all', 'project_id': None, 'project_domain_id': None, 'roles': ['admin', 'manager', 'member', 'reader'], 'is_admin_project': True, 'service_user_id': None, 'service_user_domain_id': None, 'service_project_id': None, 'service_project_domain_id': None, 'service_roles': []} {{(pid=46361) fill_context /opt/stack/keystone/keystone/server/flask/request_processing/middleware/auth_context.py:480}}
Nov 27 22:09:17 user devstack@keystone.service[46361]: DEBUG keystone.server.flask.request_processing.req_logging [None req-6a890315-0a1f-4be8-9854-b93c5bdc0981 None admin] REQUEST_METHOD: `PUT` {{(pid=46361) log_request_info /opt/stack/keystone/keystone/server/flask/request_processing/req_logging.py:27}}
Nov 27 22:09:17 user devstack@keystone.service[46361]: DEBUG keystone.server.flask.request_processing.req_logging [None req-6a890315-0a1f-4be8-9854-b93c5bdc0981 None admin] SCRIPT_NAME: `/identity` {{(pid=46361) log_request_info /opt/stack/keystone/keystone/server/flask/request_processing/req_logging.py:28}}
Nov 27 22:09:17 user devstack@keystone.service[46361]: DEBUG keystone.server.flask.request_processing.req_logging [None req-6a890315-0a1f-4be8-9854-b93c5bdc0981 None admin] PATH_INFO: `/v3/projects/a6e15fd462e8478698b82ae4afeb20ef/users/eab633c4617248279cffc0e689fa47ac/roles/d82642eff4be41e2ab50096fb99c5060` {{(pid=46361) log_request_info /opt/stack/keystone/keystone/server/flask/request_processing/req_logging.py:29}}
Nov 27 22:09:17 user devstack@keystone.service[46361]: DEBUG keystone.common.rbac_enforcer.enforcer [None req-6a890315-0a1f-4be8-9854-b93c5bdc0981 None admin] RBAC: Authorizing `identity:create_grant(project_id=a6e15fd462e8478698b82ae4afeb20ef, user_id=eab633c4617248279cffc0e689fa47ac, role_id=d82642eff4be41e2ab50096fb99c5060)` {{(pid=46361) enforce_call /opt/stack/keystone/keystone/common/rbac_enforcer/enforcer.py:449}}
Nov 27 22:09:17 user devstack@keystone.service[46361]: DEBUG keystone.common.rbac_enforcer.enforcer [None req-6a890315-0a1f-4be8-9854-b93c5bdc0981 None admin] RBAC: Authorization granted {{(pid=46361) enforce_call /opt/stack/keystone/keystone/common/rbac_enforcer/enforcer.py:457}}
Nov 27 22:09:17 user devstack@keystone.service[46361]: [pid: 46361|app: 0|req: 64/182] 10.0.0.210 () {58 vars in 1434 bytes} [Mon Nov 27 22:09:17 2023] PUT /identity/v3/projects/a6e15fd462e8478698b82ae4afeb20ef/users/eab633c4617248279cffc0e689fa47ac/roles/d82642eff4be41e2ab50096fb99c5060 => generated 0 bytes in 154 msecs (HTTP/1.1 204) 3 headers in 132 bytes (0 switches on core 0)
Nov 27 22:09:17 user devstack@keystone.service[46360]: DEBUG keystone.server.flask.request_processing.middleware.auth_context [None req-e1ca649f-b32b-47a5-8af2-b6039eb55370 None admin] Validating token access rules against request {{(pid=46360) validate_allowed_request /opt/stack/data/venv/lib/python3.10/site-packages/keystonemiddleware/auth_token/__init__.py:544}}
Nov 27 22:09:17 user devstack@keystone.service[46360]: DEBUG keystone.server.flask.request_processing.middleware.auth_context [None req-16796574-93bc-4afc-9842-0fefd695c932 None admin] RBAC: auth_context: {'token': , 'domain_id': None, 'trust_id': None, 'trustor_id': None, 'trustee_id': None, 'domain_name': None, 'group_ids': [], 'user_id': 'dc1aebdb92d4447893df165367a653f4', 'user_domain_id': 'default', 'system_scope': 'all', 'project_id': None, 'project_domain_id': None, 'roles': ['admin', 'manager', 'member', 'reader'], 'is_admin_project': True, 'service_user_id': None, 'service_user_domain_id': None, 'service_project_id': None, 'service_project_domain_id': None, 'service_roles': []} {{(pid=46360) fill_context /opt/stack/keystone/keystone/server/flask/request_processing/middleware/auth_context.py:480}}
Nov 27 22:09:17 user devstack@keystone.service[46360]: DEBUG keystone.server.flask.request_processing.req_logging [None req-16796574-93bc-4afc-9842-0fefd695c932 None admin] REQUEST_METHOD: `GET` {{(pid=46360) log_request_info /opt/stack/keystone/keystone/server/flask/request_processing/req_logging.py:27}}
Nov 27 22:09:17 user devstack@keystone.service[46360]: DEBUG keystone.server.flask.request_processing.req_logging [None req-16796574-93bc-4afc-9842-0fefd695c932 None admin] SCRIPT_NAME: `/identity` {{(pid=46360) log_request_info /opt/stack/keystone/keystone/server/flask/request_processing/req_logging.py:28}}
Nov 27 22:09:17 user devstack@keystone.service[46360]: DEBUG keystone.server.flask.request_processing.req_logging [None req-16796574-93bc-4afc-9842-0fefd695c932 None admin] PATH_INFO: `/v3/auth/tokens` {{(pid=46360) log_request_info /opt/stack/keystone/keystone/server/flask/request_processing/req_logging.py:29}}
Nov 27 22:09:17 user devstack@keystone.service[46359]: DEBUG keystone.server.flask.request_processing.middleware.auth_context [None req-4d975815-f33f-45da-85ba-74cde7914242 None admin] Validating token access rules against request {{(pid=46359) validate_allowed_request /opt/stack/data/venv/lib/python3.10/site-packages/keystonemiddleware/auth_token/__init__.py:544}}
Nov 27 22:09:17 user devstack@keystone.service[46359]: DEBUG keystone.server.flask.request_processing.middleware.auth_context [None req-4e4a56a1-1ad7-49d3-862b-8dae8dd38e01 None admin] RBAC: auth_context: {'token': , 'domain_id': None, 'trust_id': None, 'trustor_id': None, 'trustee_id': None, 'domain_name': None, 'group_ids': [], 'user_id': 'dc1aebdb92d4447893df165367a653f4', 'user_domain_id': 'default', 'system_scope': 'all', 'project_id': None, 'project_domain_id': None, 'roles': ['admin', 'manager', 'member', 'reader'], 'is_admin_project': True, 'service_user_id': None, 'service_user_domain_id': None, 'service_project_id': None, 'service_project_domain_id': None, 'service_roles': []} {{(pid=46359) fill_context /opt/stack/keystone/keystone/server/flask/request_processing/middleware/auth_context.py:480}}
Nov 27 22:09:17 user devstack@keystone.service[46359]: DEBUG keystone.server.flask.request_processing.req_logging [None req-4e4a56a1-1ad7-49d3-862b-8dae8dd38e01 None admin] REQUEST_METHOD: `GET` {{(pid=46359) log_request_info /opt/stack/keystone/keystone/server/flask/request_processing/req_logging.py:27}}
Nov 27 22:09:17 user devstack@keystone.service[46359]: DEBUG keystone.server.flask.request_processing.req_logging [None req-4e4a56a1-1ad7-49d3-862b-8dae8dd38e01 None admin] SCRIPT_NAME: `/identity` {{(pid=46359) log_request_info /opt/stack/keystone/keystone/server/flask/request_processing/req_logging.py:28}}
Nov 27 22:09:17 user devstack@keystone.service[46359]: DEBUG keystone.server.flask.request_processing.req_logging [None req-4e4a56a1-1ad7-49d3-862b-8dae8dd38e01 None admin] PATH_INFO: `/v3/auth/tokens` {{(pid=46359) log_request_info /opt/stack/keystone/keystone/server/flask/request_processing/req_logging.py:29}}
Nov 27 22:09:17 user devstack@keystone.service[46360]: DEBUG keystone.common.rbac_enforcer.enforcer [None req-16796574-93bc-4afc-9842-0fefd695c932 None admin] RBAC: Authorizing `identity:validate_token()` {{(pid=46360) enforce_call /opt/stack/keystone/keystone/common/rbac_enforcer/enforcer.py:449}}
Nov 27 22:09:17 user devstack@keystone.service[46360]: DEBUG keystone.common.rbac_enforcer.enforcer [None req-16796574-93bc-4afc-9842-0fefd695c932 None admin] RBAC: Authorization granted {{(pid=46360) enforce_call /opt/stack/keystone/keystone/common/rbac_enforcer/enforcer.py:457}}
Nov 27 22:09:17 user devstack@keystone.service[46359]: DEBUG keystone.common.rbac_enforcer.enforcer [None req-4e4a56a1-1ad7-49d3-862b-8dae8dd38e01 None admin] RBAC: Authorizing `identity:validate_token()` {{(pid=46359) enforce_call /opt/stack/keystone/keystone/common/rbac_enforcer/enforcer.py:449}}
Nov 27 22:09:17 user devstack@keystone.service[46359]: DEBUG keystone.common.rbac_enforcer.enforcer [None req-4e4a56a1-1ad7-49d3-862b-8dae8dd38e01 None admin] RBAC: Authorization granted {{(pid=46359) enforce_call /opt/stack/keystone/keystone/common/rbac_enforcer/enforcer.py:457}}
Nov 27 22:09:17 user devstack@keystone.service[46360]: [pid: 46360|app: 0|req: 59/183] 10.0.0.210 () {58 vars in 1277 bytes} [Mon Nov 27 22:09:17 2023] GET /identity/v3/auth/tokens => generated 861 bytes in 328 msecs (HTTP/1.1 200) 6 headers in 358 bytes (1 switches on core 0)
Nov 27 22:09:17 user devstack@keystone.service[46361]: DEBUG keystone.server.flask.request_processing.middleware.auth_context [None req-6a890315-0a1f-4be8-9854-b93c5bdc0981 None admin] Authenticating user token {{(pid=46361) process_request /opt/stack/data/venv/lib/python3.10/site-packages/keystonemiddleware/auth_token/__init__.py:406}}
Nov 27 22:09:17 user devstack@keystone.service[46359]: [pid: 46359|app: 0|req: 61/184] 10.0.0.210 () {58 vars in 1277 bytes} [Mon Nov 27 22:09:17 2023] GET /identity/v3/auth/tokens => generated 861 bytes in 355 msecs (HTTP/1.1 200) 6 headers in 358 bytes (2 switches on core 0)
Nov 27 22:09:17 user devstack@keystone.service[46360]: DEBUG keystone.server.flask.request_processing.middleware.auth_context [None req-16796574-93bc-4afc-9842-0fefd695c932 None admin] Authenticating user token {{(pid=46360) process_request /opt/stack/data/venv/lib/python3.10/site-packages/keystonemiddleware/auth_token/__init__.py:406}}
Nov 27 22:09:17 user devstack@keystone.service[46361]: DEBUG keystone.server.flask.request_processing.middleware.auth_context [None req-6a890315-0a1f-4be8-9854-b93c5bdc0981 None admin] Validating token access rules against request {{(pid=46361) validate_allowed_request /opt/stack/data/venv/lib/python3.10/site-packages/keystonemiddleware/auth_token/__init__.py:544}}
Nov 27 22:09:17 user devstack@keystone.service[46361]: DEBUG keystone.server.flask.request_processing.middleware.auth_context [None req-69eca8eb-59b5-4ecd-bc1d-ab8f1c160060 None admin] RBAC: auth_context: {'token': , 'domain_id': None, 'trust_id': None, 'trustor_id': None, 'trustee_id': None, 'domain_name': None, 'group_ids': [], 'user_id': 'dc1aebdb92d4447893df165367a653f4', 'user_domain_id': 'default', 'system_scope': 'all', 'project_id': None, 'project_domain_id': None, 'roles': ['admin', 'manager', 'member', 'reader'], 'is_admin_project': True, 'service_user_id': None, 'service_user_domain_id': None, 'service_project_id': None, 'service_project_domain_id': None, 'service_roles': []} {{(pid=46361) fill_context /opt/stack/keystone/keystone/server/flask/request_processing/middleware/auth_context.py:480}}
Nov 27 22:09:17 user devstack@keystone.service[46361]: DEBUG keystone.server.flask.request_processing.req_logging [None req-69eca8eb-59b5-4ecd-bc1d-ab8f1c160060 None admin] REQUEST_METHOD: `GET` {{(pid=46361) log_request_info /opt/stack/keystone/keystone/server/flask/request_processing/req_logging.py:27}}
Nov 27 22:09:17 user devstack@keystone.service[46361]: DEBUG keystone.server.flask.request_processing.req_logging [None req-69eca8eb-59b5-4ecd-bc1d-ab8f1c160060 None admin] SCRIPT_NAME: `/identity` {{(pid=46361) log_request_info /opt/stack/keystone/keystone/server/flask/request_processing/req_logging.py:28}}
Nov 27 22:09:17 user devstack@keystone.service[46361]: DEBUG keystone.server.flask.request_processing.req_logging [None req-69eca8eb-59b5-4ecd-bc1d-ab8f1c160060 None admin] PATH_INFO: `/v3/projects/a6e15fd462e8478698b82ae4afeb20ef` {{(pid=46361) log_request_info /opt/stack/keystone/keystone/server/flask/request_processing/req_logging.py:29}}
Nov 27 22:09:17 user devstack@keystone.service[46361]: DEBUG keystone.common.rbac_enforcer.enforcer [None req-69eca8eb-59b5-4ecd-bc1d-ab8f1c160060 None admin] RBAC: Authorizing `identity:get_project(project_id=a6e15fd462e8478698b82ae4afeb20ef)` {{(pid=46361) enforce_call /opt/stack/keystone/keystone/common/rbac_enforcer/enforcer.py:449}}
Nov 27 22:09:17 user devstack@keystone.service[46361]: DEBUG keystone.common.rbac_enforcer.enforcer [None req-69eca8eb-59b5-4ecd-bc1d-ab8f1c160060 None admin] RBAC: Authorization granted {{(pid=46361) enforce_call /opt/stack/keystone/keystone/common/rbac_enforcer/enforcer.py:457}}
Nov 27 22:09:17 user devstack@keystone.service[46361]: [pid: 46361|app: 0|req: 65/185] 10.0.0.210 () {56 vars in 1181 bytes} [Mon Nov 27 22:09:17 2023] GET /identity/v3/projects/a6e15fd462e8478698b82ae4afeb20ef => generated 301 bytes in 148 msecs (HTTP/1.1 200) 5 headers in 177 bytes (1 switches on core 0)
Nov 27 22:09:17 user devstack@keystone.service[46359]: DEBUG keystone.server.flask.request_processing.middleware.auth_context [None req-4e4a56a1-1ad7-49d3-862b-8dae8dd38e01 None admin] Authenticating user token {{(pid=46359) process_request /opt/stack/data/venv/lib/python3.10/site-packages/keystonemiddleware/auth_token/__init__.py:406}}
Nov 27 22:09:17 user devstack@keystone.service[46360]: DEBUG keystone.server.flask.request_processing.middleware.auth_context [None req-16796574-93bc-4afc-9842-0fefd695c932 None admin] Validating token access rules against request {{(pid=46360) validate_allowed_request /opt/stack/data/venv/lib/python3.10/site-packages/keystonemiddleware/auth_token/__init__.py:544}}
Nov 27 22:09:17 user devstack@keystone.service[46360]: DEBUG keystone.server.flask.request_processing.middleware.auth_context [None req-ea374913-7e38-4edc-bd4b-7a55e1d7c254 None admin] RBAC: auth_context: {'token': , 'domain_id': None, 'trust_id': None, 'trustor_id': None, 'trustee_id': None, 'domain_name': None, 'group_ids': [], 'user_id': 'dc1aebdb92d4447893df165367a653f4', 'user_domain_id': 'default', 'system_scope': 'all', 'project_id': None, 'project_domain_id': None, 'roles': ['admin', 'manager', 'member', 'reader'], 'is_admin_project': True, 'service_user_id': None, 'service_user_domain_id': None, 'service_project_id': None, 'service_project_domain_id': None, 'service_roles': []} {{(pid=46360) fill_context /opt/stack/keystone/keystone/server/flask/request_processing/middleware/auth_context.py:480}}
Nov 27 22:09:17 user devstack@keystone.service[46360]: DEBUG keystone.server.flask.request_processing.req_logging [None req-ea374913-7e38-4edc-bd4b-7a55e1d7c254 None admin] REQUEST_METHOD: `GET` {{(pid=46360) log_request_info /opt/stack/keystone/keystone/server/flask/request_processing/req_logging.py:27}}
Nov 27 22:09:17 user devstack@keystone.service[46360]: DEBUG keystone.server.flask.request_processing.req_logging [None req-ea374913-7e38-4edc-bd4b-7a55e1d7c254 None admin] SCRIPT_NAME: `/identity` {{(pid=46360) log_request_info /opt/stack/keystone/keystone/server/flask/request_processing/req_logging.py:28}}
Nov 27 22:09:17 user devstack@keystone.service[46360]: DEBUG keystone.server.flask.request_processing.req_logging [None req-ea374913-7e38-4edc-bd4b-7a55e1d7c254 None admin] PATH_INFO: `/v3/projects/a6e15fd462e8478698b82ae4afeb20ef` {{(pid=46360) log_request_info /opt/stack/keystone/keystone/server/flask/request_processing/req_logging.py:29}}
Nov 27 22:09:17 user devstack@keystone.service[46360]: DEBUG keystone.common.rbac_enforcer.enforcer [None req-ea374913-7e38-4edc-bd4b-7a55e1d7c254 None admin] RBAC: Authorizing `identity:get_project(project_id=a6e15fd462e8478698b82ae4afeb20ef)` {{(pid=46360) enforce_call /opt/stack/keystone/keystone/common/rbac_enforcer/enforcer.py:449}}
Nov 27 22:09:17 user devstack@keystone.service[46360]: DEBUG keystone.common.rbac_enforcer.enforcer [None req-ea374913-7e38-4edc-bd4b-7a55e1d7c254 None admin] RBAC: Authorization granted {{(pid=46360) enforce_call /opt/stack/keystone/keystone/common/rbac_enforcer/enforcer.py:457}}
Nov 27 22:09:17 user devstack@keystone.service[46360]: [pid: 46360|app: 0|req: 60/186] 10.0.0.210 () {56 vars in 1181 bytes} [Mon Nov 27 22:09:17 2023] GET /identity/v3/projects/a6e15fd462e8478698b82ae4afeb20ef => generated 301 bytes in 143 msecs (HTTP/1.1 200) 5 headers in 177 bytes (1 switches on core 0)
Nov 27 22:09:17 user devstack@keystone.service[46361]: DEBUG keystone.server.flask.request_processing.middleware.auth_context [None req-69eca8eb-59b5-4ecd-bc1d-ab8f1c160060 None admin] Authenticating user token {{(pid=46361) process_request /opt/stack/data/venv/lib/python3.10/site-packages/keystonemiddleware/auth_token/__init__.py:406}}
Nov 27 22:09:17 user devstack@keystone.service[46359]: DEBUG keystone.server.flask.request_processing.middleware.auth_context [None req-4e4a56a1-1ad7-49d3-862b-8dae8dd38e01 None admin] Validating token access rules against request {{(pid=46359) validate_allowed_request /opt/stack/data/venv/lib/python3.10/site-packages/keystonemiddleware/auth_token/__init__.py:544}}
Nov 27 22:09:17 user devstack@keystone.service[46359]: DEBUG keystone.server.flask.request_processing.middleware.auth_context [None req-8ef4c39f-abde-4260-aa30-7baecdfed9ef None admin] RBAC: auth_context: {'token': , 'domain_id': None, 'trust_id': None, 'trustor_id': None, 'trustee_id': None, 'domain_name': None, 'group_ids': [], 'user_id': 'dc1aebdb92d4447893df165367a653f4', 'user_domain_id': 'default', 'system_scope': 'all', 'project_id': None, 'project_domain_id': None, 'roles': ['admin', 'manager', 'member', 'reader'], 'is_admin_project': True, 'service_user_id': None, 'service_user_domain_id': None, 'service_project_id': None, 'service_project_domain_id': None, 'service_roles': []} {{(pid=46359) fill_context /opt/stack/keystone/keystone/server/flask/request_processing/middleware/auth_context.py:480}}
Nov 27 22:09:17 user devstack@keystone.service[46359]: DEBUG keystone.server.flask.request_processing.req_logging [None req-8ef4c39f-abde-4260-aa30-7baecdfed9ef None admin] REQUEST_METHOD: `GET` {{(pid=46359) log_request_info /opt/stack/keystone/keystone/server/flask/request_processing/req_logging.py:27}}
Nov 27 22:09:17 user devstack@keystone.service[46359]: DEBUG keystone.server.flask.request_processing.req_logging [None req-8ef4c39f-abde-4260-aa30-7baecdfed9ef None admin] SCRIPT_NAME: `/identity` {{(pid=46359) log_request_info /opt/stack/keystone/keystone/server/flask/request_processing/req_logging.py:28}}
Nov 27 22:09:17 user devstack@keystone.service[46359]: DEBUG keystone.server.flask.request_processing.req_logging [None req-8ef4c39f-abde-4260-aa30-7baecdfed9ef None admin] PATH_INFO: `/v3/role_assignments` {{(pid=46359) log_request_info /opt/stack/keystone/keystone/server/flask/request_processing/req_logging.py:29}}
Nov 27 22:09:17 user devstack@keystone.service[46359]: DEBUG keystone.common.rbac_enforcer.enforcer [None req-8ef4c39f-abde-4260-aa30-7baecdfed9ef None admin] RBAC: Adding query filter params (role.id=d4fb5e0f296c43b583d187cb6552ea0c, scope.project.id=a6e15fd462e8478698b82ae4afeb20ef, user.id=ff4224cb251a435e8c9f5c4d1a0579cd) {{(pid=46359) _extract_filter_values /opt/stack/keystone/keystone/common/rbac_enforcer/enforcer.py:167}}
Nov 27 22:09:17 user devstack@keystone.service[46359]: DEBUG keystone.common.rbac_enforcer.enforcer [None req-8ef4c39f-abde-4260-aa30-7baecdfed9ef None admin] RBAC: Authorizing `identity:list_role_assignments()` {{(pid=46359) enforce_call /opt/stack/keystone/keystone/common/rbac_enforcer/enforcer.py:449}}
Nov 27 22:09:17 user devstack@keystone.service[46359]: DEBUG keystone.common.rbac_enforcer.enforcer [None req-8ef4c39f-abde-4260-aa30-7baecdfed9ef None admin] RBAC: Authorization granted {{(pid=46359) enforce_call /opt/stack/keystone/keystone/common/rbac_enforcer/enforcer.py:457}}
Nov 27 22:09:17 user devstack@keystone.service[46359]: [pid: 46359|app: 0|req: 62/187] 10.0.0.210 () {56 vars in 1369 bytes} [Mon Nov 27 22:09:17 2023] GET /identity/v3/role_assignments?user.id=ff4224cb251a435e8c9f5c4d1a0579cd&scope.project.id=a6e15fd462e8478698b82ae4afeb20ef&role.id=d4fb5e0f296c43b583d187cb6552ea0c => generated 606 bytes in 140 msecs (HTTP/1.1 200) 5 headers in 177 bytes (1 switches on core 0)
Nov 27 22:09:17 user devstack@keystone.service[46361]: DEBUG keystone.server.flask.request_processing.middleware.auth_context [None req-69eca8eb-59b5-4ecd-bc1d-ab8f1c160060 None admin] Validating token access rules against request {{(pid=46361) validate_allowed_request /opt/stack/data/venv/lib/python3.10/site-packages/keystonemiddleware/auth_token/__init__.py:544}}
Nov 27 22:09:17 user devstack@keystone.service[46361]: DEBUG keystone.server.flask.request_processing.middleware.auth_context [None req-355e3cb0-00c5-4010-9b65-c692ba6d680e None admin] RBAC: auth_context: {'token': , 'domain_id': None, 'trust_id': None, 'trustor_id': None, 'trustee_id': None, 'domain_name': None, 'group_ids': [], 'user_id': 'dc1aebdb92d4447893df165367a653f4', 'user_domain_id': 'default', 'system_scope': 'all', 'project_id': None, 'project_domain_id': None, 'roles': ['admin', 'manager', 'member', 'reader'], 'is_admin_project': True, 'service_user_id': None, 'service_user_domain_id': None, 'service_project_id': None, 'service_project_domain_id': None, 'service_roles': []} {{(pid=46361) fill_context /opt/stack/keystone/keystone/server/flask/request_processing/middleware/auth_context.py:480}}
Nov 27 22:09:17 user devstack@keystone.service[46361]: DEBUG keystone.server.flask.request_processing.req_logging [None req-355e3cb0-00c5-4010-9b65-c692ba6d680e None admin] REQUEST_METHOD: `GET` {{(pid=46361) log_request_info /opt/stack/keystone/keystone/server/flask/request_processing/req_logging.py:27}}
Nov 27 22:09:17 user devstack@keystone.service[46361]: DEBUG keystone.server.flask.request_processing.req_logging [None req-355e3cb0-00c5-4010-9b65-c692ba6d680e None admin] SCRIPT_NAME: `/identity` {{(pid=46361) log_request_info /opt/stack/keystone/keystone/server/flask/request_processing/req_logging.py:28}}
Nov 27 22:09:17 user devstack@keystone.service[46361]: DEBUG keystone.server.flask.request_processing.req_logging [None req-355e3cb0-00c5-4010-9b65-c692ba6d680e None admin] PATH_INFO: `/v3/role_assignments` {{(pid=46361) log_request_info /opt/stack/keystone/keystone/server/flask/request_processing/req_logging.py:29}}
Nov 27 22:09:17 user devstack@keystone.service[46361]: DEBUG keystone.common.rbac_enforcer.enforcer [None req-355e3cb0-00c5-4010-9b65-c692ba6d680e None admin] RBAC: Adding query filter params (role.id=d4c49a33a03740e1ba6d88229b0737d1, scope.project.id=a6e15fd462e8478698b82ae4afeb20ef, user.id=ff4224cb251a435e8c9f5c4d1a0579cd) {{(pid=46361) _extract_filter_values /opt/stack/keystone/keystone/common/rbac_enforcer/enforcer.py:167}}
Nov 27 22:09:17 user devstack@keystone.service[46361]: DEBUG keystone.common.rbac_enforcer.enforcer [None req-355e3cb0-00c5-4010-9b65-c692ba6d680e None admin] RBAC: Authorizing `identity:list_role_assignments()` {{(pid=46361) enforce_call /opt/stack/keystone/keystone/common/rbac_enforcer/enforcer.py:449}}
Nov 27 22:09:17 user devstack@keystone.service[46361]: DEBUG keystone.common.rbac_enforcer.enforcer [None req-355e3cb0-00c5-4010-9b65-c692ba6d680e None admin] RBAC: Authorization granted {{(pid=46361) enforce_call /opt/stack/keystone/keystone/common/rbac_enforcer/enforcer.py:457}}
Nov 27 22:09:17 user devstack@keystone.service[46361]: [pid: 46361|app: 0|req: 66/188] 10.0.0.210 () {56 vars in 1369 bytes} [Mon Nov 27 22:09:17 2023] GET /identity/v3/role_assignments?user.id=ff4224cb251a435e8c9f5c4d1a0579cd&scope.project.id=a6e15fd462e8478698b82ae4afeb20ef&role.id=d4c49a33a03740e1ba6d88229b0737d1 => generated 606 bytes in 135 msecs (HTTP/1.1 200) 5 headers in 177 bytes (1 switches on core 0)
Nov 27 22:09:18 user devstack@keystone.service[46360]: DEBUG keystone.server.flask.request_processing.req_logging [None req-eef26517-ef24-48c3-bf3a-7cc8d83a91a7 None None] REQUEST_METHOD: `GET` {{(pid=46360) log_request_info /opt/stack/keystone/keystone/server/flask/request_processing/req_logging.py:27}}
Nov 27 22:09:18 user devstack@keystone.service[46360]: DEBUG keystone.server.flask.request_processing.req_logging [None req-eef26517-ef24-48c3-bf3a-7cc8d83a91a7 None None] SCRIPT_NAME: `/identity` {{(pid=46360) log_request_info /opt/stack/keystone/keystone/server/flask/request_processing/req_logging.py:28}}
Nov 27 22:09:18 user devstack@keystone.service[46360]: DEBUG keystone.server.flask.request_processing.req_logging [None req-eef26517-ef24-48c3-bf3a-7cc8d83a91a7 None None] PATH_INFO: `/` {{(pid=46360) log_request_info /opt/stack/keystone/keystone/server/flask/request_processing/req_logging.py:29}}
Nov 27 22:09:18 user devstack@keystone.service[46360]: [pid: 46360|app: 0|req: 61/189] 10.0.0.210 () {54 vars in 921 bytes} [Mon Nov 27 22:09:18 2023] GET /identity => generated 269 bytes in 3 msecs (HTTP/1.1 300) 6 headers in 233 bytes (1 switches on core 0)
Nov 27 22:09:18 user devstack@keystone.service[46359]: DEBUG keystone.server.flask.request_processing.req_logging [None req-8f8f6833-9de7-4234-a58f-cf04f261bf08 None None] REQUEST_METHOD: `POST` {{(pid=46359) log_request_info /opt/stack/keystone/keystone/server/flask/request_processing/req_logging.py:27}}
Nov 27 22:09:18 user devstack@keystone.service[46359]: DEBUG keystone.server.flask.request_processing.req_logging [None req-8f8f6833-9de7-4234-a58f-cf04f261bf08 None None] SCRIPT_NAME: `/identity` {{(pid=46359) log_request_info /opt/stack/keystone/keystone/server/flask/request_processing/req_logging.py:28}}
Nov 27 22:09:18 user devstack@keystone.service[46359]: DEBUG keystone.server.flask.request_processing.req_logging [None req-8f8f6833-9de7-4234-a58f-cf04f261bf08 None None] PATH_INFO: `/v3/auth/tokens` {{(pid=46359) log_request_info /opt/stack/keystone/keystone/server/flask/request_processing/req_logging.py:29}}
Nov 27 22:09:18 user devstack@keystone.service[46361]: DEBUG keystone.server.flask.request_processing.req_logging [None req-aa822a1f-67c8-4f4a-ad18-b60cbf089db9 None None] REQUEST_METHOD: `GET` {{(pid=46361) log_request_info /opt/stack/keystone/keystone/server/flask/request_processing/req_logging.py:27}}
Nov 27 22:09:18 user devstack@keystone.service[46361]: DEBUG keystone.server.flask.request_processing.req_logging [None req-aa822a1f-67c8-4f4a-ad18-b60cbf089db9 None None] SCRIPT_NAME: `/identity` {{(pid=46361) log_request_info /opt/stack/keystone/keystone/server/flask/request_processing/req_logging.py:28}}
Nov 27 22:09:18 user devstack@keystone.service[46361]: DEBUG keystone.server.flask.request_processing.req_logging [None req-aa822a1f-67c8-4f4a-ad18-b60cbf089db9 None None] PATH_INFO: `/` {{(pid=46361) log_request_info /opt/stack/keystone/keystone/server/flask/request_processing/req_logging.py:29}}
Nov 27 22:09:18 user devstack@keystone.service[46361]: [pid: 46361|app: 0|req: 67/190] 10.0.0.210 () {54 vars in 921 bytes} [Mon Nov 27 22:09:18 2023] GET /identity => generated 269 bytes in 3 msecs (HTTP/1.1 300) 6 headers in 233 bytes (1 switches on core 0)
Nov 27 22:09:18 user devstack@keystone.service[46360]: DEBUG keystone.server.flask.request_processing.req_logging [None req-92ce7733-7b85-4f00-9f8b-460ab46eb97b None None] REQUEST_METHOD: `POST` {{(pid=46360) log_request_info /opt/stack/keystone/keystone/server/flask/request_processing/req_logging.py:27}}
Nov 27 22:09:18 user devstack@keystone.service[46360]: DEBUG keystone.server.flask.request_processing.req_logging [None req-92ce7733-7b85-4f00-9f8b-460ab46eb97b None None] SCRIPT_NAME: `/identity` {{(pid=46360) log_request_info /opt/stack/keystone/keystone/server/flask/request_processing/req_logging.py:28}}
Nov 27 22:09:18 user devstack@keystone.service[46360]: DEBUG keystone.server.flask.request_processing.req_logging [None req-92ce7733-7b85-4f00-9f8b-460ab46eb97b None None] PATH_INFO: `/v3/auth/tokens` {{(pid=46360) log_request_info /opt/stack/keystone/keystone/server/flask/request_processing/req_logging.py:29}}
Nov 27 22:09:18 user devstack@keystone.service[46359]: WARNING keystone.common.password_hashing [None req-8f8f6833-9de7-4234-a58f-cf04f261bf08 None None] Truncating password to algorithm specific maximum length 72 characters.
Nov 27 22:09:18 user devstack@keystone.service[46359]: DEBUG keystone.auth.core [None req-8f8f6833-9de7-4234-a58f-cf04f261bf08 None None] MFA Rules not processed for user `dc1aebdb92d4447893df165367a653f4`. Rule list: `[]` (Enabled: `True`). {{(pid=46359) check_auth_methods_against_rules /opt/stack/keystone/keystone/auth/core.py:438}}
Nov 27 22:09:18 user devstack@keystone.service[46359]: DEBUG keystone.common.fernet_utils [None req-8f8f6833-9de7-4234-a58f-cf04f261bf08 None None] Loaded 2 Fernet keys from /etc/keystone/fernet-keys/, but `[fernet_tokens] max_active_keys = 3`; perhaps there have not been enough key rotations to reach `max_active_keys` yet? {{(pid=46359) load_keys /opt/stack/keystone/keystone/common/fernet_utils.py:286}}
Nov 27 22:09:18 user devstack@keystone.service[46360]: WARNING keystone.common.password_hashing [None req-92ce7733-7b85-4f00-9f8b-460ab46eb97b None None] Truncating password to algorithm specific maximum length 72 characters.
Nov 27 22:09:18 user devstack@keystone.service[46360]: DEBUG keystone.auth.core [None req-92ce7733-7b85-4f00-9f8b-460ab46eb97b None None] MFA Rules not processed for user `dc1aebdb92d4447893df165367a653f4`. Rule list: `[]` (Enabled: `True`). {{(pid=46360) check_auth_methods_against_rules /opt/stack/keystone/keystone/auth/core.py:438}}
Nov 27 22:09:18 user devstack@keystone.service[46360]: DEBUG keystone.common.fernet_utils [None req-92ce7733-7b85-4f00-9f8b-460ab46eb97b None None] Loaded 2 Fernet keys from /etc/keystone/fernet-keys/, but `[fernet_tokens] max_active_keys = 3`; perhaps there have not been enough key rotations to reach `max_active_keys` yet? {{(pid=46360) load_keys /opt/stack/keystone/keystone/common/fernet_utils.py:286}}
Nov 27 22:09:18 user devstack@keystone.service[46359]: [pid: 46359|app: 0|req: 63/191] 10.0.0.210 () {58 vars in 1018 bytes} [Mon Nov 27 22:09:18 2023] POST /identity/v3/auth/tokens => generated 861 bytes in 94 msecs (HTTP/1.1 201) 6 headers in 363 bytes (1 switches on core 0)
Nov 27 22:09:18 user devstack@keystone.service[46360]: [pid: 46360|app: 0|req: 62/192] 10.0.0.210 () {58 vars in 1018 bytes} [Mon Nov 27 22:09:18 2023] POST /identity/v3/auth/tokens => generated 861 bytes in 101 msecs (HTTP/1.1 201) 6 headers in 363 bytes (1 switches on core 0)
Nov 27 22:09:18 user devstack@keystone.service[46361]: DEBUG keystone.server.flask.request_processing.req_logging [None req-6b3d3e37-a3cb-4f31-ab4d-5f5aff8ff6d9 None None] REQUEST_METHOD: `GET` {{(pid=46361) log_request_info /opt/stack/keystone/keystone/server/flask/request_processing/req_logging.py:27}}
Nov 27 22:09:18 user devstack@keystone.service[46361]: DEBUG keystone.server.flask.request_processing.req_logging [None req-6b3d3e37-a3cb-4f31-ab4d-5f5aff8ff6d9 None None] SCRIPT_NAME: `/identity` {{(pid=46361) log_request_info /opt/stack/keystone/keystone/server/flask/request_processing/req_logging.py:28}}
Nov 27 22:09:18 user devstack@keystone.service[46361]: DEBUG keystone.server.flask.request_processing.req_logging [None req-6b3d3e37-a3cb-4f31-ab4d-5f5aff8ff6d9 None None] PATH_INFO: `/` {{(pid=46361) log_request_info /opt/stack/keystone/keystone/server/flask/request_processing/req_logging.py:29}}
Nov 27 22:09:18 user devstack@keystone.service[46361]: [pid: 46361|app: 0|req: 68/193] 10.0.0.210 () {54 vars in 921 bytes} [Mon Nov 27 22:09:18 2023] GET /identity => generated 269 bytes in 3 msecs (HTTP/1.1 300) 6 headers in 233 bytes (1 switches on core 0)
Nov 27 22:09:18 user devstack@keystone.service[46359]: DEBUG keystone.server.flask.request_processing.req_logging [None req-9514e767-f6bf-4b5f-8b4a-7b6555ad5f72 None None] REQUEST_METHOD: `POST` {{(pid=46359) log_request_info /opt/stack/keystone/keystone/server/flask/request_processing/req_logging.py:27}}
Nov 27 22:09:18 user devstack@keystone.service[46359]: DEBUG keystone.server.flask.request_processing.req_logging [None req-9514e767-f6bf-4b5f-8b4a-7b6555ad5f72 None None] SCRIPT_NAME: `/identity` {{(pid=46359) log_request_info /opt/stack/keystone/keystone/server/flask/request_processing/req_logging.py:28}}
Nov 27 22:09:18 user devstack@keystone.service[46359]: DEBUG keystone.server.flask.request_processing.req_logging [None req-9514e767-f6bf-4b5f-8b4a-7b6555ad5f72 None None] PATH_INFO: `/v3/auth/tokens` {{(pid=46359) log_request_info /opt/stack/keystone/keystone/server/flask/request_processing/req_logging.py:29}}
Nov 27 22:09:18 user devstack@keystone.service[46359]: WARNING keystone.common.password_hashing [None req-9514e767-f6bf-4b5f-8b4a-7b6555ad5f72 None None] Truncating password to algorithm specific maximum length 72 characters.
Nov 27 22:09:18 user devstack@keystone.service[46359]: DEBUG keystone.auth.core [None req-9514e767-f6bf-4b5f-8b4a-7b6555ad5f72 None None] MFA Rules not processed for user `dc1aebdb92d4447893df165367a653f4`. Rule list: `[]` (Enabled: `True`). {{(pid=46359) check_auth_methods_against_rules /opt/stack/keystone/keystone/auth/core.py:438}}
Nov 27 22:09:18 user devstack@keystone.service[46359]: DEBUG keystone.common.fernet_utils [None req-9514e767-f6bf-4b5f-8b4a-7b6555ad5f72 None None] Loaded 2 Fernet keys from /etc/keystone/fernet-keys/, but `[fernet_tokens] max_active_keys = 3`; perhaps there have not been enough key rotations to reach `max_active_keys` yet? {{(pid=46359) load_keys /opt/stack/keystone/keystone/common/fernet_utils.py:286}}
Nov 27 22:09:19 user devstack@keystone.service[46359]: [pid: 46359|app: 0|req: 64/194] 10.0.0.210 () {58 vars in 1018 bytes} [Mon Nov 27 22:09:18 2023] POST /identity/v3/auth/tokens => generated 861 bytes in 89 msecs (HTTP/1.1 201) 6 headers in 363 bytes (1 switches on core 0)
Nov 27 22:09:19 user devstack@keystone.service[46360]: DEBUG keystone.server.flask.request_processing.middleware.auth_context [None req-92ce7733-7b85-4f00-9f8b-460ab46eb97b None None] Authenticating user token {{(pid=46360) process_request /opt/stack/data/venv/lib/python3.10/site-packages/keystonemiddleware/auth_token/__init__.py:406}}
Nov 27 22:09:19 user devstack@keystone.service[46361]: DEBUG keystone.server.flask.request_processing.middleware.auth_context [None req-6b3d3e37-a3cb-4f31-ab4d-5f5aff8ff6d9 None None] Authenticating user token {{(pid=46361) process_request /opt/stack/data/venv/lib/python3.10/site-packages/keystonemiddleware/auth_token/__init__.py:406}}
Nov 27 22:09:19 user devstack@keystone.service[46360]: DEBUG keystone.server.flask.request_processing.middleware.auth_context [None req-92ce7733-7b85-4f00-9f8b-460ab46eb97b None None] Validating token access rules against request {{(pid=46360) validate_allowed_request /opt/stack/data/venv/lib/python3.10/site-packages/keystonemiddleware/auth_token/__init__.py:544}}
Nov 27 22:09:19 user devstack@keystone.service[46361]: DEBUG keystone.server.flask.request_processing.middleware.auth_context [None req-6b3d3e37-a3cb-4f31-ab4d-5f5aff8ff6d9 None None] Validating token access rules against request {{(pid=46361) validate_allowed_request /opt/stack/data/venv/lib/python3.10/site-packages/keystonemiddleware/auth_token/__init__.py:544}}
Nov 27 22:09:19 user devstack@keystone.service[46360]: DEBUG keystone.server.flask.request_processing.middleware.auth_context [None req-38ff4f27-c41a-4b9d-8324-085f012168be None admin] RBAC: auth_context: {'token': , 'domain_id': None, 'trust_id': None, 'trustor_id': None, 'trustee_id': None, 'domain_name': None, 'group_ids': [], 'user_id': 'dc1aebdb92d4447893df165367a653f4', 'user_domain_id': 'default', 'system_scope': 'all', 'project_id': None, 'project_domain_id': None, 'roles': ['admin', 'manager', 'member', 'reader'], 'is_admin_project': True, 'service_user_id': None, 'service_user_domain_id': None, 'service_project_id': None, 'service_project_domain_id': None, 'service_roles': []} {{(pid=46360) fill_context /opt/stack/keystone/keystone/server/flask/request_processing/middleware/auth_context.py:480}}
Nov 27 22:09:19 user devstack@keystone.service[46360]: DEBUG keystone.server.flask.request_processing.req_logging [None req-38ff4f27-c41a-4b9d-8324-085f012168be None admin] REQUEST_METHOD: `GET` {{(pid=46360) log_request_info /opt/stack/keystone/keystone/server/flask/request_processing/req_logging.py:27}}
Nov 27 22:09:19 user devstack@keystone.service[46360]: DEBUG keystone.server.flask.request_processing.req_logging [None req-38ff4f27-c41a-4b9d-8324-085f012168be None admin] SCRIPT_NAME: `/identity` {{(pid=46360) log_request_info /opt/stack/keystone/keystone/server/flask/request_processing/req_logging.py:28}}
Nov 27 22:09:19 user devstack@keystone.service[46360]: DEBUG keystone.server.flask.request_processing.req_logging [None req-38ff4f27-c41a-4b9d-8324-085f012168be None admin] PATH_INFO: `/v3/roles/reader` {{(pid=46360) log_request_info /opt/stack/keystone/keystone/server/flask/request_processing/req_logging.py:29}}
Nov 27 22:09:19 user devstack@keystone.service[46360]: DEBUG keystone.common.rbac_enforcer.enforcer [None req-38ff4f27-c41a-4b9d-8324-085f012168be None admin] Extracting inferred target data resulted in "NOT FOUND (404)". {{(pid=46360) enforce_call /opt/stack/keystone/keystone/common/rbac_enforcer/enforcer.py:409}}
Nov 27 22:09:19 user devstack@keystone.service[46360]: ERROR keystone.server.flask.application [None req-38ff4f27-c41a-4b9d-8324-085f012168be None admin] Could not find role: reader.: keystone.exception.RoleNotFound: Could not find role: reader.
Nov 27 22:09:19 user devstack@keystone.service[46360]: ERROR keystone.server.flask.application
Traceback (most recent call last):
Nov 27 22:09:19 user devstack@keystone.service[46360]: ERROR keystone.server.flask.application
File "/opt/stack/data/venv/lib/python3.10/site-packages/flask/app.py", line 1823, in full_dispatch_request
Nov 27 22:09:19 user devstack@keystone.service[46360]: ERROR keystone.server.flask.application rv = self.dispatch_request()
Nov 27 22:09:19 user devstack@keystone.service[46360]: ERROR keystone.server.flask.application
File "/opt/stack/data/venv/lib/python3.10/site-packages/flask/app.py", line 1799, in dispatch_request
Nov 27 22:09:19 user devstack@keystone.service[46360]: ERROR keystone.server.flask.application return self.ensure_sync(self.view_functions[rule.endpoint])(**view_args)
Nov 27 22:09:19 user devstack@keystone.service[46360]: ERROR keystone.server.flask.application
File "/opt/stack/data/venv/lib/python3.10/site-packages/flask_restful/__init__.py", line 489, in wrapper
Nov 27 22:09:19 user devstack@keystone.service[46360]: ERROR keystone.server.flask.application resp = resource(*args, **kwargs)
Nov 27 22:09:19 user devstack@keystone.service[46360]: ERROR keystone.server.flask.application
File "/opt/stack/data/venv/lib/python3.10/site-packages/flask/views.py", line 107, in view
Nov 27 22:09:19 user devstack@keystone.service[46360]: ERROR keystone.server.flask.application return current_app.ensure_sync(self.dispatch_request)(**kwargs)
Nov 27 22:09:19 user devstack@keystone.service[46360]: ERROR keystone.server.flask.application
File "/opt/stack/data/venv/lib/python3.10/site-packages/flask_restful/__init__.py", line 604, in dispatch_request
Nov 27 22:09:19 user devstack@keystone.service[46360]: ERROR keystone.server.flask.application resp = meth(*args, **kwargs)
Nov 27 22:09:19 user devstack@keystone.service[46360]: ERROR keystone.server.flask.application
File "/opt/stack/keystone/keystone/api/roles.py", line 50, in get
Nov 27 22:09:19 user devstack@keystone.service[46360]: ERROR keystone.server.flask.application return self._get_role(role_id)
Nov 27 22:09:19 user devstack@keystone.service[46360]: ERROR keystone.server.flask.application
File "/opt/stack/keystone/keystone/api/roles.py", line 70, in _get_role
Nov 27 22:09:19 user devstack@keystone.service[46360]: ERROR keystone.server.flask.application ENFORCER.enforce_call(action='identity:get_role')
Nov 27 22:09:19 user devstack@keystone.service[46360]: ERROR keystone.server.flask.application
File "/opt/stack/keystone/keystone/common/rbac_enforcer/enforcer.py", line 402, in enforce_call
Nov 27 22:09:19 user devstack@keystone.service[46360]: ERROR keystone.server.flask.application policy_dict.update(cls._extract_member_target_data(
Nov 27 22:09:19 user devstack@keystone.service[46360]: ERROR keystone.server.flask.application
File "/opt/stack/keystone/keystone/common/rbac_enforcer/enforcer.py", line 234, in _extract_member_target_data
Nov 27 22:09:19 user devstack@keystone.service[46360]: ERROR keystone.server.flask.application member_name: func(flask.request.view_args[key])
Nov 27 22:09:19 user devstack@keystone.service[46360]: ERROR keystone.server.flask.application
File "/opt/stack/keystone/keystone/common/manager.py", line 115, in wrapped
Nov 27 22:09:19 user devstack@keystone.service[46360]: ERROR keystone.server.flask.application __ret_val = __f(*args, **kwargs)
Nov 27 22:09:19 user devstack@keystone.service[46360]: ERROR keystone.server.flask.application
File "/opt/stack/data/venv/lib/python3.10/site-packages/decorator.py", line 232, in fun
Nov 27 22:09:19 user devstack@keystone.service[46360]: ERROR keystone.server.flask.application return caller(func, *(extras + args), **kw)
Nov 27 22:09:19 user devstack@keystone.service[46360]: ERROR keystone.server.flask.application
File "/opt/stack/data/venv/lib/python3.10/site-packages/dogpile/cache/region.py", line 1594, in get_or_create_for_user_func
Nov 27 22:09:19 user devstack@keystone.service[46360]: ERROR keystone.server.flask.application return self.get_or_create(
Nov 27 22:09:19 user devstack@keystone.service[46360]: ERROR keystone.server.flask.application
File "/opt/stack/data/venv/lib/python3.10/site-packages/dogpile/cache/region.py", line 1054, in get_or_create
Nov 27 22:09:19 user devstack@keystone.service[46360]: ERROR keystone.server.flask.application with Lock(
Nov 27 22:09:19 user devstack@keystone.service[46360]: ERROR keystone.server.flask.application
File "/opt/stack/data/venv/lib/python3.10/site-packages/dogpile/lock.py", line 185, in __enter__
Nov 27 22:09:19 user devstack@keystone.service[46360]: ERROR keystone.server.flask.application return self._enter()
Nov 27 22:09:19 user devstack@keystone.service[46360]: ERROR keystone.server.flask.application
File "/opt/stack/data/venv/lib/python3.10/site-packages/dogpile/lock.py", line 94, in _enter
Nov 27 22:09:19 user devstack@keystone.service[46360]: ERROR keystone.server.flask.application generated = self._enter_create(value, createdtime)
Nov 27 22:09:19 user devstack@keystone.service[46360]: ERROR keystone.server.flask.application
File "/opt/stack/data/venv/lib/python3.10/site-packages/dogpile/lock.py", line 178, in _enter_create
Nov 27 22:09:19 user devstack@keystone.service[46360]: ERROR keystone.server.flask.application return self.creator()
Nov 27 22:09:19 user devstack@keystone.service[46360]: ERROR keystone.server.flask.application
File "/opt/stack/data/venv/lib/python3.10/site-packages/dogpile/cache/region.py", line 1007, in gen_value
Nov 27 22:09:19 user devstack@keystone.service[46360]: ERROR keystone.server.flask.application created_value = creator(
Nov 27 22:09:19 user devstack@keystone.service[46360]: ERROR keystone.server.flask.application
File "/opt/stack/keystone/keystone/assignment/core.py", line 1276, in get_role
Nov 27 22:09:19 user devstack@keystone.service[46360]: ERROR keystone.server.flask.application return self.driver.get_role(role_id)
Nov 27 22:09:19 user devstack@keystone.service[46360]: ERROR keystone.server.flask.application
File "/opt/stack/keystone/keystone/assignment/role_backends/sql.py", line 70, in get_role
Nov 27 22:09:19 user devstack@keystone.service[46360]: ERROR keystone.server.flask.application return self._get_role(session, role_id).to_dict()
Nov 27 22:09:19 user devstack@keystone.service[46360]: ERROR keystone.server.flask.application
File "/opt/stack/keystone/keystone/assignment/role_backends/sql.py", line 65, in _get_role
Nov 27 22:09:19 user devstack@keystone.service[46360]: ERROR keystone.server.flask.application raise exception.RoleNotFound(role_id=role_id)
Nov 27 22:09:19 user devstack@keystone.service[46360]: ERROR keystone.server.flask.application keystone.exception.RoleNotFound: Could not find role: reader.
Nov 27 22:09:19 user devstack@keystone.service[46360]: ERROR keystone.server.flask.application
Nov 27 22:09:19 user devstack@keystone.service[46360]: [pid: 46360|app: 0|req: 63/195] 10.0.0.210 () {56 vars in 1094 bytes} [Mon Nov 27 22:09:19 2023] GET /identity/v3/roles/reader => generated 84 bytes in 148 msecs (HTTP/1.1 404) 5 headers in 183 bytes (1 switches on core 0)
