Nov 27 22:09:32 user devstack@keystone.service[46361]: DEBUG keystone.server.flask.request_processing.req_logging [None req-bc4b1b2e-2b6a-4fda-8f13-7bbfc705513f None admin] PATH_INFO: `/v3/projects/4ea279faec9f4294aebc7e5441ae1826` {{(pid=46361) log_request_info /opt/stack/keystone/keystone/server/flask/request_processing/req_logging.py:29}}
Nov 27 22:09:32 user devstack@keystone.service[46361]: DEBUG keystone.common.rbac_enforcer.enforcer [None req-bc4b1b2e-2b6a-4fda-8f13-7bbfc705513f None admin] RBAC: Authorizing `identity:get_project(project_id=4ea279faec9f4294aebc7e5441ae1826)` {{(pid=46361) enforce_call /opt/stack/keystone/keystone/common/rbac_enforcer/enforcer.py:449}}
Nov 27 22:09:32 user devstack@keystone.service[46361]: DEBUG keystone.common.rbac_enforcer.enforcer [None req-bc4b1b2e-2b6a-4fda-8f13-7bbfc705513f None admin] RBAC: Authorization granted {{(pid=46361) enforce_call /opt/stack/keystone/keystone/common/rbac_enforcer/enforcer.py:457}}
Nov 27 22:09:32 user devstack@keystone.service[46361]: [pid: 46361|app: 0|req: 111/323] 10.0.0.210 () {56 vars in 1181 bytes} [Mon Nov 27 22:09:32 2023] GET /identity/v3/projects/4ea279faec9f4294aebc7e5441ae1826 => generated 297 bytes in 130 msecs (HTTP/1.1 200) 5 headers in 177 bytes (1 switches on core 0)
Nov 27 22:09:32 user devstack@keystone.service[46361]: DEBUG keystone.server.flask.request_processing.middleware.auth_context [None req-bc4b1b2e-2b6a-4fda-8f13-7bbfc705513f None admin] Authenticating user token {{(pid=46361) process_request /opt/stack/data/venv/lib/python3.10/site-packages/keystonemiddleware/auth_token/__init__.py:406}}
Nov 27 22:09:32 user devstack@keystone.service[46360]: DEBUG keystone.server.flask.request_processing.middleware.auth_context [None req-b8598a01-c2ab-4993-91d9-822ad2abb2a6 None admin] Validating token access rules against request {{(pid=46360) validate_allowed_request /opt/stack/data/venv/lib/python3.10/site-packages/keystonemiddleware/auth_token/__init__.py:544}}
Nov 27 22:09:32 user devstack@keystone.service[46360]: DEBUG keystone.server.flask.request_processing.middleware.auth_context [None req-b3939094-505f-41d5-bc12-4d7c0d75db62 None admin] RBAC: auth_context: {'token': , 'domain_id': None, 'trust_id': None, 'trustor_id': None, 'trustee_id': None, 'domain_name': None, 'group_ids': [], 'user_id': 'dc1aebdb92d4447893df165367a653f4', 'user_domain_id': 'default', 'system_scope': 'all', 'project_id': None, 'project_domain_id': None, 'roles': ['admin', 'manager', 'member', 'reader'], 'is_admin_project': True, 'service_user_id': None, 'service_user_domain_id': None, 'service_project_id': None, 'service_project_domain_id': None, 'service_roles': []} {{(pid=46360) fill_context /opt/stack/keystone/keystone/server/flask/request_processing/middleware/auth_context.py:480}}
Nov 27 22:09:32 user devstack@keystone.service[46360]: DEBUG keystone.server.flask.request_processing.req_logging [None req-b3939094-505f-41d5-bc12-4d7c0d75db62 None admin] REQUEST_METHOD: `GET` {{(pid=46360) log_request_info /opt/stack/keystone/keystone/server/flask/request_processing/req_logging.py:27}}
Nov 27 22:09:32 user devstack@keystone.service[46360]: DEBUG keystone.server.flask.request_processing.req_logging [None req-b3939094-505f-41d5-bc12-4d7c0d75db62 None admin] SCRIPT_NAME: `/identity` {{(pid=46360) log_request_info /opt/stack/keystone/keystone/server/flask/request_processing/req_logging.py:28}}
Nov 27 22:09:32 user devstack@keystone.service[46360]: DEBUG keystone.server.flask.request_processing.req_logging [None req-b3939094-505f-41d5-bc12-4d7c0d75db62 None admin] PATH_INFO: `/v3/auth/tokens` {{(pid=46360) log_request_info /opt/stack/keystone/keystone/server/flask/request_processing/req_logging.py:29}}
Nov 27 22:09:32 user devstack@keystone.service[46359]: DEBUG keystone.server.flask.request_processing.middleware.auth_context [None req-11b42e56-bd95-49fb-a2fb-056f7490d1de None admin] Validating token access rules against request {{(pid=46359) validate_allowed_request /opt/stack/data/venv/lib/python3.10/site-packages/keystonemiddleware/auth_token/__init__.py:544}}
Nov 27 22:09:32 user devstack@keystone.service[46361]: DEBUG keystone.server.flask.request_processing.middleware.auth_context [None req-bc4b1b2e-2b6a-4fda-8f13-7bbfc705513f None admin] Validating token access rules against request {{(pid=46361) validate_allowed_request /opt/stack/data/venv/lib/python3.10/site-packages/keystonemiddleware/auth_token/__init__.py:544}}
Nov 27 22:09:32 user devstack@keystone.service[46359]: DEBUG keystone.server.flask.request_processing.middleware.auth_context [None req-3143e669-9dbc-4f17-8ee9-7f2ec1fe02c1 None admin] RBAC: auth_context: {'token': , 'domain_id': None, 'trust_id': None, 'trustor_id': None, 'trustee_id': None, 'domain_name': None, 'group_ids': [], 'user_id': 'dc1aebdb92d4447893df165367a653f4', 'user_domain_id': 'default', 'system_scope': 'all', 'project_id': None, 'project_domain_id': None, 'roles': ['admin', 'manager', 'member', 'reader'], 'is_admin_project': True, 'service_user_id': None, 'service_user_domain_id': None, 'service_project_id': None, 'service_project_domain_id': None, 'service_roles': []} {{(pid=46359) fill_context /opt/stack/keystone/keystone/server/flask/request_processing/middleware/auth_context.py:480}}
Nov 27 22:09:32 user devstack@keystone.service[46359]: DEBUG keystone.server.flask.request_processing.req_logging [None req-3143e669-9dbc-4f17-8ee9-7f2ec1fe02c1 None admin] REQUEST_METHOD: `GET` {{(pid=46359) log_request_info /opt/stack/keystone/keystone/server/flask/request_processing/req_logging.py:27}}
Nov 27 22:09:32 user devstack@keystone.service[46359]: DEBUG keystone.server.flask.request_processing.req_logging [None req-3143e669-9dbc-4f17-8ee9-7f2ec1fe02c1 None admin] SCRIPT_NAME: `/identity` {{(pid=46359) log_request_info /opt/stack/keystone/keystone/server/flask/request_processing/req_logging.py:28}}
Nov 27 22:09:32 user devstack@keystone.service[46359]: DEBUG keystone.server.flask.request_processing.req_logging [None req-3143e669-9dbc-4f17-8ee9-7f2ec1fe02c1 None admin] PATH_INFO: `/v3/roles/admin` {{(pid=46359) log_request_info /opt/stack/keystone/keystone/server/flask/request_processing/req_logging.py:29}}
Nov 27 22:09:32 user devstack@keystone.service[46360]: DEBUG keystone.common.rbac_enforcer.enforcer [None req-b3939094-505f-41d5-bc12-4d7c0d75db62 None admin] RBAC: Authorizing `identity:validate_token()` {{(pid=46360) enforce_call /opt/stack/keystone/keystone/common/rbac_enforcer/enforcer.py:449}}
Nov 27 22:09:32 user devstack@keystone.service[46360]: DEBUG keystone.common.rbac_enforcer.enforcer [None req-b3939094-505f-41d5-bc12-4d7c0d75db62 None admin] RBAC: Authorization granted {{(pid=46360) enforce_call /opt/stack/keystone/keystone/common/rbac_enforcer/enforcer.py:457}}
Nov 27 22:09:32 user devstack@keystone.service[46359]: DEBUG keystone.common.rbac_enforcer.enforcer [None req-3143e669-9dbc-4f17-8ee9-7f2ec1fe02c1 None admin] Extracting inferred target data resulted in "NOT FOUND (404)". {{(pid=46359) enforce_call /opt/stack/keystone/keystone/common/rbac_enforcer/enforcer.py:409}}
Nov 27 22:09:32 user devstack@keystone.service[46359]: ERROR keystone.server.flask.application [None req-3143e669-9dbc-4f17-8ee9-7f2ec1fe02c1 None admin] Could not find role: admin.: keystone.exception.RoleNotFound: Could not find role: admin.
Nov 27 22:09:32 user devstack@keystone.service[46359]: ERROR keystone.server.flask.application
Traceback (most recent call last):
Nov 27 22:09:32 user devstack@keystone.service[46359]: ERROR keystone.server.flask.application
File "/opt/stack/data/venv/lib/python3.10/site-packages/flask/app.py", line 1823, in full_dispatch_request
Nov 27 22:09:32 user devstack@keystone.service[46359]: ERROR keystone.server.flask.application rv = self.dispatch_request()
Nov 27 22:09:32 user devstack@keystone.service[46359]: ERROR keystone.server.flask.application
File "/opt/stack/data/venv/lib/python3.10/site-packages/flask/app.py", line 1799, in dispatch_request
Nov 27 22:09:32 user devstack@keystone.service[46359]: ERROR keystone.server.flask.application return self.ensure_sync(self.view_functions[rule.endpoint])(**view_args)
Nov 27 22:09:32 user devstack@keystone.service[46359]: ERROR keystone.server.flask.application
File "/opt/stack/data/venv/lib/python3.10/site-packages/flask_restful/__init__.py", line 489, in wrapper
Nov 27 22:09:32 user devstack@keystone.service[46359]: ERROR keystone.server.flask.application resp = resource(*args, **kwargs)
Nov 27 22:09:32 user devstack@keystone.service[46359]: ERROR keystone.server.flask.application
File "/opt/stack/data/venv/lib/python3.10/site-packages/flask/views.py", line 107, in view
Nov 27 22:09:32 user devstack@keystone.service[46359]: ERROR keystone.server.flask.application return current_app.ensure_sync(self.dispatch_request)(**kwargs)
Nov 27 22:09:32 user devstack@keystone.service[46359]: ERROR keystone.server.flask.application
File "/opt/stack/data/venv/lib/python3.10/site-packages/flask_restful/__init__.py", line 604, in dispatch_request
Nov 27 22:09:32 user devstack@keystone.service[46359]: ERROR keystone.server.flask.application resp = meth(*args, **kwargs)
Nov 27 22:09:32 user devstack@keystone.service[46359]: ERROR keystone.server.flask.application
File "/opt/stack/keystone/keystone/api/roles.py", line 50, in get
Nov 27 22:09:32 user devstack@keystone.service[46359]: ERROR keystone.server.flask.application return self._get_role(role_id)
Nov 27 22:09:32 user devstack@keystone.service[46359]: ERROR keystone.server.flask.application
File "/opt/stack/keystone/keystone/api/roles.py", line 70, in _get_role
Nov 27 22:09:32 user devstack@keystone.service[46359]: ERROR keystone.server.flask.application ENFORCER.enforce_call(action='identity:get_role')
Nov 27 22:09:32 user devstack@keystone.service[46359]: ERROR keystone.server.flask.application
File "/opt/stack/keystone/keystone/common/rbac_enforcer/enforcer.py", line 402, in enforce_call
Nov 27 22:09:32 user devstack@keystone.service[46359]: ERROR keystone.server.flask.application policy_dict.update(cls._extract_member_target_data(
Nov 27 22:09:32 user devstack@keystone.service[46359]: ERROR keystone.server.flask.application
File "/opt/stack/keystone/keystone/common/rbac_enforcer/enforcer.py", line 234, in _extract_member_target_data
Nov 27 22:09:32 user devstack@keystone.service[46359]: ERROR keystone.server.flask.application member_name: func(flask.request.view_args[key])
Nov 27 22:09:32 user devstack@keystone.service[46359]: ERROR keystone.server.flask.application
File "/opt/stack/keystone/keystone/common/manager.py", line 115, in wrapped
Nov 27 22:09:32 user devstack@keystone.service[46359]: ERROR keystone.server.flask.application __ret_val = __f(*args, **kwargs)
Nov 27 22:09:32 user devstack@keystone.service[46359]: ERROR keystone.server.flask.application
File "/opt/stack/data/venv/lib/python3.10/site-packages/decorator.py", line 232, in fun
Nov 27 22:09:32 user devstack@keystone.service[46359]: ERROR keystone.server.flask.application return caller(func, *(extras + args), **kw)
Nov 27 22:09:32 user devstack@keystone.service[46359]: ERROR keystone.server.flask.application
File "/opt/stack/data/venv/lib/python3.10/site-packages/dogpile/cache/region.py", line 1594, in get_or_create_for_user_func
Nov 27 22:09:32 user devstack@keystone.service[46359]: ERROR keystone.server.flask.application return self.get_or_create(
Nov 27 22:09:32 user devstack@keystone.service[46359]: ERROR keystone.server.flask.application
File "/opt/stack/data/venv/lib/python3.10/site-packages/dogpile/cache/region.py", line 1054, in get_or_create
Nov 27 22:09:32 user devstack@keystone.service[46359]: ERROR keystone.server.flask.application with Lock(
Nov 27 22:09:32 user devstack@keystone.service[46359]: ERROR keystone.server.flask.application
File "/opt/stack/data/venv/lib/python3.10/site-packages/dogpile/lock.py", line 185, in __enter__
Nov 27 22:09:32 user devstack@keystone.service[46359]: ERROR keystone.server.flask.application return self._enter()
Nov 27 22:09:32 user devstack@keystone.service[46359]: ERROR keystone.server.flask.application
File "/opt/stack/data/venv/lib/python3.10/site-packages/dogpile/lock.py", line 94, in _enter
Nov 27 22:09:32 user devstack@keystone.service[46359]: ERROR keystone.server.flask.application generated = self._enter_create(value, createdtime)
Nov 27 22:09:32 user devstack@keystone.service[46359]: ERROR keystone.server.flask.application
File "/opt/stack/data/venv/lib/python3.10/site-packages/dogpile/lock.py", line 178, in _enter_create
Nov 27 22:09:32 user devstack@keystone.service[46359]: ERROR keystone.server.flask.application return self.creator()
Nov 27 22:09:32 user devstack@keystone.service[46359]: ERROR keystone.server.flask.application
File "/opt/stack/data/venv/lib/python3.10/site-packages/dogpile/cache/region.py", line 1007, in gen_value
Nov 27 22:09:32 user devstack@keystone.service[46359]: ERROR keystone.server.flask.application created_value = creator(
Nov 27 22:09:32 user devstack@keystone.service[46359]: ERROR keystone.server.flask.application
File "/opt/stack/keystone/keystone/assignment/core.py", line 1276, in get_role
Nov 27 22:09:32 user devstack@keystone.service[46359]: ERROR keystone.server.flask.application return self.driver.get_role(role_id)
Nov 27 22:09:32 user devstack@keystone.service[46359]: ERROR keystone.server.flask.application
File "/opt/stack/keystone/keystone/assignment/role_backends/sql.py", line 70, in get_role
Nov 27 22:09:32 user devstack@keystone.service[46359]: ERROR keystone.server.flask.application return self._get_role(session, role_id).to_dict()
Nov 27 22:09:32 user devstack@keystone.service[46359]: ERROR keystone.server.flask.application
File "/opt/stack/keystone/keystone/assignment/role_backends/sql.py", line 65, in _get_role
Nov 27 22:09:32 user devstack@keystone.service[46359]: ERROR keystone.server.flask.application raise exception.RoleNotFound(role_id=role_id)
Nov 27 22:09:32 user devstack@keystone.service[46359]: ERROR keystone.server.flask.application keystone.exception.RoleNotFound: Could not find role: admin.
Nov 27 22:09:32 user devstack@keystone.service[46359]: ERROR keystone.server.flask.application
Nov 27 22:09:32 user devstack@keystone.service[46359]: [pid: 46359|app: 0|req: 109/324] 10.0.0.210 () {56 vars in 1091 bytes} [Mon Nov 27 22:09:32 2023] GET /identity/v3/roles/admin => generated 83 bytes in 144 msecs (HTTP/1.1 404) 5 headers in 183 bytes (2 switches on core 0)
Nov 27 22:09:32 user devstack@keystone.service[46359]: DEBUG keystone.server.flask.request_processing.middleware.auth_context [None req-3143e669-9dbc-4f17-8ee9-7f2ec1fe02c1 None admin] Authenticating user token {{(pid=46359) process_request /opt/stack/data/venv/lib/python3.10/site-packages/keystonemiddleware/auth_token/__init__.py:406}}
Nov 27 22:09:32 user devstack@keystone.service[46361]: DEBUG keystone.server.flask.request_processing.middleware.auth_context [None req-b9d7813f-f92c-48ca-95e4-6a4a8f321d00 None admin] RBAC: auth_context: {'token': , 'domain_id': None, 'trust_id': None, 'trustor_id': None, 'trustee_id': None, 'domain_name': None, 'group_ids': [], 'user_id': 'dc1aebdb92d4447893df165367a653f4', 'user_domain_id': 'default', 'system_scope': 'all', 'project_id': None, 'project_domain_id': None, 'roles': ['admin', 'manager', 'member', 'reader'], 'is_admin_project': True, 'service_user_id': None, 'service_user_domain_id': None, 'service_project_id': None, 'service_project_domain_id': None, 'service_roles': []} {{(pid=46361) fill_context /opt/stack/keystone/keystone/server/flask/request_processing/middleware/auth_context.py:480}}
Nov 27 22:09:32 user devstack@keystone.service[46361]: DEBUG keystone.server.flask.request_processing.req_logging [None req-b9d7813f-f92c-48ca-95e4-6a4a8f321d00 None admin] REQUEST_METHOD: `GET` {{(pid=46361) log_request_info /opt/stack/keystone/keystone/server/flask/request_processing/req_logging.py:27}}
Nov 27 22:09:32 user devstack@keystone.service[46361]: DEBUG keystone.server.flask.request_processing.req_logging [None req-b9d7813f-f92c-48ca-95e4-6a4a8f321d00 None admin] SCRIPT_NAME: `/identity` {{(pid=46361) log_request_info /opt/stack/keystone/keystone/server/flask/request_processing/req_logging.py:28}}
Nov 27 22:09:32 user devstack@keystone.service[46361]: DEBUG keystone.server.flask.request_processing.req_logging [None req-b9d7813f-f92c-48ca-95e4-6a4a8f321d00 None admin] PATH_INFO: `/v3/projects/a6e15fd462e8478698b82ae4afeb20ef` {{(pid=46361) log_request_info /opt/stack/keystone/keystone/server/flask/request_processing/req_logging.py:29}}
Nov 27 22:09:32 user devstack@keystone.service[46361]: DEBUG keystone.common.rbac_enforcer.enforcer [None req-b9d7813f-f92c-48ca-95e4-6a4a8f321d00 None admin] RBAC: Authorizing `identity:get_project(project_id=a6e15fd462e8478698b82ae4afeb20ef)` {{(pid=46361) enforce_call /opt/stack/keystone/keystone/common/rbac_enforcer/enforcer.py:449}}
Nov 27 22:09:32 user devstack@keystone.service[46361]: DEBUG keystone.common.rbac_enforcer.enforcer [None req-b9d7813f-f92c-48ca-95e4-6a4a8f321d00 None admin] RBAC: Authorization granted {{(pid=46361) enforce_call /opt/stack/keystone/keystone/common/rbac_enforcer/enforcer.py:457}}
Nov 27 22:09:32 user devstack@keystone.service[46361]: [pid: 46361|app: 0|req: 112/325] 10.0.0.210 () {56 vars in 1181 bytes} [Mon Nov 27 22:09:32 2023] GET /identity/v3/projects/a6e15fd462e8478698b82ae4afeb20ef => generated 301 bytes in 145 msecs (HTTP/1.1 200) 5 headers in 177 bytes (1 switches on core 0)
Nov 27 22:09:32 user devstack@keystone.service[46361]: DEBUG keystone.server.flask.request_processing.middleware.auth_context [None req-b9d7813f-f92c-48ca-95e4-6a4a8f321d00 None admin] Authenticating user token {{(pid=46361) process_request /opt/stack/data/venv/lib/python3.10/site-packages/keystonemiddleware/auth_token/__init__.py:406}}
Nov 27 22:09:32 user devstack@keystone.service[46360]: [pid: 46360|app: 0|req: 105/326] 10.0.0.210 () {58 vars in 1277 bytes} [Mon Nov 27 22:09:32 2023] GET /identity/v3/auth/tokens => generated 861 bytes in 311 msecs (HTTP/1.1 200) 6 headers in 358 bytes (1 switches on core 0)
Nov 27 22:09:32 user devstack@keystone.service[46360]: DEBUG keystone.server.flask.request_processing.middleware.auth_context [None req-b3939094-505f-41d5-bc12-4d7c0d75db62 None admin] Authenticating user token {{(pid=46360) process_request /opt/stack/data/venv/lib/python3.10/site-packages/keystonemiddleware/auth_token/__init__.py:406}}
Nov 27 22:09:32 user devstack@keystone.service[46359]: DEBUG keystone.server.flask.request_processing.middleware.auth_context [None req-3143e669-9dbc-4f17-8ee9-7f2ec1fe02c1 None admin] Validating token access rules against request {{(pid=46359) validate_allowed_request /opt/stack/data/venv/lib/python3.10/site-packages/keystonemiddleware/auth_token/__init__.py:544}}
Nov 27 22:09:32 user devstack@keystone.service[46361]: DEBUG keystone.server.flask.request_processing.middleware.auth_context [None req-b9d7813f-f92c-48ca-95e4-6a4a8f321d00 None admin] Validating token access rules against request {{(pid=46361) validate_allowed_request /opt/stack/data/venv/lib/python3.10/site-packages/keystonemiddleware/auth_token/__init__.py:544}}
Nov 27 22:09:32 user devstack@keystone.service[46361]: DEBUG keystone.server.flask.request_processing.middleware.auth_context [None req-6543dbfc-1340-413e-a269-ecf705374667 None admin] RBAC: auth_context: {'token': , 'domain_id': None, 'trust_id': None, 'trustor_id': None, 'trustee_id': None, 'domain_name': None, 'group_ids': [], 'user_id': 'dc1aebdb92d4447893df165367a653f4', 'user_domain_id': 'default', 'system_scope': 'all', 'project_id': None, 'project_domain_id': None, 'roles': ['admin', 'manager', 'member', 'reader'], 'is_admin_project': True, 'service_user_id': None, 'service_user_domain_id': None, 'service_project_id': None, 'service_project_domain_id': None, 'service_roles': []} {{(pid=46361) fill_context /opt/stack/keystone/keystone/server/flask/request_processing/middleware/auth_context.py:480}}
Nov 27 22:09:32 user devstack@keystone.service[46361]: DEBUG keystone.server.flask.request_processing.req_logging [None req-6543dbfc-1340-413e-a269-ecf705374667 None admin] REQUEST_METHOD: `GET` {{(pid=46361) log_request_info /opt/stack/keystone/keystone/server/flask/request_processing/req_logging.py:27}}
Nov 27 22:09:32 user devstack@keystone.service[46361]: DEBUG keystone.server.flask.request_processing.req_logging [None req-6543dbfc-1340-413e-a269-ecf705374667 None admin] SCRIPT_NAME: `/identity` {{(pid=46361) log_request_info /opt/stack/keystone/keystone/server/flask/request_processing/req_logging.py:28}}
Nov 27 22:09:32 user devstack@keystone.service[46361]: DEBUG keystone.server.flask.request_processing.req_logging [None req-6543dbfc-1340-413e-a269-ecf705374667 None admin] PATH_INFO: `/v3/roles` {{(pid=46361) log_request_info /opt/stack/keystone/keystone/server/flask/request_processing/req_logging.py:29}}
Nov 27 22:09:32 user devstack@keystone.service[46361]: DEBUG keystone.common.rbac_enforcer.enforcer [None req-6543dbfc-1340-413e-a269-ecf705374667 None admin] RBAC: Adding query filter params (name=admin) {{(pid=46361) _extract_filter_values /opt/stack/keystone/keystone/common/rbac_enforcer/enforcer.py:167}}
Nov 27 22:09:32 user devstack@keystone.service[46361]: DEBUG keystone.common.rbac_enforcer.enforcer [None req-6543dbfc-1340-413e-a269-ecf705374667 None admin] RBAC: Authorizing `identity:list_roles()` {{(pid=46361) enforce_call /opt/stack/keystone/keystone/common/rbac_enforcer/enforcer.py:449}}
Nov 27 22:09:32 user devstack@keystone.service[46361]: DEBUG keystone.common.rbac_enforcer.enforcer [None req-6543dbfc-1340-413e-a269-ecf705374667 None admin] RBAC: Authorization granted {{(pid=46361) enforce_call /opt/stack/keystone/keystone/common/rbac_enforcer/enforcer.py:457}}
Nov 27 22:09:32 user devstack@keystone.service[46359]: DEBUG keystone.server.flask.request_processing.middleware.auth_context [None req-be5347ac-269d-47a6-a6ca-b1a7adf598d2 None admin] RBAC: auth_context: {'token': , 'domain_id': None, 'trust_id': None, 'trustor_id': None, 'trustee_id': None, 'domain_name': None, 'group_ids': [], 'user_id': 'dc1aebdb92d4447893df165367a653f4', 'user_domain_id': 'default', 'system_scope': 'all', 'project_id': None, 'project_domain_id': None, 'roles': ['admin', 'manager', 'member', 'reader'], 'is_admin_project': True, 'service_user_id': None, 'service_user_domain_id': None, 'service_project_id': None, 'service_project_domain_id': None, 'service_roles': []} {{(pid=46359) fill_context /opt/stack/keystone/keystone/server/flask/request_processing/middleware/auth_context.py:480}}
Nov 27 22:09:32 user devstack@keystone.service[46359]: DEBUG keystone.server.flask.request_processing.req_logging [None req-be5347ac-269d-47a6-a6ca-b1a7adf598d2 None admin] REQUEST_METHOD: `GET` {{(pid=46359) log_request_info /opt/stack/keystone/keystone/server/flask/request_processing/req_logging.py:27}}
Nov 27 22:09:32 user devstack@keystone.service[46359]: DEBUG keystone.server.flask.request_processing.req_logging [None req-be5347ac-269d-47a6-a6ca-b1a7adf598d2 None admin] SCRIPT_NAME: `/identity` {{(pid=46359) log_request_info /opt/stack/keystone/keystone/server/flask/request_processing/req_logging.py:28}}
Nov 27 22:09:32 user devstack@keystone.service[46359]: DEBUG keystone.server.flask.request_processing.req_logging [None req-be5347ac-269d-47a6-a6ca-b1a7adf598d2 None admin] PATH_INFO: `/v3/groups/ee0cebfee69b4af1b06b2677bebbd304` {{(pid=46359) log_request_info /opt/stack/keystone/keystone/server/flask/request_processing/req_logging.py:29}}
Nov 27 22:09:32 user devstack@keystone.service[46359]: DEBUG keystone.common.rbac_enforcer.enforcer [None req-be5347ac-269d-47a6-a6ca-b1a7adf598d2 None admin] RBAC: Authorizing `identity:get_group(group_id=ee0cebfee69b4af1b06b2677bebbd304)` {{(pid=46359) enforce_call /opt/stack/keystone/keystone/common/rbac_enforcer/enforcer.py:449}}
Nov 27 22:09:32 user devstack@keystone.service[46359]: DEBUG keystone.common.rbac_enforcer.enforcer [None req-be5347ac-269d-47a6-a6ca-b1a7adf598d2 None admin] RBAC: Authorization granted {{(pid=46359) enforce_call /opt/stack/keystone/keystone/common/rbac_enforcer/enforcer.py:457}}
Nov 27 22:09:32 user devstack@keystone.service[46361]: [pid: 46361|app: 0|req: 113/327] 10.0.0.210 () {56 vars in 1094 bytes} [Mon Nov 27 22:09:32 2023] GET /identity/v3/roles?name=admin => generated 337 bytes in 166 msecs (HTTP/1.1 200) 5 headers in 177 bytes (1 switches on core 0)
Nov 27 22:09:32 user devstack@keystone.service[46361]: DEBUG keystone.server.flask.request_processing.middleware.auth_context [None req-6543dbfc-1340-413e-a269-ecf705374667 None admin] Authenticating user token {{(pid=46361) process_request /opt/stack/data/venv/lib/python3.10/site-packages/keystonemiddleware/auth_token/__init__.py:406}}
Nov 27 22:09:32 user devstack@keystone.service[46359]: [pid: 46359|app: 0|req: 110/328] 10.0.0.210 () {56 vars in 1175 bytes} [Mon Nov 27 22:09:32 2023] GET /identity/v3/groups/ee0cebfee69b4af1b06b2677bebbd304 => generated 225 bytes in 182 msecs (HTTP/1.1 200) 5 headers in 177 bytes (1 switches on core 0)
Nov 27 22:09:32 user devstack@keystone.service[46359]: DEBUG keystone.server.flask.request_processing.middleware.auth_context [None req-be5347ac-269d-47a6-a6ca-b1a7adf598d2 None admin] Authenticating user token {{(pid=46359) process_request /opt/stack/data/venv/lib/python3.10/site-packages/keystonemiddleware/auth_token/__init__.py:406}}
Nov 27 22:09:32 user devstack@keystone.service[46360]: DEBUG keystone.server.flask.request_processing.middleware.auth_context [None req-b3939094-505f-41d5-bc12-4d7c0d75db62 None admin] Validating token access rules against request {{(pid=46360) validate_allowed_request /opt/stack/data/venv/lib/python3.10/site-packages/keystonemiddleware/auth_token/__init__.py:544}}
Nov 27 22:09:33 user devstack@keystone.service[46360]: DEBUG keystone.server.flask.request_processing.middleware.auth_context [None req-1b3ab544-e5b7-4dd5-96cf-5f1c9451897d None admin] RBAC: auth_context: {'token': , 'domain_id': None, 'trust_id': None, 'trustor_id': None, 'trustee_id': None, 'domain_name': None, 'group_ids': [], 'user_id': 'dc1aebdb92d4447893df165367a653f4', 'user_domain_id': 'default', 'system_scope': 'all', 'project_id': None, 'project_domain_id': None, 'roles': ['admin', 'manager', 'member', 'reader'], 'is_admin_project': True, 'service_user_id': None, 'service_user_domain_id': None, 'service_project_id': None, 'service_project_domain_id': None, 'service_roles': []} {{(pid=46360) fill_context /opt/stack/keystone/keystone/server/flask/request_processing/middleware/auth_context.py:480}}
Nov 27 22:09:33 user devstack@keystone.service[46360]: DEBUG keystone.server.flask.request_processing.req_logging [None req-1b3ab544-e5b7-4dd5-96cf-5f1c9451897d None admin] REQUEST_METHOD: `GET` {{(pid=46360) log_request_info /opt/stack/keystone/keystone/server/flask/request_processing/req_logging.py:27}}
Nov 27 22:09:33 user devstack@keystone.service[46360]: DEBUG keystone.server.flask.request_processing.req_logging [None req-1b3ab544-e5b7-4dd5-96cf-5f1c9451897d None admin] SCRIPT_NAME: `/identity` {{(pid=46360) log_request_info /opt/stack/keystone/keystone/server/flask/request_processing/req_logging.py:28}}
Nov 27 22:09:33 user devstack@keystone.service[46360]: DEBUG keystone.server.flask.request_processing.req_logging [None req-1b3ab544-e5b7-4dd5-96cf-5f1c9451897d None admin] PATH_INFO: `/v3/groups/ee0cebfee69b4af1b06b2677bebbd304` {{(pid=46360) log_request_info /opt/stack/keystone/keystone/server/flask/request_processing/req_logging.py:29}}
Nov 27 22:09:33 user devstack@keystone.service[46360]: DEBUG keystone.common.rbac_enforcer.enforcer [None req-1b3ab544-e5b7-4dd5-96cf-5f1c9451897d None admin] RBAC: Authorizing `identity:get_group(group_id=ee0cebfee69b4af1b06b2677bebbd304)` {{(pid=46360) enforce_call /opt/stack/keystone/keystone/common/rbac_enforcer/enforcer.py:449}}
Nov 27 22:09:33 user devstack@keystone.service[46360]: DEBUG keystone.common.rbac_enforcer.enforcer [None req-1b3ab544-e5b7-4dd5-96cf-5f1c9451897d None admin] RBAC: Authorization granted {{(pid=46360) enforce_call /opt/stack/keystone/keystone/common/rbac_enforcer/enforcer.py:457}}
Nov 27 22:09:33 user devstack@keystone.service[46360]: [pid: 46360|app: 0|req: 106/329] 10.0.0.210 () {56 vars in 1175 bytes} [Mon Nov 27 22:09:32 2023] GET /identity/v3/groups/ee0cebfee69b4af1b06b2677bebbd304 => generated 225 bytes in 143 msecs (HTTP/1.1 200) 5 headers in 177 bytes (1 switches on core 0)
Nov 27 22:09:33 user devstack@keystone.service[46360]: DEBUG keystone.server.flask.request_processing.middleware.auth_context [None req-1b3ab544-e5b7-4dd5-96cf-5f1c9451897d None admin] Authenticating user token {{(pid=46360) process_request /opt/stack/data/venv/lib/python3.10/site-packages/keystonemiddleware/auth_token/__init__.py:406}}
Nov 27 22:09:33 user devstack@keystone.service[46359]: DEBUG keystone.server.flask.request_processing.middleware.auth_context [None req-be5347ac-269d-47a6-a6ca-b1a7adf598d2 None admin] Validating token access rules against request {{(pid=46359) validate_allowed_request /opt/stack/data/venv/lib/python3.10/site-packages/keystonemiddleware/auth_token/__init__.py:544}}
Nov 27 22:09:33 user devstack@keystone.service[46361]: DEBUG keystone.server.flask.request_processing.middleware.auth_context [None req-6543dbfc-1340-413e-a269-ecf705374667 None admin] Validating token access rules against request {{(pid=46361) validate_allowed_request /opt/stack/data/venv/lib/python3.10/site-packages/keystonemiddleware/auth_token/__init__.py:544}}
Nov 27 22:09:33 user devstack@keystone.service[46359]: DEBUG keystone.server.flask.request_processing.middleware.auth_context [None req-4113d98c-b041-423b-abfb-0ee3f540110a None admin] RBAC: auth_context: {'token': , 'domain_id': None, 'trust_id': None, 'trustor_id': None, 'trustee_id': None, 'domain_name': None, 'group_ids': [], 'user_id': 'dc1aebdb92d4447893df165367a653f4', 'user_domain_id': 'default', 'system_scope': 'all', 'project_id': None, 'project_domain_id': None, 'roles': ['admin', 'manager', 'member', 'reader'], 'is_admin_project': True, 'service_user_id': None, 'service_user_domain_id': None, 'service_project_id': None, 'service_project_domain_id': None, 'service_roles': []} {{(pid=46359) fill_context /opt/stack/keystone/keystone/server/flask/request_processing/middleware/auth_context.py:480}}
Nov 27 22:09:33 user devstack@keystone.service[46359]: DEBUG keystone.server.flask.request_processing.req_logging [None req-4113d98c-b041-423b-abfb-0ee3f540110a None admin] REQUEST_METHOD: `GET` {{(pid=46359) log_request_info /opt/stack/keystone/keystone/server/flask/request_processing/req_logging.py:27}}
Nov 27 22:09:33 user devstack@keystone.service[46359]: DEBUG keystone.server.flask.request_processing.req_logging [None req-4113d98c-b041-423b-abfb-0ee3f540110a None admin] SCRIPT_NAME: `/identity` {{(pid=46359) log_request_info /opt/stack/keystone/keystone/server/flask/request_processing/req_logging.py:28}}
Nov 27 22:09:33 user devstack@keystone.service[46359]: DEBUG keystone.server.flask.request_processing.req_logging [None req-4113d98c-b041-423b-abfb-0ee3f540110a None admin] PATH_INFO: `/v3/auth/tokens` {{(pid=46359) log_request_info /opt/stack/keystone/keystone/server/flask/request_processing/req_logging.py:29}}
Nov 27 22:09:33 user devstack@keystone.service[46361]: DEBUG keystone.server.flask.request_processing.middleware.auth_context [None req-8f22254a-850c-472b-8d94-bd4afc3009b7 None admin] RBAC: auth_context: {'token': , 'domain_id': None, 'trust_id': None, 'trustor_id': None, 'trustee_id': None, 'domain_name': None, 'group_ids': [], 'user_id': 'dc1aebdb92d4447893df165367a653f4', 'user_domain_id': 'default', 'system_scope': 'all', 'project_id': None, 'project_domain_id': None, 'roles': ['admin', 'manager', 'member', 'reader'], 'is_admin_project': True, 'service_user_id': None, 'service_user_domain_id': None, 'service_project_id': None, 'service_project_domain_id': None, 'service_roles': []} {{(pid=46361) fill_context /opt/stack/keystone/keystone/server/flask/request_processing/middleware/auth_context.py:480}}
Nov 27 22:09:33 user devstack@keystone.service[46361]: DEBUG keystone.server.flask.request_processing.req_logging [None req-8f22254a-850c-472b-8d94-bd4afc3009b7 None admin] REQUEST_METHOD: `GET` {{(pid=46361) log_request_info /opt/stack/keystone/keystone/server/flask/request_processing/req_logging.py:27}}
Nov 27 22:09:33 user devstack@keystone.service[46361]: DEBUG keystone.server.flask.request_processing.req_logging [None req-8f22254a-850c-472b-8d94-bd4afc3009b7 None admin] SCRIPT_NAME: `/identity` {{(pid=46361) log_request_info /opt/stack/keystone/keystone/server/flask/request_processing/req_logging.py:28}}
Nov 27 22:09:33 user devstack@keystone.service[46361]: DEBUG keystone.server.flask.request_processing.req_logging [None req-8f22254a-850c-472b-8d94-bd4afc3009b7 None admin] PATH_INFO: `/v3/projects/a6e15fd462e8478698b82ae4afeb20ef` {{(pid=46361) log_request_info /opt/stack/keystone/keystone/server/flask/request_processing/req_logging.py:29}}
Nov 27 22:09:33 user devstack@keystone.service[46361]: DEBUG keystone.common.rbac_enforcer.enforcer [None req-8f22254a-850c-472b-8d94-bd4afc3009b7 None admin] RBAC: Authorizing `identity:get_project(project_id=a6e15fd462e8478698b82ae4afeb20ef)` {{(pid=46361) enforce_call /opt/stack/keystone/keystone/common/rbac_enforcer/enforcer.py:449}}
Nov 27 22:09:33 user devstack@keystone.service[46361]: DEBUG keystone.common.rbac_enforcer.enforcer [None req-8f22254a-850c-472b-8d94-bd4afc3009b7 None admin] RBAC: Authorization granted {{(pid=46361) enforce_call /opt/stack/keystone/keystone/common/rbac_enforcer/enforcer.py:457}}
Nov 27 22:09:33 user devstack@keystone.service[46361]: [pid: 46361|app: 0|req: 114/330] 10.0.0.210 () {56 vars in 1181 bytes} [Mon Nov 27 22:09:32 2023] GET /identity/v3/projects/a6e15fd462e8478698b82ae4afeb20ef => generated 301 bytes in 153 msecs (HTTP/1.1 200) 5 headers in 177 bytes (1 switches on core 0)
Nov 27 22:09:33 user devstack@keystone.service[46361]: DEBUG keystone.server.flask.request_processing.middleware.auth_context [None req-8f22254a-850c-472b-8d94-bd4afc3009b7 None admin] Authenticating user token {{(pid=46361) process_request /opt/stack/data/venv/lib/python3.10/site-packages/keystonemiddleware/auth_token/__init__.py:406}}
Nov 27 22:09:33 user devstack@keystone.service[46360]: DEBUG keystone.server.flask.request_processing.middleware.auth_context [None req-1b3ab544-e5b7-4dd5-96cf-5f1c9451897d None admin] Validating token access rules against request {{(pid=46360) validate_allowed_request /opt/stack/data/venv/lib/python3.10/site-packages/keystonemiddleware/auth_token/__init__.py:544}}
Nov 27 22:09:33 user devstack@keystone.service[46360]: DEBUG keystone.server.flask.request_processing.middleware.auth_context [None req-7e6913a5-d3d5-4690-8a77-466babcda3e8 None admin] RBAC: auth_context: {'token': , 'domain_id': None, 'trust_id': None, 'trustor_id': None, 'trustee_id': None, 'domain_name': None, 'group_ids': [], 'user_id': 'dc1aebdb92d4447893df165367a653f4', 'user_domain_id': 'default', 'system_scope': 'all', 'project_id': None, 'project_domain_id': None, 'roles': ['admin', 'manager', 'member', 'reader'], 'is_admin_project': True, 'service_user_id': None, 'service_user_domain_id': None, 'service_project_id': None, 'service_project_domain_id': None, 'service_roles': []} {{(pid=46360) fill_context /opt/stack/keystone/keystone/server/flask/request_processing/middleware/auth_context.py:480}}
Nov 27 22:09:33 user devstack@keystone.service[46360]: DEBUG keystone.server.flask.request_processing.req_logging [None req-7e6913a5-d3d5-4690-8a77-466babcda3e8 None admin] REQUEST_METHOD: `GET` {{(pid=46360) log_request_info /opt/stack/keystone/keystone/server/flask/request_processing/req_logging.py:27}}
Nov 27 22:09:33 user devstack@keystone.service[46360]: DEBUG keystone.server.flask.request_processing.req_logging [None req-7e6913a5-d3d5-4690-8a77-466babcda3e8 None admin] SCRIPT_NAME: `/identity` {{(pid=46360) log_request_info /opt/stack/keystone/keystone/server/flask/request_processing/req_logging.py:28}}
Nov 27 22:09:33 user devstack@keystone.service[46360]: DEBUG keystone.server.flask.request_processing.req_logging [None req-7e6913a5-d3d5-4690-8a77-466babcda3e8 None admin] PATH_INFO: `/v3/role_assignments` {{(pid=46360) log_request_info /opt/stack/keystone/keystone/server/flask/request_processing/req_logging.py:29}}
Nov 27 22:09:33 user devstack@keystone.service[46360]: DEBUG keystone.common.rbac_enforcer.enforcer [None req-7e6913a5-d3d5-4690-8a77-466babcda3e8 None admin] RBAC: Adding query filter params (group.id=ee0cebfee69b4af1b06b2677bebbd304, role.id=d4fb5e0f296c43b583d187cb6552ea0c, scope.project.id=4ea279faec9f4294aebc7e5441ae1826) {{(pid=46360) _extract_filter_values /opt/stack/keystone/keystone/common/rbac_enforcer/enforcer.py:167}}
Nov 27 22:09:33 user devstack@keystone.service[46359]: DEBUG keystone.common.rbac_enforcer.enforcer [None req-4113d98c-b041-423b-abfb-0ee3f540110a None admin] RBAC: Authorizing `identity:validate_token()` {{(pid=46359) enforce_call /opt/stack/keystone/keystone/common/rbac_enforcer/enforcer.py:449}}
Nov 27 22:09:33 user devstack@keystone.service[46360]: DEBUG keystone.common.rbac_enforcer.enforcer [None req-7e6913a5-d3d5-4690-8a77-466babcda3e8 None admin] RBAC: Authorizing `identity:list_role_assignments()` {{(pid=46360) enforce_call /opt/stack/keystone/keystone/common/rbac_enforcer/enforcer.py:449}}
Nov 27 22:09:33 user devstack@keystone.service[46359]: DEBUG keystone.common.rbac_enforcer.enforcer [None req-4113d98c-b041-423b-abfb-0ee3f540110a None admin] RBAC: Authorization granted {{(pid=46359) enforce_call /opt/stack/keystone/keystone/common/rbac_enforcer/enforcer.py:457}}
Nov 27 22:09:33 user devstack@keystone.service[46360]: DEBUG keystone.common.rbac_enforcer.enforcer [None req-7e6913a5-d3d5-4690-8a77-466babcda3e8 None admin] RBAC: Authorization granted {{(pid=46360) enforce_call /opt/stack/keystone/keystone/common/rbac_enforcer/enforcer.py:457}}
Nov 27 22:09:33 user devstack@keystone.service[46360]: [pid: 46360|app: 0|req: 107/331] 10.0.0.210 () {56 vars in 1371 bytes} [Mon Nov 27 22:09:33 2023] GET /identity/v3/role_assignments?group.id=ee0cebfee69b4af1b06b2677bebbd304&scope.project.id=4ea279faec9f4294aebc7e5441ae1826&role.id=d4fb5e0f296c43b583d187cb6552ea0c => generated 609 bytes in 150 msecs (HTTP/1.1 200) 5 headers in 177 bytes (1 switches on core 0)
Nov 27 22:09:33 user devstack@keystone.service[46360]: DEBUG keystone.server.flask.request_processing.middleware.auth_context [None req-7e6913a5-d3d5-4690-8a77-466babcda3e8 None admin] Authenticating user token {{(pid=46360) process_request /opt/stack/data/venv/lib/python3.10/site-packages/keystonemiddleware/auth_token/__init__.py:406}}
Nov 27 22:09:33 user devstack@keystone.service[46361]: DEBUG keystone.server.flask.request_processing.middleware.auth_context [None req-8f22254a-850c-472b-8d94-bd4afc3009b7 None admin] Validating token access rules against request {{(pid=46361) validate_allowed_request /opt/stack/data/venv/lib/python3.10/site-packages/keystonemiddleware/auth_token/__init__.py:544}}
Nov 27 22:09:33 user devstack@keystone.service[46361]: DEBUG keystone.server.flask.request_processing.middleware.auth_context [None req-ca6a2c31-bafb-4fda-8286-1532008ad5cb None admin] RBAC: auth_context: {'token': , 'domain_id': None, 'trust_id': None, 'trustor_id': None, 'trustee_id': None, 'domain_name': None, 'group_ids': [], 'user_id': 'dc1aebdb92d4447893df165367a653f4', 'user_domain_id': 'default', 'system_scope': 'all', 'project_id': None, 'project_domain_id': None, 'roles': ['admin', 'manager', 'member', 'reader'], 'is_admin_project': True, 'service_user_id': None, 'service_user_domain_id': None, 'service_project_id': None, 'service_project_domain_id': None, 'service_roles': []} {{(pid=46361) fill_context /opt/stack/keystone/keystone/server/flask/request_processing/middleware/auth_context.py:480}}
Nov 27 22:09:33 user devstack@keystone.service[46361]: DEBUG keystone.server.flask.request_processing.req_logging [None req-ca6a2c31-bafb-4fda-8286-1532008ad5cb None admin] REQUEST_METHOD: `GET` {{(pid=46361) log_request_info /opt/stack/keystone/keystone/server/flask/request_processing/req_logging.py:27}}
Nov 27 22:09:33 user devstack@keystone.service[46361]: DEBUG keystone.server.flask.request_processing.req_logging [None req-ca6a2c31-bafb-4fda-8286-1532008ad5cb None admin] SCRIPT_NAME: `/identity` {{(pid=46361) log_request_info /opt/stack/keystone/keystone/server/flask/request_processing/req_logging.py:28}}
Nov 27 22:09:33 user devstack@keystone.service[46361]: DEBUG keystone.server.flask.request_processing.req_logging [None req-ca6a2c31-bafb-4fda-8286-1532008ad5cb None admin] PATH_INFO: `/v3/role_assignments` {{(pid=46361) log_request_info /opt/stack/keystone/keystone/server/flask/request_processing/req_logging.py:29}}
Nov 27 22:09:33 user devstack@keystone.service[46361]: DEBUG keystone.common.rbac_enforcer.enforcer [None req-ca6a2c31-bafb-4fda-8286-1532008ad5cb None admin] RBAC: Adding query filter params (group.id=ee0cebfee69b4af1b06b2677bebbd304, role.id=d82642eff4be41e2ab50096fb99c5060, scope.project.id=a6e15fd462e8478698b82ae4afeb20ef) {{(pid=46361) _extract_filter_values /opt/stack/keystone/keystone/common/rbac_enforcer/enforcer.py:167}}
Nov 27 22:09:33 user devstack@keystone.service[46361]: DEBUG keystone.common.rbac_enforcer.enforcer [None req-ca6a2c31-bafb-4fda-8286-1532008ad5cb None admin] RBAC: Authorizing `identity:list_role_assignments()` {{(pid=46361) enforce_call /opt/stack/keystone/keystone/common/rbac_enforcer/enforcer.py:449}}
Nov 27 22:09:33 user devstack@keystone.service[46361]: DEBUG keystone.common.rbac_enforcer.enforcer [None req-ca6a2c31-bafb-4fda-8286-1532008ad5cb None admin] RBAC: Authorization granted {{(pid=46361) enforce_call /opt/stack/keystone/keystone/common/rbac_enforcer/enforcer.py:457}}
Nov 27 22:09:33 user devstack@keystone.service[46361]: [pid: 46361|app: 0|req: 115/332] 10.0.0.210 () {56 vars in 1371 bytes} [Mon Nov 27 22:09:33 2023] GET /identity/v3/role_assignments?group.id=ee0cebfee69b4af1b06b2677bebbd304&scope.project.id=a6e15fd462e8478698b82ae4afeb20ef&role.id=d82642eff4be41e2ab50096fb99c5060 => generated 609 bytes in 144 msecs (HTTP/1.1 200) 5 headers in 177 bytes (1 switches on core 0)
Nov 27 22:09:33 user devstack@keystone.service[46360]: DEBUG keystone.server.flask.request_processing.middleware.auth_context [None req-7e6913a5-d3d5-4690-8a77-466babcda3e8 None admin] Validating token access rules against request {{(pid=46360) validate_allowed_request /opt/stack/data/venv/lib/python3.10/site-packages/keystonemiddleware/auth_token/__init__.py:544}}
Nov 27 22:09:33 user devstack@keystone.service[46359]: [pid: 46359|app: 0|req: 111/333] 10.0.0.210 () {58 vars in 1277 bytes} [Mon Nov 27 22:09:32 2023] GET /identity/v3/auth/tokens => generated 861 bytes in 306 msecs (HTTP/1.1 200) 6 headers in 358 bytes (2 switches on core 0)
Nov 27 22:09:33 user devstack@keystone.service[46361]: DEBUG keystone.server.flask.request_processing.middleware.auth_context [None req-ca6a2c31-bafb-4fda-8286-1532008ad5cb None admin] Authenticating user token {{(pid=46361) process_request /opt/stack/data/venv/lib/python3.10/site-packages/keystonemiddleware/auth_token/__init__.py:406}}
Nov 27 22:09:33 user devstack@keystone.service[46360]: DEBUG keystone.server.flask.request_processing.middleware.auth_context [None req-19673ab5-925c-4fe2-ace6-5f99122ddfb4 None admin] RBAC: auth_context: {'token': , 'domain_id': None, 'trust_id': None, 'trustor_id': None, 'trustee_id': None, 'domain_name': None, 'group_ids': [], 'user_id': 'dc1aebdb92d4447893df165367a653f4', 'user_domain_id': 'default', 'system_scope': 'all', 'project_id': None, 'project_domain_id': None, 'roles': ['admin', 'manager', 'member', 'reader'], 'is_admin_project': True, 'service_user_id': None, 'service_user_domain_id': None, 'service_project_id': None, 'service_project_domain_id': None, 'service_roles': []} {{(pid=46360) fill_context /opt/stack/keystone/keystone/server/flask/request_processing/middleware/auth_context.py:480}}
Nov 27 22:09:33 user devstack@keystone.service[46360]: DEBUG keystone.server.flask.request_processing.req_logging [None req-19673ab5-925c-4fe2-ace6-5f99122ddfb4 None admin] REQUEST_METHOD: `GET` {{(pid=46360) log_request_info /opt/stack/keystone/keystone/server/flask/request_processing/req_logging.py:27}}
Nov 27 22:09:33 user devstack@keystone.service[46360]: DEBUG keystone.server.flask.request_processing.req_logging [None req-19673ab5-925c-4fe2-ace6-5f99122ddfb4 None admin] SCRIPT_NAME: `/identity` {{(pid=46360) log_request_info /opt/stack/keystone/keystone/server/flask/request_processing/req_logging.py:28}}
Nov 27 22:09:33 user devstack@keystone.service[46360]: DEBUG keystone.server.flask.request_processing.req_logging [None req-19673ab5-925c-4fe2-ace6-5f99122ddfb4 None admin] PATH_INFO: `/v3/groups/ee0cebfee69b4af1b06b2677bebbd304` {{(pid=46360) log_request_info /opt/stack/keystone/keystone/server/flask/request_processing/req_logging.py:29}}
Nov 27 22:09:33 user devstack@keystone.service[46360]: DEBUG keystone.common.rbac_enforcer.enforcer [None req-19673ab5-925c-4fe2-ace6-5f99122ddfb4 None admin] RBAC: Authorizing `identity:get_group(group_id=ee0cebfee69b4af1b06b2677bebbd304)` {{(pid=46360) enforce_call /opt/stack/keystone/keystone/common/rbac_enforcer/enforcer.py:449}}
Nov 27 22:09:33 user devstack@keystone.service[46360]: DEBUG keystone.common.rbac_enforcer.enforcer [None req-19673ab5-925c-4fe2-ace6-5f99122ddfb4 None admin] RBAC: Authorization granted {{(pid=46360) enforce_call /opt/stack/keystone/keystone/common/rbac_enforcer/enforcer.py:457}}
Nov 27 22:09:33 user devstack@keystone.service[46360]: [pid: 46360|app: 0|req: 108/334] 10.0.0.210 () {56 vars in 1175 bytes} [Mon Nov 27 22:09:33 2023] GET /identity/v3/groups/ee0cebfee69b4af1b06b2677bebbd304 => generated 225 bytes in 135 msecs (HTTP/1.1 200) 5 headers in 177 bytes (1 switches on core 0)
Nov 27 22:09:33 user devstack@keystone.service[46359]: DEBUG keystone.server.flask.request_processing.middleware.auth_context [None req-4113d98c-b041-423b-abfb-0ee3f540110a None admin] Authenticating user token {{(pid=46359) process_request /opt/stack/data/venv/lib/python3.10/site-packages/keystonemiddleware/auth_token/__init__.py:406}}
Nov 27 22:09:33 user devstack@keystone.service[46361]: DEBUG keystone.server.flask.request_processing.middleware.auth_context [None req-ca6a2c31-bafb-4fda-8286-1532008ad5cb None admin] Validating token access rules against request {{(pid=46361) validate_allowed_request /opt/stack/data/venv/lib/python3.10/site-packages/keystonemiddleware/auth_token/__init__.py:544}}
Nov 27 22:09:33 user devstack@keystone.service[46359]: DEBUG keystone.server.flask.request_processing.middleware.auth_context [None req-4113d98c-b041-423b-abfb-0ee3f540110a None admin] Validating token access rules against request {{(pid=46359) validate_allowed_request /opt/stack/data/venv/lib/python3.10/site-packages/keystonemiddleware/auth_token/__init__.py:544}}
Nov 27 22:09:33 user devstack@keystone.service[46361]: DEBUG keystone.server.flask.request_processing.middleware.auth_context [None req-cc45a849-fc3e-4b45-83e2-f81e2358a360 None admin] RBAC: auth_context: {'token': , 'domain_id': None, 'trust_id': None, 'trustor_id': None, 'trustee_id': None, 'domain_name': None, 'group_ids': [], 'user_id': 'dc1aebdb92d4447893df165367a653f4', 'user_domain_id': 'default', 'system_scope': 'all', 'project_id': None, 'project_domain_id': None, 'roles': ['admin', 'manager', 'member', 'reader'], 'is_admin_project': True, 'service_user_id': None, 'service_user_domain_id': None, 'service_project_id': None, 'service_project_domain_id': None, 'service_roles': []} {{(pid=46361) fill_context /opt/stack/keystone/keystone/server/flask/request_processing/middleware/auth_context.py:480}}
Nov 27 22:09:33 user devstack@keystone.service[46361]: DEBUG keystone.server.flask.request_processing.req_logging [None req-cc45a849-fc3e-4b45-83e2-f81e2358a360 None admin] REQUEST_METHOD: `GET` {{(pid=46361) log_request_info /opt/stack/keystone/keystone/server/flask/request_processing/req_logging.py:27}}
Nov 27 22:09:33 user devstack@keystone.service[46361]: DEBUG keystone.server.flask.request_processing.req_logging [None req-cc45a849-fc3e-4b45-83e2-f81e2358a360 None admin] SCRIPT_NAME: `/identity` {{(pid=46361) log_request_info /opt/stack/keystone/keystone/server/flask/request_processing/req_logging.py:28}}
Nov 27 22:09:33 user devstack@keystone.service[46361]: DEBUG keystone.server.flask.request_processing.req_logging [None req-cc45a849-fc3e-4b45-83e2-f81e2358a360 None admin] PATH_INFO: `/v3/projects/9746f3c6a6c34c86a8024f8776ddd428` {{(pid=46361) log_request_info /opt/stack/keystone/keystone/server/flask/request_processing/req_logging.py:29}}
Nov 27 22:09:33 user devstack@keystone.service[46361]: DEBUG keystone.common.rbac_enforcer.enforcer [None req-cc45a849-fc3e-4b45-83e2-f81e2358a360 None admin] RBAC: Authorizing `identity:get_project(project_id=9746f3c6a6c34c86a8024f8776ddd428)` {{(pid=46361) enforce_call /opt/stack/keystone/keystone/common/rbac_enforcer/enforcer.py:449}}
Nov 27 22:09:33 user devstack@keystone.service[46361]: DEBUG keystone.common.rbac_enforcer.enforcer [None req-cc45a849-fc3e-4b45-83e2-f81e2358a360 None admin] RBAC: Authorization granted {{(pid=46361) enforce_call /opt/stack/keystone/keystone/common/rbac_enforcer/enforcer.py:457}}
Nov 27 22:09:33 user devstack@keystone.service[46361]: [pid: 46361|app: 0|req: 116/335] 10.0.0.210 () {56 vars in 1181 bytes} [Mon Nov 27 22:09:33 2023] GET /identity/v3/projects/9746f3c6a6c34c86a8024f8776ddd428 => generated 343 bytes in 161 msecs (HTTP/1.1 200) 5 headers in 177 bytes (1 switches on core 0)
