Nov 27 22:50:58 user devstack@keystone.service[46301]: DEBUG keystone.server.flask.request_processing.req_logging [None req-cb2a414b-65ee-4c12-b4c0-6b451a041511 None admin] SCRIPT_NAME: `/identity` {{(pid=46301) log_request_info /opt/stack/keystone/keystone/server/flask/request_processing/req_logging.py:28}}
Nov 27 22:50:58 user devstack@keystone.service[46301]: DEBUG keystone.server.flask.request_processing.req_logging [None req-cb2a414b-65ee-4c12-b4c0-6b451a041511 None admin] PATH_INFO: `/v3/auth/tokens` {{(pid=46301) log_request_info /opt/stack/keystone/keystone/server/flask/request_processing/req_logging.py:29}}
Nov 27 22:50:58 user devstack@keystone.service[46300]: DEBUG keystone.server.flask.request_processing.middleware.auth_context [None req-41f51991-9233-4bcb-b84b-56259a5a9fea None admin] Validating token access rules against request {{(pid=46300) validate_allowed_request /opt/stack/data/venv/lib/python3.10/site-packages/keystonemiddleware/auth_token/__init__.py:544}}
Nov 27 22:50:58 user devstack@keystone.service[46299]: DEBUG keystone.common.rbac_enforcer.enforcer [None req-b0e7d7b8-129f-4675-917e-c779a75767cb None admin] RBAC: Authorizing `identity:validate_token()` {{(pid=46299) enforce_call /opt/stack/keystone/keystone/common/rbac_enforcer/enforcer.py:449}}
Nov 27 22:50:58 user devstack@keystone.service[46299]: DEBUG keystone.common.rbac_enforcer.enforcer [None req-b0e7d7b8-129f-4675-917e-c779a75767cb None admin] RBAC: Authorization granted {{(pid=46299) enforce_call /opt/stack/keystone/keystone/common/rbac_enforcer/enforcer.py:457}}
Nov 27 22:50:58 user devstack@keystone.service[46301]: DEBUG keystone.common.rbac_enforcer.enforcer [None req-cb2a414b-65ee-4c12-b4c0-6b451a041511 None admin] RBAC: Authorizing `identity:validate_token()` {{(pid=46301) enforce_call /opt/stack/keystone/keystone/common/rbac_enforcer/enforcer.py:449}}
Nov 27 22:50:58 user devstack@keystone.service[46301]: DEBUG keystone.common.rbac_enforcer.enforcer [None req-cb2a414b-65ee-4c12-b4c0-6b451a041511 None admin] RBAC: Authorization granted {{(pid=46301) enforce_call /opt/stack/keystone/keystone/common/rbac_enforcer/enforcer.py:457}}
Nov 27 22:50:58 user devstack@keystone.service[46300]: DEBUG keystone.server.flask.request_processing.middleware.auth_context [None req-51143261-edc4-456f-86da-beeedc4e2891 None admin] RBAC: auth_context: {'token': , 'domain_id': None, 'trust_id': None, 'trustor_id': None, 'trustee_id': None, 'domain_name': None, 'group_ids': [], 'user_id': 'c158dc1627374b12966032989db48d01', 'user_domain_id': 'default', 'system_scope': 'all', 'project_id': None, 'project_domain_id': None, 'roles': ['admin', 'manager', 'member', 'reader'], 'is_admin_project': True, 'service_user_id': None, 'service_user_domain_id': None, 'service_project_id': None, 'service_project_domain_id': None, 'service_roles': []} {{(pid=46300) fill_context /opt/stack/keystone/keystone/server/flask/request_processing/middleware/auth_context.py:480}}
Nov 27 22:50:58 user devstack@keystone.service[46300]: DEBUG keystone.server.flask.request_processing.req_logging [None req-51143261-edc4-456f-86da-beeedc4e2891 None admin] REQUEST_METHOD: `GET` {{(pid=46300) log_request_info /opt/stack/keystone/keystone/server/flask/request_processing/req_logging.py:27}}
Nov 27 22:50:58 user devstack@keystone.service[46300]: DEBUG keystone.server.flask.request_processing.req_logging [None req-51143261-edc4-456f-86da-beeedc4e2891 None admin] SCRIPT_NAME: `/identity` {{(pid=46300) log_request_info /opt/stack/keystone/keystone/server/flask/request_processing/req_logging.py:28}}
Nov 27 22:50:58 user devstack@keystone.service[46300]: DEBUG keystone.server.flask.request_processing.req_logging [None req-51143261-edc4-456f-86da-beeedc4e2891 None admin] PATH_INFO: `/v3/role_assignments` {{(pid=46300) log_request_info /opt/stack/keystone/keystone/server/flask/request_processing/req_logging.py:29}}
Nov 27 22:50:58 user devstack@keystone.service[46300]: DEBUG keystone.common.rbac_enforcer.enforcer [None req-51143261-edc4-456f-86da-beeedc4e2891 None admin] RBAC: Adding query filter params (role.id=206b691eff394637bb27e1abf720c70f, scope.project.id=f646264f071e4b0fbfd4f0d2c517f0fb, user.id=c158dc1627374b12966032989db48d01) {{(pid=46300) _extract_filter_values /opt/stack/keystone/keystone/common/rbac_enforcer/enforcer.py:167}}
Nov 27 22:50:58 user devstack@keystone.service[46300]: DEBUG keystone.common.rbac_enforcer.enforcer [None req-51143261-edc4-456f-86da-beeedc4e2891 None admin] RBAC: Authorizing `identity:list_role_assignments()` {{(pid=46300) enforce_call /opt/stack/keystone/keystone/common/rbac_enforcer/enforcer.py:449}}
Nov 27 22:50:58 user devstack@keystone.service[46300]: DEBUG keystone.common.rbac_enforcer.enforcer [None req-51143261-edc4-456f-86da-beeedc4e2891 None admin] RBAC: Authorization granted {{(pid=46300) enforce_call /opt/stack/keystone/keystone/common/rbac_enforcer/enforcer.py:457}}
Nov 27 22:50:58 user devstack@keystone.service[46300]: [pid: 46300|app: 0|req: 44/125] 10.0.0.210 () {56 vars in 1369 bytes} [Mon Nov 27 22:50:58 2023] GET /identity/v3/role_assignments?user.id=c158dc1627374b12966032989db48d01&scope.project.id=f646264f071e4b0fbfd4f0d2c517f0fb&role.id=206b691eff394637bb27e1abf720c70f => generated 606 bytes in 153 msecs (HTTP/1.1 200) 5 headers in 177 bytes (2 switches on core 0)
Nov 27 22:50:58 user devstack@keystone.service[46301]: [pid: 46301|app: 0|req: 42/126] 10.0.0.210 () {58 vars in 1277 bytes} [Mon Nov 27 22:50:58 2023] GET /identity/v3/auth/tokens => generated 861 bytes in 324 msecs (HTTP/1.1 200) 6 headers in 358 bytes (1 switches on core 0)
Nov 27 22:50:58 user devstack@keystone.service[46299]: [pid: 46299|app: 0|req: 41/127] 10.0.0.210 () {58 vars in 1277 bytes} [Mon Nov 27 22:50:58 2023] GET /identity/v3/auth/tokens => generated 861 bytes in 319 msecs (HTTP/1.1 200) 6 headers in 358 bytes (1 switches on core 0)
Nov 27 22:50:58 user devstack@keystone.service[46300]: DEBUG keystone.server.flask.request_processing.middleware.auth_context [None req-51143261-edc4-456f-86da-beeedc4e2891 None admin] Authenticating user token {{(pid=46300) process_request /opt/stack/data/venv/lib/python3.10/site-packages/keystonemiddleware/auth_token/__init__.py:406}}
Nov 27 22:50:58 user devstack@keystone.service[46301]: DEBUG keystone.server.flask.request_processing.middleware.auth_context [None req-cb2a414b-65ee-4c12-b4c0-6b451a041511 None admin] Authenticating user token {{(pid=46301) process_request /opt/stack/data/venv/lib/python3.10/site-packages/keystonemiddleware/auth_token/__init__.py:406}}
Nov 27 22:50:58 user devstack@keystone.service[46301]: DEBUG keystone.server.flask.request_processing.middleware.auth_context [None req-cb2a414b-65ee-4c12-b4c0-6b451a041511 None admin] Validating token access rules against request {{(pid=46301) validate_allowed_request /opt/stack/data/venv/lib/python3.10/site-packages/keystonemiddleware/auth_token/__init__.py:544}}
Nov 27 22:50:58 user devstack@keystone.service[46300]: DEBUG keystone.server.flask.request_processing.middleware.auth_context [None req-51143261-edc4-456f-86da-beeedc4e2891 None admin] Validating token access rules against request {{(pid=46300) validate_allowed_request /opt/stack/data/venv/lib/python3.10/site-packages/keystonemiddleware/auth_token/__init__.py:544}}
Nov 27 22:50:58 user devstack@keystone.service[46301]: DEBUG keystone.server.flask.request_processing.middleware.auth_context [None req-218c435d-d0d4-4f51-b79b-70ff6e551c0c None admin] RBAC: auth_context: {'token': , 'domain_id': None, 'trust_id': None, 'trustor_id': None, 'trustee_id': None, 'domain_name': None, 'group_ids': [], 'user_id': 'c158dc1627374b12966032989db48d01', 'user_domain_id': 'default', 'system_scope': 'all', 'project_id': None, 'project_domain_id': None, 'roles': ['admin', 'manager', 'member', 'reader'], 'is_admin_project': True, 'service_user_id': None, 'service_user_domain_id': None, 'service_project_id': None, 'service_project_domain_id': None, 'service_roles': []} {{(pid=46301) fill_context /opt/stack/keystone/keystone/server/flask/request_processing/middleware/auth_context.py:480}}
Nov 27 22:50:58 user devstack@keystone.service[46301]: DEBUG keystone.server.flask.request_processing.req_logging [None req-218c435d-d0d4-4f51-b79b-70ff6e551c0c None admin] REQUEST_METHOD: `GET` {{(pid=46301) log_request_info /opt/stack/keystone/keystone/server/flask/request_processing/req_logging.py:27}}
Nov 27 22:50:58 user devstack@keystone.service[46301]: DEBUG keystone.server.flask.request_processing.req_logging [None req-218c435d-d0d4-4f51-b79b-70ff6e551c0c None admin] SCRIPT_NAME: `/identity` {{(pid=46301) log_request_info /opt/stack/keystone/keystone/server/flask/request_processing/req_logging.py:28}}
Nov 27 22:50:58 user devstack@keystone.service[46301]: DEBUG keystone.server.flask.request_processing.req_logging [None req-218c435d-d0d4-4f51-b79b-70ff6e551c0c None admin] PATH_INFO: `/v3/projects/114297ee996a43c9ab66fb7c309e9d76` {{(pid=46301) log_request_info /opt/stack/keystone/keystone/server/flask/request_processing/req_logging.py:29}}
Nov 27 22:50:58 user devstack@keystone.service[46301]: DEBUG keystone.common.rbac_enforcer.enforcer [None req-218c435d-d0d4-4f51-b79b-70ff6e551c0c None admin] RBAC: Authorizing `identity:get_project(project_id=114297ee996a43c9ab66fb7c309e9d76)` {{(pid=46301) enforce_call /opt/stack/keystone/keystone/common/rbac_enforcer/enforcer.py:449}}
Nov 27 22:50:58 user devstack@keystone.service[46301]: DEBUG keystone.common.rbac_enforcer.enforcer [None req-218c435d-d0d4-4f51-b79b-70ff6e551c0c None admin] RBAC: Authorization granted {{(pid=46301) enforce_call /opt/stack/keystone/keystone/common/rbac_enforcer/enforcer.py:457}}
Nov 27 22:50:58 user devstack@keystone.service[46301]: [pid: 46301|app: 0|req: 43/128] 10.0.0.210 () {56 vars in 1181 bytes} [Mon Nov 27 22:50:58 2023] GET /identity/v3/projects/114297ee996a43c9ab66fb7c309e9d76 => generated 311 bytes in 135 msecs (HTTP/1.1 200) 5 headers in 177 bytes (1 switches on core 0)
Nov 27 22:50:58 user devstack@keystone.service[46300]: DEBUG keystone.server.flask.request_processing.middleware.auth_context [None req-23792811-4def-4edf-b61d-29c59539e7f0 None admin] RBAC: auth_context: {'token': , 'domain_id': None, 'trust_id': None, 'trustor_id': None, 'trustee_id': None, 'domain_name': None, 'group_ids': [], 'user_id': 'c158dc1627374b12966032989db48d01', 'user_domain_id': 'default', 'system_scope': 'all', 'project_id': None, 'project_domain_id': None, 'roles': ['admin', 'manager', 'member', 'reader'], 'is_admin_project': True, 'service_user_id': None, 'service_user_domain_id': None, 'service_project_id': None, 'service_project_domain_id': None, 'service_roles': []} {{(pid=46300) fill_context /opt/stack/keystone/keystone/server/flask/request_processing/middleware/auth_context.py:480}}
Nov 27 22:50:58 user devstack@keystone.service[46300]: DEBUG keystone.server.flask.request_processing.req_logging [None req-23792811-4def-4edf-b61d-29c59539e7f0 None admin] REQUEST_METHOD: `GET` {{(pid=46300) log_request_info /opt/stack/keystone/keystone/server/flask/request_processing/req_logging.py:27}}
Nov 27 22:50:58 user devstack@keystone.service[46300]: DEBUG keystone.server.flask.request_processing.req_logging [None req-23792811-4def-4edf-b61d-29c59539e7f0 None admin] SCRIPT_NAME: `/identity` {{(pid=46300) log_request_info /opt/stack/keystone/keystone/server/flask/request_processing/req_logging.py:28}}
Nov 27 22:50:58 user devstack@keystone.service[46300]: DEBUG keystone.server.flask.request_processing.req_logging [None req-23792811-4def-4edf-b61d-29c59539e7f0 None admin] PATH_INFO: `/v3/projects/f646264f071e4b0fbfd4f0d2c517f0fb` {{(pid=46300) log_request_info /opt/stack/keystone/keystone/server/flask/request_processing/req_logging.py:29}}
Nov 27 22:50:58 user devstack@keystone.service[46300]: DEBUG keystone.common.rbac_enforcer.enforcer [None req-23792811-4def-4edf-b61d-29c59539e7f0 None admin] RBAC: Authorizing `identity:get_project(project_id=f646264f071e4b0fbfd4f0d2c517f0fb)` {{(pid=46300) enforce_call /opt/stack/keystone/keystone/common/rbac_enforcer/enforcer.py:449}}
Nov 27 22:50:58 user devstack@keystone.service[46299]: DEBUG keystone.server.flask.request_processing.middleware.auth_context [None req-b0e7d7b8-129f-4675-917e-c779a75767cb None admin] Authenticating user token {{(pid=46299) process_request /opt/stack/data/venv/lib/python3.10/site-packages/keystonemiddleware/auth_token/__init__.py:406}}
Nov 27 22:50:58 user devstack@keystone.service[46300]: DEBUG keystone.common.rbac_enforcer.enforcer [None req-23792811-4def-4edf-b61d-29c59539e7f0 None admin] RBAC: Authorization granted {{(pid=46300) enforce_call /opt/stack/keystone/keystone/common/rbac_enforcer/enforcer.py:457}}
Nov 27 22:50:58 user devstack@keystone.service[46300]: [pid: 46300|app: 0|req: 45/129] 10.0.0.210 () {56 vars in 1181 bytes} [Mon Nov 27 22:50:58 2023] GET /identity/v3/projects/f646264f071e4b0fbfd4f0d2c517f0fb => generated 297 bytes in 156 msecs (HTTP/1.1 200) 5 headers in 177 bytes (1 switches on core 0)
Nov 27 22:50:58 user devstack@keystone.service[46301]: DEBUG keystone.server.flask.request_processing.middleware.auth_context [None req-218c435d-d0d4-4f51-b79b-70ff6e551c0c None admin] Authenticating user token {{(pid=46301) process_request /opt/stack/data/venv/lib/python3.10/site-packages/keystonemiddleware/auth_token/__init__.py:406}}
Nov 27 22:50:58 user devstack@keystone.service[46299]: DEBUG keystone.server.flask.request_processing.middleware.auth_context [None req-b0e7d7b8-129f-4675-917e-c779a75767cb None admin] Validating token access rules against request {{(pid=46299) validate_allowed_request /opt/stack/data/venv/lib/python3.10/site-packages/keystonemiddleware/auth_token/__init__.py:544}}
Nov 27 22:50:59 user devstack@keystone.service[46301]: DEBUG keystone.server.flask.request_processing.middleware.auth_context [None req-218c435d-d0d4-4f51-b79b-70ff6e551c0c None admin] Validating token access rules against request {{(pid=46301) validate_allowed_request /opt/stack/data/venv/lib/python3.10/site-packages/keystonemiddleware/auth_token/__init__.py:544}}
Nov 27 22:50:59 user devstack@keystone.service[46299]: DEBUG keystone.server.flask.request_processing.middleware.auth_context [None req-927e1ca5-7d77-4ae5-b600-8b804629ef65 None admin] RBAC: auth_context: {'token': , 'domain_id': None, 'trust_id': None, 'trustor_id': None, 'trustee_id': None, 'domain_name': None, 'group_ids': [], 'user_id': 'c158dc1627374b12966032989db48d01', 'user_domain_id': 'default', 'system_scope': 'all', 'project_id': None, 'project_domain_id': None, 'roles': ['admin', 'manager', 'member', 'reader'], 'is_admin_project': True, 'service_user_id': None, 'service_user_domain_id': None, 'service_project_id': None, 'service_project_domain_id': None, 'service_roles': []} {{(pid=46299) fill_context /opt/stack/keystone/keystone/server/flask/request_processing/middleware/auth_context.py:480}}
Nov 27 22:50:59 user devstack@keystone.service[46299]: DEBUG keystone.server.flask.request_processing.req_logging [None req-927e1ca5-7d77-4ae5-b600-8b804629ef65 None admin] REQUEST_METHOD: `GET` {{(pid=46299) log_request_info /opt/stack/keystone/keystone/server/flask/request_processing/req_logging.py:27}}
Nov 27 22:50:59 user devstack@keystone.service[46299]: DEBUG keystone.server.flask.request_processing.req_logging [None req-927e1ca5-7d77-4ae5-b600-8b804629ef65 None admin] SCRIPT_NAME: `/identity` {{(pid=46299) log_request_info /opt/stack/keystone/keystone/server/flask/request_processing/req_logging.py:28}}
Nov 27 22:50:59 user devstack@keystone.service[46299]: DEBUG keystone.server.flask.request_processing.req_logging [None req-927e1ca5-7d77-4ae5-b600-8b804629ef65 None admin] PATH_INFO: `/v3/role_assignments` {{(pid=46299) log_request_info /opt/stack/keystone/keystone/server/flask/request_processing/req_logging.py:29}}
Nov 27 22:50:59 user devstack@keystone.service[46299]: DEBUG keystone.common.rbac_enforcer.enforcer [None req-927e1ca5-7d77-4ae5-b600-8b804629ef65 None admin] RBAC: Adding query filter params (role.id=f513afe1d89845a9880f1ded1f701b23, scope.project.id=114297ee996a43c9ab66fb7c309e9d76, user.id=56549c1e3a6d415a9b934a3ce21f3da3) {{(pid=46299) _extract_filter_values /opt/stack/keystone/keystone/common/rbac_enforcer/enforcer.py:167}}
Nov 27 22:50:59 user devstack@keystone.service[46299]: DEBUG keystone.common.rbac_enforcer.enforcer [None req-927e1ca5-7d77-4ae5-b600-8b804629ef65 None admin] RBAC: Authorizing `identity:list_role_assignments()` {{(pid=46299) enforce_call /opt/stack/keystone/keystone/common/rbac_enforcer/enforcer.py:449}}
Nov 27 22:50:59 user devstack@keystone.service[46299]: DEBUG keystone.common.rbac_enforcer.enforcer [None req-927e1ca5-7d77-4ae5-b600-8b804629ef65 None admin] RBAC: Authorization granted {{(pid=46299) enforce_call /opt/stack/keystone/keystone/common/rbac_enforcer/enforcer.py:457}}
Nov 27 22:50:59 user devstack@keystone.service[46299]: [pid: 46299|app: 0|req: 42/130] 10.0.0.210 () {56 vars in 1369 bytes} [Mon Nov 27 22:50:58 2023] GET /identity/v3/role_assignments?user.id=56549c1e3a6d415a9b934a3ce21f3da3&scope.project.id=114297ee996a43c9ab66fb7c309e9d76&role.id=f513afe1d89845a9880f1ded1f701b23 => generated 606 bytes in 143 msecs (HTTP/1.1 200) 5 headers in 177 bytes (1 switches on core 0)
Nov 27 22:50:59 user devstack@keystone.service[46301]: DEBUG keystone.server.flask.request_processing.middleware.auth_context [None req-767f8c57-fe9c-448d-a399-fb46acf5acd8 None admin] RBAC: auth_context: {'token': , 'domain_id': None, 'trust_id': None, 'trustor_id': None, 'trustee_id': None, 'domain_name': None, 'group_ids': [], 'user_id': 'c158dc1627374b12966032989db48d01', 'user_domain_id': 'default', 'system_scope': 'all', 'project_id': None, 'project_domain_id': None, 'roles': ['admin', 'manager', 'member', 'reader'], 'is_admin_project': True, 'service_user_id': None, 'service_user_domain_id': None, 'service_project_id': None, 'service_project_domain_id': None, 'service_roles': []} {{(pid=46301) fill_context /opt/stack/keystone/keystone/server/flask/request_processing/middleware/auth_context.py:480}}
Nov 27 22:50:59 user devstack@keystone.service[46301]: DEBUG keystone.server.flask.request_processing.req_logging [None req-767f8c57-fe9c-448d-a399-fb46acf5acd8 None admin] REQUEST_METHOD: `GET` {{(pid=46301) log_request_info /opt/stack/keystone/keystone/server/flask/request_processing/req_logging.py:27}}
Nov 27 22:50:59 user devstack@keystone.service[46301]: DEBUG keystone.server.flask.request_processing.req_logging [None req-767f8c57-fe9c-448d-a399-fb46acf5acd8 None admin] SCRIPT_NAME: `/identity` {{(pid=46301) log_request_info /opt/stack/keystone/keystone/server/flask/request_processing/req_logging.py:28}}
Nov 27 22:50:59 user devstack@keystone.service[46301]: DEBUG keystone.server.flask.request_processing.req_logging [None req-767f8c57-fe9c-448d-a399-fb46acf5acd8 None admin] PATH_INFO: `/v3/role_assignments` {{(pid=46301) log_request_info /opt/stack/keystone/keystone/server/flask/request_processing/req_logging.py:29}}
Nov 27 22:50:59 user devstack@keystone.service[46301]: DEBUG keystone.common.rbac_enforcer.enforcer [None req-767f8c57-fe9c-448d-a399-fb46acf5acd8 None admin] RBAC: Adding query filter params (role.id=85ba8edb9e7c45b7ae5e04521c1b578e, scope.project.id=f646264f071e4b0fbfd4f0d2c517f0fb, user.id=56549c1e3a6d415a9b934a3ce21f3da3) {{(pid=46301) _extract_filter_values /opt/stack/keystone/keystone/common/rbac_enforcer/enforcer.py:167}}
Nov 27 22:50:59 user devstack@keystone.service[46301]: DEBUG keystone.common.rbac_enforcer.enforcer [None req-767f8c57-fe9c-448d-a399-fb46acf5acd8 None admin] RBAC: Authorizing `identity:list_role_assignments()` {{(pid=46301) enforce_call /opt/stack/keystone/keystone/common/rbac_enforcer/enforcer.py:449}}
Nov 27 22:50:59 user devstack@keystone.service[46301]: DEBUG keystone.common.rbac_enforcer.enforcer [None req-767f8c57-fe9c-448d-a399-fb46acf5acd8 None admin] RBAC: Authorization granted {{(pid=46301) enforce_call /opt/stack/keystone/keystone/common/rbac_enforcer/enforcer.py:457}}
Nov 27 22:50:59 user devstack@keystone.service[46301]: [pid: 46301|app: 0|req: 44/131] 10.0.0.210 () {56 vars in 1369 bytes} [Mon Nov 27 22:50:58 2023] GET /identity/v3/role_assignments?user.id=56549c1e3a6d415a9b934a3ce21f3da3&scope.project.id=f646264f071e4b0fbfd4f0d2c517f0fb&role.id=85ba8edb9e7c45b7ae5e04521c1b578e => generated 606 bytes in 140 msecs (HTTP/1.1 200) 5 headers in 177 bytes (1 switches on core 0)
Nov 27 22:50:59 user devstack@keystone.service[46300]: DEBUG keystone.server.flask.request_processing.req_logging [None req-9180fb87-7a58-4318-a7ee-b106c020f4b9 None None] REQUEST_METHOD: `GET` {{(pid=46300) log_request_info /opt/stack/keystone/keystone/server/flask/request_processing/req_logging.py:27}}
Nov 27 22:50:59 user devstack@keystone.service[46300]: DEBUG keystone.server.flask.request_processing.req_logging [None req-9180fb87-7a58-4318-a7ee-b106c020f4b9 None None] SCRIPT_NAME: `/identity` {{(pid=46300) log_request_info /opt/stack/keystone/keystone/server/flask/request_processing/req_logging.py:28}}
Nov 27 22:50:59 user devstack@keystone.service[46300]: DEBUG keystone.server.flask.request_processing.req_logging [None req-9180fb87-7a58-4318-a7ee-b106c020f4b9 None None] PATH_INFO: `/` {{(pid=46300) log_request_info /opt/stack/keystone/keystone/server/flask/request_processing/req_logging.py:29}}
Nov 27 22:50:59 user devstack@keystone.service[46300]: [pid: 46300|app: 0|req: 46/132] 10.0.0.210 () {54 vars in 921 bytes} [Mon Nov 27 22:50:59 2023] GET /identity => generated 269 bytes in 3 msecs (HTTP/1.1 300) 6 headers in 233 bytes (1 switches on core 0)
Nov 27 22:50:59 user devstack@keystone.service[46299]: DEBUG keystone.server.flask.request_processing.req_logging [None req-e2f648ac-c4f0-4f41-ad60-11ff66755066 None None] REQUEST_METHOD: `POST` {{(pid=46299) log_request_info /opt/stack/keystone/keystone/server/flask/request_processing/req_logging.py:27}}
Nov 27 22:50:59 user devstack@keystone.service[46299]: DEBUG keystone.server.flask.request_processing.req_logging [None req-e2f648ac-c4f0-4f41-ad60-11ff66755066 None None] SCRIPT_NAME: `/identity` {{(pid=46299) log_request_info /opt/stack/keystone/keystone/server/flask/request_processing/req_logging.py:28}}
Nov 27 22:50:59 user devstack@keystone.service[46299]: DEBUG keystone.server.flask.request_processing.req_logging [None req-e2f648ac-c4f0-4f41-ad60-11ff66755066 None None] PATH_INFO: `/v3/auth/tokens` {{(pid=46299) log_request_info /opt/stack/keystone/keystone/server/flask/request_processing/req_logging.py:29}}
Nov 27 22:50:59 user devstack@keystone.service[46299]: WARNING keystone.common.password_hashing [None req-e2f648ac-c4f0-4f41-ad60-11ff66755066 None None] Truncating password to algorithm specific maximum length 72 characters.
Nov 27 22:50:59 user devstack@keystone.service[46299]: DEBUG keystone.auth.core [None req-e2f648ac-c4f0-4f41-ad60-11ff66755066 None None] MFA Rules not processed for user `c158dc1627374b12966032989db48d01`. Rule list: `[]` (Enabled: `True`). {{(pid=46299) check_auth_methods_against_rules /opt/stack/keystone/keystone/auth/core.py:438}}
Nov 27 22:50:59 user devstack@keystone.service[46299]: DEBUG keystone.common.fernet_utils [None req-e2f648ac-c4f0-4f41-ad60-11ff66755066 None None] Loaded 2 Fernet keys from /etc/keystone/fernet-keys/, but `[fernet_tokens] max_active_keys = 3`; perhaps there have not been enough key rotations to reach `max_active_keys` yet? {{(pid=46299) load_keys /opt/stack/keystone/keystone/common/fernet_utils.py:286}}
Nov 27 22:50:59 user devstack@keystone.service[46299]: [pid: 46299|app: 0|req: 43/133] 10.0.0.210 () {58 vars in 1018 bytes} [Mon Nov 27 22:50:59 2023] POST /identity/v3/auth/tokens => generated 861 bytes in 86 msecs (HTTP/1.1 201) 6 headers in 363 bytes (1 switches on core 0)
Nov 27 22:50:59 user devstack@keystone.service[46301]: DEBUG keystone.server.flask.request_processing.middleware.auth_context [None req-767f8c57-fe9c-448d-a399-fb46acf5acd8 None admin] Authenticating user token {{(pid=46301) process_request /opt/stack/data/venv/lib/python3.10/site-packages/keystonemiddleware/auth_token/__init__.py:406}}
Nov 27 22:50:59 user devstack@keystone.service[46301]: DEBUG keystone.server.flask.request_processing.middleware.auth_context [None req-767f8c57-fe9c-448d-a399-fb46acf5acd8 None admin] Validating token access rules against request {{(pid=46301) validate_allowed_request /opt/stack/data/venv/lib/python3.10/site-packages/keystonemiddleware/auth_token/__init__.py:544}}
Nov 27 22:50:59 user devstack@keystone.service[46301]: DEBUG keystone.server.flask.request_processing.middleware.auth_context [None req-5dc831ec-c67a-4a03-9e49-b62e5b83ef56 None admin] RBAC: auth_context: {'token': , 'domain_id': None, 'trust_id': None, 'trustor_id': None, 'trustee_id': None, 'domain_name': None, 'group_ids': [], 'user_id': 'c158dc1627374b12966032989db48d01', 'user_domain_id': 'default', 'system_scope': 'all', 'project_id': None, 'project_domain_id': None, 'roles': ['admin', 'manager', 'member', 'reader'], 'is_admin_project': True, 'service_user_id': None, 'service_user_domain_id': None, 'service_project_id': None, 'service_project_domain_id': None, 'service_roles': []} {{(pid=46301) fill_context /opt/stack/keystone/keystone/server/flask/request_processing/middleware/auth_context.py:480}}
Nov 27 22:50:59 user devstack@keystone.service[46301]: DEBUG keystone.server.flask.request_processing.req_logging [None req-5dc831ec-c67a-4a03-9e49-b62e5b83ef56 None admin] REQUEST_METHOD: `GET` {{(pid=46301) log_request_info /opt/stack/keystone/keystone/server/flask/request_processing/req_logging.py:27}}
Nov 27 22:50:59 user devstack@keystone.service[46301]: DEBUG keystone.server.flask.request_processing.req_logging [None req-5dc831ec-c67a-4a03-9e49-b62e5b83ef56 None admin] SCRIPT_NAME: `/identity` {{(pid=46301) log_request_info /opt/stack/keystone/keystone/server/flask/request_processing/req_logging.py:28}}
Nov 27 22:50:59 user devstack@keystone.service[46301]: DEBUG keystone.server.flask.request_processing.req_logging [None req-5dc831ec-c67a-4a03-9e49-b62e5b83ef56 None admin] PATH_INFO: `/v3/domains/default` {{(pid=46301) log_request_info /opt/stack/keystone/keystone/server/flask/request_processing/req_logging.py:29}}
Nov 27 22:50:59 user devstack@keystone.service[46301]: DEBUG keystone.common.rbac_enforcer.enforcer [None req-5dc831ec-c67a-4a03-9e49-b62e5b83ef56 None admin] RBAC: Authorizing `identity:get_domain(domain_id=default)` {{(pid=46301) enforce_call /opt/stack/keystone/keystone/common/rbac_enforcer/enforcer.py:449}}
Nov 27 22:50:59 user devstack@keystone.service[46301]: DEBUG keystone.common.rbac_enforcer.enforcer [None req-5dc831ec-c67a-4a03-9e49-b62e5b83ef56 None admin] RBAC: Authorization granted {{(pid=46301) enforce_call /opt/stack/keystone/keystone/common/rbac_enforcer/enforcer.py:457}}
Nov 27 22:50:59 user devstack@keystone.service[46301]: [pid: 46301|app: 0|req: 45/134] 10.0.0.210 () {56 vars in 1103 bytes} [Mon Nov 27 22:50:59 2023] GET /identity/v3/domains/default => generated 198 bytes in 142 msecs (HTTP/1.1 200) 5 headers in 177 bytes (1 switches on core 0)
Nov 27 22:50:59 user devstack@keystone.service[46300]: DEBUG keystone.server.flask.request_processing.middleware.auth_context [None req-9180fb87-7a58-4318-a7ee-b106c020f4b9 None None] Authenticating user token {{(pid=46300) process_request /opt/stack/data/venv/lib/python3.10/site-packages/keystonemiddleware/auth_token/__init__.py:406}}
Nov 27 22:51:00 user devstack@keystone.service[46299]: DEBUG keystone.server.flask.request_processing.req_logging [None req-6781db6a-512f-4a6a-8814-f7cd4ba6850b None None] REQUEST_METHOD: `GET` {{(pid=46299) log_request_info /opt/stack/keystone/keystone/server/flask/request_processing/req_logging.py:27}}
Nov 27 22:51:00 user devstack@keystone.service[46299]: DEBUG keystone.server.flask.request_processing.req_logging [None req-6781db6a-512f-4a6a-8814-f7cd4ba6850b None None] SCRIPT_NAME: `/identity` {{(pid=46299) log_request_info /opt/stack/keystone/keystone/server/flask/request_processing/req_logging.py:28}}
Nov 27 22:51:00 user devstack@keystone.service[46299]: DEBUG keystone.server.flask.request_processing.req_logging [None req-6781db6a-512f-4a6a-8814-f7cd4ba6850b None None] PATH_INFO: `/` {{(pid=46299) log_request_info /opt/stack/keystone/keystone/server/flask/request_processing/req_logging.py:29}}
Nov 27 22:51:00 user devstack@keystone.service[46299]: [pid: 46299|app: 0|req: 44/135] 10.0.0.210 () {54 vars in 921 bytes} [Mon Nov 27 22:51:00 2023] GET /identity => generated 269 bytes in 4 msecs (HTTP/1.1 300) 6 headers in 233 bytes (1 switches on core 0)
Nov 27 22:51:00 user devstack@keystone.service[46301]: DEBUG keystone.server.flask.request_processing.req_logging [None req-47a23538-2888-4c68-8f38-c748da29d9cb None None] REQUEST_METHOD: `POST` {{(pid=46301) log_request_info /opt/stack/keystone/keystone/server/flask/request_processing/req_logging.py:27}}
Nov 27 22:51:00 user devstack@keystone.service[46301]: DEBUG keystone.server.flask.request_processing.req_logging [None req-47a23538-2888-4c68-8f38-c748da29d9cb None None] SCRIPT_NAME: `/identity` {{(pid=46301) log_request_info /opt/stack/keystone/keystone/server/flask/request_processing/req_logging.py:28}}
Nov 27 22:51:00 user devstack@keystone.service[46301]: DEBUG keystone.server.flask.request_processing.req_logging [None req-47a23538-2888-4c68-8f38-c748da29d9cb None None] PATH_INFO: `/v3/auth/tokens` {{(pid=46301) log_request_info /opt/stack/keystone/keystone/server/flask/request_processing/req_logging.py:29}}
Nov 27 22:51:00 user devstack@keystone.service[46301]: WARNING keystone.common.password_hashing [None req-47a23538-2888-4c68-8f38-c748da29d9cb None None] Truncating password to algorithm specific maximum length 72 characters.
Nov 27 22:51:00 user devstack@keystone.service[46301]: DEBUG keystone.auth.core [None req-47a23538-2888-4c68-8f38-c748da29d9cb None None] MFA Rules not processed for user `c158dc1627374b12966032989db48d01`. Rule list: `[]` (Enabled: `True`). {{(pid=46301) check_auth_methods_against_rules /opt/stack/keystone/keystone/auth/core.py:438}}
Nov 27 22:51:00 user devstack@keystone.service[46301]: DEBUG keystone.common.fernet_utils [None req-47a23538-2888-4c68-8f38-c748da29d9cb None None] Loaded 2 Fernet keys from /etc/keystone/fernet-keys/, but `[fernet_tokens] max_active_keys = 3`; perhaps there have not been enough key rotations to reach `max_active_keys` yet? {{(pid=46301) load_keys /opt/stack/keystone/keystone/common/fernet_utils.py:286}}
Nov 27 22:51:00 user devstack@keystone.service[46301]: [pid: 46301|app: 0|req: 46/136] 10.0.0.210 () {58 vars in 1018 bytes} [Mon Nov 27 22:51:00 2023] POST /identity/v3/auth/tokens => generated 861 bytes in 108 msecs (HTTP/1.1 201) 6 headers in 363 bytes (1 switches on core 0)
Nov 27 22:51:00 user devstack@keystone.service[46300]: DEBUG keystone.server.flask.request_processing.middleware.auth_context [None req-9180fb87-7a58-4318-a7ee-b106c020f4b9 None None] Validating token access rules against request {{(pid=46300) validate_allowed_request /opt/stack/data/venv/lib/python3.10/site-packages/keystonemiddleware/auth_token/__init__.py:544}}
Nov 27 22:51:00 user devstack@keystone.service[46300]: DEBUG keystone.server.flask.request_processing.middleware.auth_context [None req-e01160b6-eed0-4e6e-b097-252779fd24e6 None admin] RBAC: auth_context: {'token': , 'domain_id': None, 'trust_id': None, 'trustor_id': None, 'trustee_id': None, 'domain_name': None, 'group_ids': [], 'user_id': 'c158dc1627374b12966032989db48d01', 'user_domain_id': 'default', 'system_scope': 'all', 'project_id': None, 'project_domain_id': None, 'roles': ['admin', 'manager', 'member', 'reader'], 'is_admin_project': True, 'service_user_id': None, 'service_user_domain_id': None, 'service_project_id': None, 'service_project_domain_id': None, 'service_roles': []} {{(pid=46300) fill_context /opt/stack/keystone/keystone/server/flask/request_processing/middleware/auth_context.py:480}}
Nov 27 22:51:00 user devstack@keystone.service[46300]: DEBUG keystone.server.flask.request_processing.req_logging [None req-e01160b6-eed0-4e6e-b097-252779fd24e6 None admin] REQUEST_METHOD: `POST` {{(pid=46300) log_request_info /opt/stack/keystone/keystone/server/flask/request_processing/req_logging.py:27}}
Nov 27 22:51:00 user devstack@keystone.service[46300]: DEBUG keystone.server.flask.request_processing.req_logging [None req-e01160b6-eed0-4e6e-b097-252779fd24e6 None admin] SCRIPT_NAME: `/identity` {{(pid=46300) log_request_info /opt/stack/keystone/keystone/server/flask/request_processing/req_logging.py:28}}
Nov 27 22:51:00 user devstack@keystone.service[46300]: DEBUG keystone.server.flask.request_processing.req_logging [None req-e01160b6-eed0-4e6e-b097-252779fd24e6 None admin] PATH_INFO: `/v3/users` {{(pid=46300) log_request_info /opt/stack/keystone/keystone/server/flask/request_processing/req_logging.py:29}}
Nov 27 22:51:00 user devstack@keystone.service[46300]: DEBUG keystone.common.rbac_enforcer.enforcer [None req-e01160b6-eed0-4e6e-b097-252779fd24e6 None admin] RBAC: Authorizing `identity:create_user()` {{(pid=46300) enforce_call /opt/stack/keystone/keystone/common/rbac_enforcer/enforcer.py:449}}
Nov 27 22:51:00 user devstack@keystone.service[46300]: DEBUG keystone.common.rbac_enforcer.enforcer [None req-e01160b6-eed0-4e6e-b097-252779fd24e6 None admin] RBAC: Authorization granted {{(pid=46300) enforce_call /opt/stack/keystone/keystone/common/rbac_enforcer/enforcer.py:457}}
Nov 27 22:51:00 user devstack@keystone.service[46300]: WARNING keystone.common.password_hashing [None req-e01160b6-eed0-4e6e-b097-252779fd24e6 None admin] Truncating password to algorithm specific maximum length 72 characters.
Nov 27 22:51:00 user devstack@keystone.service[46300]: [pid: 46300|app: 0|req: 47/137] 10.0.0.210 () {60 vars in 1127 bytes} [Mon Nov 27 22:50:59 2023] POST /identity/v3/users => generated 282 bytes in 408 msecs (HTTP/1.1 201) 5 headers in 182 bytes (1 switches on core 0)
Nov 27 22:51:00 user devstack@keystone.service[46299]: DEBUG keystone.server.flask.request_processing.middleware.auth_context [None req-6781db6a-512f-4a6a-8814-f7cd4ba6850b None None] Authenticating user token {{(pid=46299) process_request /opt/stack/data/venv/lib/python3.10/site-packages/keystonemiddleware/auth_token/__init__.py:406}}
Nov 27 22:51:00 user devstack@keystone.service[46299]: DEBUG keystone.server.flask.request_processing.middleware.auth_context [None req-6781db6a-512f-4a6a-8814-f7cd4ba6850b None None] Validating token access rules against request {{(pid=46299) validate_allowed_request /opt/stack/data/venv/lib/python3.10/site-packages/keystonemiddleware/auth_token/__init__.py:544}}
Nov 27 22:51:00 user devstack@keystone.service[46299]: DEBUG keystone.server.flask.request_processing.middleware.auth_context [None req-06e96e02-836c-432a-8a0d-1b9421093afe None admin] RBAC: auth_context: {'token': , 'domain_id': None, 'trust_id': None, 'trustor_id': None, 'trustee_id': None, 'domain_name': None, 'group_ids': [], 'user_id': 'c158dc1627374b12966032989db48d01', 'user_domain_id': 'default', 'system_scope': 'all', 'project_id': None, 'project_domain_id': None, 'roles': ['admin', 'manager', 'member', 'reader'], 'is_admin_project': True, 'service_user_id': None, 'service_user_domain_id': None, 'service_project_id': None, 'service_project_domain_id': None, 'service_roles': []} {{(pid=46299) fill_context /opt/stack/keystone/keystone/server/flask/request_processing/middleware/auth_context.py:480}}
Nov 27 22:51:00 user devstack@keystone.service[46299]: DEBUG keystone.server.flask.request_processing.req_logging [None req-06e96e02-836c-432a-8a0d-1b9421093afe None admin] REQUEST_METHOD: `GET` {{(pid=46299) log_request_info /opt/stack/keystone/keystone/server/flask/request_processing/req_logging.py:27}}
Nov 27 22:51:00 user devstack@keystone.service[46299]: DEBUG keystone.server.flask.request_processing.req_logging [None req-06e96e02-836c-432a-8a0d-1b9421093afe None admin] SCRIPT_NAME: `/identity` {{(pid=46299) log_request_info /opt/stack/keystone/keystone/server/flask/request_processing/req_logging.py:28}}
Nov 27 22:51:00 user devstack@keystone.service[46299]: DEBUG keystone.server.flask.request_processing.req_logging [None req-06e96e02-836c-432a-8a0d-1b9421093afe None admin] PATH_INFO: `/v3/roles/reader` {{(pid=46299) log_request_info /opt/stack/keystone/keystone/server/flask/request_processing/req_logging.py:29}}
Nov 27 22:51:00 user devstack@keystone.service[46299]: DEBUG keystone.common.rbac_enforcer.enforcer [None req-06e96e02-836c-432a-8a0d-1b9421093afe None admin] Extracting inferred target data resulted in "NOT FOUND (404)". {{(pid=46299) enforce_call /opt/stack/keystone/keystone/common/rbac_enforcer/enforcer.py:409}}
Nov 27 22:51:00 user devstack@keystone.service[46299]: ERROR keystone.server.flask.application [None req-06e96e02-836c-432a-8a0d-1b9421093afe None admin] Could not find role: reader.: keystone.exception.RoleNotFound: Could not find role: reader.
Nov 27 22:51:00 user devstack@keystone.service[46299]: ERROR keystone.server.flask.application
Traceback (most recent call last):
Nov 27 22:51:00 user devstack@keystone.service[46299]: ERROR keystone.server.flask.application
File "/opt/stack/data/venv/lib/python3.10/site-packages/flask/app.py", line 1823, in full_dispatch_request
Nov 27 22:51:00 user devstack@keystone.service[46299]: ERROR keystone.server.flask.application rv = self.dispatch_request()
Nov 27 22:51:00 user devstack@keystone.service[46299]: ERROR keystone.server.flask.application
File "/opt/stack/data/venv/lib/python3.10/site-packages/flask/app.py", line 1799, in dispatch_request
Nov 27 22:51:00 user devstack@keystone.service[46299]: ERROR keystone.server.flask.application return self.ensure_sync(self.view_functions[rule.endpoint])(**view_args)
Nov 27 22:51:00 user devstack@keystone.service[46299]: ERROR keystone.server.flask.application
File "/opt/stack/data/venv/lib/python3.10/site-packages/flask_restful/__init__.py", line 489, in wrapper
Nov 27 22:51:00 user devstack@keystone.service[46299]: ERROR keystone.server.flask.application resp = resource(*args, **kwargs)
Nov 27 22:51:00 user devstack@keystone.service[46299]: ERROR keystone.server.flask.application
File "/opt/stack/data/venv/lib/python3.10/site-packages/flask/views.py", line 107, in view
Nov 27 22:51:00 user devstack@keystone.service[46299]: ERROR keystone.server.flask.application return current_app.ensure_sync(self.dispatch_request)(**kwargs)
Nov 27 22:51:00 user devstack@keystone.service[46299]: ERROR keystone.server.flask.application
File "/opt/stack/data/venv/lib/python3.10/site-packages/flask_restful/__init__.py", line 604, in dispatch_request
Nov 27 22:51:00 user devstack@keystone.service[46299]: ERROR keystone.server.flask.application resp = meth(*args, **kwargs)
Nov 27 22:51:00 user devstack@keystone.service[46299]: ERROR keystone.server.flask.application
File "/opt/stack/keystone/keystone/api/roles.py", line 50, in get
Nov 27 22:51:00 user devstack@keystone.service[46299]: ERROR keystone.server.flask.application return self._get_role(role_id)
Nov 27 22:51:00 user devstack@keystone.service[46299]: ERROR keystone.server.flask.application
File "/opt/stack/keystone/keystone/api/roles.py", line 70, in _get_role
Nov 27 22:51:00 user devstack@keystone.service[46299]: ERROR keystone.server.flask.application ENFORCER.enforce_call(action='identity:get_role')
Nov 27 22:51:00 user devstack@keystone.service[46299]: ERROR keystone.server.flask.application
File "/opt/stack/keystone/keystone/common/rbac_enforcer/enforcer.py", line 402, in enforce_call
Nov 27 22:51:00 user devstack@keystone.service[46299]: ERROR keystone.server.flask.application policy_dict.update(cls._extract_member_target_data(
Nov 27 22:51:00 user devstack@keystone.service[46299]: ERROR keystone.server.flask.application
File "/opt/stack/keystone/keystone/common/rbac_enforcer/enforcer.py", line 234, in _extract_member_target_data
Nov 27 22:51:00 user devstack@keystone.service[46299]: ERROR keystone.server.flask.application member_name: func(flask.request.view_args[key])
Nov 27 22:51:00 user devstack@keystone.service[46299]: ERROR keystone.server.flask.application
File "/opt/stack/keystone/keystone/common/manager.py", line 115, in wrapped
Nov 27 22:51:00 user devstack@keystone.service[46299]: ERROR keystone.server.flask.application __ret_val = __f(*args, **kwargs)
Nov 27 22:51:00 user devstack@keystone.service[46299]: ERROR keystone.server.flask.application
File "/opt/stack/data/venv/lib/python3.10/site-packages/decorator.py", line 232, in fun
Nov 27 22:51:00 user devstack@keystone.service[46299]: ERROR keystone.server.flask.application return caller(func, *(extras + args), **kw)
Nov 27 22:51:00 user devstack@keystone.service[46299]: ERROR keystone.server.flask.application
File "/opt/stack/data/venv/lib/python3.10/site-packages/dogpile/cache/region.py", line 1594, in get_or_create_for_user_func
Nov 27 22:51:00 user devstack@keystone.service[46299]: ERROR keystone.server.flask.application return self.get_or_create(
Nov 27 22:51:00 user devstack@keystone.service[46299]: ERROR keystone.server.flask.application
File "/opt/stack/data/venv/lib/python3.10/site-packages/dogpile/cache/region.py", line 1054, in get_or_create
Nov 27 22:51:00 user devstack@keystone.service[46299]: ERROR keystone.server.flask.application with Lock(
Nov 27 22:51:00 user devstack@keystone.service[46299]: ERROR keystone.server.flask.application
File "/opt/stack/data/venv/lib/python3.10/site-packages/dogpile/lock.py", line 185, in __enter__
Nov 27 22:51:00 user devstack@keystone.service[46299]: ERROR keystone.server.flask.application return self._enter()
Nov 27 22:51:00 user devstack@keystone.service[46299]: ERROR keystone.server.flask.application
File "/opt/stack/data/venv/lib/python3.10/site-packages/dogpile/lock.py", line 94, in _enter
Nov 27 22:51:00 user devstack@keystone.service[46299]: ERROR keystone.server.flask.application generated = self._enter_create(value, createdtime)
Nov 27 22:51:00 user devstack@keystone.service[46299]: ERROR keystone.server.flask.application
File "/opt/stack/data/venv/lib/python3.10/site-packages/dogpile/lock.py", line 178, in _enter_create
Nov 27 22:51:00 user devstack@keystone.service[46299]: ERROR keystone.server.flask.application return self.creator()
Nov 27 22:51:00 user devstack@keystone.service[46299]: ERROR keystone.server.flask.application
File "/opt/stack/data/venv/lib/python3.10/site-packages/dogpile/cache/region.py", line 1007, in gen_value
Nov 27 22:51:00 user devstack@keystone.service[46299]: ERROR keystone.server.flask.application created_value = creator(
Nov 27 22:51:00 user devstack@keystone.service[46299]: ERROR keystone.server.flask.application
File "/opt/stack/keystone/keystone/assignment/core.py", line 1276, in get_role
Nov 27 22:51:00 user devstack@keystone.service[46299]: ERROR keystone.server.flask.application return self.driver.get_role(role_id)
Nov 27 22:51:00 user devstack@keystone.service[46299]: ERROR keystone.server.flask.application
File "/opt/stack/keystone/keystone/assignment/role_backends/sql.py", line 70, in get_role
Nov 27 22:51:00 user devstack@keystone.service[46299]: ERROR keystone.server.flask.application return self._get_role(session, role_id).to_dict()
Nov 27 22:51:00 user devstack@keystone.service[46299]: ERROR keystone.server.flask.application
File "/opt/stack/keystone/keystone/assignment/role_backends/sql.py", line 65, in _get_role
Nov 27 22:51:00 user devstack@keystone.service[46299]: ERROR keystone.server.flask.application raise exception.RoleNotFound(role_id=role_id)
Nov 27 22:51:00 user devstack@keystone.service[46299]: ERROR keystone.server.flask.application keystone.exception.RoleNotFound: Could not find role: reader.
Nov 27 22:51:00 user devstack@keystone.service[46299]: ERROR keystone.server.flask.application
Nov 27 22:51:00 user devstack@keystone.service[46299]: [pid: 46299|app: 0|req: 45/138] 10.0.0.210 () {56 vars in 1094 bytes} [Mon Nov 27 22:51:00 2023] GET /identity/v3/roles/reader => generated 84 bytes in 144 msecs (HTTP/1.1 404) 5 headers in 183 bytes (1 switches on core 0)
Nov 27 22:51:00 user devstack@keystone.service[46301]: DEBUG keystone.server.flask.request_processing.middleware.auth_context [None req-47a23538-2888-4c68-8f38-c748da29d9cb None None] Authenticating user token {{(pid=46301) process_request /opt/stack/data/venv/lib/python3.10/site-packages/keystonemiddleware/auth_token/__init__.py:406}}
Nov 27 22:51:00 user devstack@keystone.service[46301]: DEBUG keystone.server.flask.request_processing.middleware.auth_context [None req-47a23538-2888-4c68-8f38-c748da29d9cb None None] Validating token access rules against request {{(pid=46301) validate_allowed_request /opt/stack/data/venv/lib/python3.10/site-packages/keystonemiddleware/auth_token/__init__.py:544}}
Nov 27 22:51:00 user devstack@keystone.service[46301]: DEBUG keystone.server.flask.request_processing.middleware.auth_context [None req-d5b22975-4cc7-41f0-9c60-5f744084cdc9 None admin] RBAC: auth_context: {'token': , 'domain_id': None, 'trust_id': None, 'trustor_id': None, 'trustee_id': None, 'domain_name': None, 'group_ids': [], 'user_id': 'c158dc1627374b12966032989db48d01', 'user_domain_id': 'default', 'system_scope': 'all', 'project_id': None, 'project_domain_id': None, 'roles': ['admin', 'manager', 'member', 'reader'], 'is_admin_project': True, 'service_user_id': None, 'service_user_domain_id': None, 'service_project_id': None, 'service_project_domain_id': None, 'service_roles': []} {{(pid=46301) fill_context /opt/stack/keystone/keystone/server/flask/request_processing/middleware/auth_context.py:480}}
Nov 27 22:51:00 user devstack@keystone.service[46301]: DEBUG keystone.server.flask.request_processing.req_logging [None req-d5b22975-4cc7-41f0-9c60-5f744084cdc9 None admin] REQUEST_METHOD: `GET` {{(pid=46301) log_request_info /opt/stack/keystone/keystone/server/flask/request_processing/req_logging.py:27}}
Nov 27 22:51:00 user devstack@keystone.service[46301]: DEBUG keystone.server.flask.request_processing.req_logging [None req-d5b22975-4cc7-41f0-9c60-5f744084cdc9 None admin] SCRIPT_NAME: `/identity` {{(pid=46301) log_request_info /opt/stack/keystone/keystone/server/flask/request_processing/req_logging.py:28}}
Nov 27 22:51:00 user devstack@keystone.service[46301]: DEBUG keystone.server.flask.request_processing.req_logging [None req-d5b22975-4cc7-41f0-9c60-5f744084cdc9 None admin] PATH_INFO: `/v3/roles` {{(pid=46301) log_request_info /opt/stack/keystone/keystone/server/flask/request_processing/req_logging.py:29}}
Nov 27 22:51:00 user devstack@keystone.service[46301]: DEBUG keystone.common.rbac_enforcer.enforcer [None req-d5b22975-4cc7-41f0-9c60-5f744084cdc9 None admin] RBAC: Adding query filter params (name=reader) {{(pid=46301) _extract_filter_values /opt/stack/keystone/keystone/common/rbac_enforcer/enforcer.py:167}}
Nov 27 22:51:00 user devstack@keystone.service[46301]: DEBUG keystone.common.rbac_enforcer.enforcer [None req-d5b22975-4cc7-41f0-9c60-5f744084cdc9 None admin] RBAC: Authorizing `identity:list_roles()` {{(pid=46301) enforce_call /opt/stack/keystone/keystone/common/rbac_enforcer/enforcer.py:449}}
Nov 27 22:51:00 user devstack@keystone.service[46301]: DEBUG keystone.common.rbac_enforcer.enforcer [None req-d5b22975-4cc7-41f0-9c60-5f744084cdc9 None admin] RBAC: Authorization granted {{(pid=46301) enforce_call /opt/stack/keystone/keystone/common/rbac_enforcer/enforcer.py:457}}
Nov 27 22:51:00 user devstack@keystone.service[46301]: [pid: 46301|app: 0|req: 47/139] 10.0.0.210 () {56 vars in 1096 bytes} [Mon Nov 27 22:51:00 2023] GET /identity/v3/roles?name=reader => generated 339 bytes in 158 msecs (HTTP/1.1 200) 5 headers in 177 bytes (1 switches on core 0)
Nov 27 22:51:00 user devstack@keystone.service[46300]: DEBUG keystone.server.flask.request_processing.middleware.auth_context [None req-e01160b6-eed0-4e6e-b097-252779fd24e6 None admin] Authenticating user token {{(pid=46300) process_request /opt/stack/data/venv/lib/python3.10/site-packages/keystonemiddleware/auth_token/__init__.py:406}}
Nov 27 22:51:00 user devstack@keystone.service[46300]: DEBUG keystone.server.flask.request_processing.middleware.auth_context [None req-e01160b6-eed0-4e6e-b097-252779fd24e6 None admin] Validating token access rules against request {{(pid=46300) validate_allowed_request /opt/stack/data/venv/lib/python3.10/site-packages/keystonemiddleware/auth_token/__init__.py:544}}
Nov 27 22:51:00 user devstack@keystone.service[46300]: DEBUG keystone.server.flask.request_processing.middleware.auth_context [None req-045d8d10-8581-4eff-b02e-ead36ca1eca9 None admin] RBAC: auth_context: {'token': , 'domain_id': None, 'trust_id': None, 'trustor_id': None, 'trustee_id': None, 'domain_name': None, 'group_ids': [], 'user_id': 'c158dc1627374b12966032989db48d01', 'user_domain_id': 'default', 'system_scope': 'all', 'project_id': None, 'project_domain_id': None, 'roles': ['admin', 'manager', 'member', 'reader'], 'is_admin_project': True, 'service_user_id': None, 'service_user_domain_id': None, 'service_project_id': None, 'service_project_domain_id': None, 'service_roles': []} {{(pid=46300) fill_context /opt/stack/keystone/keystone/server/flask/request_processing/middleware/auth_context.py:480}}
Nov 27 22:51:00 user devstack@keystone.service[46300]: DEBUG keystone.server.flask.request_processing.req_logging [None req-045d8d10-8581-4eff-b02e-ead36ca1eca9 None admin] REQUEST_METHOD: `GET` {{(pid=46300) log_request_info /opt/stack/keystone/keystone/server/flask/request_processing/req_logging.py:27}}
