Nov 29 05:36:18 user devstack@keystone.service[45949]: DEBUG keystone.server.flask.request_processing.middleware.auth_context [None req-a22d4f21-53b1-467d-8c6a-1e9dfc5fcaf1 None admin] Authenticating user token {{(pid=45949) process_request /opt/stack/data/venv/lib/python3.10/site-packages/keystonemiddleware/auth_token/__init__.py:406}}
Nov 29 05:36:18 user devstack@keystone.service[45948]: DEBUG keystone.server.flask.request_processing.middleware.auth_context [None req-7fc3347b-8af4-48bb-908b-454ad714c784 None admin] Validating token access rules against request {{(pid=45948) validate_allowed_request /opt/stack/data/venv/lib/python3.10/site-packages/keystonemiddleware/auth_token/__init__.py:544}}
Nov 29 05:36:18 user devstack@keystone.service[45950]: DEBUG keystone.server.flask.request_processing.middleware.auth_context [None req-3402b2ef-5412-4d00-9225-f5280a97cd3c None admin] Validating token access rules against request {{(pid=45950) validate_allowed_request /opt/stack/data/venv/lib/python3.10/site-packages/keystonemiddleware/auth_token/__init__.py:544}}
Nov 29 05:36:18 user devstack@keystone.service[45948]: DEBUG keystone.server.flask.request_processing.middleware.auth_context [None req-fcd96bbf-54fe-43f0-a3b5-805473ede970 None admin] RBAC: auth_context: {'token': , 'domain_id': None, 'trust_id': None, 'trustor_id': None, 'trustee_id': None, 'domain_name': None, 'group_ids': [], 'user_id': '689eaa8cdcc2434f965b3fb46712f979', 'user_domain_id': 'default', 'system_scope': 'all', 'project_id': None, 'project_domain_id': None, 'roles': ['admin', 'manager', 'member', 'reader'], 'is_admin_project': True, 'service_user_id': None, 'service_user_domain_id': None, 'service_project_id': None, 'service_project_domain_id': None, 'service_roles': []} {{(pid=45948) fill_context /opt/stack/keystone/keystone/server/flask/request_processing/middleware/auth_context.py:480}}
Nov 29 05:36:18 user devstack@keystone.service[45948]: DEBUG keystone.server.flask.request_processing.req_logging [None req-fcd96bbf-54fe-43f0-a3b5-805473ede970 None admin] REQUEST_METHOD: `GET` {{(pid=45948) log_request_info /opt/stack/keystone/keystone/server/flask/request_processing/req_logging.py:27}}
Nov 29 05:36:18 user devstack@keystone.service[45948]: DEBUG keystone.server.flask.request_processing.req_logging [None req-fcd96bbf-54fe-43f0-a3b5-805473ede970 None admin] SCRIPT_NAME: `/identity` {{(pid=45948) log_request_info /opt/stack/keystone/keystone/server/flask/request_processing/req_logging.py:28}}
Nov 29 05:36:18 user devstack@keystone.service[45948]: DEBUG keystone.server.flask.request_processing.req_logging [None req-fcd96bbf-54fe-43f0-a3b5-805473ede970 None admin] PATH_INFO: `/v3/auth/tokens` {{(pid=45948) log_request_info /opt/stack/keystone/keystone/server/flask/request_processing/req_logging.py:29}}
Nov 29 05:36:18 user devstack@keystone.service[45950]: DEBUG keystone.server.flask.request_processing.middleware.auth_context [None req-3647e9d2-1db7-45ce-8654-543cc1aa4af6 None admin] RBAC: auth_context: {'token': , 'domain_id': None, 'trust_id': None, 'trustor_id': None, 'trustee_id': None, 'domain_name': None, 'group_ids': [], 'user_id': '689eaa8cdcc2434f965b3fb46712f979', 'user_domain_id': 'default', 'system_scope': 'all', 'project_id': None, 'project_domain_id': None, 'roles': ['admin', 'manager', 'member', 'reader'], 'is_admin_project': True, 'service_user_id': None, 'service_user_domain_id': None, 'service_project_id': None, 'service_project_domain_id': None, 'service_roles': []} {{(pid=45950) fill_context /opt/stack/keystone/keystone/server/flask/request_processing/middleware/auth_context.py:480}}
Nov 29 05:36:18 user devstack@keystone.service[45950]: DEBUG keystone.server.flask.request_processing.req_logging [None req-3647e9d2-1db7-45ce-8654-543cc1aa4af6 None admin] REQUEST_METHOD: `GET` {{(pid=45950) log_request_info /opt/stack/keystone/keystone/server/flask/request_processing/req_logging.py:27}}
Nov 29 05:36:18 user devstack@keystone.service[45950]: DEBUG keystone.server.flask.request_processing.req_logging [None req-3647e9d2-1db7-45ce-8654-543cc1aa4af6 None admin] SCRIPT_NAME: `/identity` {{(pid=45950) log_request_info /opt/stack/keystone/keystone/server/flask/request_processing/req_logging.py:28}}
Nov 29 05:36:18 user devstack@keystone.service[45950]: DEBUG keystone.server.flask.request_processing.req_logging [None req-3647e9d2-1db7-45ce-8654-543cc1aa4af6 None admin] PATH_INFO: `/v3/users/bb708da9592441c28c98647bfbee1e52` {{(pid=45950) log_request_info /opt/stack/keystone/keystone/server/flask/request_processing/req_logging.py:29}}
Nov 29 05:36:18 user devstack@keystone.service[45950]: DEBUG keystone.common.rbac_enforcer.enforcer [None req-3647e9d2-1db7-45ce-8654-543cc1aa4af6 None admin] RBAC: Authorizing `identity:get_user(user_id=bb708da9592441c28c98647bfbee1e52)` {{(pid=45950) enforce_call /opt/stack/keystone/keystone/common/rbac_enforcer/enforcer.py:449}}
Nov 29 05:36:18 user devstack@keystone.service[45950]: DEBUG keystone.common.rbac_enforcer.enforcer [None req-3647e9d2-1db7-45ce-8654-543cc1aa4af6 None admin] RBAC: Authorization granted {{(pid=45950) enforce_call /opt/stack/keystone/keystone/common/rbac_enforcer/enforcer.py:457}}
Nov 29 05:36:18 user devstack@keystone.service[45950]: [pid: 45950|app: 0|req: 61/181] 10.0.0.210 () {56 vars in 1172 bytes} [Wed Nov 29 05:36:18 2023] GET /identity/v3/users/bb708da9592441c28c98647bfbee1e52 => generated 282 bytes in 147 msecs (HTTP/1.1 200) 5 headers in 177 bytes (2 switches on core 0)
Nov 29 05:36:18 user devstack@keystone.service[45950]: DEBUG keystone.server.flask.request_processing.middleware.auth_context [None req-3647e9d2-1db7-45ce-8654-543cc1aa4af6 None admin] Authenticating user token {{(pid=45950) process_request /opt/stack/data/venv/lib/python3.10/site-packages/keystonemiddleware/auth_token/__init__.py:406}}
Nov 29 05:36:18 user devstack@keystone.service[45949]: DEBUG keystone.server.flask.request_processing.middleware.auth_context [None req-a22d4f21-53b1-467d-8c6a-1e9dfc5fcaf1 None admin] Validating token access rules against request {{(pid=45949) validate_allowed_request /opt/stack/data/venv/lib/python3.10/site-packages/keystonemiddleware/auth_token/__init__.py:544}}
Nov 29 05:36:18 user devstack@keystone.service[45948]: DEBUG keystone.common.rbac_enforcer.enforcer [None req-fcd96bbf-54fe-43f0-a3b5-805473ede970 None admin] RBAC: Authorizing `identity:validate_token()` {{(pid=45948) enforce_call /opt/stack/keystone/keystone/common/rbac_enforcer/enforcer.py:449}}
Nov 29 05:36:18 user devstack@keystone.service[45948]: DEBUG keystone.common.rbac_enforcer.enforcer [None req-fcd96bbf-54fe-43f0-a3b5-805473ede970 None admin] RBAC: Authorization granted {{(pid=45948) enforce_call /opt/stack/keystone/keystone/common/rbac_enforcer/enforcer.py:457}}
Nov 29 05:36:18 user devstack@keystone.service[45949]: DEBUG keystone.server.flask.request_processing.middleware.auth_context [None req-996ce3ae-0767-48f2-bec8-be0c25e09023 None admin] RBAC: auth_context: {'token': , 'domain_id': None, 'trust_id': None, 'trustor_id': None, 'trustee_id': None, 'domain_name': None, 'group_ids': [], 'user_id': '689eaa8cdcc2434f965b3fb46712f979', 'user_domain_id': 'default', 'system_scope': 'all', 'project_id': None, 'project_domain_id': None, 'roles': ['admin', 'manager', 'member', 'reader'], 'is_admin_project': True, 'service_user_id': None, 'service_user_domain_id': None, 'service_project_id': None, 'service_project_domain_id': None, 'service_roles': []} {{(pid=45949) fill_context /opt/stack/keystone/keystone/server/flask/request_processing/middleware/auth_context.py:480}}
Nov 29 05:36:18 user devstack@keystone.service[45949]: DEBUG keystone.server.flask.request_processing.req_logging [None req-996ce3ae-0767-48f2-bec8-be0c25e09023 None admin] REQUEST_METHOD: `PUT` {{(pid=45949) log_request_info /opt/stack/keystone/keystone/server/flask/request_processing/req_logging.py:27}}
Nov 29 05:36:18 user devstack@keystone.service[45949]: DEBUG keystone.server.flask.request_processing.req_logging [None req-996ce3ae-0767-48f2-bec8-be0c25e09023 None admin] SCRIPT_NAME: `/identity` {{(pid=45949) log_request_info /opt/stack/keystone/keystone/server/flask/request_processing/req_logging.py:28}}
Nov 29 05:36:18 user devstack@keystone.service[45949]: DEBUG keystone.server.flask.request_processing.req_logging [None req-996ce3ae-0767-48f2-bec8-be0c25e09023 None admin] PATH_INFO: `/v3/projects/c06922e049dc492fba37b4a10ffe83c4/users/c72f7b9f972848a584f0c46a72252a49/roles/5fceabc51aa040a6830ad06e54135ccc` {{(pid=45949) log_request_info /opt/stack/keystone/keystone/server/flask/request_processing/req_logging.py:29}}
Nov 29 05:36:18 user devstack@keystone.service[45949]: DEBUG keystone.common.rbac_enforcer.enforcer [None req-996ce3ae-0767-48f2-bec8-be0c25e09023 None admin] RBAC: Authorizing `identity:create_grant(project_id=c06922e049dc492fba37b4a10ffe83c4, user_id=c72f7b9f972848a584f0c46a72252a49, role_id=5fceabc51aa040a6830ad06e54135ccc)` {{(pid=45949) enforce_call /opt/stack/keystone/keystone/common/rbac_enforcer/enforcer.py:449}}
Nov 29 05:36:18 user devstack@keystone.service[45949]: DEBUG keystone.common.rbac_enforcer.enforcer [None req-996ce3ae-0767-48f2-bec8-be0c25e09023 None admin] RBAC: Authorization granted {{(pid=45949) enforce_call /opt/stack/keystone/keystone/common/rbac_enforcer/enforcer.py:457}}
Nov 29 05:36:18 user devstack@keystone.service[45949]: [pid: 45949|app: 0|req: 65/182] 10.0.0.210 () {58 vars in 1434 bytes} [Wed Nov 29 05:36:18 2023] PUT /identity/v3/projects/c06922e049dc492fba37b4a10ffe83c4/users/c72f7b9f972848a584f0c46a72252a49/roles/5fceabc51aa040a6830ad06e54135ccc => generated 0 bytes in 143 msecs (HTTP/1.1 204) 3 headers in 132 bytes (0 switches on core 0)
Nov 29 05:36:18 user devstack@keystone.service[45950]: DEBUG keystone.server.flask.request_processing.middleware.auth_context [None req-3647e9d2-1db7-45ce-8654-543cc1aa4af6 None admin] Validating token access rules against request {{(pid=45950) validate_allowed_request /opt/stack/data/venv/lib/python3.10/site-packages/keystonemiddleware/auth_token/__init__.py:544}}
Nov 29 05:36:18 user devstack@keystone.service[45950]: DEBUG keystone.server.flask.request_processing.middleware.auth_context [None req-db3f4823-c82e-45b8-9bf6-cf269d467abd None admin] RBAC: auth_context: {'token': , 'domain_id': None, 'trust_id': None, 'trustor_id': None, 'trustee_id': None, 'domain_name': None, 'group_ids': [], 'user_id': '689eaa8cdcc2434f965b3fb46712f979', 'user_domain_id': 'default', 'system_scope': 'all', 'project_id': None, 'project_domain_id': None, 'roles': ['admin', 'manager', 'member', 'reader'], 'is_admin_project': True, 'service_user_id': None, 'service_user_domain_id': None, 'service_project_id': None, 'service_project_domain_id': None, 'service_roles': []} {{(pid=45950) fill_context /opt/stack/keystone/keystone/server/flask/request_processing/middleware/auth_context.py:480}}
Nov 29 05:36:18 user devstack@keystone.service[45950]: DEBUG keystone.server.flask.request_processing.req_logging [None req-db3f4823-c82e-45b8-9bf6-cf269d467abd None admin] REQUEST_METHOD: `GET` {{(pid=45950) log_request_info /opt/stack/keystone/keystone/server/flask/request_processing/req_logging.py:27}}
Nov 29 05:36:18 user devstack@keystone.service[45950]: DEBUG keystone.server.flask.request_processing.req_logging [None req-db3f4823-c82e-45b8-9bf6-cf269d467abd None admin] SCRIPT_NAME: `/identity` {{(pid=45950) log_request_info /opt/stack/keystone/keystone/server/flask/request_processing/req_logging.py:28}}
Nov 29 05:36:18 user devstack@keystone.service[45950]: DEBUG keystone.server.flask.request_processing.req_logging [None req-db3f4823-c82e-45b8-9bf6-cf269d467abd None admin] PATH_INFO: `/v3/auth/tokens` {{(pid=45950) log_request_info /opt/stack/keystone/keystone/server/flask/request_processing/req_logging.py:29}}
Nov 29 05:36:18 user devstack@keystone.service[45948]: [pid: 45948|app: 0|req: 57/183] 10.0.0.210 () {58 vars in 1277 bytes} [Wed Nov 29 05:36:18 2023] GET /identity/v3/auth/tokens => generated 861 bytes in 322 msecs (HTTP/1.1 200) 6 headers in 358 bytes (1 switches on core 0)
Nov 29 05:36:18 user devstack@keystone.service[45949]: DEBUG keystone.server.flask.request_processing.middleware.auth_context [None req-996ce3ae-0767-48f2-bec8-be0c25e09023 None admin] Authenticating user token {{(pid=45949) process_request /opt/stack/data/venv/lib/python3.10/site-packages/keystonemiddleware/auth_token/__init__.py:406}}
Nov 29 05:36:18 user devstack@keystone.service[45950]: DEBUG keystone.common.rbac_enforcer.enforcer [None req-db3f4823-c82e-45b8-9bf6-cf269d467abd None admin] RBAC: Authorizing `identity:validate_token()` {{(pid=45950) enforce_call /opt/stack/keystone/keystone/common/rbac_enforcer/enforcer.py:449}}
Nov 29 05:36:18 user devstack@keystone.service[45950]: DEBUG keystone.common.rbac_enforcer.enforcer [None req-db3f4823-c82e-45b8-9bf6-cf269d467abd None admin] RBAC: Authorization granted {{(pid=45950) enforce_call /opt/stack/keystone/keystone/common/rbac_enforcer/enforcer.py:457}}
Nov 29 05:36:18 user devstack@keystone.service[45949]: DEBUG keystone.server.flask.request_processing.middleware.auth_context [None req-996ce3ae-0767-48f2-bec8-be0c25e09023 None admin] Validating token access rules against request {{(pid=45949) validate_allowed_request /opt/stack/data/venv/lib/python3.10/site-packages/keystonemiddleware/auth_token/__init__.py:544}}
Nov 29 05:36:18 user devstack@keystone.service[45949]: DEBUG keystone.server.flask.request_processing.middleware.auth_context [None req-45a2f46b-b137-4cdd-8e0e-d585c2d1e9fc None admin] RBAC: auth_context: {'token': , 'domain_id': None, 'trust_id': None, 'trustor_id': None, 'trustee_id': None, 'domain_name': None, 'group_ids': [], 'user_id': '689eaa8cdcc2434f965b3fb46712f979', 'user_domain_id': 'default', 'system_scope': 'all', 'project_id': None, 'project_domain_id': None, 'roles': ['admin', 'manager', 'member', 'reader'], 'is_admin_project': True, 'service_user_id': None, 'service_user_domain_id': None, 'service_project_id': None, 'service_project_domain_id': None, 'service_roles': []} {{(pid=45949) fill_context /opt/stack/keystone/keystone/server/flask/request_processing/middleware/auth_context.py:480}}
Nov 29 05:36:18 user devstack@keystone.service[45949]: DEBUG keystone.server.flask.request_processing.req_logging [None req-45a2f46b-b137-4cdd-8e0e-d585c2d1e9fc None admin] REQUEST_METHOD: `GET` {{(pid=45949) log_request_info /opt/stack/keystone/keystone/server/flask/request_processing/req_logging.py:27}}
Nov 29 05:36:18 user devstack@keystone.service[45949]: DEBUG keystone.server.flask.request_processing.req_logging [None req-45a2f46b-b137-4cdd-8e0e-d585c2d1e9fc None admin] SCRIPT_NAME: `/identity` {{(pid=45949) log_request_info /opt/stack/keystone/keystone/server/flask/request_processing/req_logging.py:28}}
Nov 29 05:36:18 user devstack@keystone.service[45949]: DEBUG keystone.server.flask.request_processing.req_logging [None req-45a2f46b-b137-4cdd-8e0e-d585c2d1e9fc None admin] PATH_INFO: `/v3/projects/c06922e049dc492fba37b4a10ffe83c4` {{(pid=45949) log_request_info /opt/stack/keystone/keystone/server/flask/request_processing/req_logging.py:29}}
Nov 29 05:36:18 user devstack@keystone.service[45949]: DEBUG keystone.common.rbac_enforcer.enforcer [None req-45a2f46b-b137-4cdd-8e0e-d585c2d1e9fc None admin] RBAC: Authorizing `identity:get_project(project_id=c06922e049dc492fba37b4a10ffe83c4)` {{(pid=45949) enforce_call /opt/stack/keystone/keystone/common/rbac_enforcer/enforcer.py:449}}
Nov 29 05:36:18 user devstack@keystone.service[45949]: DEBUG keystone.common.rbac_enforcer.enforcer [None req-45a2f46b-b137-4cdd-8e0e-d585c2d1e9fc None admin] RBAC: Authorization granted {{(pid=45949) enforce_call /opt/stack/keystone/keystone/common/rbac_enforcer/enforcer.py:457}}
Nov 29 05:36:18 user devstack@keystone.service[45949]: [pid: 45949|app: 0|req: 66/184] 10.0.0.210 () {56 vars in 1181 bytes} [Wed Nov 29 05:36:18 2023] GET /identity/v3/projects/c06922e049dc492fba37b4a10ffe83c4 => generated 301 bytes in 131 msecs (HTTP/1.1 200) 5 headers in 177 bytes (1 switches on core 0)
Nov 29 05:36:18 user devstack@keystone.service[45948]: DEBUG keystone.server.flask.request_processing.middleware.auth_context [None req-fcd96bbf-54fe-43f0-a3b5-805473ede970 None admin] Authenticating user token {{(pid=45948) process_request /opt/stack/data/venv/lib/python3.10/site-packages/keystonemiddleware/auth_token/__init__.py:406}}
Nov 29 05:36:18 user devstack@keystone.service[45950]: [pid: 45950|app: 0|req: 62/185] 10.0.0.210 () {58 vars in 1277 bytes} [Wed Nov 29 05:36:18 2023] GET /identity/v3/auth/tokens => generated 861 bytes in 306 msecs (HTTP/1.1 200) 6 headers in 358 bytes (2 switches on core 0)
Nov 29 05:36:18 user devstack@keystone.service[45949]: DEBUG keystone.server.flask.request_processing.middleware.auth_context [None req-45a2f46b-b137-4cdd-8e0e-d585c2d1e9fc None admin] Authenticating user token {{(pid=45949) process_request /opt/stack/data/venv/lib/python3.10/site-packages/keystonemiddleware/auth_token/__init__.py:406}}
Nov 29 05:36:18 user devstack@keystone.service[45948]: DEBUG keystone.server.flask.request_processing.middleware.auth_context [None req-fcd96bbf-54fe-43f0-a3b5-805473ede970 None admin] Validating token access rules against request {{(pid=45948) validate_allowed_request /opt/stack/data/venv/lib/python3.10/site-packages/keystonemiddleware/auth_token/__init__.py:544}}
Nov 29 05:36:18 user devstack@keystone.service[45949]: DEBUG keystone.server.flask.request_processing.middleware.auth_context [None req-45a2f46b-b137-4cdd-8e0e-d585c2d1e9fc None admin] Validating token access rules against request {{(pid=45949) validate_allowed_request /opt/stack/data/venv/lib/python3.10/site-packages/keystonemiddleware/auth_token/__init__.py:544}}
Nov 29 05:36:18 user devstack@keystone.service[45948]: DEBUG keystone.server.flask.request_processing.middleware.auth_context [None req-7b9ad592-d4a1-4bf6-9f4c-6007b2cb103d None admin] RBAC: auth_context: {'token': , 'domain_id': None, 'trust_id': None, 'trustor_id': None, 'trustee_id': None, 'domain_name': None, 'group_ids': [], 'user_id': '689eaa8cdcc2434f965b3fb46712f979', 'user_domain_id': 'default', 'system_scope': 'all', 'project_id': None, 'project_domain_id': None, 'roles': ['admin', 'manager', 'member', 'reader'], 'is_admin_project': True, 'service_user_id': None, 'service_user_domain_id': None, 'service_project_id': None, 'service_project_domain_id': None, 'service_roles': []} {{(pid=45948) fill_context /opt/stack/keystone/keystone/server/flask/request_processing/middleware/auth_context.py:480}}
Nov 29 05:36:18 user devstack@keystone.service[45948]: DEBUG keystone.server.flask.request_processing.req_logging [None req-7b9ad592-d4a1-4bf6-9f4c-6007b2cb103d None admin] REQUEST_METHOD: `GET` {{(pid=45948) log_request_info /opt/stack/keystone/keystone/server/flask/request_processing/req_logging.py:27}}
Nov 29 05:36:18 user devstack@keystone.service[45948]: DEBUG keystone.server.flask.request_processing.req_logging [None req-7b9ad592-d4a1-4bf6-9f4c-6007b2cb103d None admin] SCRIPT_NAME: `/identity` {{(pid=45948) log_request_info /opt/stack/keystone/keystone/server/flask/request_processing/req_logging.py:28}}
Nov 29 05:36:18 user devstack@keystone.service[45948]: DEBUG keystone.server.flask.request_processing.req_logging [None req-7b9ad592-d4a1-4bf6-9f4c-6007b2cb103d None admin] PATH_INFO: `/v3/role_assignments` {{(pid=45948) log_request_info /opt/stack/keystone/keystone/server/flask/request_processing/req_logging.py:29}}
Nov 29 05:36:18 user devstack@keystone.service[45948]: DEBUG keystone.common.rbac_enforcer.enforcer [None req-7b9ad592-d4a1-4bf6-9f4c-6007b2cb103d None admin] RBAC: Adding query filter params (role.id=a02ef627728f41ae9434d4a8ee2a5768, scope.project.id=c06922e049dc492fba37b4a10ffe83c4, user.id=bb708da9592441c28c98647bfbee1e52) {{(pid=45948) _extract_filter_values /opt/stack/keystone/keystone/common/rbac_enforcer/enforcer.py:167}}
Nov 29 05:36:18 user devstack@keystone.service[45948]: DEBUG keystone.common.rbac_enforcer.enforcer [None req-7b9ad592-d4a1-4bf6-9f4c-6007b2cb103d None admin] RBAC: Authorizing `identity:list_role_assignments()` {{(pid=45948) enforce_call /opt/stack/keystone/keystone/common/rbac_enforcer/enforcer.py:449}}
Nov 29 05:36:18 user devstack@keystone.service[45948]: DEBUG keystone.common.rbac_enforcer.enforcer [None req-7b9ad592-d4a1-4bf6-9f4c-6007b2cb103d None admin] RBAC: Authorization granted {{(pid=45948) enforce_call /opt/stack/keystone/keystone/common/rbac_enforcer/enforcer.py:457}}
Nov 29 05:36:18 user devstack@keystone.service[45948]: [pid: 45948|app: 0|req: 58/186] 10.0.0.210 () {56 vars in 1369 bytes} [Wed Nov 29 05:36:18 2023] GET /identity/v3/role_assignments?user.id=bb708da9592441c28c98647bfbee1e52&scope.project.id=c06922e049dc492fba37b4a10ffe83c4&role.id=a02ef627728f41ae9434d4a8ee2a5768 => generated 606 bytes in 141 msecs (HTTP/1.1 200) 5 headers in 177 bytes (1 switches on core 0)
Nov 29 05:36:18 user devstack@keystone.service[45949]: DEBUG keystone.server.flask.request_processing.middleware.auth_context [None req-0af9a927-2d78-406f-ab19-663e6e8d040c None admin] RBAC: auth_context: {'token': , 'domain_id': None, 'trust_id': None, 'trustor_id': None, 'trustee_id': None, 'domain_name': None, 'group_ids': [], 'user_id': '689eaa8cdcc2434f965b3fb46712f979', 'user_domain_id': 'default', 'system_scope': 'all', 'project_id': None, 'project_domain_id': None, 'roles': ['admin', 'manager', 'member', 'reader'], 'is_admin_project': True, 'service_user_id': None, 'service_user_domain_id': None, 'service_project_id': None, 'service_project_domain_id': None, 'service_roles': []} {{(pid=45949) fill_context /opt/stack/keystone/keystone/server/flask/request_processing/middleware/auth_context.py:480}}
Nov 29 05:36:18 user devstack@keystone.service[45949]: DEBUG keystone.server.flask.request_processing.req_logging [None req-0af9a927-2d78-406f-ab19-663e6e8d040c None admin] REQUEST_METHOD: `GET` {{(pid=45949) log_request_info /opt/stack/keystone/keystone/server/flask/request_processing/req_logging.py:27}}
Nov 29 05:36:18 user devstack@keystone.service[45949]: DEBUG keystone.server.flask.request_processing.req_logging [None req-0af9a927-2d78-406f-ab19-663e6e8d040c None admin] SCRIPT_NAME: `/identity` {{(pid=45949) log_request_info /opt/stack/keystone/keystone/server/flask/request_processing/req_logging.py:28}}
Nov 29 05:36:18 user devstack@keystone.service[45949]: DEBUG keystone.server.flask.request_processing.req_logging [None req-0af9a927-2d78-406f-ab19-663e6e8d040c None admin] PATH_INFO: `/v3/projects/c06922e049dc492fba37b4a10ffe83c4` {{(pid=45949) log_request_info /opt/stack/keystone/keystone/server/flask/request_processing/req_logging.py:29}}
Nov 29 05:36:18 user devstack@keystone.service[45949]: DEBUG keystone.common.rbac_enforcer.enforcer [None req-0af9a927-2d78-406f-ab19-663e6e8d040c None admin] RBAC: Authorizing `identity:get_project(project_id=c06922e049dc492fba37b4a10ffe83c4)` {{(pid=45949) enforce_call /opt/stack/keystone/keystone/common/rbac_enforcer/enforcer.py:449}}
Nov 29 05:36:18 user devstack@keystone.service[45949]: DEBUG keystone.common.rbac_enforcer.enforcer [None req-0af9a927-2d78-406f-ab19-663e6e8d040c None admin] RBAC: Authorization granted {{(pid=45949) enforce_call /opt/stack/keystone/keystone/common/rbac_enforcer/enforcer.py:457}}
Nov 29 05:36:18 user devstack@keystone.service[45949]: [pid: 45949|app: 0|req: 67/187] 10.0.0.210 () {56 vars in 1181 bytes} [Wed Nov 29 05:36:18 2023] GET /identity/v3/projects/c06922e049dc492fba37b4a10ffe83c4 => generated 301 bytes in 132 msecs (HTTP/1.1 200) 5 headers in 177 bytes (1 switches on core 0)
Nov 29 05:36:18 user devstack@keystone.service[45950]: DEBUG keystone.server.flask.request_processing.middleware.auth_context [None req-db3f4823-c82e-45b8-9bf6-cf269d467abd None admin] Authenticating user token {{(pid=45950) process_request /opt/stack/data/venv/lib/python3.10/site-packages/keystonemiddleware/auth_token/__init__.py:406}}
Nov 29 05:36:19 user devstack@keystone.service[45950]: DEBUG keystone.server.flask.request_processing.middleware.auth_context [None req-db3f4823-c82e-45b8-9bf6-cf269d467abd None admin] Validating token access rules against request {{(pid=45950) validate_allowed_request /opt/stack/data/venv/lib/python3.10/site-packages/keystonemiddleware/auth_token/__init__.py:544}}
Nov 29 05:36:19 user devstack@keystone.service[45950]: DEBUG keystone.server.flask.request_processing.middleware.auth_context [None req-37fa89ce-8478-4ad1-a298-3d1c75a7c4a9 None admin] RBAC: auth_context: {'token': , 'domain_id': None, 'trust_id': None, 'trustor_id': None, 'trustee_id': None, 'domain_name': None, 'group_ids': [], 'user_id': '689eaa8cdcc2434f965b3fb46712f979', 'user_domain_id': 'default', 'system_scope': 'all', 'project_id': None, 'project_domain_id': None, 'roles': ['admin', 'manager', 'member', 'reader'], 'is_admin_project': True, 'service_user_id': None, 'service_user_domain_id': None, 'service_project_id': None, 'service_project_domain_id': None, 'service_roles': []} {{(pid=45950) fill_context /opt/stack/keystone/keystone/server/flask/request_processing/middleware/auth_context.py:480}}
Nov 29 05:36:19 user devstack@keystone.service[45950]: DEBUG keystone.server.flask.request_processing.req_logging [None req-37fa89ce-8478-4ad1-a298-3d1c75a7c4a9 None admin] REQUEST_METHOD: `GET` {{(pid=45950) log_request_info /opt/stack/keystone/keystone/server/flask/request_processing/req_logging.py:27}}
Nov 29 05:36:19 user devstack@keystone.service[45950]: DEBUG keystone.server.flask.request_processing.req_logging [None req-37fa89ce-8478-4ad1-a298-3d1c75a7c4a9 None admin] SCRIPT_NAME: `/identity` {{(pid=45950) log_request_info /opt/stack/keystone/keystone/server/flask/request_processing/req_logging.py:28}}
Nov 29 05:36:19 user devstack@keystone.service[45950]: DEBUG keystone.server.flask.request_processing.req_logging [None req-37fa89ce-8478-4ad1-a298-3d1c75a7c4a9 None admin] PATH_INFO: `/v3/role_assignments` {{(pid=45950) log_request_info /opt/stack/keystone/keystone/server/flask/request_processing/req_logging.py:29}}
Nov 29 05:36:19 user devstack@keystone.service[45950]: DEBUG keystone.common.rbac_enforcer.enforcer [None req-37fa89ce-8478-4ad1-a298-3d1c75a7c4a9 None admin] RBAC: Adding query filter params (role.id=89bec4b5505d49dfa19c6356acf2aa01, scope.project.id=c06922e049dc492fba37b4a10ffe83c4, user.id=bb708da9592441c28c98647bfbee1e52) {{(pid=45950) _extract_filter_values /opt/stack/keystone/keystone/common/rbac_enforcer/enforcer.py:167}}
Nov 29 05:36:19 user devstack@keystone.service[45950]: DEBUG keystone.common.rbac_enforcer.enforcer [None req-37fa89ce-8478-4ad1-a298-3d1c75a7c4a9 None admin] RBAC: Authorizing `identity:list_role_assignments()` {{(pid=45950) enforce_call /opt/stack/keystone/keystone/common/rbac_enforcer/enforcer.py:449}}
Nov 29 05:36:19 user devstack@keystone.service[45950]: DEBUG keystone.common.rbac_enforcer.enforcer [None req-37fa89ce-8478-4ad1-a298-3d1c75a7c4a9 None admin] RBAC: Authorization granted {{(pid=45950) enforce_call /opt/stack/keystone/keystone/common/rbac_enforcer/enforcer.py:457}}
Nov 29 05:36:19 user devstack@keystone.service[45950]: [pid: 45950|app: 0|req: 63/188] 10.0.0.210 () {56 vars in 1369 bytes} [Wed Nov 29 05:36:18 2023] GET /identity/v3/role_assignments?user.id=bb708da9592441c28c98647bfbee1e52&scope.project.id=c06922e049dc492fba37b4a10ffe83c4&role.id=89bec4b5505d49dfa19c6356acf2aa01 => generated 606 bytes in 143 msecs (HTTP/1.1 200) 5 headers in 177 bytes (1 switches on core 0)
Nov 29 05:36:19 user devstack@keystone.service[45948]: DEBUG keystone.server.flask.request_processing.req_logging [None req-51712799-d48a-4adf-befb-b36e83b179e0 None None] REQUEST_METHOD: `GET` {{(pid=45948) log_request_info /opt/stack/keystone/keystone/server/flask/request_processing/req_logging.py:27}}
Nov 29 05:36:19 user devstack@keystone.service[45948]: DEBUG keystone.server.flask.request_processing.req_logging [None req-51712799-d48a-4adf-befb-b36e83b179e0 None None] SCRIPT_NAME: `/identity` {{(pid=45948) log_request_info /opt/stack/keystone/keystone/server/flask/request_processing/req_logging.py:28}}
Nov 29 05:36:19 user devstack@keystone.service[45948]: DEBUG keystone.server.flask.request_processing.req_logging [None req-51712799-d48a-4adf-befb-b36e83b179e0 None None] PATH_INFO: `/` {{(pid=45948) log_request_info /opt/stack/keystone/keystone/server/flask/request_processing/req_logging.py:29}}
Nov 29 05:36:19 user devstack@keystone.service[45948]: [pid: 45948|app: 0|req: 59/189] 10.0.0.210 () {54 vars in 921 bytes} [Wed Nov 29 05:36:19 2023] GET /identity => generated 269 bytes in 3 msecs (HTTP/1.1 300) 6 headers in 233 bytes (1 switches on core 0)
Nov 29 05:36:19 user devstack@keystone.service[45949]: DEBUG keystone.server.flask.request_processing.req_logging [None req-08d56035-33ca-44ca-a418-9f64f88dacdd None None] REQUEST_METHOD: `POST` {{(pid=45949) log_request_info /opt/stack/keystone/keystone/server/flask/request_processing/req_logging.py:27}}
Nov 29 05:36:19 user devstack@keystone.service[45949]: DEBUG keystone.server.flask.request_processing.req_logging [None req-08d56035-33ca-44ca-a418-9f64f88dacdd None None] SCRIPT_NAME: `/identity` {{(pid=45949) log_request_info /opt/stack/keystone/keystone/server/flask/request_processing/req_logging.py:28}}
Nov 29 05:36:19 user devstack@keystone.service[45949]: DEBUG keystone.server.flask.request_processing.req_logging [None req-08d56035-33ca-44ca-a418-9f64f88dacdd None None] PATH_INFO: `/v3/auth/tokens` {{(pid=45949) log_request_info /opt/stack/keystone/keystone/server/flask/request_processing/req_logging.py:29}}
Nov 29 05:36:19 user devstack@keystone.service[45949]: WARNING keystone.common.password_hashing [None req-08d56035-33ca-44ca-a418-9f64f88dacdd None None] Truncating password to algorithm specific maximum length 72 characters.
Nov 29 05:36:19 user devstack@keystone.service[45949]: DEBUG keystone.auth.core [None req-08d56035-33ca-44ca-a418-9f64f88dacdd None None] MFA Rules not processed for user `689eaa8cdcc2434f965b3fb46712f979`. Rule list: `[]` (Enabled: `True`). {{(pid=45949) check_auth_methods_against_rules /opt/stack/keystone/keystone/auth/core.py:438}}
Nov 29 05:36:19 user devstack@keystone.service[45949]: DEBUG keystone.common.fernet_utils [None req-08d56035-33ca-44ca-a418-9f64f88dacdd None None] Loaded 2 Fernet keys from /etc/keystone/fernet-keys/, but `[fernet_tokens] max_active_keys = 3`; perhaps there have not been enough key rotations to reach `max_active_keys` yet? {{(pid=45949) load_keys /opt/stack/keystone/keystone/common/fernet_utils.py:286}}
Nov 29 05:36:19 user devstack@keystone.service[45950]: DEBUG keystone.server.flask.request_processing.req_logging [None req-c9f1b386-287b-4ec3-aacc-f860193f45b1 None None] REQUEST_METHOD: `GET` {{(pid=45950) log_request_info /opt/stack/keystone/keystone/server/flask/request_processing/req_logging.py:27}}
Nov 29 05:36:19 user devstack@keystone.service[45950]: DEBUG keystone.server.flask.request_processing.req_logging [None req-c9f1b386-287b-4ec3-aacc-f860193f45b1 None None] SCRIPT_NAME: `/identity` {{(pid=45950) log_request_info /opt/stack/keystone/keystone/server/flask/request_processing/req_logging.py:28}}
Nov 29 05:36:19 user devstack@keystone.service[45950]: DEBUG keystone.server.flask.request_processing.req_logging [None req-c9f1b386-287b-4ec3-aacc-f860193f45b1 None None] PATH_INFO: `/` {{(pid=45950) log_request_info /opt/stack/keystone/keystone/server/flask/request_processing/req_logging.py:29}}
Nov 29 05:36:19 user devstack@keystone.service[45950]: [pid: 45950|app: 0|req: 64/190] 10.0.0.210 () {54 vars in 921 bytes} [Wed Nov 29 05:36:19 2023] GET /identity => generated 269 bytes in 3 msecs (HTTP/1.1 300) 6 headers in 233 bytes (1 switches on core 0)
Nov 29 05:36:19 user devstack@keystone.service[45948]: DEBUG keystone.server.flask.request_processing.req_logging [None req-a25750dc-02fe-44e9-9971-7036af219ac8 None None] REQUEST_METHOD: `POST` {{(pid=45948) log_request_info /opt/stack/keystone/keystone/server/flask/request_processing/req_logging.py:27}}
Nov 29 05:36:19 user devstack@keystone.service[45948]: DEBUG keystone.server.flask.request_processing.req_logging [None req-a25750dc-02fe-44e9-9971-7036af219ac8 None None] SCRIPT_NAME: `/identity` {{(pid=45948) log_request_info /opt/stack/keystone/keystone/server/flask/request_processing/req_logging.py:28}}
Nov 29 05:36:19 user devstack@keystone.service[45948]: DEBUG keystone.server.flask.request_processing.req_logging [None req-a25750dc-02fe-44e9-9971-7036af219ac8 None None] PATH_INFO: `/v3/auth/tokens` {{(pid=45948) log_request_info /opt/stack/keystone/keystone/server/flask/request_processing/req_logging.py:29}}
Nov 29 05:36:19 user devstack@keystone.service[45948]: WARNING keystone.common.password_hashing [None req-a25750dc-02fe-44e9-9971-7036af219ac8 None None] Truncating password to algorithm specific maximum length 72 characters.
Nov 29 05:36:19 user devstack@keystone.service[45948]: DEBUG keystone.auth.core [None req-a25750dc-02fe-44e9-9971-7036af219ac8 None None] MFA Rules not processed for user `689eaa8cdcc2434f965b3fb46712f979`. Rule list: `[]` (Enabled: `True`). {{(pid=45948) check_auth_methods_against_rules /opt/stack/keystone/keystone/auth/core.py:438}}
Nov 29 05:36:19 user devstack@keystone.service[45948]: DEBUG keystone.common.fernet_utils [None req-a25750dc-02fe-44e9-9971-7036af219ac8 None None] Loaded 2 Fernet keys from /etc/keystone/fernet-keys/, but `[fernet_tokens] max_active_keys = 3`; perhaps there have not been enough key rotations to reach `max_active_keys` yet? {{(pid=45948) load_keys /opt/stack/keystone/keystone/common/fernet_utils.py:286}}
Nov 29 05:36:20 user devstack@keystone.service[45949]: [pid: 45949|app: 0|req: 68/191] 10.0.0.210 () {58 vars in 1018 bytes} [Wed Nov 29 05:36:19 2023] POST /identity/v3/auth/tokens => generated 861 bytes in 84 msecs (HTTP/1.1 201) 6 headers in 363 bytes (1 switches on core 0)
Nov 29 05:36:20 user devstack@keystone.service[45948]: [pid: 45948|app: 0|req: 60/192] 10.0.0.210 () {58 vars in 1018 bytes} [Wed Nov 29 05:36:19 2023] POST /identity/v3/auth/tokens => generated 861 bytes in 91 msecs (HTTP/1.1 201) 6 headers in 363 bytes (1 switches on core 0)
Nov 29 05:36:20 user devstack@keystone.service[45950]: DEBUG keystone.server.flask.request_processing.req_logging [None req-dfccdc33-81bc-4fd4-b5c4-ada01bc59158 None None] REQUEST_METHOD: `GET` {{(pid=45950) log_request_info /opt/stack/keystone/keystone/server/flask/request_processing/req_logging.py:27}}
Nov 29 05:36:20 user devstack@keystone.service[45950]: DEBUG keystone.server.flask.request_processing.req_logging [None req-dfccdc33-81bc-4fd4-b5c4-ada01bc59158 None None] SCRIPT_NAME: `/identity` {{(pid=45950) log_request_info /opt/stack/keystone/keystone/server/flask/request_processing/req_logging.py:28}}
Nov 29 05:36:20 user devstack@keystone.service[45950]: DEBUG keystone.server.flask.request_processing.req_logging [None req-dfccdc33-81bc-4fd4-b5c4-ada01bc59158 None None] PATH_INFO: `/` {{(pid=45950) log_request_info /opt/stack/keystone/keystone/server/flask/request_processing/req_logging.py:29}}
Nov 29 05:36:20 user devstack@keystone.service[45950]: [pid: 45950|app: 0|req: 65/193] 10.0.0.210 () {54 vars in 921 bytes} [Wed Nov 29 05:36:20 2023] GET /identity => generated 269 bytes in 3 msecs (HTTP/1.1 300) 6 headers in 233 bytes (1 switches on core 0)
Nov 29 05:36:20 user devstack@keystone.service[45949]: DEBUG keystone.server.flask.request_processing.req_logging [None req-430b2a20-43eb-494b-9b68-6ff6ce264037 None None] REQUEST_METHOD: `POST` {{(pid=45949) log_request_info /opt/stack/keystone/keystone/server/flask/request_processing/req_logging.py:27}}
Nov 29 05:36:20 user devstack@keystone.service[45949]: DEBUG keystone.server.flask.request_processing.req_logging [None req-430b2a20-43eb-494b-9b68-6ff6ce264037 None None] SCRIPT_NAME: `/identity` {{(pid=45949) log_request_info /opt/stack/keystone/keystone/server/flask/request_processing/req_logging.py:28}}
Nov 29 05:36:20 user devstack@keystone.service[45949]: DEBUG keystone.server.flask.request_processing.req_logging [None req-430b2a20-43eb-494b-9b68-6ff6ce264037 None None] PATH_INFO: `/v3/auth/tokens` {{(pid=45949) log_request_info /opt/stack/keystone/keystone/server/flask/request_processing/req_logging.py:29}}
Nov 29 05:36:20 user devstack@keystone.service[45949]: WARNING keystone.common.password_hashing [None req-430b2a20-43eb-494b-9b68-6ff6ce264037 None None] Truncating password to algorithm specific maximum length 72 characters.
Nov 29 05:36:20 user devstack@keystone.service[45949]: DEBUG keystone.auth.core [None req-430b2a20-43eb-494b-9b68-6ff6ce264037 None None] MFA Rules not processed for user `689eaa8cdcc2434f965b3fb46712f979`. Rule list: `[]` (Enabled: `True`). {{(pid=45949) check_auth_methods_against_rules /opt/stack/keystone/keystone/auth/core.py:438}}
Nov 29 05:36:20 user devstack@keystone.service[45949]: DEBUG keystone.common.fernet_utils [None req-430b2a20-43eb-494b-9b68-6ff6ce264037 None None] Loaded 2 Fernet keys from /etc/keystone/fernet-keys/, but `[fernet_tokens] max_active_keys = 3`; perhaps there have not been enough key rotations to reach `max_active_keys` yet? {{(pid=45949) load_keys /opt/stack/keystone/keystone/common/fernet_utils.py:286}}
Nov 29 05:36:20 user devstack@keystone.service[45948]: DEBUG keystone.server.flask.request_processing.middleware.auth_context [None req-a25750dc-02fe-44e9-9971-7036af219ac8 None None] Authenticating user token {{(pid=45948) process_request /opt/stack/data/venv/lib/python3.10/site-packages/keystonemiddleware/auth_token/__init__.py:406}}
Nov 29 05:36:20 user devstack@keystone.service[45949]: [pid: 45949|app: 0|req: 69/194] 10.0.0.210 () {58 vars in 1018 bytes} [Wed Nov 29 05:36:20 2023] POST /identity/v3/auth/tokens => generated 861 bytes in 82 msecs (HTTP/1.1 201) 6 headers in 363 bytes (1 switches on core 0)
Nov 29 05:36:20 user devstack@keystone.service[45950]: DEBUG keystone.server.flask.request_processing.middleware.auth_context [None req-dfccdc33-81bc-4fd4-b5c4-ada01bc59158 None None] Authenticating user token {{(pid=45950) process_request /opt/stack/data/venv/lib/python3.10/site-packages/keystonemiddleware/auth_token/__init__.py:406}}
Nov 29 05:36:20 user devstack@keystone.service[45948]: DEBUG keystone.server.flask.request_processing.middleware.auth_context [None req-a25750dc-02fe-44e9-9971-7036af219ac8 None None] Validating token access rules against request {{(pid=45948) validate_allowed_request /opt/stack/data/venv/lib/python3.10/site-packages/keystonemiddleware/auth_token/__init__.py:544}}
Nov 29 05:36:20 user devstack@keystone.service[45950]: DEBUG keystone.server.flask.request_processing.middleware.auth_context [None req-dfccdc33-81bc-4fd4-b5c4-ada01bc59158 None None] Validating token access rules against request {{(pid=45950) validate_allowed_request /opt/stack/data/venv/lib/python3.10/site-packages/keystonemiddleware/auth_token/__init__.py:544}}
Nov 29 05:36:20 user devstack@keystone.service[45948]: DEBUG keystone.server.flask.request_processing.middleware.auth_context [None req-e6680ba7-432d-454b-a6bc-7cfc05f581ff None admin] RBAC: auth_context: {'token': , 'domain_id': None, 'trust_id': None, 'trustor_id': None, 'trustee_id': None, 'domain_name': None, 'group_ids': [], 'user_id': '689eaa8cdcc2434f965b3fb46712f979', 'user_domain_id': 'default', 'system_scope': 'all', 'project_id': None, 'project_domain_id': None, 'roles': ['admin', 'manager', 'member', 'reader'], 'is_admin_project': True, 'service_user_id': None, 'service_user_domain_id': None, 'service_project_id': None, 'service_project_domain_id': None, 'service_roles': []} {{(pid=45948) fill_context /opt/stack/keystone/keystone/server/flask/request_processing/middleware/auth_context.py:480}}
Nov 29 05:36:20 user devstack@keystone.service[45948]: DEBUG keystone.server.flask.request_processing.req_logging [None req-e6680ba7-432d-454b-a6bc-7cfc05f581ff None admin] REQUEST_METHOD: `GET` {{(pid=45948) log_request_info /opt/stack/keystone/keystone/server/flask/request_processing/req_logging.py:27}}
Nov 29 05:36:20 user devstack@keystone.service[45948]: DEBUG keystone.server.flask.request_processing.req_logging [None req-e6680ba7-432d-454b-a6bc-7cfc05f581ff None admin] SCRIPT_NAME: `/identity` {{(pid=45948) log_request_info /opt/stack/keystone/keystone/server/flask/request_processing/req_logging.py:28}}
Nov 29 05:36:20 user devstack@keystone.service[45948]: DEBUG keystone.server.flask.request_processing.req_logging [None req-e6680ba7-432d-454b-a6bc-7cfc05f581ff None admin] PATH_INFO: `/v3/roles/reader` {{(pid=45948) log_request_info /opt/stack/keystone/keystone/server/flask/request_processing/req_logging.py:29}}
Nov 29 05:36:20 user devstack@keystone.service[45948]: DEBUG keystone.common.rbac_enforcer.enforcer [None req-e6680ba7-432d-454b-a6bc-7cfc05f581ff None admin] Extracting inferred target data resulted in "NOT FOUND (404)". {{(pid=45948) enforce_call /opt/stack/keystone/keystone/common/rbac_enforcer/enforcer.py:409}}
Nov 29 05:36:20 user devstack@keystone.service[45948]: ERROR keystone.server.flask.application [None req-e6680ba7-432d-454b-a6bc-7cfc05f581ff None admin] Could not find role: reader.: keystone.exception.RoleNotFound: Could not find role: reader.
Nov 29 05:36:20 user devstack@keystone.service[45948]: ERROR keystone.server.flask.application
Traceback (most recent call last):
Nov 29 05:36:20 user devstack@keystone.service[45948]: ERROR keystone.server.flask.application
File "/opt/stack/data/venv/lib/python3.10/site-packages/flask/app.py", line 1823, in full_dispatch_request
Nov 29 05:36:20 user devstack@keystone.service[45948]: ERROR keystone.server.flask.application rv = self.dispatch_request()
Nov 29 05:36:20 user devstack@keystone.service[45948]: ERROR keystone.server.flask.application
File "/opt/stack/data/venv/lib/python3.10/site-packages/flask/app.py", line 1799, in dispatch_request
Nov 29 05:36:20 user devstack@keystone.service[45948]: ERROR keystone.server.flask.application return self.ensure_sync(self.view_functions[rule.endpoint])(**view_args)
Nov 29 05:36:20 user devstack@keystone.service[45948]: ERROR keystone.server.flask.application
File "/opt/stack/data/venv/lib/python3.10/site-packages/flask_restful/__init__.py", line 489, in wrapper
Nov 29 05:36:20 user devstack@keystone.service[45948]: ERROR keystone.server.flask.application resp = resource(*args, **kwargs)
Nov 29 05:36:20 user devstack@keystone.service[45948]: ERROR keystone.server.flask.application
File "/opt/stack/data/venv/lib/python3.10/site-packages/flask/views.py", line 107, in view
Nov 29 05:36:20 user devstack@keystone.service[45948]: ERROR keystone.server.flask.application return current_app.ensure_sync(self.dispatch_request)(**kwargs)
Nov 29 05:36:20 user devstack@keystone.service[45948]: ERROR keystone.server.flask.application
File "/opt/stack/data/venv/lib/python3.10/site-packages/flask_restful/__init__.py", line 604, in dispatch_request
Nov 29 05:36:20 user devstack@keystone.service[45948]: ERROR keystone.server.flask.application resp = meth(*args, **kwargs)
Nov 29 05:36:20 user devstack@keystone.service[45948]: ERROR keystone.server.flask.application
File "/opt/stack/keystone/keystone/api/roles.py", line 50, in get
Nov 29 05:36:20 user devstack@keystone.service[45948]: ERROR keystone.server.flask.application return self._get_role(role_id)
Nov 29 05:36:20 user devstack@keystone.service[45948]: ERROR keystone.server.flask.application
File "/opt/stack/keystone/keystone/api/roles.py", line 70, in _get_role
Nov 29 05:36:20 user devstack@keystone.service[45948]: ERROR keystone.server.flask.application ENFORCER.enforce_call(action='identity:get_role')
Nov 29 05:36:20 user devstack@keystone.service[45948]: ERROR keystone.server.flask.application
File "/opt/stack/keystone/keystone/common/rbac_enforcer/enforcer.py", line 402, in enforce_call
Nov 29 05:36:20 user devstack@keystone.service[45948]: ERROR keystone.server.flask.application policy_dict.update(cls._extract_member_target_data(
Nov 29 05:36:20 user devstack@keystone.service[45948]: ERROR keystone.server.flask.application
File "/opt/stack/keystone/keystone/common/rbac_enforcer/enforcer.py", line 234, in _extract_member_target_data
Nov 29 05:36:20 user devstack@keystone.service[45948]: ERROR keystone.server.flask.application member_name: func(flask.request.view_args[key])
Nov 29 05:36:20 user devstack@keystone.service[45948]: ERROR keystone.server.flask.application
File "/opt/stack/keystone/keystone/common/manager.py", line 115, in wrapped
Nov 29 05:36:20 user devstack@keystone.service[45948]: ERROR keystone.server.flask.application __ret_val = __f(*args, **kwargs)
Nov 29 05:36:20 user devstack@keystone.service[45948]: ERROR keystone.server.flask.application
File "/opt/stack/data/venv/lib/python3.10/site-packages/decorator.py", line 232, in fun
Nov 29 05:36:20 user devstack@keystone.service[45948]: ERROR keystone.server.flask.application return caller(func, *(extras + args), **kw)
Nov 29 05:36:20 user devstack@keystone.service[45948]: ERROR keystone.server.flask.application
File "/opt/stack/data/venv/lib/python3.10/site-packages/dogpile/cache/region.py", line 1594, in get_or_create_for_user_func
Nov 29 05:36:20 user devstack@keystone.service[45948]: ERROR keystone.server.flask.application return self.get_or_create(
Nov 29 05:36:20 user devstack@keystone.service[45948]: ERROR keystone.server.flask.application
File "/opt/stack/data/venv/lib/python3.10/site-packages/dogpile/cache/region.py", line 1054, in get_or_create
Nov 29 05:36:20 user devstack@keystone.service[45948]: ERROR keystone.server.flask.application with Lock(
Nov 29 05:36:20 user devstack@keystone.service[45948]: ERROR keystone.server.flask.application
File "/opt/stack/data/venv/lib/python3.10/site-packages/dogpile/lock.py", line 185, in __enter__
Nov 29 05:36:20 user devstack@keystone.service[45948]: ERROR keystone.server.flask.application return self._enter()
Nov 29 05:36:20 user devstack@keystone.service[45948]: ERROR keystone.server.flask.application
File "/opt/stack/data/venv/lib/python3.10/site-packages/dogpile/lock.py", line 94, in _enter
Nov 29 05:36:20 user devstack@keystone.service[45948]: ERROR keystone.server.flask.application generated = self._enter_create(value, createdtime)
Nov 29 05:36:20 user devstack@keystone.service[45948]: ERROR keystone.server.flask.application
File "/opt/stack/data/venv/lib/python3.10/site-packages/dogpile/lock.py", line 178, in _enter_create
Nov 29 05:36:20 user devstack@keystone.service[45948]: ERROR keystone.server.flask.application return self.creator()
Nov 29 05:36:20 user devstack@keystone.service[45948]: ERROR keystone.server.flask.application
File "/opt/stack/data/venv/lib/python3.10/site-packages/dogpile/cache/region.py", line 1007, in gen_value
Nov 29 05:36:20 user devstack@keystone.service[45948]: ERROR keystone.server.flask.application created_value = creator(
Nov 29 05:36:20 user devstack@keystone.service[45948]: ERROR keystone.server.flask.application
File "/opt/stack/keystone/keystone/assignment/core.py", line 1276, in get_role
Nov 29 05:36:20 user devstack@keystone.service[45948]: ERROR keystone.server.flask.application return self.driver.get_role(role_id)
Nov 29 05:36:20 user devstack@keystone.service[45948]: ERROR keystone.server.flask.application
File "/opt/stack/keystone/keystone/assignment/role_backends/sql.py", line 70, in get_role
Nov 29 05:36:20 user devstack@keystone.service[45948]: ERROR keystone.server.flask.application return self._get_role(session, role_id).to_dict()
Nov 29 05:36:20 user devstack@keystone.service[45948]: ERROR keystone.server.flask.application
File "/opt/stack/keystone/keystone/assignment/role_backends/sql.py", line 65, in _get_role
Nov 29 05:36:20 user devstack@keystone.service[45948]: ERROR keystone.server.flask.application raise exception.RoleNotFound(role_id=role_id)
Nov 29 05:36:20 user devstack@keystone.service[45948]: ERROR keystone.server.flask.application keystone.exception.RoleNotFound: Could not find role: reader.
Nov 29 05:36:20 user devstack@keystone.service[45948]: ERROR keystone.server.flask.application
Nov 29 05:36:20 user devstack@keystone.service[45948]: [pid: 45948|app: 0|req: 61/195] 10.0.0.210 () {56 vars in 1094 bytes} [Wed Nov 29 05:36:20 2023] GET /identity/v3/roles/reader => generated 84 bytes in 156 msecs (HTTP/1.1 404) 5 headers in 183 bytes (1 switches on core 0)
Nov 29 05:36:20 user devstack@keystone.service[45949]: DEBUG keystone.server.flask.request_processing.middleware.auth_context [None req-430b2a20-43eb-494b-9b68-6ff6ce264037 None None] Authenticating user token {{(pid=45949) process_request /opt/stack/data/venv/lib/python3.10/site-packages/keystonemiddleware/auth_token/__init__.py:406}}
Nov 29 05:36:20 user devstack@keystone.service[45950]: DEBUG keystone.server.flask.request_processing.middleware.auth_context [None req-d7b856ed-d805-43b9-9087-664af44c67b1 None admin] RBAC: auth_context: {'token': , 'domain_id': None, 'trust_id': None, 'trustor_id': None, 'trustee_id': None, 'domain_name': None, 'group_ids': [], 'user_id': '689eaa8cdcc2434f965b3fb46712f979', 'user_domain_id': 'default', 'system_scope': 'all', 'project_id': None, 'project_domain_id': None, 'roles': ['admin', 'manager', 'member', 'reader'], 'is_admin_project': True, 'service_user_id': None, 'service_user_domain_id': None, 'service_project_id': None, 'service_project_domain_id': None, 'service_roles': []} {{(pid=45950) fill_context /opt/stack/keystone/keystone/server/flask/request_processing/middleware/auth_context.py:480}}
