Nov 29 05:36:20 user devstack@keystone.service[45950]: DEBUG keystone.server.flask.request_processing.req_logging [None req-d7b856ed-d805-43b9-9087-664af44c67b1 None admin] REQUEST_METHOD: `GET` {{(pid=45950) log_request_info /opt/stack/keystone/keystone/server/flask/request_processing/req_logging.py:27}}
Nov 29 05:36:20 user devstack@keystone.service[45950]: DEBUG keystone.server.flask.request_processing.req_logging [None req-d7b856ed-d805-43b9-9087-664af44c67b1 None admin] SCRIPT_NAME: `/identity` {{(pid=45950) log_request_info /opt/stack/keystone/keystone/server/flask/request_processing/req_logging.py:28}}
Nov 29 05:36:20 user devstack@keystone.service[45950]: DEBUG keystone.server.flask.request_processing.req_logging [None req-d7b856ed-d805-43b9-9087-664af44c67b1 None admin] PATH_INFO: `/v3/domains/default` {{(pid=45950) log_request_info /opt/stack/keystone/keystone/server/flask/request_processing/req_logging.py:29}}
Nov 29 05:36:20 user devstack@keystone.service[45950]: DEBUG keystone.common.rbac_enforcer.enforcer [None req-d7b856ed-d805-43b9-9087-664af44c67b1 None admin] RBAC: Authorizing `identity:get_domain(domain_id=default)` {{(pid=45950) enforce_call /opt/stack/keystone/keystone/common/rbac_enforcer/enforcer.py:449}}
Nov 29 05:36:20 user devstack@keystone.service[45950]: DEBUG keystone.common.rbac_enforcer.enforcer [None req-d7b856ed-d805-43b9-9087-664af44c67b1 None admin] RBAC: Authorization granted {{(pid=45950) enforce_call /opt/stack/keystone/keystone/common/rbac_enforcer/enforcer.py:457}}
Nov 29 05:36:20 user devstack@keystone.service[45950]: [pid: 45950|app: 0|req: 66/196] 10.0.0.210 () {56 vars in 1103 bytes} [Wed Nov 29 05:36:20 2023] GET /identity/v3/domains/default => generated 198 bytes in 143 msecs (HTTP/1.1 200) 5 headers in 177 bytes (1 switches on core 0)
Nov 29 05:36:20 user devstack@keystone.service[45948]: DEBUG keystone.server.flask.request_processing.middleware.auth_context [None req-e6680ba7-432d-454b-a6bc-7cfc05f581ff None admin] Authenticating user token {{(pid=45948) process_request /opt/stack/data/venv/lib/python3.10/site-packages/keystonemiddleware/auth_token/__init__.py:406}}
Nov 29 05:36:20 user devstack@keystone.service[45950]: DEBUG keystone.server.flask.request_processing.middleware.auth_context [None req-d7b856ed-d805-43b9-9087-664af44c67b1 None admin] Authenticating user token {{(pid=45950) process_request /opt/stack/data/venv/lib/python3.10/site-packages/keystonemiddleware/auth_token/__init__.py:406}}
Nov 29 05:36:20 user devstack@keystone.service[45949]: DEBUG keystone.server.flask.request_processing.middleware.auth_context [None req-430b2a20-43eb-494b-9b68-6ff6ce264037 None None] Validating token access rules against request {{(pid=45949) validate_allowed_request /opt/stack/data/venv/lib/python3.10/site-packages/keystonemiddleware/auth_token/__init__.py:544}}
Nov 29 05:36:20 user devstack@keystone.service[45948]: DEBUG keystone.server.flask.request_processing.middleware.auth_context [None req-e6680ba7-432d-454b-a6bc-7cfc05f581ff None admin] Validating token access rules against request {{(pid=45948) validate_allowed_request /opt/stack/data/venv/lib/python3.10/site-packages/keystonemiddleware/auth_token/__init__.py:544}}
Nov 29 05:36:20 user devstack@keystone.service[45949]: DEBUG keystone.server.flask.request_processing.middleware.auth_context [None req-e13ed6e9-874a-4863-9ceb-15945f439be8 None admin] RBAC: auth_context: {'token': , 'domain_id': None, 'trust_id': None, 'trustor_id': None, 'trustee_id': None, 'domain_name': None, 'group_ids': [], 'user_id': '689eaa8cdcc2434f965b3fb46712f979', 'user_domain_id': 'default', 'system_scope': 'all', 'project_id': None, 'project_domain_id': None, 'roles': ['admin', 'manager', 'member', 'reader'], 'is_admin_project': True, 'service_user_id': None, 'service_user_domain_id': None, 'service_project_id': None, 'service_project_domain_id': None, 'service_roles': []} {{(pid=45949) fill_context /opt/stack/keystone/keystone/server/flask/request_processing/middleware/auth_context.py:480}}
Nov 29 05:36:20 user devstack@keystone.service[45949]: DEBUG keystone.server.flask.request_processing.req_logging [None req-e13ed6e9-874a-4863-9ceb-15945f439be8 None admin] REQUEST_METHOD: `GET` {{(pid=45949) log_request_info /opt/stack/keystone/keystone/server/flask/request_processing/req_logging.py:27}}
Nov 29 05:36:20 user devstack@keystone.service[45949]: DEBUG keystone.server.flask.request_processing.req_logging [None req-e13ed6e9-874a-4863-9ceb-15945f439be8 None admin] SCRIPT_NAME: `/identity` {{(pid=45949) log_request_info /opt/stack/keystone/keystone/server/flask/request_processing/req_logging.py:28}}
Nov 29 05:36:20 user devstack@keystone.service[45949]: DEBUG keystone.server.flask.request_processing.req_logging [None req-e13ed6e9-874a-4863-9ceb-15945f439be8 None admin] PATH_INFO: `/v3/roles` {{(pid=45949) log_request_info /opt/stack/keystone/keystone/server/flask/request_processing/req_logging.py:29}}
Nov 29 05:36:20 user devstack@keystone.service[45949]: DEBUG keystone.common.rbac_enforcer.enforcer [None req-e13ed6e9-874a-4863-9ceb-15945f439be8 None admin] RBAC: Adding query filter params (name=reader) {{(pid=45949) _extract_filter_values /opt/stack/keystone/keystone/common/rbac_enforcer/enforcer.py:167}}
Nov 29 05:36:20 user devstack@keystone.service[45949]: DEBUG keystone.common.rbac_enforcer.enforcer [None req-e13ed6e9-874a-4863-9ceb-15945f439be8 None admin] RBAC: Authorizing `identity:list_roles()` {{(pid=45949) enforce_call /opt/stack/keystone/keystone/common/rbac_enforcer/enforcer.py:449}}
Nov 29 05:36:20 user devstack@keystone.service[45949]: DEBUG keystone.common.rbac_enforcer.enforcer [None req-e13ed6e9-874a-4863-9ceb-15945f439be8 None admin] RBAC: Authorization granted {{(pid=45949) enforce_call /opt/stack/keystone/keystone/common/rbac_enforcer/enforcer.py:457}}
Nov 29 05:36:20 user devstack@keystone.service[45949]: [pid: 45949|app: 0|req: 70/197] 10.0.0.210 () {56 vars in 1096 bytes} [Wed Nov 29 05:36:20 2023] GET /identity/v3/roles?name=reader => generated 339 bytes in 134 msecs (HTTP/1.1 200) 5 headers in 177 bytes (1 switches on core 0)
Nov 29 05:36:20 user devstack@keystone.service[45949]: DEBUG keystone.server.flask.request_processing.middleware.auth_context [None req-e13ed6e9-874a-4863-9ceb-15945f439be8 None admin] Authenticating user token {{(pid=45949) process_request /opt/stack/data/venv/lib/python3.10/site-packages/keystonemiddleware/auth_token/__init__.py:406}}
Nov 29 05:36:20 user devstack@keystone.service[45948]: DEBUG keystone.server.flask.request_processing.middleware.auth_context [None req-84d16346-864f-4409-9075-fd222551cb46 None admin] RBAC: auth_context: {'token': , 'domain_id': None, 'trust_id': None, 'trustor_id': None, 'trustee_id': None, 'domain_name': None, 'group_ids': [], 'user_id': '689eaa8cdcc2434f965b3fb46712f979', 'user_domain_id': 'default', 'system_scope': 'all', 'project_id': None, 'project_domain_id': None, 'roles': ['admin', 'manager', 'member', 'reader'], 'is_admin_project': True, 'service_user_id': None, 'service_user_domain_id': None, 'service_project_id': None, 'service_project_domain_id': None, 'service_roles': []} {{(pid=45948) fill_context /opt/stack/keystone/keystone/server/flask/request_processing/middleware/auth_context.py:480}}
Nov 29 05:36:20 user devstack@keystone.service[45948]: DEBUG keystone.server.flask.request_processing.req_logging [None req-84d16346-864f-4409-9075-fd222551cb46 None admin] REQUEST_METHOD: `POST` {{(pid=45948) log_request_info /opt/stack/keystone/keystone/server/flask/request_processing/req_logging.py:27}}
Nov 29 05:36:20 user devstack@keystone.service[45948]: DEBUG keystone.server.flask.request_processing.req_logging [None req-84d16346-864f-4409-9075-fd222551cb46 None admin] SCRIPT_NAME: `/identity` {{(pid=45948) log_request_info /opt/stack/keystone/keystone/server/flask/request_processing/req_logging.py:28}}
Nov 29 05:36:20 user devstack@keystone.service[45948]: DEBUG keystone.server.flask.request_processing.req_logging [None req-84d16346-864f-4409-9075-fd222551cb46 None admin] PATH_INFO: `/v3/users` {{(pid=45948) log_request_info /opt/stack/keystone/keystone/server/flask/request_processing/req_logging.py:29}}
Nov 29 05:36:20 user devstack@keystone.service[45948]: DEBUG keystone.common.rbac_enforcer.enforcer [None req-84d16346-864f-4409-9075-fd222551cb46 None admin] RBAC: Authorizing `identity:create_user()` {{(pid=45948) enforce_call /opt/stack/keystone/keystone/common/rbac_enforcer/enforcer.py:449}}
Nov 29 05:36:20 user devstack@keystone.service[45948]: DEBUG keystone.common.rbac_enforcer.enforcer [None req-84d16346-864f-4409-9075-fd222551cb46 None admin] RBAC: Authorization granted {{(pid=45948) enforce_call /opt/stack/keystone/keystone/common/rbac_enforcer/enforcer.py:457}}
Nov 29 05:36:20 user devstack@keystone.service[45948]: WARNING keystone.common.password_hashing [None req-84d16346-864f-4409-9075-fd222551cb46 None admin] Truncating password to algorithm specific maximum length 72 characters.
Nov 29 05:36:20 user devstack@keystone.service[45950]: DEBUG keystone.server.flask.request_processing.middleware.auth_context [None req-d7b856ed-d805-43b9-9087-664af44c67b1 None admin] Validating token access rules against request {{(pid=45950) validate_allowed_request /opt/stack/data/venv/lib/python3.10/site-packages/keystonemiddleware/auth_token/__init__.py:544}}
Nov 29 05:36:20 user devstack@keystone.service[45948]: [pid: 45948|app: 0|req: 62/198] 10.0.0.210 () {60 vars in 1127 bytes} [Wed Nov 29 05:36:20 2023] POST /identity/v3/users => generated 292 bytes in 155 msecs (HTTP/1.1 201) 5 headers in 182 bytes (1 switches on core 0)
Nov 29 05:36:20 user devstack@keystone.service[45950]: DEBUG keystone.server.flask.request_processing.middleware.auth_context [None req-d65ef530-b994-4d06-b47d-ee4163973bfd None admin] RBAC: auth_context: {'token': , 'domain_id': None, 'trust_id': None, 'trustor_id': None, 'trustee_id': None, 'domain_name': None, 'group_ids': [], 'user_id': '689eaa8cdcc2434f965b3fb46712f979', 'user_domain_id': 'default', 'system_scope': 'all', 'project_id': None, 'project_domain_id': None, 'roles': ['admin', 'manager', 'member', 'reader'], 'is_admin_project': True, 'service_user_id': None, 'service_user_domain_id': None, 'service_project_id': None, 'service_project_domain_id': None, 'service_roles': []} {{(pid=45950) fill_context /opt/stack/keystone/keystone/server/flask/request_processing/middleware/auth_context.py:480}}
Nov 29 05:36:20 user devstack@keystone.service[45950]: DEBUG keystone.server.flask.request_processing.req_logging [None req-d65ef530-b994-4d06-b47d-ee4163973bfd None admin] REQUEST_METHOD: `GET` {{(pid=45950) log_request_info /opt/stack/keystone/keystone/server/flask/request_processing/req_logging.py:27}}
Nov 29 05:36:20 user devstack@keystone.service[45950]: DEBUG keystone.server.flask.request_processing.req_logging [None req-d65ef530-b994-4d06-b47d-ee4163973bfd None admin] SCRIPT_NAME: `/identity` {{(pid=45950) log_request_info /opt/stack/keystone/keystone/server/flask/request_processing/req_logging.py:28}}
Nov 29 05:36:20 user devstack@keystone.service[45950]: DEBUG keystone.server.flask.request_processing.req_logging [None req-d65ef530-b994-4d06-b47d-ee4163973bfd None admin] PATH_INFO: `/v3/roles/member` {{(pid=45950) log_request_info /opt/stack/keystone/keystone/server/flask/request_processing/req_logging.py:29}}
Nov 29 05:36:20 user devstack@keystone.service[45950]: DEBUG keystone.common.rbac_enforcer.enforcer [None req-d65ef530-b994-4d06-b47d-ee4163973bfd None admin] Extracting inferred target data resulted in "NOT FOUND (404)". {{(pid=45950) enforce_call /opt/stack/keystone/keystone/common/rbac_enforcer/enforcer.py:409}}
Nov 29 05:36:20 user devstack@keystone.service[45950]: ERROR keystone.server.flask.application [None req-d65ef530-b994-4d06-b47d-ee4163973bfd None admin] Could not find role: member.: keystone.exception.RoleNotFound: Could not find role: member.
Nov 29 05:36:20 user devstack@keystone.service[45950]: ERROR keystone.server.flask.application
Traceback (most recent call last):
Nov 29 05:36:20 user devstack@keystone.service[45950]: ERROR keystone.server.flask.application
File "/opt/stack/data/venv/lib/python3.10/site-packages/flask/app.py", line 1823, in full_dispatch_request
Nov 29 05:36:20 user devstack@keystone.service[45950]: ERROR keystone.server.flask.application rv = self.dispatch_request()
Nov 29 05:36:20 user devstack@keystone.service[45950]: ERROR keystone.server.flask.application
File "/opt/stack/data/venv/lib/python3.10/site-packages/flask/app.py", line 1799, in dispatch_request
Nov 29 05:36:20 user devstack@keystone.service[45950]: ERROR keystone.server.flask.application return self.ensure_sync(self.view_functions[rule.endpoint])(**view_args)
Nov 29 05:36:20 user devstack@keystone.service[45950]: ERROR keystone.server.flask.application
File "/opt/stack/data/venv/lib/python3.10/site-packages/flask_restful/__init__.py", line 489, in wrapper
Nov 29 05:36:20 user devstack@keystone.service[45950]: ERROR keystone.server.flask.application resp = resource(*args, **kwargs)
Nov 29 05:36:20 user devstack@keystone.service[45950]: ERROR keystone.server.flask.application
File "/opt/stack/data/venv/lib/python3.10/site-packages/flask/views.py", line 107, in view
Nov 29 05:36:20 user devstack@keystone.service[45950]: ERROR keystone.server.flask.application return current_app.ensure_sync(self.dispatch_request)(**kwargs)
Nov 29 05:36:20 user devstack@keystone.service[45950]: ERROR keystone.server.flask.application
File "/opt/stack/data/venv/lib/python3.10/site-packages/flask_restful/__init__.py", line 604, in dispatch_request
Nov 29 05:36:20 user devstack@keystone.service[45950]: ERROR keystone.server.flask.application resp = meth(*args, **kwargs)
Nov 29 05:36:20 user devstack@keystone.service[45950]: ERROR keystone.server.flask.application
File "/opt/stack/keystone/keystone/api/roles.py", line 50, in get
Nov 29 05:36:20 user devstack@keystone.service[45950]: ERROR keystone.server.flask.application return self._get_role(role_id)
Nov 29 05:36:20 user devstack@keystone.service[45950]: ERROR keystone.server.flask.application
File "/opt/stack/keystone/keystone/api/roles.py", line 70, in _get_role
Nov 29 05:36:20 user devstack@keystone.service[45950]: ERROR keystone.server.flask.application ENFORCER.enforce_call(action='identity:get_role')
Nov 29 05:36:20 user devstack@keystone.service[45950]: ERROR keystone.server.flask.application
File "/opt/stack/keystone/keystone/common/rbac_enforcer/enforcer.py", line 402, in enforce_call
Nov 29 05:36:20 user devstack@keystone.service[45950]: ERROR keystone.server.flask.application policy_dict.update(cls._extract_member_target_data(
Nov 29 05:36:20 user devstack@keystone.service[45950]: ERROR keystone.server.flask.application
File "/opt/stack/keystone/keystone/common/rbac_enforcer/enforcer.py", line 234, in _extract_member_target_data
Nov 29 05:36:20 user devstack@keystone.service[45950]: ERROR keystone.server.flask.application member_name: func(flask.request.view_args[key])
Nov 29 05:36:20 user devstack@keystone.service[45950]: ERROR keystone.server.flask.application
File "/opt/stack/keystone/keystone/common/manager.py", line 115, in wrapped
Nov 29 05:36:20 user devstack@keystone.service[45950]: ERROR keystone.server.flask.application __ret_val = __f(*args, **kwargs)
Nov 29 05:36:20 user devstack@keystone.service[45950]: ERROR keystone.server.flask.application
File "/opt/stack/data/venv/lib/python3.10/site-packages/decorator.py", line 232, in fun
Nov 29 05:36:20 user devstack@keystone.service[45950]: ERROR keystone.server.flask.application return caller(func, *(extras + args), **kw)
Nov 29 05:36:20 user devstack@keystone.service[45950]: ERROR keystone.server.flask.application
File "/opt/stack/data/venv/lib/python3.10/site-packages/dogpile/cache/region.py", line 1594, in get_or_create_for_user_func
Nov 29 05:36:20 user devstack@keystone.service[45950]: ERROR keystone.server.flask.application return self.get_or_create(
Nov 29 05:36:20 user devstack@keystone.service[45950]: ERROR keystone.server.flask.application
File "/opt/stack/data/venv/lib/python3.10/site-packages/dogpile/cache/region.py", line 1054, in get_or_create
Nov 29 05:36:20 user devstack@keystone.service[45950]: ERROR keystone.server.flask.application with Lock(
Nov 29 05:36:20 user devstack@keystone.service[45950]: ERROR keystone.server.flask.application
File "/opt/stack/data/venv/lib/python3.10/site-packages/dogpile/lock.py", line 185, in __enter__
Nov 29 05:36:20 user devstack@keystone.service[45950]: ERROR keystone.server.flask.application return self._enter()
Nov 29 05:36:20 user devstack@keystone.service[45950]: ERROR keystone.server.flask.application
File "/opt/stack/data/venv/lib/python3.10/site-packages/dogpile/lock.py", line 94, in _enter
Nov 29 05:36:20 user devstack@keystone.service[45950]: ERROR keystone.server.flask.application generated = self._enter_create(value, createdtime)
Nov 29 05:36:20 user devstack@keystone.service[45950]: ERROR keystone.server.flask.application
File "/opt/stack/data/venv/lib/python3.10/site-packages/dogpile/lock.py", line 178, in _enter_create
Nov 29 05:36:20 user devstack@keystone.service[45950]: ERROR keystone.server.flask.application return self.creator()
Nov 29 05:36:20 user devstack@keystone.service[45950]: ERROR keystone.server.flask.application
File "/opt/stack/data/venv/lib/python3.10/site-packages/dogpile/cache/region.py", line 1007, in gen_value
Nov 29 05:36:20 user devstack@keystone.service[45950]: ERROR keystone.server.flask.application created_value = creator(
Nov 29 05:36:20 user devstack@keystone.service[45950]: ERROR keystone.server.flask.application
File "/opt/stack/keystone/keystone/assignment/core.py", line 1276, in get_role
Nov 29 05:36:20 user devstack@keystone.service[45950]: ERROR keystone.server.flask.application return self.driver.get_role(role_id)
Nov 29 05:36:20 user devstack@keystone.service[45950]: ERROR keystone.server.flask.application
File "/opt/stack/keystone/keystone/assignment/role_backends/sql.py", line 70, in get_role
Nov 29 05:36:20 user devstack@keystone.service[45950]: ERROR keystone.server.flask.application return self._get_role(session, role_id).to_dict()
Nov 29 05:36:20 user devstack@keystone.service[45950]: ERROR keystone.server.flask.application
File "/opt/stack/keystone/keystone/assignment/role_backends/sql.py", line 65, in _get_role
Nov 29 05:36:20 user devstack@keystone.service[45950]: ERROR keystone.server.flask.application raise exception.RoleNotFound(role_id=role_id)
Nov 29 05:36:20 user devstack@keystone.service[45950]: ERROR keystone.server.flask.application keystone.exception.RoleNotFound: Could not find role: member.
Nov 29 05:36:20 user devstack@keystone.service[45950]: ERROR keystone.server.flask.application
Nov 29 05:36:20 user devstack@keystone.service[45950]: [pid: 45950|app: 0|req: 67/199] 10.0.0.210 () {56 vars in 1094 bytes} [Wed Nov 29 05:36:20 2023] GET /identity/v3/roles/member => generated 84 bytes in 172 msecs (HTTP/1.1 404) 5 headers in 183 bytes (1 switches on core 0)
Nov 29 05:36:20 user devstack@keystone.service[45948]: DEBUG keystone.server.flask.request_processing.middleware.auth_context [None req-84d16346-864f-4409-9075-fd222551cb46 None admin] Authenticating user token {{(pid=45948) process_request /opt/stack/data/venv/lib/python3.10/site-packages/keystonemiddleware/auth_token/__init__.py:406}}
Nov 29 05:36:20 user devstack@keystone.service[45949]: DEBUG keystone.server.flask.request_processing.middleware.auth_context [None req-e13ed6e9-874a-4863-9ceb-15945f439be8 None admin] Validating token access rules against request {{(pid=45949) validate_allowed_request /opt/stack/data/venv/lib/python3.10/site-packages/keystonemiddleware/auth_token/__init__.py:544}}
Nov 29 05:36:20 user devstack@keystone.service[45949]: DEBUG keystone.server.flask.request_processing.middleware.auth_context [None req-de8b6aba-c153-4c08-9303-6d2dd17db882 None admin] RBAC: auth_context: {'token': , 'domain_id': None, 'trust_id': None, 'trustor_id': None, 'trustee_id': None, 'domain_name': None, 'group_ids': [], 'user_id': '689eaa8cdcc2434f965b3fb46712f979', 'user_domain_id': 'default', 'system_scope': 'all', 'project_id': None, 'project_domain_id': None, 'roles': ['admin', 'manager', 'member', 'reader'], 'is_admin_project': True, 'service_user_id': None, 'service_user_domain_id': None, 'service_project_id': None, 'service_project_domain_id': None, 'service_roles': []} {{(pid=45949) fill_context /opt/stack/keystone/keystone/server/flask/request_processing/middleware/auth_context.py:480}}
Nov 29 05:36:20 user devstack@keystone.service[45949]: DEBUG keystone.server.flask.request_processing.req_logging [None req-de8b6aba-c153-4c08-9303-6d2dd17db882 None admin] REQUEST_METHOD: `GET` {{(pid=45949) log_request_info /opt/stack/keystone/keystone/server/flask/request_processing/req_logging.py:27}}
Nov 29 05:36:20 user devstack@keystone.service[45949]: DEBUG keystone.server.flask.request_processing.req_logging [None req-de8b6aba-c153-4c08-9303-6d2dd17db882 None admin] SCRIPT_NAME: `/identity` {{(pid=45949) log_request_info /opt/stack/keystone/keystone/server/flask/request_processing/req_logging.py:28}}
Nov 29 05:36:20 user devstack@keystone.service[45949]: DEBUG keystone.server.flask.request_processing.req_logging [None req-de8b6aba-c153-4c08-9303-6d2dd17db882 None admin] PATH_INFO: `/v3/users/7f32201df0f742dcae59f90893194d21` {{(pid=45949) log_request_info /opt/stack/keystone/keystone/server/flask/request_processing/req_logging.py:29}}
Nov 29 05:36:20 user devstack@keystone.service[45949]: DEBUG keystone.common.rbac_enforcer.enforcer [None req-de8b6aba-c153-4c08-9303-6d2dd17db882 None admin] RBAC: Authorizing `identity:get_user(user_id=7f32201df0f742dcae59f90893194d21)` {{(pid=45949) enforce_call /opt/stack/keystone/keystone/common/rbac_enforcer/enforcer.py:449}}
Nov 29 05:36:20 user devstack@keystone.service[45949]: DEBUG keystone.common.rbac_enforcer.enforcer [None req-de8b6aba-c153-4c08-9303-6d2dd17db882 None admin] RBAC: Authorization granted {{(pid=45949) enforce_call /opt/stack/keystone/keystone/common/rbac_enforcer/enforcer.py:457}}
Nov 29 05:36:20 user devstack@keystone.service[45949]: [pid: 45949|app: 0|req: 71/200] 10.0.0.210 () {56 vars in 1172 bytes} [Wed Nov 29 05:36:20 2023] GET /identity/v3/users/7f32201df0f742dcae59f90893194d21 => generated 296 bytes in 186 msecs (HTTP/1.1 200) 5 headers in 177 bytes (2 switches on core 0)
Nov 29 05:36:20 user devstack@keystone.service[45948]: DEBUG keystone.server.flask.request_processing.middleware.auth_context [None req-84d16346-864f-4409-9075-fd222551cb46 None admin] Validating token access rules against request {{(pid=45948) validate_allowed_request /opt/stack/data/venv/lib/python3.10/site-packages/keystonemiddleware/auth_token/__init__.py:544}}
Nov 29 05:36:20 user devstack@keystone.service[45950]: DEBUG keystone.server.flask.request_processing.middleware.auth_context [None req-d65ef530-b994-4d06-b47d-ee4163973bfd None admin] Authenticating user token {{(pid=45950) process_request /opt/stack/data/venv/lib/python3.10/site-packages/keystonemiddleware/auth_token/__init__.py:406}}
Nov 29 05:36:20 user devstack@keystone.service[45948]: DEBUG keystone.server.flask.request_processing.middleware.auth_context [None req-ac555aef-3169-426e-96c9-e38c42315392 None admin] RBAC: auth_context: {'token': , 'domain_id': None, 'trust_id': None, 'trustor_id': None, 'trustee_id': None, 'domain_name': None, 'group_ids': [], 'user_id': '689eaa8cdcc2434f965b3fb46712f979', 'user_domain_id': 'default', 'system_scope': 'all', 'project_id': None, 'project_domain_id': None, 'roles': ['admin', 'manager', 'member', 'reader'], 'is_admin_project': True, 'service_user_id': None, 'service_user_domain_id': None, 'service_project_id': None, 'service_project_domain_id': None, 'service_roles': []} {{(pid=45948) fill_context /opt/stack/keystone/keystone/server/flask/request_processing/middleware/auth_context.py:480}}
Nov 29 05:36:20 user devstack@keystone.service[45948]: DEBUG keystone.server.flask.request_processing.req_logging [None req-ac555aef-3169-426e-96c9-e38c42315392 None admin] REQUEST_METHOD: `GET` {{(pid=45948) log_request_info /opt/stack/keystone/keystone/server/flask/request_processing/req_logging.py:27}}
Nov 29 05:36:20 user devstack@keystone.service[45948]: DEBUG keystone.server.flask.request_processing.req_logging [None req-ac555aef-3169-426e-96c9-e38c42315392 None admin] SCRIPT_NAME: `/identity` {{(pid=45948) log_request_info /opt/stack/keystone/keystone/server/flask/request_processing/req_logging.py:28}}
Nov 29 05:36:20 user devstack@keystone.service[45948]: DEBUG keystone.server.flask.request_processing.req_logging [None req-ac555aef-3169-426e-96c9-e38c42315392 None admin] PATH_INFO: `/v3/roles` {{(pid=45948) log_request_info /opt/stack/keystone/keystone/server/flask/request_processing/req_logging.py:29}}
Nov 29 05:36:20 user devstack@keystone.service[45948]: DEBUG keystone.common.rbac_enforcer.enforcer [None req-ac555aef-3169-426e-96c9-e38c42315392 None admin] RBAC: Adding query filter params (name=member) {{(pid=45948) _extract_filter_values /opt/stack/keystone/keystone/common/rbac_enforcer/enforcer.py:167}}
Nov 29 05:36:20 user devstack@keystone.service[45948]: DEBUG keystone.common.rbac_enforcer.enforcer [None req-ac555aef-3169-426e-96c9-e38c42315392 None admin] RBAC: Authorizing `identity:list_roles()` {{(pid=45948) enforce_call /opt/stack/keystone/keystone/common/rbac_enforcer/enforcer.py:449}}
Nov 29 05:36:20 user devstack@keystone.service[45948]: DEBUG keystone.common.rbac_enforcer.enforcer [None req-ac555aef-3169-426e-96c9-e38c42315392 None admin] RBAC: Authorization granted {{(pid=45948) enforce_call /opt/stack/keystone/keystone/common/rbac_enforcer/enforcer.py:457}}
Nov 29 05:36:20 user devstack@keystone.service[45948]: [pid: 45948|app: 0|req: 63/201] 10.0.0.210 () {56 vars in 1096 bytes} [Wed Nov 29 05:36:20 2023] GET /identity/v3/roles?name=member => generated 339 bytes in 141 msecs (HTTP/1.1 200) 5 headers in 177 bytes (1 switches on core 0)
Nov 29 05:36:20 user devstack@keystone.service[45949]: DEBUG keystone.server.flask.request_processing.middleware.auth_context [None req-de8b6aba-c153-4c08-9303-6d2dd17db882 None admin] Authenticating user token {{(pid=45949) process_request /opt/stack/data/venv/lib/python3.10/site-packages/keystonemiddleware/auth_token/__init__.py:406}}
Nov 29 05:36:20 user devstack@keystone.service[45950]: DEBUG keystone.server.flask.request_processing.middleware.auth_context [None req-d65ef530-b994-4d06-b47d-ee4163973bfd None admin] Validating token access rules against request {{(pid=45950) validate_allowed_request /opt/stack/data/venv/lib/python3.10/site-packages/keystonemiddleware/auth_token/__init__.py:544}}
Nov 29 05:36:20 user devstack@keystone.service[45950]: DEBUG keystone.server.flask.request_processing.middleware.auth_context [None req-ace40711-c08c-49b8-81b4-45a44fd23635 None admin] RBAC: auth_context: {'token': , 'domain_id': None, 'trust_id': None, 'trustor_id': None, 'trustee_id': None, 'domain_name': None, 'group_ids': [], 'user_id': '689eaa8cdcc2434f965b3fb46712f979', 'user_domain_id': 'default', 'system_scope': 'all', 'project_id': None, 'project_domain_id': None, 'roles': ['admin', 'manager', 'member', 'reader'], 'is_admin_project': True, 'service_user_id': None, 'service_user_domain_id': None, 'service_project_id': None, 'service_project_domain_id': None, 'service_roles': []} {{(pid=45950) fill_context /opt/stack/keystone/keystone/server/flask/request_processing/middleware/auth_context.py:480}}
Nov 29 05:36:20 user devstack@keystone.service[45950]: DEBUG keystone.server.flask.request_processing.req_logging [None req-ace40711-c08c-49b8-81b4-45a44fd23635 None admin] REQUEST_METHOD: `GET` {{(pid=45950) log_request_info /opt/stack/keystone/keystone/server/flask/request_processing/req_logging.py:27}}
Nov 29 05:36:20 user devstack@keystone.service[45950]: DEBUG keystone.server.flask.request_processing.req_logging [None req-ace40711-c08c-49b8-81b4-45a44fd23635 None admin] SCRIPT_NAME: `/identity` {{(pid=45950) log_request_info /opt/stack/keystone/keystone/server/flask/request_processing/req_logging.py:28}}
Nov 29 05:36:20 user devstack@keystone.service[45950]: DEBUG keystone.server.flask.request_processing.req_logging [None req-ace40711-c08c-49b8-81b4-45a44fd23635 None admin] PATH_INFO: `/v3/projects/c06922e049dc492fba37b4a10ffe83c4` {{(pid=45950) log_request_info /opt/stack/keystone/keystone/server/flask/request_processing/req_logging.py:29}}
Nov 29 05:36:20 user devstack@keystone.service[45950]: DEBUG keystone.common.rbac_enforcer.enforcer [None req-ace40711-c08c-49b8-81b4-45a44fd23635 None admin] RBAC: Authorizing `identity:get_project(project_id=c06922e049dc492fba37b4a10ffe83c4)` {{(pid=45950) enforce_call /opt/stack/keystone/keystone/common/rbac_enforcer/enforcer.py:449}}
Nov 29 05:36:20 user devstack@keystone.service[45950]: DEBUG keystone.common.rbac_enforcer.enforcer [None req-ace40711-c08c-49b8-81b4-45a44fd23635 None admin] RBAC: Authorization granted {{(pid=45950) enforce_call /opt/stack/keystone/keystone/common/rbac_enforcer/enforcer.py:457}}
Nov 29 05:36:20 user devstack@keystone.service[45950]: [pid: 45950|app: 0|req: 68/202] 10.0.0.210 () {56 vars in 1181 bytes} [Wed Nov 29 05:36:20 2023] GET /identity/v3/projects/c06922e049dc492fba37b4a10ffe83c4 => generated 301 bytes in 138 msecs (HTTP/1.1 200) 5 headers in 177 bytes (1 switches on core 0)
Nov 29 05:36:20 user devstack@keystone.service[45948]: DEBUG keystone.server.flask.request_processing.middleware.auth_context [None req-ac555aef-3169-426e-96c9-e38c42315392 None admin] Authenticating user token {{(pid=45948) process_request /opt/stack/data/venv/lib/python3.10/site-packages/keystonemiddleware/auth_token/__init__.py:406}}
Nov 29 05:36:20 user devstack@keystone.service[45949]: DEBUG keystone.server.flask.request_processing.middleware.auth_context [None req-de8b6aba-c153-4c08-9303-6d2dd17db882 None admin] Validating token access rules against request {{(pid=45949) validate_allowed_request /opt/stack/data/venv/lib/python3.10/site-packages/keystonemiddleware/auth_token/__init__.py:544}}
Nov 29 05:36:20 user devstack@keystone.service[45949]: DEBUG keystone.server.flask.request_processing.middleware.auth_context [None req-934a9db4-680f-4ed6-a366-aa097d4ecca4 None admin] RBAC: auth_context: {'token': , 'domain_id': None, 'trust_id': None, 'trustor_id': None, 'trustee_id': None, 'domain_name': None, 'group_ids': [], 'user_id': '689eaa8cdcc2434f965b3fb46712f979', 'user_domain_id': 'default', 'system_scope': 'all', 'project_id': None, 'project_domain_id': None, 'roles': ['admin', 'manager', 'member', 'reader'], 'is_admin_project': True, 'service_user_id': None, 'service_user_domain_id': None, 'service_project_id': None, 'service_project_domain_id': None, 'service_roles': []} {{(pid=45949) fill_context /opt/stack/keystone/keystone/server/flask/request_processing/middleware/auth_context.py:480}}
Nov 29 05:36:20 user devstack@keystone.service[45949]: DEBUG keystone.server.flask.request_processing.req_logging [None req-934a9db4-680f-4ed6-a366-aa097d4ecca4 None admin] REQUEST_METHOD: `GET` {{(pid=45949) log_request_info /opt/stack/keystone/keystone/server/flask/request_processing/req_logging.py:27}}
Nov 29 05:36:20 user devstack@keystone.service[45949]: DEBUG keystone.server.flask.request_processing.req_logging [None req-934a9db4-680f-4ed6-a366-aa097d4ecca4 None admin] SCRIPT_NAME: `/identity` {{(pid=45949) log_request_info /opt/stack/keystone/keystone/server/flask/request_processing/req_logging.py:28}}
Nov 29 05:36:20 user devstack@keystone.service[45949]: DEBUG keystone.server.flask.request_processing.req_logging [None req-934a9db4-680f-4ed6-a366-aa097d4ecca4 None admin] PATH_INFO: `/v3/users/c72f7b9f972848a584f0c46a72252a49` {{(pid=45949) log_request_info /opt/stack/keystone/keystone/server/flask/request_processing/req_logging.py:29}}
Nov 29 05:36:20 user devstack@keystone.service[45949]: DEBUG keystone.common.rbac_enforcer.enforcer [None req-934a9db4-680f-4ed6-a366-aa097d4ecca4 None admin] RBAC: Authorizing `identity:get_user(user_id=c72f7b9f972848a584f0c46a72252a49)` {{(pid=45949) enforce_call /opt/stack/keystone/keystone/common/rbac_enforcer/enforcer.py:449}}
Nov 29 05:36:20 user devstack@keystone.service[45949]: DEBUG keystone.common.rbac_enforcer.enforcer [None req-934a9db4-680f-4ed6-a366-aa097d4ecca4 None admin] RBAC: Authorization granted {{(pid=45949) enforce_call /opt/stack/keystone/keystone/common/rbac_enforcer/enforcer.py:457}}
Nov 29 05:36:20 user devstack@keystone.service[45949]: [pid: 45949|app: 0|req: 72/203] 10.0.0.210 () {56 vars in 1172 bytes} [Wed Nov 29 05:36:20 2023] GET /identity/v3/users/c72f7b9f972848a584f0c46a72252a49 => generated 296 bytes in 144 msecs (HTTP/1.1 200) 5 headers in 177 bytes (1 switches on core 0)
Nov 29 05:36:20 user devstack@keystone.service[45950]: DEBUG keystone.server.flask.request_processing.middleware.auth_context [None req-ace40711-c08c-49b8-81b4-45a44fd23635 None admin] Authenticating user token {{(pid=45950) process_request /opt/stack/data/venv/lib/python3.10/site-packages/keystonemiddleware/auth_token/__init__.py:406}}
Nov 29 05:36:20 user devstack@keystone.service[45948]: DEBUG keystone.server.flask.request_processing.middleware.auth_context [None req-ac555aef-3169-426e-96c9-e38c42315392 None admin] Validating token access rules against request {{(pid=45948) validate_allowed_request /opt/stack/data/venv/lib/python3.10/site-packages/keystonemiddleware/auth_token/__init__.py:544}}
Nov 29 05:36:20 user devstack@keystone.service[45948]: DEBUG keystone.server.flask.request_processing.middleware.auth_context [None req-8d7efb66-3400-461d-944e-4b6447911218 None admin] RBAC: auth_context: {'token': , 'domain_id': None, 'trust_id': None, 'trustor_id': None, 'trustee_id': None, 'domain_name': None, 'group_ids': [], 'user_id': '689eaa8cdcc2434f965b3fb46712f979', 'user_domain_id': 'default', 'system_scope': 'all', 'project_id': None, 'project_domain_id': None, 'roles': ['admin', 'manager', 'member', 'reader'], 'is_admin_project': True, 'service_user_id': None, 'service_user_domain_id': None, 'service_project_id': None, 'service_project_domain_id': None, 'service_roles': []} {{(pid=45948) fill_context /opt/stack/keystone/keystone/server/flask/request_processing/middleware/auth_context.py:480}}
Nov 29 05:36:20 user devstack@keystone.service[45948]: DEBUG keystone.server.flask.request_processing.req_logging [None req-8d7efb66-3400-461d-944e-4b6447911218 None admin] REQUEST_METHOD: `PUT` {{(pid=45948) log_request_info /opt/stack/keystone/keystone/server/flask/request_processing/req_logging.py:27}}
Nov 29 05:36:20 user devstack@keystone.service[45948]: DEBUG keystone.server.flask.request_processing.req_logging [None req-8d7efb66-3400-461d-944e-4b6447911218 None admin] SCRIPT_NAME: `/identity` {{(pid=45948) log_request_info /opt/stack/keystone/keystone/server/flask/request_processing/req_logging.py:28}}
Nov 29 05:36:20 user devstack@keystone.service[45948]: DEBUG keystone.server.flask.request_processing.req_logging [None req-8d7efb66-3400-461d-944e-4b6447911218 None admin] PATH_INFO: `/v3/projects/c06922e049dc492fba37b4a10ffe83c4/users/7f32201df0f742dcae59f90893194d21/roles/8c33d76126eb43d3aa6b85054f86a07a` {{(pid=45948) log_request_info /opt/stack/keystone/keystone/server/flask/request_processing/req_logging.py:29}}
Nov 29 05:36:20 user devstack@keystone.service[45948]: DEBUG keystone.common.rbac_enforcer.enforcer [None req-8d7efb66-3400-461d-944e-4b6447911218 None admin] RBAC: Authorizing `identity:create_grant(project_id=c06922e049dc492fba37b4a10ffe83c4, user_id=7f32201df0f742dcae59f90893194d21, role_id=8c33d76126eb43d3aa6b85054f86a07a)` {{(pid=45948) enforce_call /opt/stack/keystone/keystone/common/rbac_enforcer/enforcer.py:449}}
Nov 29 05:36:20 user devstack@keystone.service[45948]: DEBUG keystone.common.rbac_enforcer.enforcer [None req-8d7efb66-3400-461d-944e-4b6447911218 None admin] RBAC: Authorization granted {{(pid=45948) enforce_call /opt/stack/keystone/keystone/common/rbac_enforcer/enforcer.py:457}}
Nov 29 05:36:21 user devstack@keystone.service[45948]: [pid: 45948|app: 0|req: 64/204] 10.0.0.210 () {58 vars in 1434 bytes} [Wed Nov 29 05:36:20 2023] PUT /identity/v3/projects/c06922e049dc492fba37b4a10ffe83c4/users/7f32201df0f742dcae59f90893194d21/roles/8c33d76126eb43d3aa6b85054f86a07a => generated 0 bytes in 146 msecs (HTTP/1.1 204) 3 headers in 132 bytes (0 switches on core 0)
Nov 29 05:36:21 user devstack@keystone.service[45950]: DEBUG keystone.server.flask.request_processing.middleware.auth_context [None req-ace40711-c08c-49b8-81b4-45a44fd23635 None admin] Validating token access rules against request {{(pid=45950) validate_allowed_request /opt/stack/data/venv/lib/python3.10/site-packages/keystonemiddleware/auth_token/__init__.py:544}}
Nov 29 05:36:21 user devstack@keystone.service[45950]: DEBUG keystone.server.flask.request_processing.middleware.auth_context [None req-fe25160e-a0b1-4249-b0b4-16154524f379 None admin] RBAC: auth_context: {'token': , 'domain_id': None, 'trust_id': None, 'trustor_id': None, 'trustee_id': None, 'domain_name': None, 'group_ids': [], 'user_id': '689eaa8cdcc2434f965b3fb46712f979', 'user_domain_id': 'default', 'system_scope': 'all', 'project_id': None, 'project_domain_id': None, 'roles': ['admin', 'manager', 'member', 'reader'], 'is_admin_project': True, 'service_user_id': None, 'service_user_domain_id': None, 'service_project_id': None, 'service_project_domain_id': None, 'service_roles': []} {{(pid=45950) fill_context /opt/stack/keystone/keystone/server/flask/request_processing/middleware/auth_context.py:480}}
Nov 29 05:36:21 user devstack@keystone.service[45950]: DEBUG keystone.server.flask.request_processing.req_logging [None req-fe25160e-a0b1-4249-b0b4-16154524f379 None admin] REQUEST_METHOD: `GET` {{(pid=45950) log_request_info /opt/stack/keystone/keystone/server/flask/request_processing/req_logging.py:27}}
Nov 29 05:36:21 user devstack@keystone.service[45950]: DEBUG keystone.server.flask.request_processing.req_logging [None req-fe25160e-a0b1-4249-b0b4-16154524f379 None admin] SCRIPT_NAME: `/identity` {{(pid=45950) log_request_info /opt/stack/keystone/keystone/server/flask/request_processing/req_logging.py:28}}
Nov 29 05:36:21 user devstack@keystone.service[45950]: DEBUG keystone.server.flask.request_processing.req_logging [None req-fe25160e-a0b1-4249-b0b4-16154524f379 None admin] PATH_INFO: `/v3/auth/tokens` {{(pid=45950) log_request_info /opt/stack/keystone/keystone/server/flask/request_processing/req_logging.py:29}}
Nov 29 05:36:21 user devstack@keystone.service[45950]: DEBUG keystone.common.rbac_enforcer.enforcer [None req-fe25160e-a0b1-4249-b0b4-16154524f379 None admin] RBAC: Authorizing `identity:validate_token()` {{(pid=45950) enforce_call /opt/stack/keystone/keystone/common/rbac_enforcer/enforcer.py:449}}
Nov 29 05:36:21 user devstack@keystone.service[45950]: DEBUG keystone.common.rbac_enforcer.enforcer [None req-fe25160e-a0b1-4249-b0b4-16154524f379 None admin] RBAC: Authorization granted {{(pid=45950) enforce_call /opt/stack/keystone/keystone/common/rbac_enforcer/enforcer.py:457}}
Nov 29 05:36:21 user devstack@keystone.service[45950]: [pid: 45950|app: 0|req: 69/205] 10.0.0.210 () {58 vars in 1277 bytes} [Wed Nov 29 05:36:20 2023] GET /identity/v3/auth/tokens => generated 861 bytes in 318 msecs (HTTP/1.1 200) 6 headers in 358 bytes (1 switches on core 0)
Nov 29 05:36:21 user devstack@keystone.service[45949]: DEBUG keystone.server.flask.request_processing.middleware.auth_context [None req-934a9db4-680f-4ed6-a366-aa097d4ecca4 None admin] Authenticating user token {{(pid=45949) process_request /opt/stack/data/venv/lib/python3.10/site-packages/keystonemiddleware/auth_token/__init__.py:406}}
Nov 29 05:36:21 user devstack@keystone.service[45949]: DEBUG keystone.server.flask.request_processing.middleware.auth_context [None req-934a9db4-680f-4ed6-a366-aa097d4ecca4 None admin] Validating token access rules against request {{(pid=45949) validate_allowed_request /opt/stack/data/venv/lib/python3.10/site-packages/keystonemiddleware/auth_token/__init__.py:544}}
Nov 29 05:36:21 user devstack@keystone.service[45949]: DEBUG keystone.server.flask.request_processing.middleware.auth_context [None req-5b210769-1146-4933-9706-834dcbc1b5de None admin] RBAC: auth_context: {'token': , 'domain_id': None, 'trust_id': None, 'trustor_id': None, 'trustee_id': None, 'domain_name': None, 'group_ids': [], 'user_id': '689eaa8cdcc2434f965b3fb46712f979', 'user_domain_id': 'default', 'system_scope': 'all', 'project_id': None, 'project_domain_id': None, 'roles': ['admin', 'manager', 'member', 'reader'], 'is_admin_project': True, 'service_user_id': None, 'service_user_domain_id': None, 'service_project_id': None, 'service_project_domain_id': None, 'service_roles': []} {{(pid=45949) fill_context /opt/stack/keystone/keystone/server/flask/request_processing/middleware/auth_context.py:480}}
Nov 29 05:36:21 user devstack@keystone.service[45949]: DEBUG keystone.server.flask.request_processing.req_logging [None req-5b210769-1146-4933-9706-834dcbc1b5de None admin] REQUEST_METHOD: `GET` {{(pid=45949) log_request_info /opt/stack/keystone/keystone/server/flask/request_processing/req_logging.py:27}}
Nov 29 05:36:21 user devstack@keystone.service[45949]: DEBUG keystone.server.flask.request_processing.req_logging [None req-5b210769-1146-4933-9706-834dcbc1b5de None admin] SCRIPT_NAME: `/identity` {{(pid=45949) log_request_info /opt/stack/keystone/keystone/server/flask/request_processing/req_logging.py:28}}
Nov 29 05:36:21 user devstack@keystone.service[45949]: DEBUG keystone.server.flask.request_processing.req_logging [None req-5b210769-1146-4933-9706-834dcbc1b5de None admin] PATH_INFO: `/v3/projects/c06922e049dc492fba37b4a10ffe83c4` {{(pid=45949) log_request_info /opt/stack/keystone/keystone/server/flask/request_processing/req_logging.py:29}}
Nov 29 05:36:21 user devstack@keystone.service[45949]: DEBUG keystone.common.rbac_enforcer.enforcer [None req-5b210769-1146-4933-9706-834dcbc1b5de None admin] RBAC: Authorizing `identity:get_project(project_id=c06922e049dc492fba37b4a10ffe83c4)` {{(pid=45949) enforce_call /opt/stack/keystone/keystone/common/rbac_enforcer/enforcer.py:449}}
Nov 29 05:36:21 user devstack@keystone.service[45949]: DEBUG keystone.common.rbac_enforcer.enforcer [None req-5b210769-1146-4933-9706-834dcbc1b5de None admin] RBAC: Authorization granted {{(pid=45949) enforce_call /opt/stack/keystone/keystone/common/rbac_enforcer/enforcer.py:457}}
Nov 29 05:36:21 user devstack@keystone.service[45949]: [pid: 45949|app: 0|req: 73/206] 10.0.0.210 () {56 vars in 1181 bytes} [Wed Nov 29 05:36:21 2023] GET /identity/v3/projects/c06922e049dc492fba37b4a10ffe83c4 => generated 301 bytes in 136 msecs (HTTP/1.1 200) 5 headers in 177 bytes (1 switches on core 0)
Nov 29 05:36:21 user devstack@keystone.service[45948]: DEBUG keystone.server.flask.request_processing.middleware.auth_context [None req-8d7efb66-3400-461d-944e-4b6447911218 None admin] Authenticating user token {{(pid=45948) process_request /opt/stack/data/venv/lib/python3.10/site-packages/keystonemiddleware/auth_token/__init__.py:406}}
Nov 29 05:36:21 user devstack@keystone.service[45948]: DEBUG keystone.server.flask.request_processing.middleware.auth_context [None req-8d7efb66-3400-461d-944e-4b6447911218 None admin] Validating token access rules against request {{(pid=45948) validate_allowed_request /opt/stack/data/venv/lib/python3.10/site-packages/keystonemiddleware/auth_token/__init__.py:544}}
Nov 29 05:36:21 user devstack@keystone.service[45948]: DEBUG keystone.server.flask.request_processing.middleware.auth_context [None req-24cfe27c-6d4e-45b2-b1de-d5cb6069052a None admin] RBAC: auth_context: {'token': , 'domain_id': None, 'trust_id': None, 'trustor_id': None, 'trustee_id': None, 'domain_name': None, 'group_ids': [], 'user_id': '689eaa8cdcc2434f965b3fb46712f979', 'user_domain_id': 'default', 'system_scope': 'all', 'project_id': None, 'project_domain_id': None, 'roles': ['admin', 'manager', 'member', 'reader'], 'is_admin_project': True, 'service_user_id': None, 'service_user_domain_id': None, 'service_project_id': None, 'service_project_domain_id': None, 'service_roles': []} {{(pid=45948) fill_context /opt/stack/keystone/keystone/server/flask/request_processing/middleware/auth_context.py:480}}
Nov 29 05:36:21 user devstack@keystone.service[45948]: DEBUG keystone.server.flask.request_processing.req_logging [None req-24cfe27c-6d4e-45b2-b1de-d5cb6069052a None admin] REQUEST_METHOD: `GET` {{(pid=45948) log_request_info /opt/stack/keystone/keystone/server/flask/request_processing/req_logging.py:27}}
Nov 29 05:36:21 user devstack@keystone.service[45948]: DEBUG keystone.server.flask.request_processing.req_logging [None req-24cfe27c-6d4e-45b2-b1de-d5cb6069052a None admin] SCRIPT_NAME: `/identity` {{(pid=45948) log_request_info /opt/stack/keystone/keystone/server/flask/request_processing/req_logging.py:28}}
Nov 29 05:36:21 user devstack@keystone.service[45948]: DEBUG keystone.server.flask.request_processing.req_logging [None req-24cfe27c-6d4e-45b2-b1de-d5cb6069052a None admin] PATH_INFO: `/v3/role_assignments` {{(pid=45948) log_request_info /opt/stack/keystone/keystone/server/flask/request_processing/req_logging.py:29}}
Nov 29 05:36:21 user devstack@keystone.service[45948]: DEBUG keystone.common.rbac_enforcer.enforcer [None req-24cfe27c-6d4e-45b2-b1de-d5cb6069052a None admin] RBAC: Adding query filter params (role.id=5fceabc51aa040a6830ad06e54135ccc, scope.project.id=c06922e049dc492fba37b4a10ffe83c4, user.id=c72f7b9f972848a584f0c46a72252a49) {{(pid=45948) _extract_filter_values /opt/stack/keystone/keystone/common/rbac_enforcer/enforcer.py:167}}
Nov 29 05:36:21 user devstack@keystone.service[45948]: DEBUG keystone.common.rbac_enforcer.enforcer [None req-24cfe27c-6d4e-45b2-b1de-d5cb6069052a None admin] RBAC: Authorizing `identity:list_role_assignments()` {{(pid=45948) enforce_call /opt/stack/keystone/keystone/common/rbac_enforcer/enforcer.py:449}}
Nov 29 05:36:21 user devstack@keystone.service[45948]: DEBUG keystone.common.rbac_enforcer.enforcer [None req-24cfe27c-6d4e-45b2-b1de-d5cb6069052a None admin] RBAC: Authorization granted {{(pid=45948) enforce_call /opt/stack/keystone/keystone/common/rbac_enforcer/enforcer.py:457}}
Nov 29 05:36:21 user devstack@keystone.service[45948]: [pid: 45948|app: 0|req: 65/207] 10.0.0.210 () {56 vars in 1369 bytes} [Wed Nov 29 05:36:21 2023] GET /identity/v3/role_assignments?user.id=c72f7b9f972848a584f0c46a72252a49&scope.project.id=c06922e049dc492fba37b4a10ffe83c4&role.id=5fceabc51aa040a6830ad06e54135ccc => generated 606 bytes in 131 msecs (HTTP/1.1 200) 5 headers in 177 bytes (1 switches on core 0)
Nov 29 05:36:22 user devstack@keystone.service[45950]: DEBUG keystone.server.flask.request_processing.req_logging [None req-927d4249-2917-4502-923e-731a75b00cf2 None None] REQUEST_METHOD: `GET` {{(pid=45950) log_request_info /opt/stack/keystone/keystone/server/flask/request_processing/req_logging.py:27}}
Nov 29 05:36:22 user devstack@keystone.service[45950]: DEBUG keystone.server.flask.request_processing.req_logging [None req-927d4249-2917-4502-923e-731a75b00cf2 None None] SCRIPT_NAME: `/identity` {{(pid=45950) log_request_info /opt/stack/keystone/keystone/server/flask/request_processing/req_logging.py:28}}
Nov 29 05:36:22 user devstack@keystone.service[45950]: DEBUG keystone.server.flask.request_processing.req_logging [None req-927d4249-2917-4502-923e-731a75b00cf2 None None] PATH_INFO: `/` {{(pid=45950) log_request_info /opt/stack/keystone/keystone/server/flask/request_processing/req_logging.py:29}}
Nov 29 05:36:22 user devstack@keystone.service[45950]: [pid: 45950|app: 0|req: 70/208] 10.0.0.210 () {54 vars in 921 bytes} [Wed Nov 29 05:36:22 2023] GET /identity => generated 269 bytes in 3 msecs (HTTP/1.1 300) 6 headers in 233 bytes (1 switches on core 0)
Nov 29 05:36:22 user devstack@keystone.service[45948]: DEBUG keystone.server.flask.request_processing.req_logging [None req-8d0ebc09-4770-4258-99f6-bce28561fa8b None None] REQUEST_METHOD: `POST` {{(pid=45948) log_request_info /opt/stack/keystone/keystone/server/flask/request_processing/req_logging.py:27}}
Nov 29 05:36:22 user devstack@keystone.service[45949]: DEBUG keystone.server.flask.request_processing.req_logging [None req-c9aaa367-b1cd-40f6-8b02-bf5d75f6ebe2 None None] REQUEST_METHOD: `GET` {{(pid=45949) log_request_info /opt/stack/keystone/keystone/server/flask/request_processing/req_logging.py:27}}
Nov 29 05:36:22 user devstack@keystone.service[45948]: DEBUG keystone.server.flask.request_processing.req_logging [None req-8d0ebc09-4770-4258-99f6-bce28561fa8b None None] SCRIPT_NAME: `/identity` {{(pid=45948) log_request_info /opt/stack/keystone/keystone/server/flask/request_processing/req_logging.py:28}}
Nov 29 05:36:22 user devstack@keystone.service[45949]: DEBUG keystone.server.flask.request_processing.req_logging [None req-c9aaa367-b1cd-40f6-8b02-bf5d75f6ebe2 None None] SCRIPT_NAME: `/identity` {{(pid=45949) log_request_info /opt/stack/keystone/keystone/server/flask/request_processing/req_logging.py:28}}
Nov 29 05:36:22 user devstack@keystone.service[45948]: DEBUG keystone.server.flask.request_processing.req_logging [None req-8d0ebc09-4770-4258-99f6-bce28561fa8b None None] PATH_INFO: `/v3/auth/tokens` {{(pid=45948) log_request_info /opt/stack/keystone/keystone/server/flask/request_processing/req_logging.py:29}}
Nov 29 05:36:22 user devstack@keystone.service[45949]: DEBUG keystone.server.flask.request_processing.req_logging [None req-c9aaa367-b1cd-40f6-8b02-bf5d75f6ebe2 None None] PATH_INFO: `/` {{(pid=45949) log_request_info /opt/stack/keystone/keystone/server/flask/request_processing/req_logging.py:29}}
