Nov 30 06:56:57 user devstack@keystone.service[46551]: DEBUG keystone.server.flask.request_processing.middleware.auth_context [None req-ad1e5977-d042-4841-b165-4299fef68aec None admin] Authenticating user token {{(pid=46551) process_request /opt/stack/data/venv/lib/python3.10/site-packages/keystonemiddleware/auth_token/__init__.py:406}}
Nov 30 06:56:57 user devstack@keystone.service[46549]: DEBUG keystone.common.rbac_enforcer.enforcer [None req-9b946e25-62ae-465a-a4ce-fb3146eeec29 None admin] Extracting inferred target data resulted in "NOT FOUND (404)". {{(pid=46549) enforce_call /opt/stack/keystone/keystone/common/rbac_enforcer/enforcer.py:409}}
Nov 30 06:56:57 user devstack@keystone.service[46549]: ERROR keystone.server.flask.application [None req-9b946e25-62ae-465a-a4ce-fb3146eeec29 None admin] Could not find role: reader.: keystone.exception.RoleNotFound: Could not find role: reader.
Nov 30 06:56:57 user devstack@keystone.service[46549]: ERROR keystone.server.flask.application
Traceback (most recent call last):
Nov 30 06:56:57 user devstack@keystone.service[46549]: ERROR keystone.server.flask.application
File "/opt/stack/data/venv/lib/python3.10/site-packages/flask/app.py", line 1823, in full_dispatch_request
Nov 30 06:56:57 user devstack@keystone.service[46549]: ERROR keystone.server.flask.application rv = self.dispatch_request()
Nov 30 06:56:57 user devstack@keystone.service[46549]: ERROR keystone.server.flask.application
File "/opt/stack/data/venv/lib/python3.10/site-packages/flask/app.py", line 1799, in dispatch_request
Nov 30 06:56:57 user devstack@keystone.service[46549]: ERROR keystone.server.flask.application return self.ensure_sync(self.view_functions[rule.endpoint])(**view_args)
Nov 30 06:56:57 user devstack@keystone.service[46549]: ERROR keystone.server.flask.application
File "/opt/stack/data/venv/lib/python3.10/site-packages/flask_restful/__init__.py", line 489, in wrapper
Nov 30 06:56:57 user devstack@keystone.service[46549]: ERROR keystone.server.flask.application resp = resource(*args, **kwargs)
Nov 30 06:56:57 user devstack@keystone.service[46549]: ERROR keystone.server.flask.application
File "/opt/stack/data/venv/lib/python3.10/site-packages/flask/views.py", line 107, in view
Nov 30 06:56:57 user devstack@keystone.service[46549]: ERROR keystone.server.flask.application return current_app.ensure_sync(self.dispatch_request)(**kwargs)
Nov 30 06:56:57 user devstack@keystone.service[46549]: ERROR keystone.server.flask.application
File "/opt/stack/data/venv/lib/python3.10/site-packages/flask_restful/__init__.py", line 604, in dispatch_request
Nov 30 06:56:57 user devstack@keystone.service[46549]: ERROR keystone.server.flask.application resp = meth(*args, **kwargs)
Nov 30 06:56:57 user devstack@keystone.service[46549]: ERROR keystone.server.flask.application
File "/opt/stack/keystone/keystone/api/roles.py", line 50, in get
Nov 30 06:56:57 user devstack@keystone.service[46549]: ERROR keystone.server.flask.application return self._get_role(role_id)
Nov 30 06:56:57 user devstack@keystone.service[46549]: ERROR keystone.server.flask.application
File "/opt/stack/keystone/keystone/api/roles.py", line 70, in _get_role
Nov 30 06:56:57 user devstack@keystone.service[46549]: ERROR keystone.server.flask.application ENFORCER.enforce_call(action='identity:get_role')
Nov 30 06:56:57 user devstack@keystone.service[46549]: ERROR keystone.server.flask.application
File "/opt/stack/keystone/keystone/common/rbac_enforcer/enforcer.py", line 402, in enforce_call
Nov 30 06:56:57 user devstack@keystone.service[46549]: ERROR keystone.server.flask.application policy_dict.update(cls._extract_member_target_data(
Nov 30 06:56:57 user devstack@keystone.service[46549]: ERROR keystone.server.flask.application
File "/opt/stack/keystone/keystone/common/rbac_enforcer/enforcer.py", line 234, in _extract_member_target_data
Nov 30 06:56:57 user devstack@keystone.service[46549]: ERROR keystone.server.flask.application member_name: func(flask.request.view_args[key])
Nov 30 06:56:57 user devstack@keystone.service[46549]: ERROR keystone.server.flask.application
File "/opt/stack/keystone/keystone/common/manager.py", line 115, in wrapped
Nov 30 06:56:57 user devstack@keystone.service[46549]: ERROR keystone.server.flask.application __ret_val = __f(*args, **kwargs)
Nov 30 06:56:57 user devstack@keystone.service[46549]: ERROR keystone.server.flask.application
File "/opt/stack/data/venv/lib/python3.10/site-packages/decorator.py", line 232, in fun
Nov 30 06:56:57 user devstack@keystone.service[46549]: ERROR keystone.server.flask.application return caller(func, *(extras + args), **kw)
Nov 30 06:56:57 user devstack@keystone.service[46549]: ERROR keystone.server.flask.application
File "/opt/stack/data/venv/lib/python3.10/site-packages/dogpile/cache/region.py", line 1594, in get_or_create_for_user_func
Nov 30 06:56:57 user devstack@keystone.service[46549]: ERROR keystone.server.flask.application return self.get_or_create(
Nov 30 06:56:57 user devstack@keystone.service[46549]: ERROR keystone.server.flask.application
File "/opt/stack/data/venv/lib/python3.10/site-packages/dogpile/cache/region.py", line 1054, in get_or_create
Nov 30 06:56:57 user devstack@keystone.service[46549]: ERROR keystone.server.flask.application with Lock(
Nov 30 06:56:57 user devstack@keystone.service[46549]: ERROR keystone.server.flask.application
File "/opt/stack/data/venv/lib/python3.10/site-packages/dogpile/lock.py", line 185, in __enter__
Nov 30 06:56:57 user devstack@keystone.service[46549]: ERROR keystone.server.flask.application return self._enter()
Nov 30 06:56:57 user devstack@keystone.service[46549]: ERROR keystone.server.flask.application
File "/opt/stack/data/venv/lib/python3.10/site-packages/dogpile/lock.py", line 94, in _enter
Nov 30 06:56:57 user devstack@keystone.service[46549]: ERROR keystone.server.flask.application generated = self._enter_create(value, createdtime)
Nov 30 06:56:57 user devstack@keystone.service[46549]: ERROR keystone.server.flask.application
File "/opt/stack/data/venv/lib/python3.10/site-packages/dogpile/lock.py", line 178, in _enter_create
Nov 30 06:56:57 user devstack@keystone.service[46549]: ERROR keystone.server.flask.application return self.creator()
Nov 30 06:56:57 user devstack@keystone.service[46549]: ERROR keystone.server.flask.application
File "/opt/stack/data/venv/lib/python3.10/site-packages/dogpile/cache/region.py", line 1007, in gen_value
Nov 30 06:56:57 user devstack@keystone.service[46549]: ERROR keystone.server.flask.application created_value = creator(
Nov 30 06:56:57 user devstack@keystone.service[46549]: ERROR keystone.server.flask.application
File "/opt/stack/keystone/keystone/assignment/core.py", line 1276, in get_role
Nov 30 06:56:57 user devstack@keystone.service[46549]: ERROR keystone.server.flask.application return self.driver.get_role(role_id)
Nov 30 06:56:57 user devstack@keystone.service[46549]: ERROR keystone.server.flask.application
File "/opt/stack/keystone/keystone/assignment/role_backends/sql.py", line 70, in get_role
Nov 30 06:56:57 user devstack@keystone.service[46549]: ERROR keystone.server.flask.application return self._get_role(session, role_id).to_dict()
Nov 30 06:56:57 user devstack@keystone.service[46549]: ERROR keystone.server.flask.application
File "/opt/stack/keystone/keystone/assignment/role_backends/sql.py", line 65, in _get_role
Nov 30 06:56:57 user devstack@keystone.service[46549]: ERROR keystone.server.flask.application raise exception.RoleNotFound(role_id=role_id)
Nov 30 06:56:57 user devstack@keystone.service[46549]: ERROR keystone.server.flask.application keystone.exception.RoleNotFound: Could not find role: reader.
Nov 30 06:56:57 user devstack@keystone.service[46549]: ERROR keystone.server.flask.application
Nov 30 06:56:57 user devstack@keystone.service[46549]: [pid: 46549|app: 0|req: 35/113] 10.0.0.210 () {56 vars in 1094 bytes} [Thu Nov 30 06:56:56 2023] GET /identity/v3/roles/reader => generated 84 bytes in 151 msecs (HTTP/1.1 404) 5 headers in 183 bytes (1 switches on core 0)
Nov 30 06:56:57 user devstack@keystone.service[46549]: DEBUG keystone.server.flask.request_processing.middleware.auth_context [None req-9b946e25-62ae-465a-a4ce-fb3146eeec29 None admin] Authenticating user token {{(pid=46549) process_request /opt/stack/data/venv/lib/python3.10/site-packages/keystonemiddleware/auth_token/__init__.py:406}}
Nov 30 06:56:57 user devstack@keystone.service[46550]: DEBUG keystone.server.flask.request_processing.middleware.auth_context [None req-812c32f5-a745-48d5-80c5-eb6695c7a7ab None admin] Validating token access rules against request {{(pid=46550) validate_allowed_request /opt/stack/data/venv/lib/python3.10/site-packages/keystonemiddleware/auth_token/__init__.py:544}}
Nov 30 06:56:57 user devstack@keystone.service[46550]: DEBUG keystone.server.flask.request_processing.middleware.auth_context [None req-cd2ed622-2e4b-40e7-b8f6-bed9552b06fd None admin] RBAC: auth_context: {'token': , 'domain_id': None, 'trust_id': None, 'trustor_id': None, 'trustee_id': None, 'domain_name': None, 'group_ids': [], 'user_id': 'f13f9a6a91724215b254a9fbfd9e7387', 'user_domain_id': 'default', 'system_scope': 'all', 'project_id': None, 'project_domain_id': None, 'roles': ['admin', 'manager', 'member', 'reader'], 'is_admin_project': True, 'service_user_id': None, 'service_user_domain_id': None, 'service_project_id': None, 'service_project_domain_id': None, 'service_roles': []} {{(pid=46550) fill_context /opt/stack/keystone/keystone/server/flask/request_processing/middleware/auth_context.py:480}}
Nov 30 06:56:57 user devstack@keystone.service[46550]: DEBUG keystone.server.flask.request_processing.req_logging [None req-cd2ed622-2e4b-40e7-b8f6-bed9552b06fd None admin] REQUEST_METHOD: `GET` {{(pid=46550) log_request_info /opt/stack/keystone/keystone/server/flask/request_processing/req_logging.py:27}}
Nov 30 06:56:57 user devstack@keystone.service[46550]: DEBUG keystone.server.flask.request_processing.req_logging [None req-cd2ed622-2e4b-40e7-b8f6-bed9552b06fd None admin] SCRIPT_NAME: `/identity` {{(pid=46550) log_request_info /opt/stack/keystone/keystone/server/flask/request_processing/req_logging.py:28}}
Nov 30 06:56:57 user devstack@keystone.service[46550]: DEBUG keystone.server.flask.request_processing.req_logging [None req-cd2ed622-2e4b-40e7-b8f6-bed9552b06fd None admin] PATH_INFO: `/v3/users/f13f9a6a91724215b254a9fbfd9e7387` {{(pid=46550) log_request_info /opt/stack/keystone/keystone/server/flask/request_processing/req_logging.py:29}}
Nov 30 06:56:57 user devstack@keystone.service[46550]: DEBUG keystone.common.rbac_enforcer.enforcer [None req-cd2ed622-2e4b-40e7-b8f6-bed9552b06fd None admin] RBAC: Authorizing `identity:get_user(user_id=f13f9a6a91724215b254a9fbfd9e7387)` {{(pid=46550) enforce_call /opt/stack/keystone/keystone/common/rbac_enforcer/enforcer.py:449}}
Nov 30 06:56:57 user devstack@keystone.service[46550]: DEBUG keystone.common.rbac_enforcer.enforcer [None req-cd2ed622-2e4b-40e7-b8f6-bed9552b06fd None admin] RBAC: Authorization granted {{(pid=46550) enforce_call /opt/stack/keystone/keystone/common/rbac_enforcer/enforcer.py:457}}
Nov 30 06:56:57 user devstack@keystone.service[46550]: [pid: 46550|app: 0|req: 37/114] 10.0.0.210 () {56 vars in 1172 bytes} [Thu Nov 30 06:56:56 2023] GET /identity/v3/users/f13f9a6a91724215b254a9fbfd9e7387 => generated 246 bytes in 126 msecs (HTTP/1.1 200) 5 headers in 177 bytes (1 switches on core 0)
Nov 30 06:56:57 user devstack@keystone.service[46550]: DEBUG keystone.server.flask.request_processing.middleware.auth_context [None req-cd2ed622-2e4b-40e7-b8f6-bed9552b06fd None admin] Authenticating user token {{(pid=46550) process_request /opt/stack/data/venv/lib/python3.10/site-packages/keystonemiddleware/auth_token/__init__.py:406}}
Nov 30 06:56:57 user devstack@keystone.service[46551]: DEBUG keystone.server.flask.request_processing.middleware.auth_context [None req-ad1e5977-d042-4841-b165-4299fef68aec None admin] Validating token access rules against request {{(pid=46551) validate_allowed_request /opt/stack/data/venv/lib/python3.10/site-packages/keystonemiddleware/auth_token/__init__.py:544}}
Nov 30 06:56:57 user devstack@keystone.service[46549]: DEBUG keystone.server.flask.request_processing.middleware.auth_context [None req-9b946e25-62ae-465a-a4ce-fb3146eeec29 None admin] Validating token access rules against request {{(pid=46549) validate_allowed_request /opt/stack/data/venv/lib/python3.10/site-packages/keystonemiddleware/auth_token/__init__.py:544}}
Nov 30 06:56:57 user devstack@keystone.service[46551]: DEBUG keystone.server.flask.request_processing.middleware.auth_context [None req-4bf3809f-6ff6-4c70-b92f-a9520ed949ec None admin] RBAC: auth_context: {'token': , 'domain_id': None, 'trust_id': None, 'trustor_id': None, 'trustee_id': None, 'domain_name': None, 'group_ids': [], 'user_id': 'f13f9a6a91724215b254a9fbfd9e7387', 'user_domain_id': 'default', 'system_scope': 'all', 'project_id': None, 'project_domain_id': None, 'roles': ['admin', 'manager', 'member', 'reader'], 'is_admin_project': True, 'service_user_id': None, 'service_user_domain_id': None, 'service_project_id': None, 'service_project_domain_id': None, 'service_roles': []} {{(pid=46551) fill_context /opt/stack/keystone/keystone/server/flask/request_processing/middleware/auth_context.py:480}}
Nov 30 06:56:57 user devstack@keystone.service[46551]: DEBUG keystone.server.flask.request_processing.req_logging [None req-4bf3809f-6ff6-4c70-b92f-a9520ed949ec None admin] REQUEST_METHOD: `GET` {{(pid=46551) log_request_info /opt/stack/keystone/keystone/server/flask/request_processing/req_logging.py:27}}
Nov 30 06:56:57 user devstack@keystone.service[46551]: DEBUG keystone.server.flask.request_processing.req_logging [None req-4bf3809f-6ff6-4c70-b92f-a9520ed949ec None admin] SCRIPT_NAME: `/identity` {{(pid=46551) log_request_info /opt/stack/keystone/keystone/server/flask/request_processing/req_logging.py:28}}
Nov 30 06:56:57 user devstack@keystone.service[46551]: DEBUG keystone.server.flask.request_processing.req_logging [None req-4bf3809f-6ff6-4c70-b92f-a9520ed949ec None admin] PATH_INFO: `/v3/projects/8ca2a20ac51b4a319cd5a0f927364a35` {{(pid=46551) log_request_info /opt/stack/keystone/keystone/server/flask/request_processing/req_logging.py:29}}
Nov 30 06:56:57 user devstack@keystone.service[46551]: DEBUG keystone.common.rbac_enforcer.enforcer [None req-4bf3809f-6ff6-4c70-b92f-a9520ed949ec None admin] RBAC: Authorizing `identity:get_project(project_id=8ca2a20ac51b4a319cd5a0f927364a35)` {{(pid=46551) enforce_call /opt/stack/keystone/keystone/common/rbac_enforcer/enforcer.py:449}}
Nov 30 06:56:57 user devstack@keystone.service[46551]: DEBUG keystone.common.rbac_enforcer.enforcer [None req-4bf3809f-6ff6-4c70-b92f-a9520ed949ec None admin] RBAC: Authorization granted {{(pid=46551) enforce_call /opt/stack/keystone/keystone/common/rbac_enforcer/enforcer.py:457}}
Nov 30 06:56:57 user devstack@keystone.service[46551]: [pid: 46551|app: 0|req: 43/115] 10.0.0.210 () {56 vars in 1181 bytes} [Thu Nov 30 06:56:57 2023] GET /identity/v3/projects/8ca2a20ac51b4a319cd5a0f927364a35 => generated 297 bytes in 130 msecs (HTTP/1.1 200) 5 headers in 177 bytes (1 switches on core 0)
Nov 30 06:56:57 user devstack@keystone.service[46551]: DEBUG keystone.server.flask.request_processing.middleware.auth_context [None req-4bf3809f-6ff6-4c70-b92f-a9520ed949ec None admin] Authenticating user token {{(pid=46551) process_request /opt/stack/data/venv/lib/python3.10/site-packages/keystonemiddleware/auth_token/__init__.py:406}}
Nov 30 06:56:57 user devstack@keystone.service[46549]: DEBUG keystone.server.flask.request_processing.middleware.auth_context [None req-fa0c86d7-e786-4959-8878-345ae70416f1 None admin] RBAC: auth_context: {'token': , 'domain_id': None, 'trust_id': None, 'trustor_id': None, 'trustee_id': None, 'domain_name': None, 'group_ids': [], 'user_id': 'f13f9a6a91724215b254a9fbfd9e7387', 'user_domain_id': 'default', 'system_scope': 'all', 'project_id': None, 'project_domain_id': None, 'roles': ['admin', 'manager', 'member', 'reader'], 'is_admin_project': True, 'service_user_id': None, 'service_user_domain_id': None, 'service_project_id': None, 'service_project_domain_id': None, 'service_roles': []} {{(pid=46549) fill_context /opt/stack/keystone/keystone/server/flask/request_processing/middleware/auth_context.py:480}}
Nov 30 06:56:57 user devstack@keystone.service[46549]: DEBUG keystone.server.flask.request_processing.req_logging [None req-fa0c86d7-e786-4959-8878-345ae70416f1 None admin] REQUEST_METHOD: `GET` {{(pid=46549) log_request_info /opt/stack/keystone/keystone/server/flask/request_processing/req_logging.py:27}}
Nov 30 06:56:57 user devstack@keystone.service[46549]: DEBUG keystone.server.flask.request_processing.req_logging [None req-fa0c86d7-e786-4959-8878-345ae70416f1 None admin] SCRIPT_NAME: `/identity` {{(pid=46549) log_request_info /opt/stack/keystone/keystone/server/flask/request_processing/req_logging.py:28}}
Nov 30 06:56:57 user devstack@keystone.service[46549]: DEBUG keystone.server.flask.request_processing.req_logging [None req-fa0c86d7-e786-4959-8878-345ae70416f1 None admin] PATH_INFO: `/v3/auth/tokens` {{(pid=46549) log_request_info /opt/stack/keystone/keystone/server/flask/request_processing/req_logging.py:29}}
Nov 30 06:56:57 user devstack@keystone.service[46550]: DEBUG keystone.server.flask.request_processing.middleware.auth_context [None req-cd2ed622-2e4b-40e7-b8f6-bed9552b06fd None admin] Validating token access rules against request {{(pid=46550) validate_allowed_request /opt/stack/data/venv/lib/python3.10/site-packages/keystonemiddleware/auth_token/__init__.py:544}}
Nov 30 06:56:57 user devstack@keystone.service[46550]: DEBUG keystone.server.flask.request_processing.middleware.auth_context [None req-c9865095-43f0-4694-affe-0aaed2294268 None admin] RBAC: auth_context: {'token': , 'domain_id': None, 'trust_id': None, 'trustor_id': None, 'trustee_id': None, 'domain_name': None, 'group_ids': [], 'user_id': 'f13f9a6a91724215b254a9fbfd9e7387', 'user_domain_id': 'default', 'system_scope': 'all', 'project_id': None, 'project_domain_id': None, 'roles': ['admin', 'manager', 'member', 'reader'], 'is_admin_project': True, 'service_user_id': None, 'service_user_domain_id': None, 'service_project_id': None, 'service_project_domain_id': None, 'service_roles': []} {{(pid=46550) fill_context /opt/stack/keystone/keystone/server/flask/request_processing/middleware/auth_context.py:480}}
Nov 30 06:56:57 user devstack@keystone.service[46550]: DEBUG keystone.server.flask.request_processing.req_logging [None req-c9865095-43f0-4694-affe-0aaed2294268 None admin] REQUEST_METHOD: `GET` {{(pid=46550) log_request_info /opt/stack/keystone/keystone/server/flask/request_processing/req_logging.py:27}}
Nov 30 06:56:57 user devstack@keystone.service[46550]: DEBUG keystone.server.flask.request_processing.req_logging [None req-c9865095-43f0-4694-affe-0aaed2294268 None admin] SCRIPT_NAME: `/identity` {{(pid=46550) log_request_info /opt/stack/keystone/keystone/server/flask/request_processing/req_logging.py:28}}
Nov 30 06:56:57 user devstack@keystone.service[46550]: DEBUG keystone.server.flask.request_processing.req_logging [None req-c9865095-43f0-4694-affe-0aaed2294268 None admin] PATH_INFO: `/v3/users/1ffb1fbfb26e4c44be84a350ebacd9ab` {{(pid=46550) log_request_info /opt/stack/keystone/keystone/server/flask/request_processing/req_logging.py:29}}
Nov 30 06:56:57 user devstack@keystone.service[46550]: DEBUG keystone.common.rbac_enforcer.enforcer [None req-c9865095-43f0-4694-affe-0aaed2294268 None admin] RBAC: Authorizing `identity:get_user(user_id=1ffb1fbfb26e4c44be84a350ebacd9ab)` {{(pid=46550) enforce_call /opt/stack/keystone/keystone/common/rbac_enforcer/enforcer.py:449}}
Nov 30 06:56:57 user devstack@keystone.service[46550]: DEBUG keystone.common.rbac_enforcer.enforcer [None req-c9865095-43f0-4694-affe-0aaed2294268 None admin] RBAC: Authorization granted {{(pid=46550) enforce_call /opt/stack/keystone/keystone/common/rbac_enforcer/enforcer.py:457}}
Nov 30 06:56:57 user devstack@keystone.service[46550]: [pid: 46550|app: 0|req: 38/116] 10.0.0.210 () {56 vars in 1172 bytes} [Thu Nov 30 06:56:57 2023] GET /identity/v3/users/1ffb1fbfb26e4c44be84a350ebacd9ab => generated 274 bytes in 129 msecs (HTTP/1.1 200) 5 headers in 177 bytes (1 switches on core 0)
Nov 30 06:56:57 user devstack@keystone.service[46550]: DEBUG keystone.server.flask.request_processing.middleware.auth_context [None req-c9865095-43f0-4694-affe-0aaed2294268 None admin] Authenticating user token {{(pid=46550) process_request /opt/stack/data/venv/lib/python3.10/site-packages/keystonemiddleware/auth_token/__init__.py:406}}
Nov 30 06:56:57 user devstack@keystone.service[46549]: DEBUG keystone.common.rbac_enforcer.enforcer [None req-fa0c86d7-e786-4959-8878-345ae70416f1 None admin] RBAC: Authorizing `identity:validate_token()` {{(pid=46549) enforce_call /opt/stack/keystone/keystone/common/rbac_enforcer/enforcer.py:449}}
Nov 30 06:56:57 user devstack@keystone.service[46549]: DEBUG keystone.common.rbac_enforcer.enforcer [None req-fa0c86d7-e786-4959-8878-345ae70416f1 None admin] RBAC: Authorization granted {{(pid=46549) enforce_call /opt/stack/keystone/keystone/common/rbac_enforcer/enforcer.py:457}}
Nov 30 06:56:57 user devstack@keystone.service[46551]: DEBUG keystone.server.flask.request_processing.middleware.auth_context [None req-4bf3809f-6ff6-4c70-b92f-a9520ed949ec None admin] Validating token access rules against request {{(pid=46551) validate_allowed_request /opt/stack/data/venv/lib/python3.10/site-packages/keystonemiddleware/auth_token/__init__.py:544}}
Nov 30 06:56:57 user devstack@keystone.service[46551]: DEBUG keystone.server.flask.request_processing.middleware.auth_context [None req-a371a169-dcc3-4b1f-8144-5efc187070f1 None admin] RBAC: auth_context: {'token': , 'domain_id': None, 'trust_id': None, 'trustor_id': None, 'trustee_id': None, 'domain_name': None, 'group_ids': [], 'user_id': 'f13f9a6a91724215b254a9fbfd9e7387', 'user_domain_id': 'default', 'system_scope': 'all', 'project_id': None, 'project_domain_id': None, 'roles': ['admin', 'manager', 'member', 'reader'], 'is_admin_project': True, 'service_user_id': None, 'service_user_domain_id': None, 'service_project_id': None, 'service_project_domain_id': None, 'service_roles': []} {{(pid=46551) fill_context /opt/stack/keystone/keystone/server/flask/request_processing/middleware/auth_context.py:480}}
Nov 30 06:56:57 user devstack@keystone.service[46551]: DEBUG keystone.server.flask.request_processing.req_logging [None req-a371a169-dcc3-4b1f-8144-5efc187070f1 None admin] REQUEST_METHOD: `POST` {{(pid=46551) log_request_info /opt/stack/keystone/keystone/server/flask/request_processing/req_logging.py:27}}
Nov 30 06:56:57 user devstack@keystone.service[46551]: DEBUG keystone.server.flask.request_processing.req_logging [None req-a371a169-dcc3-4b1f-8144-5efc187070f1 None admin] SCRIPT_NAME: `/identity` {{(pid=46551) log_request_info /opt/stack/keystone/keystone/server/flask/request_processing/req_logging.py:28}}
Nov 30 06:56:57 user devstack@keystone.service[46551]: DEBUG keystone.server.flask.request_processing.req_logging [None req-a371a169-dcc3-4b1f-8144-5efc187070f1 None admin] PATH_INFO: `/v3/projects` {{(pid=46551) log_request_info /opt/stack/keystone/keystone/server/flask/request_processing/req_logging.py:29}}
Nov 30 06:56:57 user devstack@keystone.service[46551]: DEBUG keystone.common.rbac_enforcer.enforcer [None req-a371a169-dcc3-4b1f-8144-5efc187070f1 None admin] RBAC: Authorizing `identity:create_project()` {{(pid=46551) enforce_call /opt/stack/keystone/keystone/common/rbac_enforcer/enforcer.py:449}}
Nov 30 06:56:57 user devstack@keystone.service[46551]: DEBUG keystone.common.rbac_enforcer.enforcer [None req-a371a169-dcc3-4b1f-8144-5efc187070f1 None admin] RBAC: Authorization granted {{(pid=46551) enforce_call /opt/stack/keystone/keystone/common/rbac_enforcer/enforcer.py:457}}
Nov 30 06:56:57 user devstack@keystone.service[46551]: [pid: 46551|app: 0|req: 44/117] 10.0.0.210 () {60 vars in 1136 bytes} [Thu Nov 30 06:56:57 2023] POST /identity/v3/projects => generated 301 bytes in 154 msecs (HTTP/1.1 201) 5 headers in 182 bytes (1 switches on core 0)
Nov 30 06:56:57 user devstack@keystone.service[46551]: DEBUG keystone.server.flask.request_processing.middleware.auth_context [None req-a371a169-dcc3-4b1f-8144-5efc187070f1 None admin] Authenticating user token {{(pid=46551) process_request /opt/stack/data/venv/lib/python3.10/site-packages/keystonemiddleware/auth_token/__init__.py:406}}
Nov 30 06:56:57 user devstack@keystone.service[46550]: DEBUG keystone.server.flask.request_processing.middleware.auth_context [None req-c9865095-43f0-4694-affe-0aaed2294268 None admin] Validating token access rules against request {{(pid=46550) validate_allowed_request /opt/stack/data/venv/lib/python3.10/site-packages/keystonemiddleware/auth_token/__init__.py:544}}
Nov 30 06:56:57 user devstack@keystone.service[46549]: [pid: 46549|app: 0|req: 36/118] 10.0.0.210 () {58 vars in 1277 bytes} [Thu Nov 30 06:56:57 2023] GET /identity/v3/auth/tokens => generated 861 bytes in 301 msecs (HTTP/1.1 200) 6 headers in 358 bytes (1 switches on core 0)
Nov 30 06:56:57 user devstack@keystone.service[46549]: DEBUG keystone.server.flask.request_processing.middleware.auth_context [None req-fa0c86d7-e786-4959-8878-345ae70416f1 None admin] Authenticating user token {{(pid=46549) process_request /opt/stack/data/venv/lib/python3.10/site-packages/keystonemiddleware/auth_token/__init__.py:406}}
Nov 30 06:56:57 user devstack@keystone.service[46550]: DEBUG keystone.server.flask.request_processing.middleware.auth_context [None req-651f3bb2-d8b0-4d1e-b19d-0e718b897b0d None admin] RBAC: auth_context: {'token': , 'domain_id': None, 'trust_id': None, 'trustor_id': None, 'trustee_id': None, 'domain_name': None, 'group_ids': [], 'user_id': 'f13f9a6a91724215b254a9fbfd9e7387', 'user_domain_id': 'default', 'system_scope': 'all', 'project_id': None, 'project_domain_id': None, 'roles': ['admin', 'manager', 'member', 'reader'], 'is_admin_project': True, 'service_user_id': None, 'service_user_domain_id': None, 'service_project_id': None, 'service_project_domain_id': None, 'service_roles': []} {{(pid=46550) fill_context /opt/stack/keystone/keystone/server/flask/request_processing/middleware/auth_context.py:480}}
Nov 30 06:56:57 user devstack@keystone.service[46550]: DEBUG keystone.server.flask.request_processing.req_logging [None req-651f3bb2-d8b0-4d1e-b19d-0e718b897b0d None admin] REQUEST_METHOD: `GET` {{(pid=46550) log_request_info /opt/stack/keystone/keystone/server/flask/request_processing/req_logging.py:27}}
Nov 30 06:56:57 user devstack@keystone.service[46550]: DEBUG keystone.server.flask.request_processing.req_logging [None req-651f3bb2-d8b0-4d1e-b19d-0e718b897b0d None admin] SCRIPT_NAME: `/identity` {{(pid=46550) log_request_info /opt/stack/keystone/keystone/server/flask/request_processing/req_logging.py:28}}
Nov 30 06:56:57 user devstack@keystone.service[46550]: DEBUG keystone.server.flask.request_processing.req_logging [None req-651f3bb2-d8b0-4d1e-b19d-0e718b897b0d None admin] PATH_INFO: `/v3/roles` {{(pid=46550) log_request_info /opt/stack/keystone/keystone/server/flask/request_processing/req_logging.py:29}}
Nov 30 06:56:57 user devstack@keystone.service[46550]: DEBUG keystone.common.rbac_enforcer.enforcer [None req-651f3bb2-d8b0-4d1e-b19d-0e718b897b0d None admin] RBAC: Adding query filter params (name=reader) {{(pid=46550) _extract_filter_values /opt/stack/keystone/keystone/common/rbac_enforcer/enforcer.py:167}}
Nov 30 06:56:57 user devstack@keystone.service[46550]: DEBUG keystone.common.rbac_enforcer.enforcer [None req-651f3bb2-d8b0-4d1e-b19d-0e718b897b0d None admin] RBAC: Authorizing `identity:list_roles()` {{(pid=46550) enforce_call /opt/stack/keystone/keystone/common/rbac_enforcer/enforcer.py:449}}
Nov 30 06:56:57 user devstack@keystone.service[46550]: DEBUG keystone.common.rbac_enforcer.enforcer [None req-651f3bb2-d8b0-4d1e-b19d-0e718b897b0d None admin] RBAC: Authorization granted {{(pid=46550) enforce_call /opt/stack/keystone/keystone/common/rbac_enforcer/enforcer.py:457}}
Nov 30 06:56:57 user devstack@keystone.service[46550]: [pid: 46550|app: 0|req: 39/119] 10.0.0.210 () {56 vars in 1096 bytes} [Thu Nov 30 06:56:57 2023] GET /identity/v3/roles?name=reader => generated 339 bytes in 136 msecs (HTTP/1.1 200) 5 headers in 177 bytes (1 switches on core 0)
Nov 30 06:56:57 user devstack@keystone.service[46550]: DEBUG keystone.server.flask.request_processing.middleware.auth_context [None req-651f3bb2-d8b0-4d1e-b19d-0e718b897b0d None admin] Authenticating user token {{(pid=46550) process_request /opt/stack/data/venv/lib/python3.10/site-packages/keystonemiddleware/auth_token/__init__.py:406}}
Nov 30 06:56:57 user devstack@keystone.service[46551]: DEBUG keystone.server.flask.request_processing.middleware.auth_context [None req-a371a169-dcc3-4b1f-8144-5efc187070f1 None admin] Validating token access rules against request {{(pid=46551) validate_allowed_request /opt/stack/data/venv/lib/python3.10/site-packages/keystonemiddleware/auth_token/__init__.py:544}}
Nov 30 06:56:57 user devstack@keystone.service[46549]: DEBUG keystone.server.flask.request_processing.middleware.auth_context [None req-fa0c86d7-e786-4959-8878-345ae70416f1 None admin] Validating token access rules against request {{(pid=46549) validate_allowed_request /opt/stack/data/venv/lib/python3.10/site-packages/keystonemiddleware/auth_token/__init__.py:544}}
Nov 30 06:56:57 user devstack@keystone.service[46551]: DEBUG keystone.server.flask.request_processing.middleware.auth_context [None req-d1b9106d-601d-4be6-a650-c14af38cdb7f None admin] RBAC: auth_context: {'token': , 'domain_id': None, 'trust_id': None, 'trustor_id': None, 'trustee_id': None, 'domain_name': None, 'group_ids': [], 'user_id': 'f13f9a6a91724215b254a9fbfd9e7387', 'user_domain_id': 'default', 'system_scope': 'all', 'project_id': None, 'project_domain_id': None, 'roles': ['admin', 'manager', 'member', 'reader'], 'is_admin_project': True, 'service_user_id': None, 'service_user_domain_id': None, 'service_project_id': None, 'service_project_domain_id': None, 'service_roles': []} {{(pid=46551) fill_context /opt/stack/keystone/keystone/server/flask/request_processing/middleware/auth_context.py:480}}
Nov 30 06:56:57 user devstack@keystone.service[46551]: DEBUG keystone.server.flask.request_processing.req_logging [None req-d1b9106d-601d-4be6-a650-c14af38cdb7f None admin] REQUEST_METHOD: `GET` {{(pid=46551) log_request_info /opt/stack/keystone/keystone/server/flask/request_processing/req_logging.py:27}}
Nov 30 06:56:57 user devstack@keystone.service[46551]: DEBUG keystone.server.flask.request_processing.req_logging [None req-d1b9106d-601d-4be6-a650-c14af38cdb7f None admin] SCRIPT_NAME: `/identity` {{(pid=46551) log_request_info /opt/stack/keystone/keystone/server/flask/request_processing/req_logging.py:28}}
Nov 30 06:56:57 user devstack@keystone.service[46551]: DEBUG keystone.server.flask.request_processing.req_logging [None req-d1b9106d-601d-4be6-a650-c14af38cdb7f None admin] PATH_INFO: `/v3/auth/tokens` {{(pid=46551) log_request_info /opt/stack/keystone/keystone/server/flask/request_processing/req_logging.py:29}}
Nov 30 06:56:57 user devstack@keystone.service[46550]: DEBUG keystone.server.flask.request_processing.middleware.auth_context [None req-651f3bb2-d8b0-4d1e-b19d-0e718b897b0d None admin] Validating token access rules against request {{(pid=46550) validate_allowed_request /opt/stack/data/venv/lib/python3.10/site-packages/keystonemiddleware/auth_token/__init__.py:544}}
Nov 30 06:56:57 user devstack@keystone.service[46549]: DEBUG keystone.server.flask.request_processing.middleware.auth_context [None req-1b8f6529-741e-4f83-9595-9a86f42e8889 None admin] RBAC: auth_context: {'token': , 'domain_id': None, 'trust_id': None, 'trustor_id': None, 'trustee_id': None, 'domain_name': None, 'group_ids': [], 'user_id': 'f13f9a6a91724215b254a9fbfd9e7387', 'user_domain_id': 'default', 'system_scope': 'all', 'project_id': None, 'project_domain_id': None, 'roles': ['admin', 'manager', 'member', 'reader'], 'is_admin_project': True, 'service_user_id': None, 'service_user_domain_id': None, 'service_project_id': None, 'service_project_domain_id': None, 'service_roles': []} {{(pid=46549) fill_context /opt/stack/keystone/keystone/server/flask/request_processing/middleware/auth_context.py:480}}
Nov 30 06:56:57 user devstack@keystone.service[46549]: DEBUG keystone.server.flask.request_processing.req_logging [None req-1b8f6529-741e-4f83-9595-9a86f42e8889 None admin] REQUEST_METHOD: `GET` {{(pid=46549) log_request_info /opt/stack/keystone/keystone/server/flask/request_processing/req_logging.py:27}}
Nov 30 06:56:57 user devstack@keystone.service[46549]: DEBUG keystone.server.flask.request_processing.req_logging [None req-1b8f6529-741e-4f83-9595-9a86f42e8889 None admin] SCRIPT_NAME: `/identity` {{(pid=46549) log_request_info /opt/stack/keystone/keystone/server/flask/request_processing/req_logging.py:28}}
Nov 30 06:56:57 user devstack@keystone.service[46549]: DEBUG keystone.server.flask.request_processing.req_logging [None req-1b8f6529-741e-4f83-9595-9a86f42e8889 None admin] PATH_INFO: `/v3/role_assignments` {{(pid=46549) log_request_info /opt/stack/keystone/keystone/server/flask/request_processing/req_logging.py:29}}
Nov 30 06:56:57 user devstack@keystone.service[46549]: DEBUG keystone.common.rbac_enforcer.enforcer [None req-1b8f6529-741e-4f83-9595-9a86f42e8889 None admin] RBAC: Adding query filter params (role.id=7c2e6b36c73b48159ebb6095bb68f510, scope.project.id=8ca2a20ac51b4a319cd5a0f927364a35, user.id=1ffb1fbfb26e4c44be84a350ebacd9ab) {{(pid=46549) _extract_filter_values /opt/stack/keystone/keystone/common/rbac_enforcer/enforcer.py:167}}
Nov 30 06:56:57 user devstack@keystone.service[46549]: DEBUG keystone.common.rbac_enforcer.enforcer [None req-1b8f6529-741e-4f83-9595-9a86f42e8889 None admin] RBAC: Authorizing `identity:list_role_assignments()` {{(pid=46549) enforce_call /opt/stack/keystone/keystone/common/rbac_enforcer/enforcer.py:449}}
Nov 30 06:56:57 user devstack@keystone.service[46549]: DEBUG keystone.common.rbac_enforcer.enforcer [None req-1b8f6529-741e-4f83-9595-9a86f42e8889 None admin] RBAC: Authorization granted {{(pid=46549) enforce_call /opt/stack/keystone/keystone/common/rbac_enforcer/enforcer.py:457}}
Nov 30 06:56:57 user devstack@keystone.service[46549]: [pid: 46549|app: 0|req: 37/120] 10.0.0.210 () {56 vars in 1369 bytes} [Thu Nov 30 06:56:57 2023] GET /identity/v3/role_assignments?user.id=1ffb1fbfb26e4c44be84a350ebacd9ab&scope.project.id=8ca2a20ac51b4a319cd5a0f927364a35&role.id=7c2e6b36c73b48159ebb6095bb68f510 => generated 606 bytes in 134 msecs (HTTP/1.1 200) 5 headers in 177 bytes (1 switches on core 0)
Nov 30 06:56:57 user devstack@keystone.service[46549]: DEBUG keystone.server.flask.request_processing.middleware.auth_context [None req-1b8f6529-741e-4f83-9595-9a86f42e8889 None admin] Authenticating user token {{(pid=46549) process_request /opt/stack/data/venv/lib/python3.10/site-packages/keystonemiddleware/auth_token/__init__.py:406}}
Nov 30 06:56:57 user devstack@keystone.service[46550]: DEBUG keystone.server.flask.request_processing.middleware.auth_context [None req-ac262ed5-dcce-4b5a-83d6-6cf295d157f3 None admin] RBAC: auth_context: {'token': , 'domain_id': None, 'trust_id': None, 'trustor_id': None, 'trustee_id': None, 'domain_name': None, 'group_ids': [], 'user_id': 'f13f9a6a91724215b254a9fbfd9e7387', 'user_domain_id': 'default', 'system_scope': 'all', 'project_id': None, 'project_domain_id': None, 'roles': ['admin', 'manager', 'member', 'reader'], 'is_admin_project': True, 'service_user_id': None, 'service_user_domain_id': None, 'service_project_id': None, 'service_project_domain_id': None, 'service_roles': []} {{(pid=46550) fill_context /opt/stack/keystone/keystone/server/flask/request_processing/middleware/auth_context.py:480}}
Nov 30 06:56:57 user devstack@keystone.service[46550]: DEBUG keystone.server.flask.request_processing.req_logging [None req-ac262ed5-dcce-4b5a-83d6-6cf295d157f3 None admin] REQUEST_METHOD: `GET` {{(pid=46550) log_request_info /opt/stack/keystone/keystone/server/flask/request_processing/req_logging.py:27}}
Nov 30 06:56:57 user devstack@keystone.service[46550]: DEBUG keystone.server.flask.request_processing.req_logging [None req-ac262ed5-dcce-4b5a-83d6-6cf295d157f3 None admin] SCRIPT_NAME: `/identity` {{(pid=46550) log_request_info /opt/stack/keystone/keystone/server/flask/request_processing/req_logging.py:28}}
Nov 30 06:56:57 user devstack@keystone.service[46550]: DEBUG keystone.server.flask.request_processing.req_logging [None req-ac262ed5-dcce-4b5a-83d6-6cf295d157f3 None admin] PATH_INFO: `/v3/auth/tokens` {{(pid=46550) log_request_info /opt/stack/keystone/keystone/server/flask/request_processing/req_logging.py:29}}
Nov 30 06:56:57 user devstack@keystone.service[46551]: DEBUG keystone.common.rbac_enforcer.enforcer [None req-d1b9106d-601d-4be6-a650-c14af38cdb7f None admin] RBAC: Authorizing `identity:validate_token()` {{(pid=46551) enforce_call /opt/stack/keystone/keystone/common/rbac_enforcer/enforcer.py:449}}
Nov 30 06:56:57 user devstack@keystone.service[46551]: DEBUG keystone.common.rbac_enforcer.enforcer [None req-d1b9106d-601d-4be6-a650-c14af38cdb7f None admin] RBAC: Authorization granted {{(pid=46551) enforce_call /opt/stack/keystone/keystone/common/rbac_enforcer/enforcer.py:457}}
Nov 30 06:56:57 user devstack@keystone.service[46550]: DEBUG keystone.common.rbac_enforcer.enforcer [None req-ac262ed5-dcce-4b5a-83d6-6cf295d157f3 None admin] RBAC: Authorizing `identity:validate_token()` {{(pid=46550) enforce_call /opt/stack/keystone/keystone/common/rbac_enforcer/enforcer.py:449}}
Nov 30 06:56:57 user devstack@keystone.service[46550]: DEBUG keystone.common.rbac_enforcer.enforcer [None req-ac262ed5-dcce-4b5a-83d6-6cf295d157f3 None admin] RBAC: Authorization granted {{(pid=46550) enforce_call /opt/stack/keystone/keystone/common/rbac_enforcer/enforcer.py:457}}
Nov 30 06:56:57 user devstack@keystone.service[46549]: DEBUG keystone.server.flask.request_processing.middleware.auth_context [None req-1b8f6529-741e-4f83-9595-9a86f42e8889 None admin] Validating token access rules against request {{(pid=46549) validate_allowed_request /opt/stack/data/venv/lib/python3.10/site-packages/keystonemiddleware/auth_token/__init__.py:544}}
Nov 30 06:56:57 user devstack@keystone.service[46551]: [pid: 46551|app: 0|req: 45/121] 10.0.0.210 () {58 vars in 1277 bytes} [Thu Nov 30 06:56:57 2023] GET /identity/v3/auth/tokens => generated 861 bytes in 299 msecs (HTTP/1.1 200) 6 headers in 358 bytes (1 switches on core 0)
Nov 30 06:56:57 user devstack@keystone.service[46551]: DEBUG keystone.server.flask.request_processing.middleware.auth_context [None req-d1b9106d-601d-4be6-a650-c14af38cdb7f None admin] Authenticating user token {{(pid=46551) process_request /opt/stack/data/venv/lib/python3.10/site-packages/keystonemiddleware/auth_token/__init__.py:406}}
Nov 30 06:56:57 user devstack@keystone.service[46549]: DEBUG keystone.server.flask.request_processing.middleware.auth_context [None req-57dce0d6-3e6e-4fe4-8d21-b7dead190c14 None admin] RBAC: auth_context: {'token': , 'domain_id': None, 'trust_id': None, 'trustor_id': None, 'trustee_id': None, 'domain_name': None, 'group_ids': [], 'user_id': 'f13f9a6a91724215b254a9fbfd9e7387', 'user_domain_id': 'default', 'system_scope': 'all', 'project_id': None, 'project_domain_id': None, 'roles': ['admin', 'manager', 'member', 'reader'], 'is_admin_project': True, 'service_user_id': None, 'service_user_domain_id': None, 'service_project_id': None, 'service_project_domain_id': None, 'service_roles': []} {{(pid=46549) fill_context /opt/stack/keystone/keystone/server/flask/request_processing/middleware/auth_context.py:480}}
Nov 30 06:56:57 user devstack@keystone.service[46549]: DEBUG keystone.server.flask.request_processing.req_logging [None req-57dce0d6-3e6e-4fe4-8d21-b7dead190c14 None admin] REQUEST_METHOD: `GET` {{(pid=46549) log_request_info /opt/stack/keystone/keystone/server/flask/request_processing/req_logging.py:27}}
Nov 30 06:56:57 user devstack@keystone.service[46549]: DEBUG keystone.server.flask.request_processing.req_logging [None req-57dce0d6-3e6e-4fe4-8d21-b7dead190c14 None admin] SCRIPT_NAME: `/identity` {{(pid=46549) log_request_info /opt/stack/keystone/keystone/server/flask/request_processing/req_logging.py:28}}
Nov 30 06:56:57 user devstack@keystone.service[46549]: DEBUG keystone.server.flask.request_processing.req_logging [None req-57dce0d6-3e6e-4fe4-8d21-b7dead190c14 None admin] PATH_INFO: `/v3/projects/8ca2a20ac51b4a319cd5a0f927364a35` {{(pid=46549) log_request_info /opt/stack/keystone/keystone/server/flask/request_processing/req_logging.py:29}}
Nov 30 06:56:57 user devstack@keystone.service[46549]: DEBUG keystone.common.rbac_enforcer.enforcer [None req-57dce0d6-3e6e-4fe4-8d21-b7dead190c14 None admin] RBAC: Authorizing `identity:get_project(project_id=8ca2a20ac51b4a319cd5a0f927364a35)` {{(pid=46549) enforce_call /opt/stack/keystone/keystone/common/rbac_enforcer/enforcer.py:449}}
Nov 30 06:56:57 user devstack@keystone.service[46549]: DEBUG keystone.common.rbac_enforcer.enforcer [None req-57dce0d6-3e6e-4fe4-8d21-b7dead190c14 None admin] RBAC: Authorization granted {{(pid=46549) enforce_call /opt/stack/keystone/keystone/common/rbac_enforcer/enforcer.py:457}}
Nov 30 06:56:57 user devstack@keystone.service[46549]: [pid: 46549|app: 0|req: 38/122] 10.0.0.210 () {56 vars in 1181 bytes} [Thu Nov 30 06:56:57 2023] GET /identity/v3/projects/8ca2a20ac51b4a319cd5a0f927364a35 => generated 297 bytes in 144 msecs (HTTP/1.1 200) 5 headers in 177 bytes (1 switches on core 0)
Nov 30 06:56:57 user devstack@keystone.service[46549]: DEBUG keystone.server.flask.request_processing.middleware.auth_context [None req-57dce0d6-3e6e-4fe4-8d21-b7dead190c14 None admin] Authenticating user token {{(pid=46549) process_request /opt/stack/data/venv/lib/python3.10/site-packages/keystonemiddleware/auth_token/__init__.py:406}}
Nov 30 06:56:57 user devstack@keystone.service[46550]: [pid: 46550|app: 0|req: 40/123] 10.0.0.210 () {58 vars in 1277 bytes} [Thu Nov 30 06:56:57 2023] GET /identity/v3/auth/tokens => generated 861 bytes in 293 msecs (HTTP/1.1 200) 6 headers in 358 bytes (1 switches on core 0)
Nov 30 06:56:57 user devstack@keystone.service[46550]: DEBUG keystone.server.flask.request_processing.middleware.auth_context [None req-ac262ed5-dcce-4b5a-83d6-6cf295d157f3 None admin] Authenticating user token {{(pid=46550) process_request /opt/stack/data/venv/lib/python3.10/site-packages/keystonemiddleware/auth_token/__init__.py:406}}
Nov 30 06:56:57 user devstack@keystone.service[46551]: DEBUG keystone.server.flask.request_processing.middleware.auth_context [None req-d1b9106d-601d-4be6-a650-c14af38cdb7f None admin] Validating token access rules against request {{(pid=46551) validate_allowed_request /opt/stack/data/venv/lib/python3.10/site-packages/keystonemiddleware/auth_token/__init__.py:544}}
Nov 30 06:56:57 user devstack@keystone.service[46549]: DEBUG keystone.server.flask.request_processing.middleware.auth_context [None req-57dce0d6-3e6e-4fe4-8d21-b7dead190c14 None admin] Validating token access rules against request {{(pid=46549) validate_allowed_request /opt/stack/data/venv/lib/python3.10/site-packages/keystonemiddleware/auth_token/__init__.py:544}}
Nov 30 06:56:57 user devstack@keystone.service[46551]: DEBUG keystone.server.flask.request_processing.middleware.auth_context [None req-07285584-69a5-4067-85cb-b66e4f677e05 None admin] RBAC: auth_context: {'token': , 'domain_id': None, 'trust_id': None, 'trustor_id': None, 'trustee_id': None, 'domain_name': None, 'group_ids': [], 'user_id': 'f13f9a6a91724215b254a9fbfd9e7387', 'user_domain_id': 'default', 'system_scope': 'all', 'project_id': None, 'project_domain_id': None, 'roles': ['admin', 'manager', 'member', 'reader'], 'is_admin_project': True, 'service_user_id': None, 'service_user_domain_id': None, 'service_project_id': None, 'service_project_domain_id': None, 'service_roles': []} {{(pid=46551) fill_context /opt/stack/keystone/keystone/server/flask/request_processing/middleware/auth_context.py:480}}
Nov 30 06:56:57 user devstack@keystone.service[46551]: DEBUG keystone.server.flask.request_processing.req_logging [None req-07285584-69a5-4067-85cb-b66e4f677e05 None admin] REQUEST_METHOD: `GET` {{(pid=46551) log_request_info /opt/stack/keystone/keystone/server/flask/request_processing/req_logging.py:27}}
Nov 30 06:56:57 user devstack@keystone.service[46551]: DEBUG keystone.server.flask.request_processing.req_logging [None req-07285584-69a5-4067-85cb-b66e4f677e05 None admin] SCRIPT_NAME: `/identity` {{(pid=46551) log_request_info /opt/stack/keystone/keystone/server/flask/request_processing/req_logging.py:28}}
Nov 30 06:56:57 user devstack@keystone.service[46551]: DEBUG keystone.server.flask.request_processing.req_logging [None req-07285584-69a5-4067-85cb-b66e4f677e05 None admin] PATH_INFO: `/v3/users/ee71767b71ff4bcd95691d07f4774de4` {{(pid=46551) log_request_info /opt/stack/keystone/keystone/server/flask/request_processing/req_logging.py:29}}
Nov 30 06:56:57 user devstack@keystone.service[46551]: DEBUG keystone.common.rbac_enforcer.enforcer [None req-07285584-69a5-4067-85cb-b66e4f677e05 None admin] RBAC: Authorizing `identity:get_user(user_id=ee71767b71ff4bcd95691d07f4774de4)` {{(pid=46551) enforce_call /opt/stack/keystone/keystone/common/rbac_enforcer/enforcer.py:449}}
Nov 30 06:56:57 user devstack@keystone.service[46549]: DEBUG keystone.server.flask.request_processing.middleware.auth_context [None req-b68b456c-7368-465b-82fc-58f6fe16df47 None admin] RBAC: auth_context: {'token': , 'domain_id': None, 'trust_id': None, 'trustor_id': None, 'trustee_id': None, 'domain_name': None, 'group_ids': [], 'user_id': 'f13f9a6a91724215b254a9fbfd9e7387', 'user_domain_id': 'default', 'system_scope': 'all', 'project_id': None, 'project_domain_id': None, 'roles': ['admin', 'manager', 'member', 'reader'], 'is_admin_project': True, 'service_user_id': None, 'service_user_domain_id': None, 'service_project_id': None, 'service_project_domain_id': None, 'service_roles': []} {{(pid=46549) fill_context /opt/stack/keystone/keystone/server/flask/request_processing/middleware/auth_context.py:480}}
Nov 30 06:56:57 user devstack@keystone.service[46551]: DEBUG keystone.common.rbac_enforcer.enforcer [None req-07285584-69a5-4067-85cb-b66e4f677e05 None admin] RBAC: Authorization granted {{(pid=46551) enforce_call /opt/stack/keystone/keystone/common/rbac_enforcer/enforcer.py:457}}
Nov 30 06:56:57 user devstack@keystone.service[46549]: DEBUG keystone.server.flask.request_processing.req_logging [None req-b68b456c-7368-465b-82fc-58f6fe16df47 None admin] REQUEST_METHOD: `GET` {{(pid=46549) log_request_info /opt/stack/keystone/keystone/server/flask/request_processing/req_logging.py:27}}
Nov 30 06:56:57 user devstack@keystone.service[46549]: DEBUG keystone.server.flask.request_processing.req_logging [None req-b68b456c-7368-465b-82fc-58f6fe16df47 None admin] SCRIPT_NAME: `/identity` {{(pid=46549) log_request_info /opt/stack/keystone/keystone/server/flask/request_processing/req_logging.py:28}}
Nov 30 06:56:57 user devstack@keystone.service[46549]: DEBUG keystone.server.flask.request_processing.req_logging [None req-b68b456c-7368-465b-82fc-58f6fe16df47 None admin] PATH_INFO: `/v3/projects/8ca2a20ac51b4a319cd5a0f927364a35` {{(pid=46549) log_request_info /opt/stack/keystone/keystone/server/flask/request_processing/req_logging.py:29}}
Nov 30 06:56:57 user devstack@keystone.service[46551]: [pid: 46551|app: 0|req: 46/124] 10.0.0.210 () {56 vars in 1172 bytes} [Thu Nov 30 06:56:57 2023] GET /identity/v3/users/ee71767b71ff4bcd95691d07f4774de4 => generated 288 bytes in 148 msecs (HTTP/1.1 200) 5 headers in 177 bytes (1 switches on core 0)
Nov 30 06:56:57 user devstack@keystone.service[46549]: DEBUG keystone.common.rbac_enforcer.enforcer [None req-b68b456c-7368-465b-82fc-58f6fe16df47 None admin] RBAC: Authorizing `identity:get_project(project_id=8ca2a20ac51b4a319cd5a0f927364a35)` {{(pid=46549) enforce_call /opt/stack/keystone/keystone/common/rbac_enforcer/enforcer.py:449}}
Nov 30 06:56:57 user devstack@keystone.service[46551]: DEBUG keystone.server.flask.request_processing.middleware.auth_context [None req-07285584-69a5-4067-85cb-b66e4f677e05 None admin] Authenticating user token {{(pid=46551) process_request /opt/stack/data/venv/lib/python3.10/site-packages/keystonemiddleware/auth_token/__init__.py:406}}
Nov 30 06:56:57 user devstack@keystone.service[46549]: DEBUG keystone.common.rbac_enforcer.enforcer [None req-b68b456c-7368-465b-82fc-58f6fe16df47 None admin] RBAC: Authorization granted {{(pid=46549) enforce_call /opt/stack/keystone/keystone/common/rbac_enforcer/enforcer.py:457}}
Nov 30 06:56:57 user devstack@keystone.service[46549]: [pid: 46549|app: 0|req: 39/125] 10.0.0.210 () {56 vars in 1181 bytes} [Thu Nov 30 06:56:57 2023] GET /identity/v3/projects/8ca2a20ac51b4a319cd5a0f927364a35 => generated 297 bytes in 144 msecs (HTTP/1.1 200) 5 headers in 177 bytes (1 switches on core 0)
Nov 30 06:56:57 user devstack@keystone.service[46549]: DEBUG keystone.server.flask.request_processing.middleware.auth_context [None req-b68b456c-7368-465b-82fc-58f6fe16df47 None admin] Authenticating user token {{(pid=46549) process_request /opt/stack/data/venv/lib/python3.10/site-packages/keystonemiddleware/auth_token/__init__.py:406}}
Nov 30 06:56:57 user devstack@keystone.service[46550]: DEBUG keystone.server.flask.request_processing.middleware.auth_context [None req-ac262ed5-dcce-4b5a-83d6-6cf295d157f3 None admin] Validating token access rules against request {{(pid=46550) validate_allowed_request /opt/stack/data/venv/lib/python3.10/site-packages/keystonemiddleware/auth_token/__init__.py:544}}
