Nov 30 06:56:57 user devstack@keystone.service[46550]: DEBUG keystone.server.flask.request_processing.middleware.auth_context [None req-287b4680-ae01-42a5-aafb-b06b9285180f None admin] RBAC: auth_context: {'token': , 'domain_id': None, 'trust_id': None, 'trustor_id': None, 'trustee_id': None, 'domain_name': None, 'group_ids': [], 'user_id': 'f13f9a6a91724215b254a9fbfd9e7387', 'user_domain_id': 'default', 'system_scope': 'all', 'project_id': None, 'project_domain_id': None, 'roles': ['admin', 'manager', 'member', 'reader'], 'is_admin_project': True, 'service_user_id': None, 'service_user_domain_id': None, 'service_project_id': None, 'service_project_domain_id': None, 'service_roles': []} {{(pid=46550) fill_context /opt/stack/keystone/keystone/server/flask/request_processing/middleware/auth_context.py:480}}
Nov 30 06:56:57 user devstack@keystone.service[46550]: DEBUG keystone.server.flask.request_processing.req_logging [None req-287b4680-ae01-42a5-aafb-b06b9285180f None admin] REQUEST_METHOD: `GET` {{(pid=46550) log_request_info /opt/stack/keystone/keystone/server/flask/request_processing/req_logging.py:27}}
Nov 30 06:56:57 user devstack@keystone.service[46550]: DEBUG keystone.server.flask.request_processing.req_logging [None req-287b4680-ae01-42a5-aafb-b06b9285180f None admin] SCRIPT_NAME: `/identity` {{(pid=46550) log_request_info /opt/stack/keystone/keystone/server/flask/request_processing/req_logging.py:28}}
Nov 30 06:56:57 user devstack@keystone.service[46550]: DEBUG keystone.server.flask.request_processing.req_logging [None req-287b4680-ae01-42a5-aafb-b06b9285180f None admin] PATH_INFO: `/v3/role_assignments` {{(pid=46550) log_request_info /opt/stack/keystone/keystone/server/flask/request_processing/req_logging.py:29}}
Nov 30 06:56:57 user devstack@keystone.service[46550]: DEBUG keystone.common.rbac_enforcer.enforcer [None req-287b4680-ae01-42a5-aafb-b06b9285180f None admin] RBAC: Adding query filter params (role.id=fecbe03fb99a4831b43ba8fa4bde6928, scope.project.id=8ca2a20ac51b4a319cd5a0f927364a35, user.id=1ffb1fbfb26e4c44be84a350ebacd9ab) {{(pid=46550) _extract_filter_values /opt/stack/keystone/keystone/common/rbac_enforcer/enforcer.py:167}}
Nov 30 06:56:57 user devstack@keystone.service[46550]: DEBUG keystone.common.rbac_enforcer.enforcer [None req-287b4680-ae01-42a5-aafb-b06b9285180f None admin] RBAC: Authorizing `identity:list_role_assignments()` {{(pid=46550) enforce_call /opt/stack/keystone/keystone/common/rbac_enforcer/enforcer.py:449}}
Nov 30 06:56:57 user devstack@keystone.service[46550]: DEBUG keystone.common.rbac_enforcer.enforcer [None req-287b4680-ae01-42a5-aafb-b06b9285180f None admin] RBAC: Authorization granted {{(pid=46550) enforce_call /opt/stack/keystone/keystone/common/rbac_enforcer/enforcer.py:457}}
Nov 30 06:56:57 user devstack@keystone.service[46550]: [pid: 46550|app: 0|req: 41/126] 10.0.0.210 () {56 vars in 1369 bytes} [Thu Nov 30 06:56:57 2023] GET /identity/v3/role_assignments?user.id=1ffb1fbfb26e4c44be84a350ebacd9ab&scope.project.id=8ca2a20ac51b4a319cd5a0f927364a35&role.id=fecbe03fb99a4831b43ba8fa4bde6928 => generated 606 bytes in 170 msecs (HTTP/1.1 200) 5 headers in 177 bytes (1 switches on core 0)
Nov 30 06:56:57 user devstack@keystone.service[46550]: DEBUG keystone.server.flask.request_processing.middleware.auth_context [None req-287b4680-ae01-42a5-aafb-b06b9285180f None admin] Authenticating user token {{(pid=46550) process_request /opt/stack/data/venv/lib/python3.10/site-packages/keystonemiddleware/auth_token/__init__.py:406}}
Nov 30 06:56:57 user devstack@keystone.service[46551]: DEBUG keystone.server.flask.request_processing.middleware.auth_context [None req-07285584-69a5-4067-85cb-b66e4f677e05 None admin] Validating token access rules against request {{(pid=46551) validate_allowed_request /opt/stack/data/venv/lib/python3.10/site-packages/keystonemiddleware/auth_token/__init__.py:544}}
Nov 30 06:56:57 user devstack@keystone.service[46549]: DEBUG keystone.server.flask.request_processing.middleware.auth_context [None req-b68b456c-7368-465b-82fc-58f6fe16df47 None admin] Validating token access rules against request {{(pid=46549) validate_allowed_request /opt/stack/data/venv/lib/python3.10/site-packages/keystonemiddleware/auth_token/__init__.py:544}}
Nov 30 06:56:57 user devstack@keystone.service[46551]: DEBUG keystone.server.flask.request_processing.middleware.auth_context [None req-3993a8bf-309f-46d2-89ca-c2f258f13c5f None admin] RBAC: auth_context: {'token': , 'domain_id': None, 'trust_id': None, 'trustor_id': None, 'trustee_id': None, 'domain_name': None, 'group_ids': [], 'user_id': 'f13f9a6a91724215b254a9fbfd9e7387', 'user_domain_id': 'default', 'system_scope': 'all', 'project_id': None, 'project_domain_id': None, 'roles': ['admin', 'manager', 'member', 'reader'], 'is_admin_project': True, 'service_user_id': None, 'service_user_domain_id': None, 'service_project_id': None, 'service_project_domain_id': None, 'service_roles': []} {{(pid=46551) fill_context /opt/stack/keystone/keystone/server/flask/request_processing/middleware/auth_context.py:480}}
Nov 30 06:56:57 user devstack@keystone.service[46551]: DEBUG keystone.server.flask.request_processing.req_logging [None req-3993a8bf-309f-46d2-89ca-c2f258f13c5f None admin] REQUEST_METHOD: `GET` {{(pid=46551) log_request_info /opt/stack/keystone/keystone/server/flask/request_processing/req_logging.py:27}}
Nov 30 06:56:57 user devstack@keystone.service[46551]: DEBUG keystone.server.flask.request_processing.req_logging [None req-3993a8bf-309f-46d2-89ca-c2f258f13c5f None admin] SCRIPT_NAME: `/identity` {{(pid=46551) log_request_info /opt/stack/keystone/keystone/server/flask/request_processing/req_logging.py:28}}
Nov 30 06:56:57 user devstack@keystone.service[46551]: DEBUG keystone.server.flask.request_processing.req_logging [None req-3993a8bf-309f-46d2-89ca-c2f258f13c5f None admin] PATH_INFO: `/v3/projects/a9f62f39285c459599d3c93b00012f24` {{(pid=46551) log_request_info /opt/stack/keystone/keystone/server/flask/request_processing/req_logging.py:29}}
Nov 30 06:56:57 user devstack@keystone.service[46551]: DEBUG keystone.common.rbac_enforcer.enforcer [None req-3993a8bf-309f-46d2-89ca-c2f258f13c5f None admin] RBAC: Authorizing `identity:get_project(project_id=a9f62f39285c459599d3c93b00012f24)` {{(pid=46551) enforce_call /opt/stack/keystone/keystone/common/rbac_enforcer/enforcer.py:449}}
Nov 30 06:56:57 user devstack@keystone.service[46549]: DEBUG keystone.server.flask.request_processing.middleware.auth_context [None req-f2da3ab9-b1ab-4e28-a5f9-04897247e30f None admin] RBAC: auth_context: {'token': , 'domain_id': None, 'trust_id': None, 'trustor_id': None, 'trustee_id': None, 'domain_name': None, 'group_ids': [], 'user_id': 'f13f9a6a91724215b254a9fbfd9e7387', 'user_domain_id': 'default', 'system_scope': 'all', 'project_id': None, 'project_domain_id': None, 'roles': ['admin', 'manager', 'member', 'reader'], 'is_admin_project': True, 'service_user_id': None, 'service_user_domain_id': None, 'service_project_id': None, 'service_project_domain_id': None, 'service_roles': []} {{(pid=46549) fill_context /opt/stack/keystone/keystone/server/flask/request_processing/middleware/auth_context.py:480}}
Nov 30 06:56:57 user devstack@keystone.service[46551]: DEBUG keystone.common.rbac_enforcer.enforcer [None req-3993a8bf-309f-46d2-89ca-c2f258f13c5f None admin] RBAC: Authorization granted {{(pid=46551) enforce_call /opt/stack/keystone/keystone/common/rbac_enforcer/enforcer.py:457}}
Nov 30 06:56:57 user devstack@keystone.service[46549]: DEBUG keystone.server.flask.request_processing.req_logging [None req-f2da3ab9-b1ab-4e28-a5f9-04897247e30f None admin] REQUEST_METHOD: `GET` {{(pid=46549) log_request_info /opt/stack/keystone/keystone/server/flask/request_processing/req_logging.py:27}}
Nov 30 06:56:57 user devstack@keystone.service[46549]: DEBUG keystone.server.flask.request_processing.req_logging [None req-f2da3ab9-b1ab-4e28-a5f9-04897247e30f None admin] SCRIPT_NAME: `/identity` {{(pid=46549) log_request_info /opt/stack/keystone/keystone/server/flask/request_processing/req_logging.py:28}}
Nov 30 06:56:57 user devstack@keystone.service[46549]: DEBUG keystone.server.flask.request_processing.req_logging [None req-f2da3ab9-b1ab-4e28-a5f9-04897247e30f None admin] PATH_INFO: `/v3/projects/8ca2a20ac51b4a319cd5a0f927364a35` {{(pid=46549) log_request_info /opt/stack/keystone/keystone/server/flask/request_processing/req_logging.py:29}}
Nov 30 06:56:57 user devstack@keystone.service[46551]: [pid: 46551|app: 0|req: 47/127] 10.0.0.210 () {56 vars in 1181 bytes} [Thu Nov 30 06:56:57 2023] GET /identity/v3/projects/a9f62f39285c459599d3c93b00012f24 => generated 311 bytes in 129 msecs (HTTP/1.1 200) 5 headers in 177 bytes (1 switches on core 0)
Nov 30 06:56:57 user devstack@keystone.service[46549]: DEBUG keystone.common.rbac_enforcer.enforcer [None req-f2da3ab9-b1ab-4e28-a5f9-04897247e30f None admin] RBAC: Authorizing `identity:get_project(project_id=8ca2a20ac51b4a319cd5a0f927364a35)` {{(pid=46549) enforce_call /opt/stack/keystone/keystone/common/rbac_enforcer/enforcer.py:449}}
Nov 30 06:56:57 user devstack@keystone.service[46549]: DEBUG keystone.common.rbac_enforcer.enforcer [None req-f2da3ab9-b1ab-4e28-a5f9-04897247e30f None admin] RBAC: Authorization granted {{(pid=46549) enforce_call /opt/stack/keystone/keystone/common/rbac_enforcer/enforcer.py:457}}
Nov 30 06:56:57 user devstack@keystone.service[46549]: [pid: 46549|app: 0|req: 40/128] 10.0.0.210 () {56 vars in 1181 bytes} [Thu Nov 30 06:56:57 2023] GET /identity/v3/projects/8ca2a20ac51b4a319cd5a0f927364a35 => generated 297 bytes in 129 msecs (HTTP/1.1 200) 5 headers in 177 bytes (2 switches on core 0)
Nov 30 06:56:57 user devstack@keystone.service[46551]: DEBUG keystone.server.flask.request_processing.middleware.auth_context [None req-3993a8bf-309f-46d2-89ca-c2f258f13c5f None admin] Authenticating user token {{(pid=46551) process_request /opt/stack/data/venv/lib/python3.10/site-packages/keystonemiddleware/auth_token/__init__.py:406}}
Nov 30 06:56:57 user devstack@keystone.service[46549]: DEBUG keystone.server.flask.request_processing.middleware.auth_context [None req-f2da3ab9-b1ab-4e28-a5f9-04897247e30f None admin] Authenticating user token {{(pid=46549) process_request /opt/stack/data/venv/lib/python3.10/site-packages/keystonemiddleware/auth_token/__init__.py:406}}
Nov 30 06:56:57 user devstack@keystone.service[46550]: DEBUG keystone.server.flask.request_processing.middleware.auth_context [None req-287b4680-ae01-42a5-aafb-b06b9285180f None admin] Validating token access rules against request {{(pid=46550) validate_allowed_request /opt/stack/data/venv/lib/python3.10/site-packages/keystonemiddleware/auth_token/__init__.py:544}}
Nov 30 06:56:58 user devstack@keystone.service[46549]: DEBUG keystone.server.flask.request_processing.middleware.auth_context [None req-f2da3ab9-b1ab-4e28-a5f9-04897247e30f None admin] Validating token access rules against request {{(pid=46549) validate_allowed_request /opt/stack/data/venv/lib/python3.10/site-packages/keystonemiddleware/auth_token/__init__.py:544}}
Nov 30 06:56:58 user devstack@keystone.service[46550]: DEBUG keystone.server.flask.request_processing.middleware.auth_context [None req-47295442-fc11-48ec-a1d6-6a6388dbbac7 None admin] RBAC: auth_context: {'token': , 'domain_id': None, 'trust_id': None, 'trustor_id': None, 'trustee_id': None, 'domain_name': None, 'group_ids': [], 'user_id': 'f13f9a6a91724215b254a9fbfd9e7387', 'user_domain_id': 'default', 'system_scope': 'all', 'project_id': None, 'project_domain_id': None, 'roles': ['admin', 'manager', 'member', 'reader'], 'is_admin_project': True, 'service_user_id': None, 'service_user_domain_id': None, 'service_project_id': None, 'service_project_domain_id': None, 'service_roles': []} {{(pid=46550) fill_context /opt/stack/keystone/keystone/server/flask/request_processing/middleware/auth_context.py:480}}
Nov 30 06:56:58 user devstack@keystone.service[46550]: DEBUG keystone.server.flask.request_processing.req_logging [None req-47295442-fc11-48ec-a1d6-6a6388dbbac7 None admin] REQUEST_METHOD: `GET` {{(pid=46550) log_request_info /opt/stack/keystone/keystone/server/flask/request_processing/req_logging.py:27}}
Nov 30 06:56:58 user devstack@keystone.service[46550]: DEBUG keystone.server.flask.request_processing.req_logging [None req-47295442-fc11-48ec-a1d6-6a6388dbbac7 None admin] SCRIPT_NAME: `/identity` {{(pid=46550) log_request_info /opt/stack/keystone/keystone/server/flask/request_processing/req_logging.py:28}}
Nov 30 06:56:58 user devstack@keystone.service[46550]: DEBUG keystone.server.flask.request_processing.req_logging [None req-47295442-fc11-48ec-a1d6-6a6388dbbac7 None admin] PATH_INFO: `/v3/role_assignments` {{(pid=46550) log_request_info /opt/stack/keystone/keystone/server/flask/request_processing/req_logging.py:29}}
Nov 30 06:56:58 user devstack@keystone.service[46550]: DEBUG keystone.common.rbac_enforcer.enforcer [None req-47295442-fc11-48ec-a1d6-6a6388dbbac7 None admin] RBAC: Adding query filter params (role.id=f29a9c7c8ab14f92a813a3ff3024cda3, scope.project.id=8ca2a20ac51b4a319cd5a0f927364a35, user.id=f13f9a6a91724215b254a9fbfd9e7387) {{(pid=46550) _extract_filter_values /opt/stack/keystone/keystone/common/rbac_enforcer/enforcer.py:167}}
Nov 30 06:56:58 user devstack@keystone.service[46551]: DEBUG keystone.server.flask.request_processing.middleware.auth_context [None req-3993a8bf-309f-46d2-89ca-c2f258f13c5f None admin] Validating token access rules against request {{(pid=46551) validate_allowed_request /opt/stack/data/venv/lib/python3.10/site-packages/keystonemiddleware/auth_token/__init__.py:544}}
Nov 30 06:56:58 user devstack@keystone.service[46550]: DEBUG keystone.common.rbac_enforcer.enforcer [None req-47295442-fc11-48ec-a1d6-6a6388dbbac7 None admin] RBAC: Authorizing `identity:list_role_assignments()` {{(pid=46550) enforce_call /opt/stack/keystone/keystone/common/rbac_enforcer/enforcer.py:449}}
Nov 30 06:56:58 user devstack@keystone.service[46550]: DEBUG keystone.common.rbac_enforcer.enforcer [None req-47295442-fc11-48ec-a1d6-6a6388dbbac7 None admin] RBAC: Authorization granted {{(pid=46550) enforce_call /opt/stack/keystone/keystone/common/rbac_enforcer/enforcer.py:457}}
Nov 30 06:56:58 user devstack@keystone.service[46550]: [pid: 46550|app: 0|req: 42/129] 10.0.0.210 () {56 vars in 1369 bytes} [Thu Nov 30 06:56:57 2023] GET /identity/v3/role_assignments?user.id=f13f9a6a91724215b254a9fbfd9e7387&scope.project.id=8ca2a20ac51b4a319cd5a0f927364a35&role.id=f29a9c7c8ab14f92a813a3ff3024cda3 => generated 606 bytes in 185 msecs (HTTP/1.1 200) 5 headers in 177 bytes (1 switches on core 0)
Nov 30 06:56:58 user devstack@keystone.service[46549]: DEBUG keystone.server.flask.request_processing.middleware.auth_context [None req-19191b27-ca31-4bef-8031-9eedc268757e None admin] RBAC: auth_context: {'token': , 'domain_id': None, 'trust_id': None, 'trustor_id': None, 'trustee_id': None, 'domain_name': None, 'group_ids': [], 'user_id': 'f13f9a6a91724215b254a9fbfd9e7387', 'user_domain_id': 'default', 'system_scope': 'all', 'project_id': None, 'project_domain_id': None, 'roles': ['admin', 'manager', 'member', 'reader'], 'is_admin_project': True, 'service_user_id': None, 'service_user_domain_id': None, 'service_project_id': None, 'service_project_domain_id': None, 'service_roles': []} {{(pid=46549) fill_context /opt/stack/keystone/keystone/server/flask/request_processing/middleware/auth_context.py:480}}
Nov 30 06:56:58 user devstack@keystone.service[46549]: DEBUG keystone.server.flask.request_processing.req_logging [None req-19191b27-ca31-4bef-8031-9eedc268757e None admin] REQUEST_METHOD: `PUT` {{(pid=46549) log_request_info /opt/stack/keystone/keystone/server/flask/request_processing/req_logging.py:27}}
Nov 30 06:56:58 user devstack@keystone.service[46549]: DEBUG keystone.server.flask.request_processing.req_logging [None req-19191b27-ca31-4bef-8031-9eedc268757e None admin] SCRIPT_NAME: `/identity` {{(pid=46549) log_request_info /opt/stack/keystone/keystone/server/flask/request_processing/req_logging.py:28}}
Nov 30 06:56:58 user devstack@keystone.service[46549]: DEBUG keystone.server.flask.request_processing.req_logging [None req-19191b27-ca31-4bef-8031-9eedc268757e None admin] PATH_INFO: `/v3/projects/8ca2a20ac51b4a319cd5a0f927364a35/users/ee71767b71ff4bcd95691d07f4774de4/roles/e8c8226bd55c44f4841a4e5535609980` {{(pid=46549) log_request_info /opt/stack/keystone/keystone/server/flask/request_processing/req_logging.py:29}}
Nov 30 06:56:58 user devstack@keystone.service[46549]: DEBUG keystone.common.rbac_enforcer.enforcer [None req-19191b27-ca31-4bef-8031-9eedc268757e None admin] RBAC: Authorizing `identity:create_grant(project_id=8ca2a20ac51b4a319cd5a0f927364a35, user_id=ee71767b71ff4bcd95691d07f4774de4, role_id=e8c8226bd55c44f4841a4e5535609980)` {{(pid=46549) enforce_call /opt/stack/keystone/keystone/common/rbac_enforcer/enforcer.py:449}}
Nov 30 06:56:58 user devstack@keystone.service[46551]: DEBUG keystone.server.flask.request_processing.middleware.auth_context [None req-2612e825-41d8-4942-9734-a3a5fa971f31 None admin] RBAC: auth_context: {'token': , 'domain_id': None, 'trust_id': None, 'trustor_id': None, 'trustee_id': None, 'domain_name': None, 'group_ids': [], 'user_id': 'f13f9a6a91724215b254a9fbfd9e7387', 'user_domain_id': 'default', 'system_scope': 'all', 'project_id': None, 'project_domain_id': None, 'roles': ['admin', 'manager', 'member', 'reader'], 'is_admin_project': True, 'service_user_id': None, 'service_user_domain_id': None, 'service_project_id': None, 'service_project_domain_id': None, 'service_roles': []} {{(pid=46551) fill_context /opt/stack/keystone/keystone/server/flask/request_processing/middleware/auth_context.py:480}}
Nov 30 06:56:58 user devstack@keystone.service[46551]: DEBUG keystone.server.flask.request_processing.req_logging [None req-2612e825-41d8-4942-9734-a3a5fa971f31 None admin] REQUEST_METHOD: `GET` {{(pid=46551) log_request_info /opt/stack/keystone/keystone/server/flask/request_processing/req_logging.py:27}}
Nov 30 06:56:58 user devstack@keystone.service[46549]: DEBUG keystone.common.rbac_enforcer.enforcer [None req-19191b27-ca31-4bef-8031-9eedc268757e None admin] RBAC: Authorization granted {{(pid=46549) enforce_call /opt/stack/keystone/keystone/common/rbac_enforcer/enforcer.py:457}}
Nov 30 06:56:58 user devstack@keystone.service[46551]: DEBUG keystone.server.flask.request_processing.req_logging [None req-2612e825-41d8-4942-9734-a3a5fa971f31 None admin] SCRIPT_NAME: `/identity` {{(pid=46551) log_request_info /opt/stack/keystone/keystone/server/flask/request_processing/req_logging.py:28}}
Nov 30 06:56:58 user devstack@keystone.service[46551]: DEBUG keystone.server.flask.request_processing.req_logging [None req-2612e825-41d8-4942-9734-a3a5fa971f31 None admin] PATH_INFO: `/v3/role_assignments` {{(pid=46551) log_request_info /opt/stack/keystone/keystone/server/flask/request_processing/req_logging.py:29}}
Nov 30 06:56:58 user devstack@keystone.service[46551]: DEBUG keystone.common.rbac_enforcer.enforcer [None req-2612e825-41d8-4942-9734-a3a5fa971f31 None admin] RBAC: Adding query filter params (role.id=7c2e6b36c73b48159ebb6095bb68f510, scope.project.id=a9f62f39285c459599d3c93b00012f24, user.id=1ffb1fbfb26e4c44be84a350ebacd9ab) {{(pid=46551) _extract_filter_values /opt/stack/keystone/keystone/common/rbac_enforcer/enforcer.py:167}}
Nov 30 06:56:58 user devstack@keystone.service[46551]: DEBUG keystone.common.rbac_enforcer.enforcer [None req-2612e825-41d8-4942-9734-a3a5fa971f31 None admin] RBAC: Authorizing `identity:list_role_assignments()` {{(pid=46551) enforce_call /opt/stack/keystone/keystone/common/rbac_enforcer/enforcer.py:449}}
Nov 30 06:56:58 user devstack@keystone.service[46551]: DEBUG keystone.common.rbac_enforcer.enforcer [None req-2612e825-41d8-4942-9734-a3a5fa971f31 None admin] RBAC: Authorization granted {{(pid=46551) enforce_call /opt/stack/keystone/keystone/common/rbac_enforcer/enforcer.py:457}}
Nov 30 06:56:58 user devstack@keystone.service[46551]: [pid: 46551|app: 0|req: 48/130] 10.0.0.210 () {56 vars in 1369 bytes} [Thu Nov 30 06:56:57 2023] GET /identity/v3/role_assignments?user.id=1ffb1fbfb26e4c44be84a350ebacd9ab&scope.project.id=a9f62f39285c459599d3c93b00012f24&role.id=7c2e6b36c73b48159ebb6095bb68f510 => generated 606 bytes in 154 msecs (HTTP/1.1 200) 5 headers in 177 bytes (1 switches on core 0)
Nov 30 06:56:58 user devstack@keystone.service[46549]: [pid: 46549|app: 0|req: 41/131] 10.0.0.210 () {58 vars in 1434 bytes} [Thu Nov 30 06:56:57 2023] PUT /identity/v3/projects/8ca2a20ac51b4a319cd5a0f927364a35/users/ee71767b71ff4bcd95691d07f4774de4/roles/e8c8226bd55c44f4841a4e5535609980 => generated 0 bytes in 261 msecs (HTTP/1.1 204) 3 headers in 132 bytes (0 switches on core 0)
Nov 30 06:56:59 user devstack@keystone.service[46550]: DEBUG keystone.server.flask.request_processing.req_logging [None req-00045885-5648-4470-a694-c37daef22293 None None] REQUEST_METHOD: `GET` {{(pid=46550) log_request_info /opt/stack/keystone/keystone/server/flask/request_processing/req_logging.py:27}}
Nov 30 06:56:59 user devstack@keystone.service[46550]: DEBUG keystone.server.flask.request_processing.req_logging [None req-00045885-5648-4470-a694-c37daef22293 None None] SCRIPT_NAME: `/identity` {{(pid=46550) log_request_info /opt/stack/keystone/keystone/server/flask/request_processing/req_logging.py:28}}
Nov 30 06:56:59 user devstack@keystone.service[46550]: DEBUG keystone.server.flask.request_processing.req_logging [None req-00045885-5648-4470-a694-c37daef22293 None None] PATH_INFO: `/` {{(pid=46550) log_request_info /opt/stack/keystone/keystone/server/flask/request_processing/req_logging.py:29}}
Nov 30 06:56:59 user devstack@keystone.service[46550]: [pid: 46550|app: 0|req: 43/132] 10.0.0.210 () {54 vars in 921 bytes} [Thu Nov 30 06:56:59 2023] GET /identity => generated 269 bytes in 3 msecs (HTTP/1.1 300) 6 headers in 233 bytes (1 switches on core 0)
Nov 30 06:56:59 user devstack@keystone.service[46551]: DEBUG keystone.server.flask.request_processing.req_logging [None req-13ea3015-2ba8-4153-a144-1e6dd894ee06 None None] REQUEST_METHOD: `POST` {{(pid=46551) log_request_info /opt/stack/keystone/keystone/server/flask/request_processing/req_logging.py:27}}
Nov 30 06:56:59 user devstack@keystone.service[46551]: DEBUG keystone.server.flask.request_processing.req_logging [None req-13ea3015-2ba8-4153-a144-1e6dd894ee06 None None] SCRIPT_NAME: `/identity` {{(pid=46551) log_request_info /opt/stack/keystone/keystone/server/flask/request_processing/req_logging.py:28}}
Nov 30 06:56:59 user devstack@keystone.service[46551]: DEBUG keystone.server.flask.request_processing.req_logging [None req-13ea3015-2ba8-4153-a144-1e6dd894ee06 None None] PATH_INFO: `/v3/auth/tokens` {{(pid=46551) log_request_info /opt/stack/keystone/keystone/server/flask/request_processing/req_logging.py:29}}
Nov 30 06:56:59 user devstack@keystone.service[46551]: WARNING keystone.common.password_hashing [None req-13ea3015-2ba8-4153-a144-1e6dd894ee06 None None] Truncating password to algorithm specific maximum length 72 characters.
Nov 30 06:56:59 user devstack@keystone.service[46551]: DEBUG keystone.auth.core [None req-13ea3015-2ba8-4153-a144-1e6dd894ee06 None None] MFA Rules not processed for user `f13f9a6a91724215b254a9fbfd9e7387`. Rule list: `[]` (Enabled: `True`). {{(pid=46551) check_auth_methods_against_rules /opt/stack/keystone/keystone/auth/core.py:438}}
Nov 30 06:56:59 user devstack@keystone.service[46551]: DEBUG keystone.common.fernet_utils [None req-13ea3015-2ba8-4153-a144-1e6dd894ee06 None None] Loaded 2 Fernet keys from /etc/keystone/fernet-keys/, but `[fernet_tokens] max_active_keys = 3`; perhaps there have not been enough key rotations to reach `max_active_keys` yet? {{(pid=46551) load_keys /opt/stack/keystone/keystone/common/fernet_utils.py:286}}
Nov 30 06:56:59 user devstack@keystone.service[46551]: [pid: 46551|app: 0|req: 49/133] 10.0.0.210 () {58 vars in 1018 bytes} [Thu Nov 30 06:56:59 2023] POST /identity/v3/auth/tokens => generated 861 bytes in 89 msecs (HTTP/1.1 201) 6 headers in 363 bytes (1 switches on core 0)
Nov 30 06:56:59 user devstack@keystone.service[46549]: DEBUG keystone.server.flask.request_processing.middleware.auth_context [None req-19191b27-ca31-4bef-8031-9eedc268757e None admin] Authenticating user token {{(pid=46549) process_request /opt/stack/data/venv/lib/python3.10/site-packages/keystonemiddleware/auth_token/__init__.py:406}}
Nov 30 06:56:59 user devstack@keystone.service[46549]: DEBUG keystone.server.flask.request_processing.middleware.auth_context [None req-19191b27-ca31-4bef-8031-9eedc268757e None admin] Validating token access rules against request {{(pid=46549) validate_allowed_request /opt/stack/data/venv/lib/python3.10/site-packages/keystonemiddleware/auth_token/__init__.py:544}}
Nov 30 06:56:59 user devstack@keystone.service[46549]: DEBUG keystone.server.flask.request_processing.middleware.auth_context [None req-eadc789a-3fd2-45d9-9531-38dd9cb520e0 None admin] RBAC: auth_context: {'token': , 'domain_id': None, 'trust_id': None, 'trustor_id': None, 'trustee_id': None, 'domain_name': None, 'group_ids': [], 'user_id': 'f13f9a6a91724215b254a9fbfd9e7387', 'user_domain_id': 'default', 'system_scope': 'all', 'project_id': None, 'project_domain_id': None, 'roles': ['admin', 'manager', 'member', 'reader'], 'is_admin_project': True, 'service_user_id': None, 'service_user_domain_id': None, 'service_project_id': None, 'service_project_domain_id': None, 'service_roles': []} {{(pid=46549) fill_context /opt/stack/keystone/keystone/server/flask/request_processing/middleware/auth_context.py:480}}
Nov 30 06:56:59 user devstack@keystone.service[46549]: DEBUG keystone.server.flask.request_processing.req_logging [None req-eadc789a-3fd2-45d9-9531-38dd9cb520e0 None admin] REQUEST_METHOD: `GET` {{(pid=46549) log_request_info /opt/stack/keystone/keystone/server/flask/request_processing/req_logging.py:27}}
Nov 30 06:56:59 user devstack@keystone.service[46549]: DEBUG keystone.server.flask.request_processing.req_logging [None req-eadc789a-3fd2-45d9-9531-38dd9cb520e0 None admin] SCRIPT_NAME: `/identity` {{(pid=46549) log_request_info /opt/stack/keystone/keystone/server/flask/request_processing/req_logging.py:28}}
Nov 30 06:56:59 user devstack@keystone.service[46549]: DEBUG keystone.server.flask.request_processing.req_logging [None req-eadc789a-3fd2-45d9-9531-38dd9cb520e0 None admin] PATH_INFO: `/v3/domains/default` {{(pid=46549) log_request_info /opt/stack/keystone/keystone/server/flask/request_processing/req_logging.py:29}}
Nov 30 06:56:59 user devstack@keystone.service[46549]: DEBUG keystone.common.rbac_enforcer.enforcer [None req-eadc789a-3fd2-45d9-9531-38dd9cb520e0 None admin] RBAC: Authorizing `identity:get_domain(domain_id=default)` {{(pid=46549) enforce_call /opt/stack/keystone/keystone/common/rbac_enforcer/enforcer.py:449}}
Nov 30 06:56:59 user devstack@keystone.service[46549]: DEBUG keystone.common.rbac_enforcer.enforcer [None req-eadc789a-3fd2-45d9-9531-38dd9cb520e0 None admin] RBAC: Authorization granted {{(pid=46549) enforce_call /opt/stack/keystone/keystone/common/rbac_enforcer/enforcer.py:457}}
Nov 30 06:56:59 user devstack@keystone.service[46549]: [pid: 46549|app: 0|req: 42/134] 10.0.0.210 () {56 vars in 1103 bytes} [Thu Nov 30 06:56:59 2023] GET /identity/v3/domains/default => generated 198 bytes in 255 msecs (HTTP/1.1 200) 5 headers in 177 bytes (1 switches on core 0)
Nov 30 06:56:59 user devstack@keystone.service[46550]: DEBUG keystone.server.flask.request_processing.middleware.auth_context [None req-00045885-5648-4470-a694-c37daef22293 None None] Authenticating user token {{(pid=46550) process_request /opt/stack/data/venv/lib/python3.10/site-packages/keystonemiddleware/auth_token/__init__.py:406}}
Nov 30 06:56:59 user devstack@keystone.service[46550]: DEBUG keystone.server.flask.request_processing.middleware.auth_context [None req-00045885-5648-4470-a694-c37daef22293 None None] Validating token access rules against request {{(pid=46550) validate_allowed_request /opt/stack/data/venv/lib/python3.10/site-packages/keystonemiddleware/auth_token/__init__.py:544}}
Nov 30 06:56:59 user devstack@keystone.service[46550]: DEBUG keystone.server.flask.request_processing.middleware.auth_context [None req-2a426865-588d-41b2-8082-2d53e41f61fb None admin] RBAC: auth_context: {'token': , 'domain_id': None, 'trust_id': None, 'trustor_id': None, 'trustee_id': None, 'domain_name': None, 'group_ids': [], 'user_id': 'f13f9a6a91724215b254a9fbfd9e7387', 'user_domain_id': 'default', 'system_scope': 'all', 'project_id': None, 'project_domain_id': None, 'roles': ['admin', 'manager', 'member', 'reader'], 'is_admin_project': True, 'service_user_id': None, 'service_user_domain_id': None, 'service_project_id': None, 'service_project_domain_id': None, 'service_roles': []} {{(pid=46550) fill_context /opt/stack/keystone/keystone/server/flask/request_processing/middleware/auth_context.py:480}}
Nov 30 06:56:59 user devstack@keystone.service[46550]: DEBUG keystone.server.flask.request_processing.req_logging [None req-2a426865-588d-41b2-8082-2d53e41f61fb None admin] REQUEST_METHOD: `POST` {{(pid=46550) log_request_info /opt/stack/keystone/keystone/server/flask/request_processing/req_logging.py:27}}
Nov 30 06:56:59 user devstack@keystone.service[46550]: DEBUG keystone.server.flask.request_processing.req_logging [None req-2a426865-588d-41b2-8082-2d53e41f61fb None admin] SCRIPT_NAME: `/identity` {{(pid=46550) log_request_info /opt/stack/keystone/keystone/server/flask/request_processing/req_logging.py:28}}
Nov 30 06:56:59 user devstack@keystone.service[46550]: DEBUG keystone.server.flask.request_processing.req_logging [None req-2a426865-588d-41b2-8082-2d53e41f61fb None admin] PATH_INFO: `/v3/users` {{(pid=46550) log_request_info /opt/stack/keystone/keystone/server/flask/request_processing/req_logging.py:29}}
Nov 30 06:56:59 user devstack@keystone.service[46550]: DEBUG keystone.common.rbac_enforcer.enforcer [None req-2a426865-588d-41b2-8082-2d53e41f61fb None admin] RBAC: Authorizing `identity:create_user()` {{(pid=46550) enforce_call /opt/stack/keystone/keystone/common/rbac_enforcer/enforcer.py:449}}
Nov 30 06:56:59 user devstack@keystone.service[46550]: DEBUG keystone.common.rbac_enforcer.enforcer [None req-2a426865-588d-41b2-8082-2d53e41f61fb None admin] RBAC: Authorization granted {{(pid=46550) enforce_call /opt/stack/keystone/keystone/common/rbac_enforcer/enforcer.py:457}}
Nov 30 06:56:59 user devstack@keystone.service[46550]: WARNING keystone.common.password_hashing [None req-2a426865-588d-41b2-8082-2d53e41f61fb None admin] Truncating password to algorithm specific maximum length 72 characters.
Nov 30 06:56:59 user devstack@keystone.service[46550]: [pid: 46550|app: 0|req: 44/135] 10.0.0.210 () {60 vars in 1127 bytes} [Thu Nov 30 06:56:59 2023] POST /identity/v3/users => generated 282 bytes in 153 msecs (HTTP/1.1 201) 5 headers in 182 bytes (1 switches on core 0)
Nov 30 06:56:59 user devstack@keystone.service[46551]: DEBUG keystone.server.flask.request_processing.req_logging [None req-90bf59c8-ce4c-46e6-aa83-a9187a51be21 None None] REQUEST_METHOD: `GET` {{(pid=46551) log_request_info /opt/stack/keystone/keystone/server/flask/request_processing/req_logging.py:27}}
Nov 30 06:56:59 user devstack@keystone.service[46551]: DEBUG keystone.server.flask.request_processing.req_logging [None req-90bf59c8-ce4c-46e6-aa83-a9187a51be21 None None] SCRIPT_NAME: `/identity` {{(pid=46551) log_request_info /opt/stack/keystone/keystone/server/flask/request_processing/req_logging.py:28}}
Nov 30 06:56:59 user devstack@keystone.service[46551]: DEBUG keystone.server.flask.request_processing.req_logging [None req-90bf59c8-ce4c-46e6-aa83-a9187a51be21 None None] PATH_INFO: `/` {{(pid=46551) log_request_info /opt/stack/keystone/keystone/server/flask/request_processing/req_logging.py:29}}
Nov 30 06:56:59 user devstack@keystone.service[46551]: [pid: 46551|app: 0|req: 50/136] 10.0.0.210 () {54 vars in 921 bytes} [Thu Nov 30 06:56:59 2023] GET /identity => generated 269 bytes in 4 msecs (HTTP/1.1 300) 6 headers in 233 bytes (1 switches on core 0)
Nov 30 06:56:59 user devstack@keystone.service[46549]: DEBUG keystone.server.flask.request_processing.req_logging [None req-3e58c3f5-a0cd-4f0b-a894-a415e4e087a1 None None] REQUEST_METHOD: `POST` {{(pid=46549) log_request_info /opt/stack/keystone/keystone/server/flask/request_processing/req_logging.py:27}}
Nov 30 06:56:59 user devstack@keystone.service[46549]: DEBUG keystone.server.flask.request_processing.req_logging [None req-3e58c3f5-a0cd-4f0b-a894-a415e4e087a1 None None] SCRIPT_NAME: `/identity` {{(pid=46549) log_request_info /opt/stack/keystone/keystone/server/flask/request_processing/req_logging.py:28}}
Nov 30 06:56:59 user devstack@keystone.service[46549]: DEBUG keystone.server.flask.request_processing.req_logging [None req-3e58c3f5-a0cd-4f0b-a894-a415e4e087a1 None None] PATH_INFO: `/v3/auth/tokens` {{(pid=46549) log_request_info /opt/stack/keystone/keystone/server/flask/request_processing/req_logging.py:29}}
Nov 30 06:56:59 user devstack@keystone.service[46549]: WARNING keystone.common.password_hashing [None req-3e58c3f5-a0cd-4f0b-a894-a415e4e087a1 None None] Truncating password to algorithm specific maximum length 72 characters.
Nov 30 06:56:59 user devstack@keystone.service[46549]: DEBUG keystone.auth.core [None req-3e58c3f5-a0cd-4f0b-a894-a415e4e087a1 None None] MFA Rules not processed for user `f13f9a6a91724215b254a9fbfd9e7387`. Rule list: `[]` (Enabled: `True`). {{(pid=46549) check_auth_methods_against_rules /opt/stack/keystone/keystone/auth/core.py:438}}
Nov 30 06:56:59 user devstack@keystone.service[46549]: DEBUG keystone.common.fernet_utils [None req-3e58c3f5-a0cd-4f0b-a894-a415e4e087a1 None None] Loaded 2 Fernet keys from /etc/keystone/fernet-keys/, but `[fernet_tokens] max_active_keys = 3`; perhaps there have not been enough key rotations to reach `max_active_keys` yet? {{(pid=46549) load_keys /opt/stack/keystone/keystone/common/fernet_utils.py:286}}
Nov 30 06:57:00 user devstack@keystone.service[46549]: [pid: 46549|app: 0|req: 43/137] 10.0.0.210 () {58 vars in 1018 bytes} [Thu Nov 30 06:56:59 2023] POST /identity/v3/auth/tokens => generated 861 bytes in 89 msecs (HTTP/1.1 201) 6 headers in 363 bytes (1 switches on core 0)
Nov 30 06:57:00 user devstack@keystone.service[46550]: DEBUG keystone.server.flask.request_processing.middleware.auth_context [None req-2a426865-588d-41b2-8082-2d53e41f61fb None admin] Authenticating user token {{(pid=46550) process_request /opt/stack/data/venv/lib/python3.10/site-packages/keystonemiddleware/auth_token/__init__.py:406}}
Nov 30 06:57:00 user devstack@keystone.service[46550]: DEBUG keystone.server.flask.request_processing.middleware.auth_context [None req-2a426865-588d-41b2-8082-2d53e41f61fb None admin] Validating token access rules against request {{(pid=46550) validate_allowed_request /opt/stack/data/venv/lib/python3.10/site-packages/keystonemiddleware/auth_token/__init__.py:544}}
Nov 30 06:57:00 user devstack@keystone.service[46550]: DEBUG keystone.server.flask.request_processing.middleware.auth_context [None req-68ae0525-9e59-4cfc-95c3-61257c6b0511 None admin] RBAC: auth_context: {'token': , 'domain_id': None, 'trust_id': None, 'trustor_id': None, 'trustee_id': None, 'domain_name': None, 'group_ids': [], 'user_id': 'f13f9a6a91724215b254a9fbfd9e7387', 'user_domain_id': 'default', 'system_scope': 'all', 'project_id': None, 'project_domain_id': None, 'roles': ['admin', 'manager', 'member', 'reader'], 'is_admin_project': True, 'service_user_id': None, 'service_user_domain_id': None, 'service_project_id': None, 'service_project_domain_id': None, 'service_roles': []} {{(pid=46550) fill_context /opt/stack/keystone/keystone/server/flask/request_processing/middleware/auth_context.py:480}}
Nov 30 06:57:00 user devstack@keystone.service[46550]: DEBUG keystone.server.flask.request_processing.req_logging [None req-68ae0525-9e59-4cfc-95c3-61257c6b0511 None admin] REQUEST_METHOD: `GET` {{(pid=46550) log_request_info /opt/stack/keystone/keystone/server/flask/request_processing/req_logging.py:27}}
Nov 30 06:57:00 user devstack@keystone.service[46550]: DEBUG keystone.server.flask.request_processing.req_logging [None req-68ae0525-9e59-4cfc-95c3-61257c6b0511 None admin] SCRIPT_NAME: `/identity` {{(pid=46550) log_request_info /opt/stack/keystone/keystone/server/flask/request_processing/req_logging.py:28}}
Nov 30 06:57:00 user devstack@keystone.service[46550]: DEBUG keystone.server.flask.request_processing.req_logging [None req-68ae0525-9e59-4cfc-95c3-61257c6b0511 None admin] PATH_INFO: `/v3/roles/reader` {{(pid=46550) log_request_info /opt/stack/keystone/keystone/server/flask/request_processing/req_logging.py:29}}
Nov 30 06:57:00 user devstack@keystone.service[46550]: DEBUG keystone.common.rbac_enforcer.enforcer [None req-68ae0525-9e59-4cfc-95c3-61257c6b0511 None admin] Extracting inferred target data resulted in "NOT FOUND (404)". {{(pid=46550) enforce_call /opt/stack/keystone/keystone/common/rbac_enforcer/enforcer.py:409}}
Nov 30 06:57:00 user devstack@keystone.service[46550]: ERROR keystone.server.flask.application [None req-68ae0525-9e59-4cfc-95c3-61257c6b0511 None admin] Could not find role: reader.: keystone.exception.RoleNotFound: Could not find role: reader.
Nov 30 06:57:00 user devstack@keystone.service[46550]: ERROR keystone.server.flask.application
Traceback (most recent call last):
Nov 30 06:57:00 user devstack@keystone.service[46550]: ERROR keystone.server.flask.application
File "/opt/stack/data/venv/lib/python3.10/site-packages/flask/app.py", line 1823, in full_dispatch_request
Nov 30 06:57:00 user devstack@keystone.service[46550]: ERROR keystone.server.flask.application rv = self.dispatch_request()
Nov 30 06:57:00 user devstack@keystone.service[46550]: ERROR keystone.server.flask.application
File "/opt/stack/data/venv/lib/python3.10/site-packages/flask/app.py", line 1799, in dispatch_request
Nov 30 06:57:00 user devstack@keystone.service[46550]: ERROR keystone.server.flask.application return self.ensure_sync(self.view_functions[rule.endpoint])(**view_args)
Nov 30 06:57:00 user devstack@keystone.service[46550]: ERROR keystone.server.flask.application
File "/opt/stack/data/venv/lib/python3.10/site-packages/flask_restful/__init__.py", line 489, in wrapper
Nov 30 06:57:00 user devstack@keystone.service[46550]: ERROR keystone.server.flask.application resp = resource(*args, **kwargs)
Nov 30 06:57:00 user devstack@keystone.service[46550]: ERROR keystone.server.flask.application
File "/opt/stack/data/venv/lib/python3.10/site-packages/flask/views.py", line 107, in view
Nov 30 06:57:00 user devstack@keystone.service[46550]: ERROR keystone.server.flask.application return current_app.ensure_sync(self.dispatch_request)(**kwargs)
Nov 30 06:57:00 user devstack@keystone.service[46550]: ERROR keystone.server.flask.application
File "/opt/stack/data/venv/lib/python3.10/site-packages/flask_restful/__init__.py", line 604, in dispatch_request
Nov 30 06:57:00 user devstack@keystone.service[46550]: ERROR keystone.server.flask.application resp = meth(*args, **kwargs)
Nov 30 06:57:00 user devstack@keystone.service[46550]: ERROR keystone.server.flask.application
File "/opt/stack/keystone/keystone/api/roles.py", line 50, in get
Nov 30 06:57:00 user devstack@keystone.service[46550]: ERROR keystone.server.flask.application return self._get_role(role_id)
Nov 30 06:57:00 user devstack@keystone.service[46550]: ERROR keystone.server.flask.application
File "/opt/stack/keystone/keystone/api/roles.py", line 70, in _get_role
Nov 30 06:57:00 user devstack@keystone.service[46550]: ERROR keystone.server.flask.application ENFORCER.enforce_call(action='identity:get_role')
Nov 30 06:57:00 user devstack@keystone.service[46550]: ERROR keystone.server.flask.application
File "/opt/stack/keystone/keystone/common/rbac_enforcer/enforcer.py", line 402, in enforce_call
Nov 30 06:57:00 user devstack@keystone.service[46550]: ERROR keystone.server.flask.application policy_dict.update(cls._extract_member_target_data(
Nov 30 06:57:00 user devstack@keystone.service[46550]: ERROR keystone.server.flask.application
File "/opt/stack/keystone/keystone/common/rbac_enforcer/enforcer.py", line 234, in _extract_member_target_data
Nov 30 06:57:00 user devstack@keystone.service[46550]: ERROR keystone.server.flask.application member_name: func(flask.request.view_args[key])
Nov 30 06:57:00 user devstack@keystone.service[46550]: ERROR keystone.server.flask.application
File "/opt/stack/keystone/keystone/common/manager.py", line 115, in wrapped
Nov 30 06:57:00 user devstack@keystone.service[46550]: ERROR keystone.server.flask.application __ret_val = __f(*args, **kwargs)
Nov 30 06:57:00 user devstack@keystone.service[46550]: ERROR keystone.server.flask.application
File "/opt/stack/data/venv/lib/python3.10/site-packages/decorator.py", line 232, in fun
Nov 30 06:57:00 user devstack@keystone.service[46550]: ERROR keystone.server.flask.application return caller(func, *(extras + args), **kw)
Nov 30 06:57:00 user devstack@keystone.service[46550]: ERROR keystone.server.flask.application
File "/opt/stack/data/venv/lib/python3.10/site-packages/dogpile/cache/region.py", line 1594, in get_or_create_for_user_func
Nov 30 06:57:00 user devstack@keystone.service[46550]: ERROR keystone.server.flask.application return self.get_or_create(
Nov 30 06:57:00 user devstack@keystone.service[46550]: ERROR keystone.server.flask.application
File "/opt/stack/data/venv/lib/python3.10/site-packages/dogpile/cache/region.py", line 1054, in get_or_create
Nov 30 06:57:00 user devstack@keystone.service[46550]: ERROR keystone.server.flask.application with Lock(
Nov 30 06:57:00 user devstack@keystone.service[46550]: ERROR keystone.server.flask.application
File "/opt/stack/data/venv/lib/python3.10/site-packages/dogpile/lock.py", line 185, in __enter__
Nov 30 06:57:00 user devstack@keystone.service[46550]: ERROR keystone.server.flask.application return self._enter()
Nov 30 06:57:00 user devstack@keystone.service[46550]: ERROR keystone.server.flask.application
File "/opt/stack/data/venv/lib/python3.10/site-packages/dogpile/lock.py", line 94, in _enter
Nov 30 06:57:00 user devstack@keystone.service[46550]: ERROR keystone.server.flask.application generated = self._enter_create(value, createdtime)
Nov 30 06:57:00 user devstack@keystone.service[46550]: ERROR keystone.server.flask.application
File "/opt/stack/data/venv/lib/python3.10/site-packages/dogpile/lock.py", line 178, in _enter_create
Nov 30 06:57:00 user devstack@keystone.service[46550]: ERROR keystone.server.flask.application return self.creator()
Nov 30 06:57:00 user devstack@keystone.service[46550]: ERROR keystone.server.flask.application
File "/opt/stack/data/venv/lib/python3.10/site-packages/dogpile/cache/region.py", line 1007, in gen_value
Nov 30 06:57:00 user devstack@keystone.service[46550]: ERROR keystone.server.flask.application created_value = creator(
Nov 30 06:57:00 user devstack@keystone.service[46550]: ERROR keystone.server.flask.application
File "/opt/stack/keystone/keystone/assignment/core.py", line 1276, in get_role
Nov 30 06:57:00 user devstack@keystone.service[46550]: ERROR keystone.server.flask.application return self.driver.get_role(role_id)
Nov 30 06:57:00 user devstack@keystone.service[46550]: ERROR keystone.server.flask.application
File "/opt/stack/keystone/keystone/assignment/role_backends/sql.py", line 70, in get_role
Nov 30 06:57:00 user devstack@keystone.service[46550]: ERROR keystone.server.flask.application return self._get_role(session, role_id).to_dict()
Nov 30 06:57:00 user devstack@keystone.service[46550]: ERROR keystone.server.flask.application
File "/opt/stack/keystone/keystone/assignment/role_backends/sql.py", line 65, in _get_role
Nov 30 06:57:00 user devstack@keystone.service[46550]: ERROR keystone.server.flask.application raise exception.RoleNotFound(role_id=role_id)
Nov 30 06:57:00 user devstack@keystone.service[46550]: ERROR keystone.server.flask.application keystone.exception.RoleNotFound: Could not find role: reader.
Nov 30 06:57:00 user devstack@keystone.service[46550]: ERROR keystone.server.flask.application
Nov 30 06:57:00 user devstack@keystone.service[46550]: [pid: 46550|app: 0|req: 45/138] 10.0.0.210 () {56 vars in 1094 bytes} [Thu Nov 30 06:57:00 2023] GET /identity/v3/roles/reader => generated 84 bytes in 146 msecs (HTTP/1.1 404) 5 headers in 183 bytes (1 switches on core 0)
Nov 30 06:57:00 user devstack@keystone.service[46551]: DEBUG keystone.server.flask.request_processing.middleware.auth_context [None req-90bf59c8-ce4c-46e6-aa83-a9187a51be21 None None] Authenticating user token {{(pid=46551) process_request /opt/stack/data/venv/lib/python3.10/site-packages/keystonemiddleware/auth_token/__init__.py:406}}
Nov 30 06:57:00 user devstack@keystone.service[46551]: DEBUG keystone.server.flask.request_processing.middleware.auth_context [None req-90bf59c8-ce4c-46e6-aa83-a9187a51be21 None None] Validating token access rules against request {{(pid=46551) validate_allowed_request /opt/stack/data/venv/lib/python3.10/site-packages/keystonemiddleware/auth_token/__init__.py:544}}
Nov 30 06:57:00 user devstack@keystone.service[46551]: DEBUG keystone.server.flask.request_processing.middleware.auth_context [None req-beaae592-d922-41f7-b97d-a5019a4437ab None admin] RBAC: auth_context: {'token': , 'domain_id': None, 'trust_id': None, 'trustor_id': None, 'trustee_id': None, 'domain_name': None, 'group_ids': [], 'user_id': 'f13f9a6a91724215b254a9fbfd9e7387', 'user_domain_id': 'default', 'system_scope': 'all', 'project_id': None, 'project_domain_id': None, 'roles': ['admin', 'manager', 'member', 'reader'], 'is_admin_project': True, 'service_user_id': None, 'service_user_domain_id': None, 'service_project_id': None, 'service_project_domain_id': None, 'service_roles': []} {{(pid=46551) fill_context /opt/stack/keystone/keystone/server/flask/request_processing/middleware/auth_context.py:480}}
Nov 30 06:57:00 user devstack@keystone.service[46551]: DEBUG keystone.server.flask.request_processing.req_logging [None req-beaae592-d922-41f7-b97d-a5019a4437ab None admin] REQUEST_METHOD: `GET` {{(pid=46551) log_request_info /opt/stack/keystone/keystone/server/flask/request_processing/req_logging.py:27}}
Nov 30 06:57:00 user devstack@keystone.service[46551]: DEBUG keystone.server.flask.request_processing.req_logging [None req-beaae592-d922-41f7-b97d-a5019a4437ab None admin] SCRIPT_NAME: `/identity` {{(pid=46551) log_request_info /opt/stack/keystone/keystone/server/flask/request_processing/req_logging.py:28}}
Nov 30 06:57:00 user devstack@keystone.service[46551]: DEBUG keystone.server.flask.request_processing.req_logging [None req-beaae592-d922-41f7-b97d-a5019a4437ab None admin] PATH_INFO: `/v3/roles` {{(pid=46551) log_request_info /opt/stack/keystone/keystone/server/flask/request_processing/req_logging.py:29}}
Nov 30 06:57:00 user devstack@keystone.service[46551]: DEBUG keystone.common.rbac_enforcer.enforcer [None req-beaae592-d922-41f7-b97d-a5019a4437ab None admin] RBAC: Adding query filter params (name=reader) {{(pid=46551) _extract_filter_values /opt/stack/keystone/keystone/common/rbac_enforcer/enforcer.py:167}}
Nov 30 06:57:00 user devstack@keystone.service[46551]: DEBUG keystone.common.rbac_enforcer.enforcer [None req-beaae592-d922-41f7-b97d-a5019a4437ab None admin] RBAC: Authorizing `identity:list_roles()` {{(pid=46551) enforce_call /opt/stack/keystone/keystone/common/rbac_enforcer/enforcer.py:449}}
Nov 30 06:57:00 user devstack@keystone.service[46551]: DEBUG keystone.common.rbac_enforcer.enforcer [None req-beaae592-d922-41f7-b97d-a5019a4437ab None admin] RBAC: Authorization granted {{(pid=46551) enforce_call /opt/stack/keystone/keystone/common/rbac_enforcer/enforcer.py:457}}
Nov 30 06:57:00 user devstack@keystone.service[46551]: [pid: 46551|app: 0|req: 51/139] 10.0.0.210 () {56 vars in 1096 bytes} [Thu Nov 30 06:57:00 2023] GET /identity/v3/roles?name=reader => generated 339 bytes in 148 msecs (HTTP/1.1 200) 5 headers in 177 bytes (1 switches on core 0)
Nov 30 06:57:00 user devstack@keystone.service[46549]: DEBUG keystone.server.flask.request_processing.middleware.auth_context [None req-3e58c3f5-a0cd-4f0b-a894-a415e4e087a1 None None] Authenticating user token {{(pid=46549) process_request /opt/stack/data/venv/lib/python3.10/site-packages/keystonemiddleware/auth_token/__init__.py:406}}
Nov 30 06:57:00 user devstack@keystone.service[46549]: DEBUG keystone.server.flask.request_processing.middleware.auth_context [None req-3e58c3f5-a0cd-4f0b-a894-a415e4e087a1 None None] Validating token access rules against request {{(pid=46549) validate_allowed_request /opt/stack/data/venv/lib/python3.10/site-packages/keystonemiddleware/auth_token/__init__.py:544}}
Nov 30 06:57:00 user devstack@keystone.service[46549]: DEBUG keystone.server.flask.request_processing.middleware.auth_context [None req-fdc0eb93-0dba-4148-819f-1c546716451a None admin] RBAC: auth_context: {'token': , 'domain_id': None, 'trust_id': None, 'trustor_id': None, 'trustee_id': None, 'domain_name': None, 'group_ids': [], 'user_id': 'f13f9a6a91724215b254a9fbfd9e7387', 'user_domain_id': 'default', 'system_scope': 'all', 'project_id': None, 'project_domain_id': None, 'roles': ['admin', 'manager', 'member', 'reader'], 'is_admin_project': True, 'service_user_id': None, 'service_user_domain_id': None, 'service_project_id': None, 'service_project_domain_id': None, 'service_roles': []} {{(pid=46549) fill_context /opt/stack/keystone/keystone/server/flask/request_processing/middleware/auth_context.py:480}}
Nov 30 06:57:00 user devstack@keystone.service[46549]: DEBUG keystone.server.flask.request_processing.req_logging [None req-fdc0eb93-0dba-4148-819f-1c546716451a None admin] REQUEST_METHOD: `GET` {{(pid=46549) log_request_info /opt/stack/keystone/keystone/server/flask/request_processing/req_logging.py:27}}
