Nov 30 07:00:31 user devstack@n-api.service[65190]: DEBUG oslo_concurrency.lockutils [None req-1dea5cb1-99b0-4f86-962a-651d7574b8e9 None None] Acquiring lock "00000000-0000-0000-0000-000000000000" by "nova.context.set_target_cell..get_or_set_cached_cell_and_set_connections" {{(pid=65190) inner /opt/stack/data/venv/lib/python3.10/site-packages/oslo_concurrency/lockutils.py:404}}
Nov 30 07:00:31 user devstack@n-api.service[65190]: DEBUG oslo_concurrency.lockutils [None req-1dea5cb1-99b0-4f86-962a-651d7574b8e9 None None] Lock "00000000-0000-0000-0000-000000000000" acquired by "nova.context.set_target_cell..get_or_set_cached_cell_and_set_connections" :: waited 0.000s {{(pid=65190) inner /opt/stack/data/venv/lib/python3.10/site-packages/oslo_concurrency/lockutils.py:409}}
Nov 30 07:00:31 user devstack@n-api.service[65190]: DEBUG oslo_concurrency.lockutils [None req-1dea5cb1-99b0-4f86-962a-651d7574b8e9 None None] Lock "00000000-0000-0000-0000-000000000000" "released" by "nova.context.set_target_cell..get_or_set_cached_cell_and_set_connections" :: held 0.001s {{(pid=65190) inner /opt/stack/data/venv/lib/python3.10/site-packages/oslo_concurrency/lockutils.py:423}}
Nov 30 07:00:31 user devstack@n-api.service[65189]: DEBUG dbcounter [-] [65189] Writer thread running {{(pid=65189) stat_writer /opt/stack/data/venv/lib/python3.10/site-packages/dbcounter.py:102}}
Nov 30 07:00:31 user devstack@n-api.service[65188]: DEBUG oslo_db.sqlalchemy.engines [None req-99220c55-4ed2-49cf-8942-b48de24875a3 None None] MySQL server mode set to STRICT_TRANS_TABLES,STRICT_ALL_TABLES,NO_ZERO_IN_DATE,NO_ZERO_DATE,ERROR_FOR_DIVISION_BY_ZERO,TRADITIONAL,NO_ENGINE_SUBSTITUTION {{(pid=65188) _check_effective_sql_mode /opt/stack/data/venv/lib/python3.10/site-packages/oslo_db/sqlalchemy/engines.py:342}}
Nov 30 07:00:31 user devstack@n-api.service[65190]: DEBUG oslo_concurrency.lockutils [None req-1dea5cb1-99b0-4f86-962a-651d7574b8e9 None None] Acquiring lock "ff520458-071d-4e04-9168-2d08a489741c" by "nova.context.set_target_cell..get_or_set_cached_cell_and_set_connections" {{(pid=65190) inner /opt/stack/data/venv/lib/python3.10/site-packages/oslo_concurrency/lockutils.py:404}}
Nov 30 07:00:31 user devstack@n-api.service[65190]: DEBUG oslo_concurrency.lockutils [None req-1dea5cb1-99b0-4f86-962a-651d7574b8e9 None None] Lock "ff520458-071d-4e04-9168-2d08a489741c" acquired by "nova.context.set_target_cell..get_or_set_cached_cell_and_set_connections" :: waited 0.000s {{(pid=65190) inner /opt/stack/data/venv/lib/python3.10/site-packages/oslo_concurrency/lockutils.py:409}}
Nov 30 07:00:31 user devstack@n-api.service[65190]: DEBUG oslo_concurrency.lockutils [None req-1dea5cb1-99b0-4f86-962a-651d7574b8e9 None None] Lock "ff520458-071d-4e04-9168-2d08a489741c" "released" by "nova.context.set_target_cell..get_or_set_cached_cell_and_set_connections" :: held 0.002s {{(pid=65190) inner /opt/stack/data/venv/lib/python3.10/site-packages/oslo_concurrency/lockutils.py:423}}
Nov 30 07:00:31 user devstack@n-api.service[65190]: INFO dbcounter [None req-1dea5cb1-99b0-4f86-962a-651d7574b8e9 None None] Registered counter for database nova_cell0
Nov 30 07:00:31 user devstack@n-api.service[65188]: DEBUG dbcounter [-] [65188] Writer thread running {{(pid=65188) stat_writer /opt/stack/data/venv/lib/python3.10/site-packages/dbcounter.py:102}}
Nov 30 07:00:31 user devstack@n-api.service[65190]: INFO dbcounter [None req-1dea5cb1-99b0-4f86-962a-651d7574b8e9 None None] Registered counter for database nova_cell1
Nov 30 07:00:31 user devstack@n-api.service[65190]: DEBUG oslo_db.sqlalchemy.engines [None req-1dea5cb1-99b0-4f86-962a-651d7574b8e9 None None] MySQL server mode set to STRICT_TRANS_TABLES,STRICT_ALL_TABLES,NO_ZERO_IN_DATE,NO_ZERO_DATE,ERROR_FOR_DIVISION_BY_ZERO,TRADITIONAL,NO_ENGINE_SUBSTITUTION {{(pid=65190) _check_effective_sql_mode /opt/stack/data/venv/lib/python3.10/site-packages/oslo_db/sqlalchemy/engines.py:342}}
Nov 30 07:00:31 user devstack@n-api.service[65190]: DEBUG dbcounter [-] [65190] Writer thread running {{(pid=65190) stat_writer /opt/stack/data/venv/lib/python3.10/site-packages/dbcounter.py:102}}
Nov 30 07:00:31 user devstack@n-api.service[65190]: DEBUG oslo_db.sqlalchemy.engines [None req-1dea5cb1-99b0-4f86-962a-651d7574b8e9 None None] MySQL server mode set to STRICT_TRANS_TABLES,STRICT_ALL_TABLES,NO_ZERO_IN_DATE,NO_ZERO_DATE,ERROR_FOR_DIVISION_BY_ZERO,TRADITIONAL,NO_ENGINE_SUBSTITUTION {{(pid=65190) _check_effective_sql_mode /opt/stack/data/venv/lib/python3.10/site-packages/oslo_db/sqlalchemy/engines.py:342}}
Nov 30 07:00:31 user devstack@n-api.service[65188]: DEBUG nova.context [None req-99220c55-4ed2-49cf-8942-b48de24875a3 None None] Found 2 cells: 00000000-0000-0000-0000-000000000000(cell0),ff520458-071d-4e04-9168-2d08a489741c(cell1) {{(pid=65188) load_cells /opt/stack/nova/nova/context.py:464}}
Nov 30 07:00:31 user devstack@n-api.service[65188]: DEBUG oslo_concurrency.lockutils [None req-99220c55-4ed2-49cf-8942-b48de24875a3 None None] Acquiring lock "00000000-0000-0000-0000-000000000000" by "nova.context.set_target_cell..get_or_set_cached_cell_and_set_connections" {{(pid=65188) inner /opt/stack/data/venv/lib/python3.10/site-packages/oslo_concurrency/lockutils.py:404}}
Nov 30 07:00:31 user devstack@n-api.service[65188]: DEBUG oslo_concurrency.lockutils [None req-99220c55-4ed2-49cf-8942-b48de24875a3 None None] Lock "00000000-0000-0000-0000-000000000000" acquired by "nova.context.set_target_cell..get_or_set_cached_cell_and_set_connections" :: waited 0.000s {{(pid=65188) inner /opt/stack/data/venv/lib/python3.10/site-packages/oslo_concurrency/lockutils.py:409}}
Nov 30 07:00:31 user devstack@n-api.service[65188]: DEBUG oslo_concurrency.lockutils [None req-99220c55-4ed2-49cf-8942-b48de24875a3 None None] Lock "00000000-0000-0000-0000-000000000000" "released" by "nova.context.set_target_cell..get_or_set_cached_cell_and_set_connections" :: held 0.001s {{(pid=65188) inner /opt/stack/data/venv/lib/python3.10/site-packages/oslo_concurrency/lockutils.py:423}}
Nov 30 07:00:31 user devstack@n-api.service[65188]: DEBUG oslo_concurrency.lockutils [None req-99220c55-4ed2-49cf-8942-b48de24875a3 None None] Acquiring lock "ff520458-071d-4e04-9168-2d08a489741c" by "nova.context.set_target_cell..get_or_set_cached_cell_and_set_connections" {{(pid=65188) inner /opt/stack/data/venv/lib/python3.10/site-packages/oslo_concurrency/lockutils.py:404}}
Nov 30 07:00:31 user devstack@n-api.service[65188]: DEBUG oslo_concurrency.lockutils [None req-99220c55-4ed2-49cf-8942-b48de24875a3 None None] Lock "ff520458-071d-4e04-9168-2d08a489741c" acquired by "nova.context.set_target_cell..get_or_set_cached_cell_and_set_connections" :: waited 0.000s {{(pid=65188) inner /opt/stack/data/venv/lib/python3.10/site-packages/oslo_concurrency/lockutils.py:409}}
Nov 30 07:00:31 user devstack@n-api.service[65188]: DEBUG oslo_concurrency.lockutils [None req-99220c55-4ed2-49cf-8942-b48de24875a3 None None] Lock "ff520458-071d-4e04-9168-2d08a489741c" "released" by "nova.context.set_target_cell..get_or_set_cached_cell_and_set_connections" :: held 0.001s {{(pid=65188) inner /opt/stack/data/venv/lib/python3.10/site-packages/oslo_concurrency/lockutils.py:423}}
Nov 30 07:00:31 user devstack@n-api.service[65188]: INFO dbcounter [None req-99220c55-4ed2-49cf-8942-b48de24875a3 None None] Registered counter for database nova_cell0
Nov 30 07:00:31 user devstack@n-api.service[65188]: INFO dbcounter [None req-99220c55-4ed2-49cf-8942-b48de24875a3 None None] Registered counter for database nova_cell1
Nov 30 07:00:31 user devstack@n-api.service[65188]: DEBUG oslo_db.sqlalchemy.engines [None req-99220c55-4ed2-49cf-8942-b48de24875a3 None None] MySQL server mode set to STRICT_TRANS_TABLES,STRICT_ALL_TABLES,NO_ZERO_IN_DATE,NO_ZERO_DATE,ERROR_FOR_DIVISION_BY_ZERO,TRADITIONAL,NO_ENGINE_SUBSTITUTION {{(pid=65188) _check_effective_sql_mode /opt/stack/data/venv/lib/python3.10/site-packages/oslo_db/sqlalchemy/engines.py:342}}
Nov 30 07:00:31 user devstack@n-api.service[65188]: DEBUG dbcounter [-] [65188] Writer thread running {{(pid=65188) stat_writer /opt/stack/data/venv/lib/python3.10/site-packages/dbcounter.py:102}}
Nov 30 07:00:31 user devstack@n-api.service[65188]: DEBUG oslo_db.sqlalchemy.engines [None req-99220c55-4ed2-49cf-8942-b48de24875a3 None None] MySQL server mode set to STRICT_TRANS_TABLES,STRICT_ALL_TABLES,NO_ZERO_IN_DATE,NO_ZERO_DATE,ERROR_FOR_DIVISION_BY_ZERO,TRADITIONAL,NO_ENGINE_SUBSTITUTION {{(pid=65188) _check_effective_sql_mode /opt/stack/data/venv/lib/python3.10/site-packages/oslo_db/sqlalchemy/engines.py:342}}
Nov 30 07:00:31 user devstack@n-api.service[65189]: DEBUG nova.context [None req-4a6aa034-d067-43a7-bdf5-0036e974e3e8 None None] Found 2 cells: 00000000-0000-0000-0000-000000000000(cell0),ff520458-071d-4e04-9168-2d08a489741c(cell1) {{(pid=65189) load_cells /opt/stack/nova/nova/context.py:464}}
Nov 30 07:00:31 user devstack@n-api.service[65189]: DEBUG oslo_concurrency.lockutils [None req-4a6aa034-d067-43a7-bdf5-0036e974e3e8 None None] Acquiring lock "00000000-0000-0000-0000-000000000000" by "nova.context.set_target_cell..get_or_set_cached_cell_and_set_connections" {{(pid=65189) inner /opt/stack/data/venv/lib/python3.10/site-packages/oslo_concurrency/lockutils.py:404}}
Nov 30 07:00:31 user devstack@n-api.service[65189]: DEBUG oslo_concurrency.lockutils [None req-4a6aa034-d067-43a7-bdf5-0036e974e3e8 None None] Lock "00000000-0000-0000-0000-000000000000" acquired by "nova.context.set_target_cell..get_or_set_cached_cell_and_set_connections" :: waited 0.001s {{(pid=65189) inner /opt/stack/data/venv/lib/python3.10/site-packages/oslo_concurrency/lockutils.py:409}}
Nov 30 07:00:31 user devstack@n-api.service[65189]: DEBUG oslo_concurrency.lockutils [None req-4a6aa034-d067-43a7-bdf5-0036e974e3e8 None None] Lock "00000000-0000-0000-0000-000000000000" "released" by "nova.context.set_target_cell..get_or_set_cached_cell_and_set_connections" :: held 0.002s {{(pid=65189) inner /opt/stack/data/venv/lib/python3.10/site-packages/oslo_concurrency/lockutils.py:423}}
Nov 30 07:00:31 user devstack@n-api.service[65189]: DEBUG oslo_concurrency.lockutils [None req-4a6aa034-d067-43a7-bdf5-0036e974e3e8 None None] Acquiring lock "ff520458-071d-4e04-9168-2d08a489741c" by "nova.context.set_target_cell..get_or_set_cached_cell_and_set_connections" {{(pid=65189) inner /opt/stack/data/venv/lib/python3.10/site-packages/oslo_concurrency/lockutils.py:404}}
Nov 30 07:00:31 user devstack@n-api.service[65189]: DEBUG oslo_concurrency.lockutils [None req-4a6aa034-d067-43a7-bdf5-0036e974e3e8 None None] Lock "ff520458-071d-4e04-9168-2d08a489741c" acquired by "nova.context.set_target_cell..get_or_set_cached_cell_and_set_connections" :: waited 0.000s {{(pid=65189) inner /opt/stack/data/venv/lib/python3.10/site-packages/oslo_concurrency/lockutils.py:409}}
Nov 30 07:00:31 user devstack@n-api.service[65189]: DEBUG oslo_concurrency.lockutils [None req-4a6aa034-d067-43a7-bdf5-0036e974e3e8 None None] Lock "ff520458-071d-4e04-9168-2d08a489741c" "released" by "nova.context.set_target_cell..get_or_set_cached_cell_and_set_connections" :: held 0.003s {{(pid=65189) inner /opt/stack/data/venv/lib/python3.10/site-packages/oslo_concurrency/lockutils.py:423}}
Nov 30 07:00:31 user devstack@n-api.service[65189]: INFO dbcounter [None req-4a6aa034-d067-43a7-bdf5-0036e974e3e8 None None] Registered counter for database nova_cell0
Nov 30 07:00:31 user devstack@n-api.service[65189]: INFO dbcounter [None req-4a6aa034-d067-43a7-bdf5-0036e974e3e8 None None] Registered counter for database nova_cell1
Nov 30 07:00:31 user devstack@n-api.service[65190]: DEBUG dbcounter [-] [65190] Writer thread running {{(pid=65190) stat_writer /opt/stack/data/venv/lib/python3.10/site-packages/dbcounter.py:102}}
Nov 30 07:00:31 user devstack@n-api.service[65189]: DEBUG oslo_db.sqlalchemy.engines [None req-4a6aa034-d067-43a7-bdf5-0036e974e3e8 None None] MySQL server mode set to STRICT_TRANS_TABLES,STRICT_ALL_TABLES,NO_ZERO_IN_DATE,NO_ZERO_DATE,ERROR_FOR_DIVISION_BY_ZERO,TRADITIONAL,NO_ENGINE_SUBSTITUTION {{(pid=65189) _check_effective_sql_mode /opt/stack/data/venv/lib/python3.10/site-packages/oslo_db/sqlalchemy/engines.py:342}}
Nov 30 07:00:31 user devstack@n-api.service[65190]: INFO dbcounter [None req-1dea5cb1-99b0-4f86-962a-651d7574b8e9 None None] Registered counter for database nova_cell0
Nov 30 07:00:31 user devstack@n-api.service[65189]: DEBUG dbcounter [-] [65189] Writer thread running {{(pid=65189) stat_writer /opt/stack/data/venv/lib/python3.10/site-packages/dbcounter.py:102}}
Nov 30 07:00:31 user devstack@n-api.service[65189]: DEBUG oslo_db.sqlalchemy.engines [None req-4a6aa034-d067-43a7-bdf5-0036e974e3e8 None None] MySQL server mode set to STRICT_TRANS_TABLES,STRICT_ALL_TABLES,NO_ZERO_IN_DATE,NO_ZERO_DATE,ERROR_FOR_DIVISION_BY_ZERO,TRADITIONAL,NO_ENGINE_SUBSTITUTION {{(pid=65189) _check_effective_sql_mode /opt/stack/data/venv/lib/python3.10/site-packages/oslo_db/sqlalchemy/engines.py:342}}
Nov 30 07:00:31 user devstack@n-api.service[65190]: DEBUG oslo_db.sqlalchemy.engines [None req-1dea5cb1-99b0-4f86-962a-651d7574b8e9 None None] MySQL server mode set to STRICT_TRANS_TABLES,STRICT_ALL_TABLES,NO_ZERO_IN_DATE,NO_ZERO_DATE,ERROR_FOR_DIVISION_BY_ZERO,TRADITIONAL,NO_ENGINE_SUBSTITUTION {{(pid=65190) _check_effective_sql_mode /opt/stack/data/venv/lib/python3.10/site-packages/oslo_db/sqlalchemy/engines.py:342}}
Nov 30 07:00:31 user devstack@n-api.service[65190]: DEBUG dbcounter [-] [65190] Writer thread running {{(pid=65190) stat_writer /opt/stack/data/venv/lib/python3.10/site-packages/dbcounter.py:102}}
Nov 30 07:00:31 user devstack@n-api.service[65188]: DEBUG dbcounter [-] [65188] Writer thread running {{(pid=65188) stat_writer /opt/stack/data/venv/lib/python3.10/site-packages/dbcounter.py:102}}
Nov 30 07:00:31 user devstack@n-api.service[65188]: INFO dbcounter [None req-99220c55-4ed2-49cf-8942-b48de24875a3 None None] Registered counter for database nova_cell0
Nov 30 07:00:31 user devstack@n-api.service[65188]: DEBUG oslo_db.sqlalchemy.engines [None req-99220c55-4ed2-49cf-8942-b48de24875a3 None None] MySQL server mode set to STRICT_TRANS_TABLES,STRICT_ALL_TABLES,NO_ZERO_IN_DATE,NO_ZERO_DATE,ERROR_FOR_DIVISION_BY_ZERO,TRADITIONAL,NO_ENGINE_SUBSTITUTION {{(pid=65188) _check_effective_sql_mode /opt/stack/data/venv/lib/python3.10/site-packages/oslo_db/sqlalchemy/engines.py:342}}
Nov 30 07:00:31 user devstack@n-api.service[65188]: DEBUG dbcounter [-] [65188] Writer thread running {{(pid=65188) stat_writer /opt/stack/data/venv/lib/python3.10/site-packages/dbcounter.py:102}}
Nov 30 07:00:32 user devstack@n-api.service[65189]: DEBUG dbcounter [-] [65189] Writer thread running {{(pid=65189) stat_writer /opt/stack/data/venv/lib/python3.10/site-packages/dbcounter.py:102}}
Nov 30 07:00:32 user devstack@n-api.service[65189]: INFO dbcounter [None req-4a6aa034-d067-43a7-bdf5-0036e974e3e8 None None] Registered counter for database nova_cell0
Nov 30 07:00:32 user devstack@n-api.service[65189]: DEBUG oslo_db.sqlalchemy.engines [None req-4a6aa034-d067-43a7-bdf5-0036e974e3e8 None None] MySQL server mode set to STRICT_TRANS_TABLES,STRICT_ALL_TABLES,NO_ZERO_IN_DATE,NO_ZERO_DATE,ERROR_FOR_DIVISION_BY_ZERO,TRADITIONAL,NO_ENGINE_SUBSTITUTION {{(pid=65189) _check_effective_sql_mode /opt/stack/data/venv/lib/python3.10/site-packages/oslo_db/sqlalchemy/engines.py:342}}
Nov 30 07:00:32 user devstack@n-api.service[65189]: DEBUG dbcounter [-] [65189] Writer thread running {{(pid=65189) stat_writer /opt/stack/data/venv/lib/python3.10/site-packages/dbcounter.py:102}}
Nov 30 07:00:32 user devstack@n-api.service[65190]: WARNING keystonemiddleware.auth_token [None req-1dea5cb1-99b0-4f86-962a-651d7574b8e9 None None] AuthToken middleware is set with keystone_authtoken.service_token_roles_required set to False. This is backwards compatible but deprecated behaviour. Please set this to True.
Nov 30 07:00:32 user devstack@n-api.service[65190]: WARNING keystonemiddleware.auth_token [None req-1dea5cb1-99b0-4f86-962a-651d7574b8e9 None None] Configuring www_authenticate_uri to point to the public identity endpoint is required; clients may not be able to authenticate against an admin endpoint
Nov 30 07:00:32 user devstack@n-api.service[65188]: WARNING keystonemiddleware.auth_token [None req-99220c55-4ed2-49cf-8942-b48de24875a3 None None] AuthToken middleware is set with keystone_authtoken.service_token_roles_required set to False. This is backwards compatible but deprecated behaviour. Please set this to True.
Nov 30 07:00:32 user devstack@n-api.service[65188]: WARNING keystonemiddleware.auth_token [None req-99220c55-4ed2-49cf-8942-b48de24875a3 None None] Configuring www_authenticate_uri to point to the public identity endpoint is required; clients may not be able to authenticate against an admin endpoint
Nov 30 07:00:32 user devstack@n-api.service[65190]: WARNING keystonemiddleware.auth_token [None req-1dea5cb1-99b0-4f86-962a-651d7574b8e9 None None] AuthToken middleware is set with keystone_authtoken.service_token_roles_required set to False. This is backwards compatible but deprecated behaviour. Please set this to True.
Nov 30 07:00:32 user devstack@n-api.service[65190]: WARNING keystonemiddleware.auth_token [None req-1dea5cb1-99b0-4f86-962a-651d7574b8e9 None None] Configuring www_authenticate_uri to point to the public identity endpoint is required; clients may not be able to authenticate against an admin endpoint
Nov 30 07:00:32 user devstack@n-api.service[65190]: WSGI app 0 (mountpoint='') ready in 5 seconds on interpreter 0x558904f37b90 pid: 65190 (default app)
Nov 30 07:00:32 user devstack@n-api.service[65190]: DEBUG nova.api.openstack.wsgi [None req-1dea5cb1-99b0-4f86-962a-651d7574b8e9 None None] Calling method '>' {{(pid=65190) _process_stack /opt/stack/nova/nova/api/openstack/wsgi.py:513}}
Nov 30 07:00:32 user devstack@n-api.service[65190]: INFO nova.api.openstack.requestlog [None req-1dea5cb1-99b0-4f86-962a-651d7574b8e9 None None] 10.0.0.210 "GET /compute/v2.1/" status: 200 len: 387 microversion: 2.1 time: 0.001492
Nov 30 07:00:32 user devstack@n-api.service[65190]: [pid: 65190|app: 0|req: 1/1] 10.0.0.210 () {50 vars in 783 bytes} [Thu Nov 30 07:00:32 2023] GET /compute/v2.1/ => generated 387 bytes in 3 msecs (HTTP/1.1 200) 9 headers in 357 bytes (1 switches on core 0)
Nov 30 07:00:32 user devstack@n-api.service[65189]: WARNING keystonemiddleware.auth_token [None req-4a6aa034-d067-43a7-bdf5-0036e974e3e8 None None] AuthToken middleware is set with keystone_authtoken.service_token_roles_required set to False. This is backwards compatible but deprecated behaviour. Please set this to True.
Nov 30 07:00:32 user devstack@n-api.service[65189]: WARNING keystonemiddleware.auth_token [None req-4a6aa034-d067-43a7-bdf5-0036e974e3e8 None None] Configuring www_authenticate_uri to point to the public identity endpoint is required; clients may not be able to authenticate against an admin endpoint
Nov 30 07:00:32 user devstack@n-api.service[65188]: WARNING keystonemiddleware.auth_token [None req-99220c55-4ed2-49cf-8942-b48de24875a3 None None] AuthToken middleware is set with keystone_authtoken.service_token_roles_required set to False. This is backwards compatible but deprecated behaviour. Please set this to True.
Nov 30 07:00:32 user devstack@n-api.service[65188]: WARNING keystonemiddleware.auth_token [None req-99220c55-4ed2-49cf-8942-b48de24875a3 None None] Configuring www_authenticate_uri to point to the public identity endpoint is required; clients may not be able to authenticate against an admin endpoint
Nov 30 07:00:32 user devstack@n-api.service[65188]: WSGI app 0 (mountpoint='') ready in 5 seconds on interpreter 0x558904f37b90 pid: 65188 (default app)
Nov 30 07:00:32 user devstack@n-api.service[65189]: WARNING keystonemiddleware.auth_token [None req-4a6aa034-d067-43a7-bdf5-0036e974e3e8 None None] AuthToken middleware is set with keystone_authtoken.service_token_roles_required set to False. This is backwards compatible but deprecated behaviour. Please set this to True.
Nov 30 07:00:32 user devstack@n-api.service[65189]: WARNING keystonemiddleware.auth_token [None req-4a6aa034-d067-43a7-bdf5-0036e974e3e8 None None] Configuring www_authenticate_uri to point to the public identity endpoint is required; clients may not be able to authenticate against an admin endpoint
Nov 30 07:00:32 user devstack@n-api.service[65189]: WSGI app 0 (mountpoint='') ready in 5 seconds on interpreter 0x558904f37b90 pid: 65189 (default app)
Nov 30 07:02:41 user devstack@n-api.service[65190]: DEBUG nova.api.openstack.wsgi [None req-1dea5cb1-99b0-4f86-962a-651d7574b8e9 None None] Calling method '>' {{(pid=65190) _process_stack /opt/stack/nova/nova/api/openstack/wsgi.py:513}}
Nov 30 07:02:41 user devstack@n-api.service[65190]: INFO nova.api.openstack.requestlog [None req-1dea5cb1-99b0-4f86-962a-651d7574b8e9 None None] 10.0.0.210 "GET /compute/v2.1" status: 200 len: 387 microversion: 2.1 time: 0.001498
Nov 30 07:02:41 user devstack@n-api.service[65190]: [pid: 65190|app: 0|req: 2/2] 10.0.0.210 () {54 vars in 925 bytes} [Thu Nov 30 07:02:41 2023] GET /compute/v2.1 => generated 387 bytes in 2 msecs (HTTP/1.1 200) 9 headers in 357 bytes (1 switches on core 0)
Nov 30 07:02:41 user devstack@n-api.service[65188]: DEBUG dbcounter [-] [65188] Writing DB stats nova_api:SELECT=3 {{(pid=65188) stat_writer /opt/stack/data/venv/lib/python3.10/site-packages/dbcounter.py:115}}
Nov 30 07:02:41 user devstack@n-api.service[65188]: DEBUG dbcounter [-] [65188] Writing DB stats nova_cell1:SELECT=3 {{(pid=65188) stat_writer /opt/stack/data/venv/lib/python3.10/site-packages/dbcounter.py:115}}
Nov 30 07:02:41 user devstack@n-api.service[65188]: DEBUG dbcounter [-] [65188] Writing DB stats nova_cell0:SELECT=3 {{(pid=65188) stat_writer /opt/stack/data/venv/lib/python3.10/site-packages/dbcounter.py:115}}
Nov 30 07:02:41 user devstack@n-api.service[65188]: DEBUG dbcounter [-] [65188] Writing DB stats nova_cell0:SELECT=3 {{(pid=65188) stat_writer /opt/stack/data/venv/lib/python3.10/site-packages/dbcounter.py:115}}
Nov 30 07:02:42 user devstack@n-api.service[65188]: DEBUG nova.api.openstack.wsgi [None req-71295c53-3333-4e68-b007-612c284fba24 admin admin] Calling method '>' {{(pid=65188) _process_stack /opt/stack/nova/nova/api/openstack/wsgi.py:513}}
Nov 30 07:02:42 user devstack@n-api.service[65188]: INFO nova.api.openstack.requestlog [None req-71295c53-3333-4e68-b007-612c284fba24 admin admin] 10.0.0.210 "GET /compute/v2.1/flavors/detail?is_public=True" status: 200 len: 15 microversion: 2.61 time: 0.401410
Nov 30 07:02:42 user devstack@n-api.service[65188]: [pid: 65188|app: 0|req: 1/3] 10.0.0.210 () {60 vars in 1286 bytes} [Thu Nov 30 07:02:41 2023] GET /compute/v2.1/flavors/detail?is_public=True => generated 15 bytes in 403 msecs (HTTP/1.1 200) 9 headers in 358 bytes (1 switches on core 0)
Nov 30 07:02:44 user devstack@n-api.service[65189]: DEBUG nova.api.openstack.wsgi [None req-4a6aa034-d067-43a7-bdf5-0036e974e3e8 None None] Calling method '>' {{(pid=65189) _process_stack /opt/stack/nova/nova/api/openstack/wsgi.py:513}}
Nov 30 07:02:44 user devstack@n-api.service[65189]: INFO nova.api.openstack.requestlog [None req-4a6aa034-d067-43a7-bdf5-0036e974e3e8 None None] 10.0.0.210 "GET /compute/v2.1" status: 200 len: 387 microversion: 2.1 time: 0.003115
Nov 30 07:02:44 user devstack@n-api.service[65189]: [pid: 65189|app: 0|req: 1/4] 10.0.0.210 () {54 vars in 925 bytes} [Thu Nov 30 07:02:44 2023] GET /compute/v2.1 => generated 387 bytes in 5 msecs (HTTP/1.1 200) 9 headers in 357 bytes (1 switches on core 0)
Nov 30 07:02:44 user devstack@n-api.service[65190]: DEBUG dbcounter [-] [65190] Writing DB stats nova_api:SELECT=3 {{(pid=65190) stat_writer /opt/stack/data/venv/lib/python3.10/site-packages/dbcounter.py:115}}
Nov 30 07:02:44 user devstack@n-api.service[65190]: DEBUG dbcounter [-] [65190] Writing DB stats nova_cell0:SELECT=3 {{(pid=65190) stat_writer /opt/stack/data/venv/lib/python3.10/site-packages/dbcounter.py:115}}
Nov 30 07:02:44 user devstack@n-api.service[65190]: DEBUG dbcounter [-] [65190] Writing DB stats nova_cell1:SELECT=3 {{(pid=65190) stat_writer /opt/stack/data/venv/lib/python3.10/site-packages/dbcounter.py:115}}
Nov 30 07:02:44 user devstack@n-api.service[65190]: DEBUG dbcounter [-] [65190] Writing DB stats nova_cell0:SELECT=6,nova_cell0:INSERT=1 {{(pid=65190) stat_writer /opt/stack/data/venv/lib/python3.10/site-packages/dbcounter.py:115}}
Nov 30 07:02:44 user devstack@n-api.service[65190]: DEBUG nova.api.openstack.wsgi [None req-fc3afa0e-a890-4adf-9f42-e2168258bbbf admin admin] Action: 'create', calling method: >, body: {"flavor": {"swap": 0, "OS-FLV-EXT-DATA:ephemeral": 0, "disk": 1, "ram": 256, "vcpus": 1, "os-flavor-access:is_public": true, "name": "cirros256", "rxtx_factor": 1.0, "id": "c1"}} {{(pid=65190) _process_stack /opt/stack/nova/nova/api/openstack/wsgi.py:511}}
Nov 30 07:02:44 user devstack@n-api.service[65190]: INFO nova.api.openstack.requestlog [None req-fc3afa0e-a890-4adf-9f42-e2168258bbbf admin admin] 10.0.0.210 "POST /compute/v2.1/flavors" status: 200 len: 405 microversion: 2.61 time: 0.314860
Nov 30 07:02:44 user devstack@n-api.service[65190]: [pid: 65190|app: 0|req: 3/5] 10.0.0.210 () {64 vars in 1277 bytes} [Thu Nov 30 07:02:44 2023] POST /compute/v2.1/flavors => generated 405 bytes in 316 msecs (HTTP/1.1 200) 9 headers in 359 bytes (1 switches on core 0)
Nov 30 07:02:44 user devstack@n-api.service[65188]: DEBUG nova.api.openstack.wsgi [None req-f0cdd780-4baa-4a35-9e79-b01f289f0a56 admin admin] Action: 'create', calling method: >, body: {"extra_specs": {"hw_rng:allowed": "True"}} {{(pid=65188) _process_stack /opt/stack/nova/nova/api/openstack/wsgi.py:511}}
Nov 30 07:02:44 user devstack@n-api.service[65188]: INFO nova.api.openstack.requestlog [None req-f0cdd780-4baa-4a35-9e79-b01f289f0a56 admin admin] 10.0.0.210 "POST /compute/v2.1/flavors/c1/os-extra_specs" status: 200 len: 43 microversion: 2.61 time: 0.114689
Nov 30 07:02:44 user devstack@n-api.service[65188]: [pid: 65188|app: 0|req: 2/6] 10.0.0.210 () {64 vars in 1330 bytes} [Thu Nov 30 07:02:44 2023] POST /compute/v2.1/flavors/c1/os-extra_specs => generated 43 bytes in 121 msecs (HTTP/1.1 200) 9 headers in 358 bytes (1 switches on core 0)
Nov 30 07:02:46 user devstack@n-api.service[65189]: DEBUG nova.api.openstack.wsgi [None req-4a6aa034-d067-43a7-bdf5-0036e974e3e8 None None] Calling method '>' {{(pid=65189) _process_stack /opt/stack/nova/nova/api/openstack/wsgi.py:513}}
Nov 30 07:02:46 user devstack@n-api.service[65189]: INFO nova.api.openstack.requestlog [None req-4a6aa034-d067-43a7-bdf5-0036e974e3e8 None None] 10.0.0.210 "GET /compute/v2.1" status: 200 len: 387 microversion: 2.1 time: 0.001457
Nov 30 07:02:46 user devstack@n-api.service[65189]: [pid: 65189|app: 0|req: 2/7] 10.0.0.210 () {54 vars in 925 bytes} [Thu Nov 30 07:02:46 2023] GET /compute/v2.1 => generated 387 bytes in 2 msecs (HTTP/1.1 200) 9 headers in 357 bytes (1 switches on core 0)
Nov 30 07:02:46 user devstack@n-api.service[65190]: DEBUG nova.api.openstack.wsgi [None req-1e09697c-626e-4898-9c31-575c722ea8a5 admin admin] Action: 'create', calling method: >, body: {"flavor": {"OS-FLV-EXT-DATA:ephemeral": 0, "ram": 512, "os-flavor-access:is_public": true, "disk": 5, "swap": 0, "vcpus": 1, "rxtx_factor": 1.0, "id": "d1", "name": "ds512M"}} {{(pid=65190) _process_stack /opt/stack/nova/nova/api/openstack/wsgi.py:511}}
Nov 30 07:02:46 user devstack@n-api.service[65190]: INFO nova.api.openstack.requestlog [None req-1e09697c-626e-4898-9c31-575c722ea8a5 admin admin] 10.0.0.210 "POST /compute/v2.1/flavors" status: 200 len: 402 microversion: 2.61 time: 0.070036
Nov 30 07:02:46 user devstack@n-api.service[65190]: [pid: 65190|app: 0|req: 4/8] 10.0.0.210 () {64 vars in 1277 bytes} [Thu Nov 30 07:02:46 2023] POST /compute/v2.1/flavors => generated 402 bytes in 71 msecs (HTTP/1.1 200) 9 headers in 359 bytes (1 switches on core 0)
Nov 30 07:02:46 user devstack@n-api.service[65188]: DEBUG nova.api.openstack.wsgi [None req-46e1cc7b-ba68-4c7c-995e-3fcc26ee47c3 admin admin] Action: 'create', calling method: >, body: {"extra_specs": {"hw_rng:allowed": "True"}} {{(pid=65188) _process_stack /opt/stack/nova/nova/api/openstack/wsgi.py:511}}
Nov 30 07:02:46 user devstack@n-api.service[65188]: INFO nova.api.openstack.requestlog [None req-46e1cc7b-ba68-4c7c-995e-3fcc26ee47c3 admin admin] 10.0.0.210 "POST /compute/v2.1/flavors/d1/os-extra_specs" status: 200 len: 43 microversion: 2.61 time: 0.027928
Nov 30 07:02:46 user devstack@n-api.service[65188]: [pid: 65188|app: 0|req: 3/9] 10.0.0.210 () {64 vars in 1330 bytes} [Thu Nov 30 07:02:46 2023] POST /compute/v2.1/flavors/d1/os-extra_specs => generated 43 bytes in 31 msecs (HTTP/1.1 200) 9 headers in 358 bytes (1 switches on core 0)
Nov 30 07:02:48 user devstack@n-api.service[65189]: DEBUG nova.api.openstack.wsgi [None req-4a6aa034-d067-43a7-bdf5-0036e974e3e8 None None] Calling method '>' {{(pid=65189) _process_stack /opt/stack/nova/nova/api/openstack/wsgi.py:513}}
Nov 30 07:02:48 user devstack@n-api.service[65189]: INFO nova.api.openstack.requestlog [None req-4a6aa034-d067-43a7-bdf5-0036e974e3e8 None None] 10.0.0.210 "GET /compute/v2.1" status: 200 len: 387 microversion: 2.1 time: 0.001655
Nov 30 07:02:48 user devstack@n-api.service[65189]: [pid: 65189|app: 0|req: 3/10] 10.0.0.210 () {54 vars in 925 bytes} [Thu Nov 30 07:02:48 2023] GET /compute/v2.1 => generated 387 bytes in 3 msecs (HTTP/1.1 200) 9 headers in 357 bytes (1 switches on core 0)
Nov 30 07:02:48 user devstack@n-api.service[65190]: DEBUG nova.api.openstack.wsgi [None req-453928f0-3e46-42d3-9553-34d82fe2d81d admin admin] Action: 'create', calling method: >, body: {"flavor": {"name": "ds1G", "id": "d2", "rxtx_factor": 1.0, "OS-FLV-EXT-DATA:ephemeral": 0, "swap": 0, "os-flavor-access:is_public": true, "vcpus": 1, "ram": 1024, "disk": 10}} {{(pid=65190) _process_stack /opt/stack/nova/nova/api/openstack/wsgi.py:511}}
Nov 30 07:02:48 user devstack@n-api.service[65190]: INFO nova.api.openstack.requestlog [None req-453928f0-3e46-42d3-9553-34d82fe2d81d admin admin] 10.0.0.210 "POST /compute/v2.1/flavors" status: 200 len: 402 microversion: 2.61 time: 0.073733
Nov 30 07:02:48 user devstack@n-api.service[65190]: [pid: 65190|app: 0|req: 5/11] 10.0.0.210 () {64 vars in 1277 bytes} [Thu Nov 30 07:02:48 2023] POST /compute/v2.1/flavors => generated 402 bytes in 75 msecs (HTTP/1.1 200) 9 headers in 359 bytes (2 switches on core 0)
Nov 30 07:02:48 user devstack@n-api.service[65188]: DEBUG nova.api.openstack.wsgi [None req-020dad8e-2bdc-43aa-9662-38a674989f46 admin admin] Action: 'create', calling method: >, body: {"extra_specs": {"hw_rng:allowed": "True"}} {{(pid=65188) _process_stack /opt/stack/nova/nova/api/openstack/wsgi.py:511}}
Nov 30 07:02:48 user devstack@n-api.service[65188]: INFO nova.api.openstack.requestlog [None req-020dad8e-2bdc-43aa-9662-38a674989f46 admin admin] 10.0.0.210 "POST /compute/v2.1/flavors/d2/os-extra_specs" status: 200 len: 43 microversion: 2.61 time: 0.030638
Nov 30 07:02:48 user devstack@n-api.service[65188]: [pid: 65188|app: 0|req: 4/12] 10.0.0.210 () {64 vars in 1330 bytes} [Thu Nov 30 07:02:48 2023] POST /compute/v2.1/flavors/d2/os-extra_specs => generated 43 bytes in 32 msecs (HTTP/1.1 200) 9 headers in 358 bytes (1 switches on core 0)
Nov 30 07:02:50 user devstack@n-api.service[65189]: DEBUG nova.api.openstack.wsgi [None req-4a6aa034-d067-43a7-bdf5-0036e974e3e8 None None] Calling method '>' {{(pid=65189) _process_stack /opt/stack/nova/nova/api/openstack/wsgi.py:513}}
Nov 30 07:02:50 user devstack@n-api.service[65189]: INFO nova.api.openstack.requestlog [None req-4a6aa034-d067-43a7-bdf5-0036e974e3e8 None None] 10.0.0.210 "GET /compute/v2.1" status: 200 len: 387 microversion: 2.1 time: 0.004207
Nov 30 07:02:50 user devstack@n-api.service[65189]: [pid: 65189|app: 0|req: 4/13] 10.0.0.210 () {54 vars in 925 bytes} [Thu Nov 30 07:02:50 2023] GET /compute/v2.1 => generated 387 bytes in 8 msecs (HTTP/1.1 200) 9 headers in 357 bytes (1 switches on core 0)
Nov 30 07:02:50 user devstack@n-api.service[65190]: DEBUG nova.api.openstack.wsgi [None req-fd41f644-7255-44b6-a50b-4083e1654895 admin admin] Action: 'create', calling method: >, body: {"flavor": {"os-flavor-access:is_public": true, "ram": 2048, "swap": 0, "OS-FLV-EXT-DATA:ephemeral": 0, "name": "ds2G", "vcpus": 2, "rxtx_factor": 1.0, "id": "d3", "disk": 10}} {{(pid=65190) _process_stack /opt/stack/nova/nova/api/openstack/wsgi.py:511}}
Nov 30 07:02:50 user devstack@n-api.service[65190]: INFO nova.api.openstack.requestlog [None req-fd41f644-7255-44b6-a50b-4083e1654895 admin admin] 10.0.0.210 "POST /compute/v2.1/flavors" status: 200 len: 402 microversion: 2.61 time: 0.105449
Nov 30 07:02:50 user devstack@n-api.service[65190]: [pid: 65190|app: 0|req: 6/14] 10.0.0.210 () {64 vars in 1277 bytes} [Thu Nov 30 07:02:50 2023] POST /compute/v2.1/flavors => generated 402 bytes in 108 msecs (HTTP/1.1 200) 9 headers in 359 bytes (1 switches on core 0)
Nov 30 07:02:50 user devstack@n-api.service[65188]: DEBUG nova.api.openstack.wsgi [None req-8b4f62a3-3491-419a-bbdc-4686be084b9c admin admin] Action: 'create', calling method: >, body: {"extra_specs": {"hw_rng:allowed": "True"}} {{(pid=65188) _process_stack /opt/stack/nova/nova/api/openstack/wsgi.py:511}}
Nov 30 07:02:50 user devstack@n-api.service[65188]: INFO nova.api.openstack.requestlog [None req-8b4f62a3-3491-419a-bbdc-4686be084b9c admin admin] 10.0.0.210 "POST /compute/v2.1/flavors/d3/os-extra_specs" status: 200 len: 43 microversion: 2.61 time: 0.025583
Nov 30 07:02:50 user devstack@n-api.service[65188]: [pid: 65188|app: 0|req: 5/15] 10.0.0.210 () {64 vars in 1330 bytes} [Thu Nov 30 07:02:50 2023] POST /compute/v2.1/flavors/d3/os-extra_specs => generated 43 bytes in 27 msecs (HTTP/1.1 200) 9 headers in 358 bytes (1 switches on core 0)
Nov 30 07:02:52 user devstack@n-api.service[65189]: DEBUG nova.api.openstack.wsgi [None req-4a6aa034-d067-43a7-bdf5-0036e974e3e8 None None] Calling method '>' {{(pid=65189) _process_stack /opt/stack/nova/nova/api/openstack/wsgi.py:513}}
Nov 30 07:02:52 user devstack@n-api.service[65189]: INFO nova.api.openstack.requestlog [None req-4a6aa034-d067-43a7-bdf5-0036e974e3e8 None None] 10.0.0.210 "GET /compute/v2.1" status: 200 len: 387 microversion: 2.1 time: 0.001399
Nov 30 07:02:52 user devstack@n-api.service[65189]: [pid: 65189|app: 0|req: 5/16] 10.0.0.210 () {54 vars in 925 bytes} [Thu Nov 30 07:02:52 2023] GET /compute/v2.1 => generated 387 bytes in 2 msecs (HTTP/1.1 200) 9 headers in 357 bytes (1 switches on core 0)
Nov 30 07:02:52 user devstack@n-api.service[65190]: DEBUG nova.api.openstack.wsgi [None req-bbdf8880-cb24-415d-82ce-2e21f2e4c20f admin admin] Action: 'create', calling method: >, body: {"flavor": {"vcpus": 4, "id": "d4", "OS-FLV-EXT-DATA:ephemeral": 0, "rxtx_factor": 1.0, "disk": 20, "ram": 4096, "os-flavor-access:is_public": true, "swap": 0, "name": "ds4G"}} {{(pid=65190) _process_stack /opt/stack/nova/nova/api/openstack/wsgi.py:511}}
Nov 30 07:02:52 user devstack@n-api.service[65190]: INFO nova.api.openstack.requestlog [None req-bbdf8880-cb24-415d-82ce-2e21f2e4c20f admin admin] 10.0.0.210 "POST /compute/v2.1/flavors" status: 200 len: 402 microversion: 2.61 time: 0.068889
Nov 30 07:02:52 user devstack@n-api.service[65190]: [pid: 65190|app: 0|req: 7/17] 10.0.0.210 () {64 vars in 1277 bytes} [Thu Nov 30 07:02:52 2023] POST /compute/v2.1/flavors => generated 402 bytes in 70 msecs (HTTP/1.1 200) 9 headers in 359 bytes (1 switches on core 0)
Nov 30 07:02:52 user devstack@n-api.service[65188]: DEBUG nova.api.openstack.wsgi [None req-774dd6b2-9964-4c25-b53c-9dd76596d74c admin admin] Action: 'create', calling method: >, body: {"extra_specs": {"hw_rng:allowed": "True"}} {{(pid=65188) _process_stack /opt/stack/nova/nova/api/openstack/wsgi.py:511}}
Nov 30 07:02:52 user devstack@n-api.service[65188]: INFO nova.api.openstack.requestlog [None req-774dd6b2-9964-4c25-b53c-9dd76596d74c admin admin] 10.0.0.210 "POST /compute/v2.1/flavors/d4/os-extra_specs" status: 200 len: 43 microversion: 2.61 time: 0.025049
Nov 30 07:02:52 user devstack@n-api.service[65188]: [pid: 65188|app: 0|req: 6/18] 10.0.0.210 () {64 vars in 1330 bytes} [Thu Nov 30 07:02:52 2023] POST /compute/v2.1/flavors/d4/os-extra_specs => generated 43 bytes in 26 msecs (HTTP/1.1 200) 9 headers in 358 bytes (1 switches on core 0)
Nov 30 07:02:54 user devstack@n-api.service[65189]: DEBUG nova.api.openstack.wsgi [None req-4a6aa034-d067-43a7-bdf5-0036e974e3e8 None None] Calling method '>' {{(pid=65189) _process_stack /opt/stack/nova/nova/api/openstack/wsgi.py:513}}
Nov 30 07:02:54 user devstack@n-api.service[65189]: INFO nova.api.openstack.requestlog [None req-4a6aa034-d067-43a7-bdf5-0036e974e3e8 None None] 10.0.0.210 "GET /compute/v2.1" status: 200 len: 387 microversion: 2.1 time: 0.001387
Nov 30 07:02:54 user devstack@n-api.service[65189]: [pid: 65189|app: 0|req: 6/19] 10.0.0.210 () {54 vars in 925 bytes} [Thu Nov 30 07:02:54 2023] GET /compute/v2.1 => generated 387 bytes in 2 msecs (HTTP/1.1 200) 9 headers in 357 bytes (1 switches on core 0)
Nov 30 07:02:54 user devstack@n-api.service[65190]: DEBUG nova.api.openstack.wsgi [None req-c69ba782-f73c-40b5-86e1-f0d85cba39c8 admin admin] Calling method '>' {{(pid=65190) _process_stack /opt/stack/nova/nova/api/openstack/wsgi.py:513}}
Nov 30 07:02:54 user devstack@n-api.service[65190]: INFO nova.api.openstack.requestlog [None req-c69ba782-f73c-40b5-86e1-f0d85cba39c8 admin admin] 10.0.0.210 "GET /compute/v2.1/flavors/detail?is_public=True" status: 200 len: 2096 microversion: 2.61 time: 0.073629
Nov 30 07:02:54 user devstack@n-api.service[65190]: [pid: 65190|app: 0|req: 8/20] 10.0.0.210 () {60 vars in 1286 bytes} [Thu Nov 30 07:02:54 2023] GET /compute/v2.1/flavors/detail?is_public=True => generated 2096 bytes in 75 msecs (HTTP/1.1 200) 9 headers in 360 bytes (1 switches on core 0)
Nov 30 07:02:56 user devstack@n-api.service[65188]: DEBUG nova.api.openstack.wsgi [None req-774dd6b2-9964-4c25-b53c-9dd76596d74c admin admin] Calling method '>' {{(pid=65188) _process_stack /opt/stack/nova/nova/api/openstack/wsgi.py:513}}
Nov 30 07:02:56 user devstack@n-api.service[65188]: INFO nova.api.openstack.requestlog [None req-774dd6b2-9964-4c25-b53c-9dd76596d74c admin admin] 10.0.0.210 "GET /compute/v2.1" status: 200 len: 387 microversion: 2.1 time: 0.002378
Nov 30 07:02:56 user devstack@n-api.service[65188]: [pid: 65188|app: 0|req: 7/21] 10.0.0.210 () {54 vars in 925 bytes} [Thu Nov 30 07:02:56 2023] GET /compute/v2.1 => generated 387 bytes in 3 msecs (HTTP/1.1 200) 9 headers in 357 bytes (1 switches on core 0)
Nov 30 07:02:56 user devstack@n-api.service[65189]: DEBUG dbcounter [-] [65189] Writing DB stats nova_api:SELECT=3 {{(pid=65189) stat_writer /opt/stack/data/venv/lib/python3.10/site-packages/dbcounter.py:115}}
Nov 30 07:02:56 user devstack@n-api.service[65189]: DEBUG dbcounter [-] [65189] Writing DB stats nova_cell0:SELECT=3 {{(pid=65189) stat_writer /opt/stack/data/venv/lib/python3.10/site-packages/dbcounter.py:115}}
Nov 30 07:02:56 user devstack@n-api.service[65189]: DEBUG dbcounter [-] [65189] Writing DB stats nova_cell1:SELECT=3 {{(pid=65189) stat_writer /opt/stack/data/venv/lib/python3.10/site-packages/dbcounter.py:115}}
Nov 30 07:02:56 user devstack@n-api.service[65189]: DEBUG dbcounter [-] [65189] Writing DB stats nova_cell0:SELECT=3 {{(pid=65189) stat_writer /opt/stack/data/venv/lib/python3.10/site-packages/dbcounter.py:115}}
Nov 30 07:02:57 user devstack@n-api.service[65189]: DEBUG nova.api.openstack.wsgi [None req-e39f4640-1eca-4004-9a1c-75137398d355 admin admin] Action: 'create', calling method: >, body: {"flavor": {"vcpus": 1, "swap": 0, "rxtx_factor": 1.0, "os-flavor-access:is_public": true, "OS-FLV-EXT-DATA:ephemeral": 0, "disk": 1, "ram": 512, "name": "m1.tiny", "id": "1"}} {{(pid=65189) _process_stack /opt/stack/nova/nova/api/openstack/wsgi.py:511}}
Nov 30 07:02:57 user devstack@n-api.service[65189]: INFO nova.api.openstack.requestlog [None req-e39f4640-1eca-4004-9a1c-75137398d355 admin admin] 10.0.0.210 "POST /compute/v2.1/flavors" status: 200 len: 400 microversion: 2.61 time: 0.354326
Nov 30 07:02:57 user devstack@n-api.service[65189]: [pid: 65189|app: 0|req: 7/22] 10.0.0.210 () {64 vars in 1277 bytes} [Thu Nov 30 07:02:56 2023] POST /compute/v2.1/flavors => generated 400 bytes in 356 msecs (HTTP/1.1 200) 9 headers in 359 bytes (1 switches on core 0)
Nov 30 07:02:57 user devstack@n-api.service[65190]: DEBUG nova.api.openstack.wsgi [None req-63ed2cbc-e841-4cf6-bcdc-ed329b44f728 admin admin] Action: 'create', calling method: >, body: {"extra_specs": {"hw_rng:allowed": "True"}} {{(pid=65190) _process_stack /opt/stack/nova/nova/api/openstack/wsgi.py:511}}
Nov 30 07:02:57 user devstack@n-api.service[65190]: INFO nova.api.openstack.requestlog [None req-63ed2cbc-e841-4cf6-bcdc-ed329b44f728 admin admin] 10.0.0.210 "POST /compute/v2.1/flavors/1/os-extra_specs" status: 200 len: 43 microversion: 2.61 time: 0.032710
Nov 30 07:02:57 user devstack@n-api.service[65190]: [pid: 65190|app: 0|req: 9/23] 10.0.0.210 () {64 vars in 1327 bytes} [Thu Nov 30 07:02:57 2023] POST /compute/v2.1/flavors/1/os-extra_specs => generated 43 bytes in 34 msecs (HTTP/1.1 200) 9 headers in 358 bytes (1 switches on core 0)
Nov 30 07:02:59 user devstack@n-api.service[65188]: DEBUG nova.api.openstack.wsgi [None req-774dd6b2-9964-4c25-b53c-9dd76596d74c admin admin] Calling method '>' {{(pid=65188) _process_stack /opt/stack/nova/nova/api/openstack/wsgi.py:513}}
Nov 30 07:02:59 user devstack@n-api.service[65188]: INFO nova.api.openstack.requestlog [None req-774dd6b2-9964-4c25-b53c-9dd76596d74c admin admin] 10.0.0.210 "GET /compute/v2.1" status: 200 len: 387 microversion: 2.1 time: 0.001599
Nov 30 07:02:59 user devstack@n-api.service[65188]: [pid: 65188|app: 0|req: 8/24] 10.0.0.210 () {54 vars in 925 bytes} [Thu Nov 30 07:02:59 2023] GET /compute/v2.1 => generated 387 bytes in 3 msecs (HTTP/1.1 200) 9 headers in 357 bytes (1 switches on core 0)
Nov 30 07:02:59 user devstack@n-api.service[65189]: DEBUG nova.api.openstack.wsgi [None req-64069321-0612-4ef3-9473-1ce8e9a72995 admin admin] Action: 'create', calling method: >, body: {"flavor": {"OS-FLV-EXT-DATA:ephemeral": 0, "os-flavor-access:is_public": true, "swap": 0, "rxtx_factor": 1.0, "vcpus": 1, "id": "2", "disk": 20, "name": "m1.small", "ram": 2048}} {{(pid=65189) _process_stack /opt/stack/nova/nova/api/openstack/wsgi.py:511}}
Nov 30 07:02:59 user devstack@n-api.service[65189]: INFO nova.api.openstack.requestlog [None req-64069321-0612-4ef3-9473-1ce8e9a72995 admin admin] 10.0.0.210 "POST /compute/v2.1/flavors" status: 200 len: 403 microversion: 2.61 time: 0.061072
Nov 30 07:02:59 user devstack@n-api.service[65189]: [pid: 65189|app: 0|req: 8/25] 10.0.0.210 () {64 vars in 1277 bytes} [Thu Nov 30 07:02:59 2023] POST /compute/v2.1/flavors => generated 403 bytes in 62 msecs (HTTP/1.1 200) 9 headers in 359 bytes (1 switches on core 0)
Nov 30 07:02:59 user devstack@n-api.service[65190]: DEBUG nova.api.openstack.wsgi [None req-14dcf933-88b2-4067-83aa-c54a8579753f admin admin] Action: 'create', calling method: >, body: {"extra_specs": {"hw_rng:allowed": "True"}} {{(pid=65190) _process_stack /opt/stack/nova/nova/api/openstack/wsgi.py:511}}
Nov 30 07:02:59 user devstack@n-api.service[65190]: INFO nova.api.openstack.requestlog [None req-14dcf933-88b2-4067-83aa-c54a8579753f admin admin] 10.0.0.210 "POST /compute/v2.1/flavors/2/os-extra_specs" status: 200 len: 43 microversion: 2.61 time: 0.025950
Nov 30 07:02:59 user devstack@n-api.service[65190]: [pid: 65190|app: 0|req: 10/26] 10.0.0.210 () {64 vars in 1327 bytes} [Thu Nov 30 07:02:59 2023] POST /compute/v2.1/flavors/2/os-extra_specs => generated 43 bytes in 27 msecs (HTTP/1.1 200) 9 headers in 358 bytes (1 switches on core 0)
Nov 30 07:03:01 user devstack@n-api.service[65188]: DEBUG nova.api.openstack.wsgi [None req-774dd6b2-9964-4c25-b53c-9dd76596d74c admin admin] Calling method '>' {{(pid=65188) _process_stack /opt/stack/nova/nova/api/openstack/wsgi.py:513}}
Nov 30 07:03:01 user devstack@n-api.service[65188]: INFO nova.api.openstack.requestlog [None req-774dd6b2-9964-4c25-b53c-9dd76596d74c admin admin] 10.0.0.210 "GET /compute/v2.1" status: 200 len: 387 microversion: 2.1 time: 0.001562
Nov 30 07:03:01 user devstack@n-api.service[65188]: [pid: 65188|app: 0|req: 9/27] 10.0.0.210 () {54 vars in 925 bytes} [Thu Nov 30 07:03:01 2023] GET /compute/v2.1 => generated 387 bytes in 2 msecs (HTTP/1.1 200) 9 headers in 357 bytes (1 switches on core 0)
Nov 30 07:03:01 user devstack@n-api.service[65189]: DEBUG nova.api.openstack.wsgi [None req-4ed4cd62-75d2-48ca-adc4-f10fb43a3918 admin admin] Action: 'create', calling method: >, body: {"flavor": {"OS-FLV-EXT-DATA:ephemeral": 0, "vcpus": 2, "disk": 40, "swap": 0, "name": "m1.medium", "os-flavor-access:is_public": true, "rxtx_factor": 1.0, "id": "3", "ram": 4096}} {{(pid=65189) _process_stack /opt/stack/nova/nova/api/openstack/wsgi.py:511}}
Nov 30 07:03:01 user devstack@n-api.service[65189]: INFO nova.api.openstack.requestlog [None req-4ed4cd62-75d2-48ca-adc4-f10fb43a3918 admin admin] 10.0.0.210 "POST /compute/v2.1/flavors" status: 200 len: 404 microversion: 2.61 time: 0.067424
Nov 30 07:03:01 user devstack@n-api.service[65189]: [pid: 65189|app: 0|req: 9/28] 10.0.0.210 () {64 vars in 1277 bytes} [Thu Nov 30 07:03:01 2023] POST /compute/v2.1/flavors => generated 404 bytes in 69 msecs (HTTP/1.1 200) 9 headers in 359 bytes (1 switches on core 0)
Nov 30 07:03:01 user devstack@n-api.service[65190]: DEBUG nova.api.openstack.wsgi [None req-8fa8be08-53ab-40cd-890f-a6c786ed45f8 admin admin] Action: 'create', calling method: >, body: {"extra_specs": {"hw_rng:allowed": "True"}} {{(pid=65190) _process_stack /opt/stack/nova/nova/api/openstack/wsgi.py:511}}
Nov 30 07:03:01 user devstack@n-api.service[65190]: INFO nova.api.openstack.requestlog [None req-8fa8be08-53ab-40cd-890f-a6c786ed45f8 admin admin] 10.0.0.210 "POST /compute/v2.1/flavors/3/os-extra_specs" status: 200 len: 43 microversion: 2.61 time: 0.028119
Nov 30 07:03:01 user devstack@n-api.service[65190]: [pid: 65190|app: 0|req: 11/29] 10.0.0.210 () {64 vars in 1327 bytes} [Thu Nov 30 07:03:01 2023] POST /compute/v2.1/flavors/3/os-extra_specs => generated 43 bytes in 29 msecs (HTTP/1.1 200) 9 headers in 358 bytes (1 switches on core 0)
Nov 30 07:03:03 user devstack@n-api.service[65188]: DEBUG nova.api.openstack.wsgi [None req-774dd6b2-9964-4c25-b53c-9dd76596d74c admin admin] Calling method '>' {{(pid=65188) _process_stack /opt/stack/nova/nova/api/openstack/wsgi.py:513}}
Nov 30 07:03:03 user devstack@n-api.service[65188]: INFO nova.api.openstack.requestlog [None req-774dd6b2-9964-4c25-b53c-9dd76596d74c admin admin] 10.0.0.210 "GET /compute/v2.1" status: 200 len: 387 microversion: 2.1 time: 0.001645
Nov 30 07:03:03 user devstack@n-api.service[65188]: [pid: 65188|app: 0|req: 10/30] 10.0.0.210 () {54 vars in 925 bytes} [Thu Nov 30 07:03:03 2023] GET /compute/v2.1 => generated 387 bytes in 3 msecs (HTTP/1.1 200) 9 headers in 357 bytes (1 switches on core 0)
Nov 30 07:03:03 user devstack@n-api.service[65189]: DEBUG nova.api.openstack.wsgi [None req-871889d6-7193-454e-8781-5c17a539da0f admin admin] Action: 'create', calling method: >, body: {"flavor": {"vcpus": 4, "OS-FLV-EXT-DATA:ephemeral": 0, "ram": 8192, "swap": 0, "rxtx_factor": 1.0, "name": "m1.large", "disk": 80, "os-flavor-access:is_public": true, "id": "4"}} {{(pid=65189) _process_stack /opt/stack/nova/nova/api/openstack/wsgi.py:511}}
Nov 30 07:03:03 user devstack@n-api.service[65189]: INFO nova.api.openstack.requestlog [None req-871889d6-7193-454e-8781-5c17a539da0f admin admin] 10.0.0.210 "POST /compute/v2.1/flavors" status: 200 len: 403 microversion: 2.61 time: 0.090951
Nov 30 07:03:03 user devstack@n-api.service[65189]: [pid: 65189|app: 0|req: 10/31] 10.0.0.210 () {64 vars in 1277 bytes} [Thu Nov 30 07:03:03 2023] POST /compute/v2.1/flavors => generated 403 bytes in 92 msecs (HTTP/1.1 200) 9 headers in 359 bytes (1 switches on core 0)
Nov 30 07:03:03 user devstack@n-api.service[65190]: DEBUG nova.api.openstack.wsgi [None req-ff0afcb2-5c41-433c-bd21-370b1cce8d22 admin admin] Action: 'create', calling method: >, body: {"extra_specs": {"hw_rng:allowed": "True"}} {{(pid=65190) _process_stack /opt/stack/nova/nova/api/openstack/wsgi.py:511}}
Nov 30 07:03:03 user devstack@n-api.service[65190]: INFO nova.api.openstack.requestlog [None req-ff0afcb2-5c41-433c-bd21-370b1cce8d22 admin admin] 10.0.0.210 "POST /compute/v2.1/flavors/4/os-extra_specs" status: 200 len: 43 microversion: 2.61 time: 0.024333
Nov 30 07:03:03 user devstack@n-api.service[65190]: [pid: 65190|app: 0|req: 12/32] 10.0.0.210 () {64 vars in 1327 bytes} [Thu Nov 30 07:03:03 2023] POST /compute/v2.1/flavors/4/os-extra_specs => generated 43 bytes in 25 msecs (HTTP/1.1 200) 9 headers in 358 bytes (1 switches on core 0)
Nov 30 07:03:05 user devstack@n-api.service[65188]: DEBUG nova.api.openstack.wsgi [None req-774dd6b2-9964-4c25-b53c-9dd76596d74c admin admin] Calling method '>' {{(pid=65188) _process_stack /opt/stack/nova/nova/api/openstack/wsgi.py:513}}
Nov 30 07:03:05 user devstack@n-api.service[65188]: INFO nova.api.openstack.requestlog [None req-774dd6b2-9964-4c25-b53c-9dd76596d74c admin admin] 10.0.0.210 "GET /compute/v2.1" status: 200 len: 387 microversion: 2.1 time: 0.001557
Nov 30 07:03:05 user devstack@n-api.service[65188]: [pid: 65188|app: 0|req: 11/33] 10.0.0.210 () {54 vars in 925 bytes} [Thu Nov 30 07:03:05 2023] GET /compute/v2.1 => generated 387 bytes in 2 msecs (HTTP/1.1 200) 9 headers in 357 bytes (1 switches on core 0)
