Oct 24 19:35:06 user devstack@n-api.service[64283]: DEBUG nova.policy [None req-37fe5401-c4d0-44dc-9b42-58b950567d01 tempest-AttachVolumeShelveTestJSON-1102094420 tempest-AttachVolumeShelveTestJSON-1102094420-project-member] Policy check for os_compute_api:servers:show:host_status failed with credentials {'is_admin': False, 'user_id': '6276d109ba03476983b16ef652ad06de', 'user_domain_id': 'default', 'system_scope': None, 'domain_id': None, 'project_id': '1eff1bf50f5d4b42805cdf8aa0f61ef5', 'project_domain_id': 'default', 'roles': ['member', 'reader'], 'is_admin_project': True, 'service_user_id': None, 'service_user_domain_id': None, 'service_project_id': None, 'service_project_domain_id': None, 'service_roles': []} {{(pid=64283) authorize /opt/stack/nova/nova/policy.py:203}}
Oct 24 19:35:06 user devstack@n-api.service[64283]: DEBUG nova.policy [None req-37fe5401-c4d0-44dc-9b42-58b950567d01 tempest-AttachVolumeShelveTestJSON-1102094420 tempest-AttachVolumeShelveTestJSON-1102094420-project-member] Policy check for os_compute_api:servers:show:host_status:unknown-only failed with credentials {'is_admin': False, 'user_id': '6276d109ba03476983b16ef652ad06de', 'user_domain_id': 'default', 'system_scope': None, 'domain_id': None, 'project_id': '1eff1bf50f5d4b42805cdf8aa0f61ef5', 'project_domain_id': 'default', 'roles': ['member', 'reader'], 'is_admin_project': True, 'service_user_id': None, 'service_user_domain_id': None, 'service_project_id': None, 'service_project_domain_id': None, 'service_roles': []} {{(pid=64283) authorize /opt/stack/nova/nova/policy.py:203}}
Oct 24 19:35:06 user devstack@n-api.service[64283]: INFO nova.api.openstack.requestlog [None req-37fe5401-c4d0-44dc-9b42-58b950567d01 tempest-AttachVolumeShelveTestJSON-1102094420 tempest-AttachVolumeShelveTestJSON-1102094420-project-member] 10.0.0.210 "GET /compute/v2.1/servers/6536a8e6-cbd3-4ba2-bb72-5b85bfe0478e" status: 200 len: 1705 microversion: 2.20 time: 0.355240
Oct 24 19:35:06 user devstack@n-api.service[64283]: [pid: 64283|app: 0|req: 42/123] 10.0.0.210 () {64 vars in 1354 bytes} [Tue Oct 24 19:35:05 2023] GET /compute/v2.1/servers/6536a8e6-cbd3-4ba2-bb72-5b85bfe0478e => generated 1705 bytes in 357 msecs (HTTP/1.1 200) 9 headers in 360 bytes (1 switches on core 0)
Oct 24 19:35:06 user devstack@n-api.service[64285]: DEBUG nova.api.openstack.wsgi [None req-f2dba653-a5f9-49f6-a32d-b71077b1cd28 tempest-DeleteServersTestJSON-1595585534 tempest-DeleteServersTestJSON-1595585534-project-member] Calling method '>' {{(pid=64285) _process_stack /opt/stack/nova/nova/api/openstack/wsgi.py:513}}
Oct 24 19:35:06 user devstack@n-api.service[64285]: DEBUG nova.compute.api [None req-f2dba653-a5f9-49f6-a32d-b71077b1cd28 tempest-DeleteServersTestJSON-1595585534 tempest-DeleteServersTestJSON-1595585534-project-member] [instance: 8a6a7b72-2b6d-43a6-ae04-8bac2b350596] Fetching instance by UUID {{(pid=64285) get /opt/stack/nova/nova/compute/api.py:2978}}
Oct 24 19:35:06 user devstack@n-api.service[64285]: DEBUG oslo_concurrency.lockutils [None req-f2dba653-a5f9-49f6-a32d-b71077b1cd28 tempest-DeleteServersTestJSON-1595585534 tempest-DeleteServersTestJSON-1595585534-project-member] Acquiring lock "91fea6f3-cfcb-48f8-a176-e7f2dbfcc8df" by "nova.context.set_target_cell..get_or_set_cached_cell_and_set_connections" {{(pid=64285) inner /opt/stack/data/venv/lib/python3.10/site-packages/oslo_concurrency/lockutils.py:404}}
Oct 24 19:35:06 user devstack@n-api.service[64285]: DEBUG oslo_concurrency.lockutils [None req-f2dba653-a5f9-49f6-a32d-b71077b1cd28 tempest-DeleteServersTestJSON-1595585534 tempest-DeleteServersTestJSON-1595585534-project-member] Lock "91fea6f3-cfcb-48f8-a176-e7f2dbfcc8df" acquired by "nova.context.set_target_cell..get_or_set_cached_cell_and_set_connections" :: waited 0.001s {{(pid=64285) inner /opt/stack/data/venv/lib/python3.10/site-packages/oslo_concurrency/lockutils.py:409}}
Oct 24 19:35:06 user devstack@n-api.service[64285]: DEBUG oslo_concurrency.lockutils [None req-f2dba653-a5f9-49f6-a32d-b71077b1cd28 tempest-DeleteServersTestJSON-1595585534 tempest-DeleteServersTestJSON-1595585534-project-member] Lock "91fea6f3-cfcb-48f8-a176-e7f2dbfcc8df" "released" by "nova.context.set_target_cell..get_or_set_cached_cell_and_set_connections" :: held 0.000s {{(pid=64285) inner /opt/stack/data/venv/lib/python3.10/site-packages/oslo_concurrency/lockutils.py:423}}
Oct 24 19:35:06 user devstack@n-api.service[64285]: DEBUG oslo_concurrency.lockutils [None req-f2dba653-a5f9-49f6-a32d-b71077b1cd28 tempest-DeleteServersTestJSON-1595585534 tempest-DeleteServersTestJSON-1595585534-project-member] Acquiring lock "91fea6f3-cfcb-48f8-a176-e7f2dbfcc8df" by "nova.context.set_target_cell..get_or_set_cached_cell_and_set_connections" {{(pid=64285) inner /opt/stack/data/venv/lib/python3.10/site-packages/oslo_concurrency/lockutils.py:404}}
Oct 24 19:35:06 user devstack@n-api.service[64285]: DEBUG oslo_concurrency.lockutils [None req-f2dba653-a5f9-49f6-a32d-b71077b1cd28 tempest-DeleteServersTestJSON-1595585534 tempest-DeleteServersTestJSON-1595585534-project-member] Lock "91fea6f3-cfcb-48f8-a176-e7f2dbfcc8df" acquired by "nova.context.set_target_cell..get_or_set_cached_cell_and_set_connections" :: waited 0.000s {{(pid=64285) inner /opt/stack/data/venv/lib/python3.10/site-packages/oslo_concurrency/lockutils.py:409}}
Oct 24 19:35:06 user devstack@n-api.service[64285]: DEBUG oslo_concurrency.lockutils [None req-f2dba653-a5f9-49f6-a32d-b71077b1cd28 tempest-DeleteServersTestJSON-1595585534 tempest-DeleteServersTestJSON-1595585534-project-member] Lock "91fea6f3-cfcb-48f8-a176-e7f2dbfcc8df" "released" by "nova.context.set_target_cell..get_or_set_cached_cell_and_set_connections" :: held 0.000s {{(pid=64285) inner /opt/stack/data/venv/lib/python3.10/site-packages/oslo_concurrency/lockutils.py:423}}
Oct 24 19:35:06 user devstack@n-api.service[64285]: DEBUG nova.compute.api [None req-f2dba653-a5f9-49f6-a32d-b71077b1cd28 tempest-DeleteServersTestJSON-1595585534 tempest-DeleteServersTestJSON-1595585534-project-member] [instance: 8a6a7b72-2b6d-43a6-ae04-8bac2b350596] Going to try to terminate instance {{(pid=64285) delete /opt/stack/nova/nova/compute/api.py:2722}}
Oct 24 19:35:06 user devstack@n-api.service[64284]: DEBUG nova.api.openstack.wsgi [None req-5a5fdb07-71f4-4c65-ace3-ca9c2eb176b5 tempest-AttachSCSIVolumeTestJSON-818943083 tempest-AttachSCSIVolumeTestJSON-818943083-project-member] Calling method '>' {{(pid=64284) _process_stack /opt/stack/nova/nova/api/openstack/wsgi.py:513}}
Oct 24 19:35:06 user devstack@n-api.service[64284]: DEBUG nova.compute.api [None req-5a5fdb07-71f4-4c65-ace3-ca9c2eb176b5 tempest-AttachSCSIVolumeTestJSON-818943083 tempest-AttachSCSIVolumeTestJSON-818943083-project-member] [instance: 781c6ee0-fccb-4153-acfa-cbb01b0450e9] Fetching instance by UUID {{(pid=64284) get /opt/stack/nova/nova/compute/api.py:2978}}
Oct 24 19:35:06 user devstack@n-api.service[64284]: DEBUG oslo_concurrency.lockutils [None req-5a5fdb07-71f4-4c65-ace3-ca9c2eb176b5 tempest-AttachSCSIVolumeTestJSON-818943083 tempest-AttachSCSIVolumeTestJSON-818943083-project-member] Acquiring lock "91fea6f3-cfcb-48f8-a176-e7f2dbfcc8df" by "nova.context.set_target_cell..get_or_set_cached_cell_and_set_connections" {{(pid=64284) inner /opt/stack/data/venv/lib/python3.10/site-packages/oslo_concurrency/lockutils.py:404}}
Oct 24 19:35:06 user devstack@n-api.service[64284]: DEBUG oslo_concurrency.lockutils [None req-5a5fdb07-71f4-4c65-ace3-ca9c2eb176b5 tempest-AttachSCSIVolumeTestJSON-818943083 tempest-AttachSCSIVolumeTestJSON-818943083-project-member] Lock "91fea6f3-cfcb-48f8-a176-e7f2dbfcc8df" acquired by "nova.context.set_target_cell..get_or_set_cached_cell_and_set_connections" :: waited 0.003s {{(pid=64284) inner /opt/stack/data/venv/lib/python3.10/site-packages/oslo_concurrency/lockutils.py:409}}
Oct 24 19:35:06 user devstack@n-api.service[64284]: DEBUG oslo_concurrency.lockutils [None req-5a5fdb07-71f4-4c65-ace3-ca9c2eb176b5 tempest-AttachSCSIVolumeTestJSON-818943083 tempest-AttachSCSIVolumeTestJSON-818943083-project-member] Lock "91fea6f3-cfcb-48f8-a176-e7f2dbfcc8df" "released" by "nova.context.set_target_cell..get_or_set_cached_cell_and_set_connections" :: held 0.001s {{(pid=64284) inner /opt/stack/data/venv/lib/python3.10/site-packages/oslo_concurrency/lockutils.py:423}}
Oct 24 19:35:06 user devstack@n-api.service[64284]: DEBUG oslo_concurrency.lockutils [None req-5a5fdb07-71f4-4c65-ace3-ca9c2eb176b5 tempest-AttachSCSIVolumeTestJSON-818943083 tempest-AttachSCSIVolumeTestJSON-818943083-project-member] Acquiring lock "91fea6f3-cfcb-48f8-a176-e7f2dbfcc8df" by "nova.context.set_target_cell..get_or_set_cached_cell_and_set_connections" {{(pid=64284) inner /opt/stack/data/venv/lib/python3.10/site-packages/oslo_concurrency/lockutils.py:404}}
Oct 24 19:35:06 user devstack@n-api.service[64284]: DEBUG oslo_concurrency.lockutils [None req-5a5fdb07-71f4-4c65-ace3-ca9c2eb176b5 tempest-AttachSCSIVolumeTestJSON-818943083 tempest-AttachSCSIVolumeTestJSON-818943083-project-member] Lock "91fea6f3-cfcb-48f8-a176-e7f2dbfcc8df" acquired by "nova.context.set_target_cell..get_or_set_cached_cell_and_set_connections" :: waited 0.001s {{(pid=64284) inner /opt/stack/data/venv/lib/python3.10/site-packages/oslo_concurrency/lockutils.py:409}}
Oct 24 19:35:06 user devstack@n-api.service[64284]: DEBUG oslo_concurrency.lockutils [None req-5a5fdb07-71f4-4c65-ace3-ca9c2eb176b5 tempest-AttachSCSIVolumeTestJSON-818943083 tempest-AttachSCSIVolumeTestJSON-818943083-project-member] Lock "91fea6f3-cfcb-48f8-a176-e7f2dbfcc8df" "released" by "nova.context.set_target_cell..get_or_set_cached_cell_and_set_connections" :: held 0.001s {{(pid=64284) inner /opt/stack/data/venv/lib/python3.10/site-packages/oslo_concurrency/lockutils.py:423}}
Oct 24 19:35:06 user devstack@n-api.service[64285]: INFO nova.api.openstack.requestlog [None req-f2dba653-a5f9-49f6-a32d-b71077b1cd28 tempest-DeleteServersTestJSON-1595585534 tempest-DeleteServersTestJSON-1595585534-project-member] 10.0.0.210 "DELETE /compute/v2.1/servers/8a6a7b72-2b6d-43a6-ae04-8bac2b350596" status: 204 len: 0 microversion: 2.1 time: 0.308160
Oct 24 19:35:06 user devstack@n-api.service[64285]: [pid: 64285|app: 0|req: 41/124] 10.0.0.210 () {62 vars in 1316 bytes} [Tue Oct 24 19:35:06 2023] DELETE /compute/v2.1/servers/8a6a7b72-2b6d-43a6-ae04-8bac2b350596 => generated 0 bytes in 311 msecs (HTTP/1.1 204) 9 headers in 363 bytes (1 switches on core 0)
Oct 24 19:35:06 user devstack@n-api.service[64283]: DEBUG nova.api.openstack.wsgi [None req-d957a020-d7ca-432d-b976-586e898488a7 tempest-DeleteServersTestJSON-1595585534 tempest-DeleteServersTestJSON-1595585534-project-member] Calling method '>' {{(pid=64283) _process_stack /opt/stack/nova/nova/api/openstack/wsgi.py:513}}
Oct 24 19:35:06 user devstack@n-api.service[64283]: DEBUG nova.compute.api [None req-d957a020-d7ca-432d-b976-586e898488a7 tempest-DeleteServersTestJSON-1595585534 tempest-DeleteServersTestJSON-1595585534-project-member] [instance: 8a6a7b72-2b6d-43a6-ae04-8bac2b350596] Fetching instance by UUID {{(pid=64283) get /opt/stack/nova/nova/compute/api.py:2978}}
Oct 24 19:35:06 user devstack@n-api.service[64283]: DEBUG oslo_concurrency.lockutils [None req-d957a020-d7ca-432d-b976-586e898488a7 tempest-DeleteServersTestJSON-1595585534 tempest-DeleteServersTestJSON-1595585534-project-member] Acquiring lock "91fea6f3-cfcb-48f8-a176-e7f2dbfcc8df" by "nova.context.set_target_cell..get_or_set_cached_cell_and_set_connections" {{(pid=64283) inner /opt/stack/data/venv/lib/python3.10/site-packages/oslo_concurrency/lockutils.py:404}}
Oct 24 19:35:06 user devstack@n-api.service[64283]: DEBUG oslo_concurrency.lockutils [None req-d957a020-d7ca-432d-b976-586e898488a7 tempest-DeleteServersTestJSON-1595585534 tempest-DeleteServersTestJSON-1595585534-project-member] Lock "91fea6f3-cfcb-48f8-a176-e7f2dbfcc8df" acquired by "nova.context.set_target_cell..get_or_set_cached_cell_and_set_connections" :: waited 0.001s {{(pid=64283) inner /opt/stack/data/venv/lib/python3.10/site-packages/oslo_concurrency/lockutils.py:409}}
Oct 24 19:35:06 user devstack@n-api.service[64283]: DEBUG oslo_concurrency.lockutils [None req-d957a020-d7ca-432d-b976-586e898488a7 tempest-DeleteServersTestJSON-1595585534 tempest-DeleteServersTestJSON-1595585534-project-member] Lock "91fea6f3-cfcb-48f8-a176-e7f2dbfcc8df" "released" by "nova.context.set_target_cell..get_or_set_cached_cell_and_set_connections" :: held 0.000s {{(pid=64283) inner /opt/stack/data/venv/lib/python3.10/site-packages/oslo_concurrency/lockutils.py:423}}
Oct 24 19:35:06 user devstack@n-api.service[64283]: DEBUG oslo_concurrency.lockutils [None req-d957a020-d7ca-432d-b976-586e898488a7 tempest-DeleteServersTestJSON-1595585534 tempest-DeleteServersTestJSON-1595585534-project-member] Acquiring lock "91fea6f3-cfcb-48f8-a176-e7f2dbfcc8df" by "nova.context.set_target_cell..get_or_set_cached_cell_and_set_connections" {{(pid=64283) inner /opt/stack/data/venv/lib/python3.10/site-packages/oslo_concurrency/lockutils.py:404}}
Oct 24 19:35:06 user devstack@n-api.service[64283]: DEBUG oslo_concurrency.lockutils [None req-d957a020-d7ca-432d-b976-586e898488a7 tempest-DeleteServersTestJSON-1595585534 tempest-DeleteServersTestJSON-1595585534-project-member] Lock "91fea6f3-cfcb-48f8-a176-e7f2dbfcc8df" acquired by "nova.context.set_target_cell..get_or_set_cached_cell_and_set_connections" :: waited 0.000s {{(pid=64283) inner /opt/stack/data/venv/lib/python3.10/site-packages/oslo_concurrency/lockutils.py:409}}
Oct 24 19:35:06 user devstack@n-api.service[64283]: DEBUG oslo_concurrency.lockutils [None req-d957a020-d7ca-432d-b976-586e898488a7 tempest-DeleteServersTestJSON-1595585534 tempest-DeleteServersTestJSON-1595585534-project-member] Lock "91fea6f3-cfcb-48f8-a176-e7f2dbfcc8df" "released" by "nova.context.set_target_cell..get_or_set_cached_cell_and_set_connections" :: held 0.001s {{(pid=64283) inner /opt/stack/data/venv/lib/python3.10/site-packages/oslo_concurrency/lockutils.py:423}}
Oct 24 19:35:06 user devstack@n-api.service[64285]: DEBUG nova.api.openstack.wsgi [req-ecf073c4-02ee-4e3c-a727-26a924797a55 req-9dd1e0e0-b1f8-4e94-8521-a1a69d4f0293 service nova] Action: 'create', calling method: >, body: {"events": [{"server_uuid": "6536a8e6-cbd3-4ba2-bb72-5b85bfe0478e", "name": "network-vif-unplugged", "status": "completed", "tag": "b11720d2-0320-45a5-af67-59154bc6ca3a"}]} {{(pid=64285) _process_stack /opt/stack/nova/nova/api/openstack/wsgi.py:511}}
Oct 24 19:35:06 user devstack@n-api.service[64285]: DEBUG oslo_concurrency.lockutils [req-ecf073c4-02ee-4e3c-a727-26a924797a55 req-9dd1e0e0-b1f8-4e94-8521-a1a69d4f0293 service nova] Acquiring lock "91fea6f3-cfcb-48f8-a176-e7f2dbfcc8df" by "nova.context.set_target_cell..get_or_set_cached_cell_and_set_connections" {{(pid=64285) inner /opt/stack/data/venv/lib/python3.10/site-packages/oslo_concurrency/lockutils.py:404}}
Oct 24 19:35:06 user devstack@n-api.service[64285]: DEBUG oslo_concurrency.lockutils [req-ecf073c4-02ee-4e3c-a727-26a924797a55 req-9dd1e0e0-b1f8-4e94-8521-a1a69d4f0293 service nova] Lock "91fea6f3-cfcb-48f8-a176-e7f2dbfcc8df" acquired by "nova.context.set_target_cell..get_or_set_cached_cell_and_set_connections" :: waited 0.001s {{(pid=64285) inner /opt/stack/data/venv/lib/python3.10/site-packages/oslo_concurrency/lockutils.py:409}}
Oct 24 19:35:06 user devstack@n-api.service[64285]: DEBUG oslo_concurrency.lockutils [req-ecf073c4-02ee-4e3c-a727-26a924797a55 req-9dd1e0e0-b1f8-4e94-8521-a1a69d4f0293 service nova] Lock "91fea6f3-cfcb-48f8-a176-e7f2dbfcc8df" "released" by "nova.context.set_target_cell..get_or_set_cached_cell_and_set_connections" :: held 0.000s {{(pid=64285) inner /opt/stack/data/venv/lib/python3.10/site-packages/oslo_concurrency/lockutils.py:423}}
Oct 24 19:35:06 user devstack@n-api.service[64285]: INFO nova.api.openstack.compute.server_external_events [req-ecf073c4-02ee-4e3c-a727-26a924797a55 req-9dd1e0e0-b1f8-4e94-8521-a1a69d4f0293 service nova] Creating event network-vif-unplugged:b11720d2-0320-45a5-af67-59154bc6ca3a for instance 6536a8e6-cbd3-4ba2-bb72-5b85bfe0478e on user
Oct 24 19:35:06 user devstack@n-api.service[64285]: INFO nova.api.openstack.requestlog [req-ecf073c4-02ee-4e3c-a727-26a924797a55 req-9dd1e0e0-b1f8-4e94-8521-a1a69d4f0293 service nova] 10.0.0.210 "POST /compute/v2.1/os-server-external-events" status: 200 len: 185 microversion: 2.1 time: 0.049407
Oct 24 19:35:06 user devstack@n-api.service[64285]: [pid: 64285|app: 0|req: 42/125] 10.0.0.210 () {68 vars in 1394 bytes} [Tue Oct 24 19:35:06 2023] POST /compute/v2.1/os-server-external-events => generated 185 bytes in 55 msecs (HTTP/1.1 200) 9 headers in 357 bytes (2 switches on core 0)
Oct 24 19:35:06 user devstack@n-api.service[64285]: DEBUG nova.api.openstack.wsgi [None req-d1802db4-2842-4c13-945f-e99afc5386b4 tempest-TestVolumeSwap-1518239943 tempest-TestVolumeSwap-1518239943-project-member] Calling method '>' {{(pid=64285) _process_stack /opt/stack/nova/nova/api/openstack/wsgi.py:513}}
Oct 24 19:35:06 user devstack@n-api.service[64285]: DEBUG nova.compute.api [None req-d1802db4-2842-4c13-945f-e99afc5386b4 tempest-TestVolumeSwap-1518239943 tempest-TestVolumeSwap-1518239943-project-member] [instance: 2cf2213b-3696-4204-8d35-2cb8c234db56] Fetching instance by UUID {{(pid=64285) get /opt/stack/nova/nova/compute/api.py:2978}}
Oct 24 19:35:06 user devstack@n-api.service[64285]: DEBUG oslo_concurrency.lockutils [None req-d1802db4-2842-4c13-945f-e99afc5386b4 tempest-TestVolumeSwap-1518239943 tempest-TestVolumeSwap-1518239943-project-member] Acquiring lock "91fea6f3-cfcb-48f8-a176-e7f2dbfcc8df" by "nova.context.set_target_cell..get_or_set_cached_cell_and_set_connections" {{(pid=64285) inner /opt/stack/data/venv/lib/python3.10/site-packages/oslo_concurrency/lockutils.py:404}}
Oct 24 19:35:06 user devstack@n-api.service[64285]: DEBUG oslo_concurrency.lockutils [None req-d1802db4-2842-4c13-945f-e99afc5386b4 tempest-TestVolumeSwap-1518239943 tempest-TestVolumeSwap-1518239943-project-member] Lock "91fea6f3-cfcb-48f8-a176-e7f2dbfcc8df" acquired by "nova.context.set_target_cell..get_or_set_cached_cell_and_set_connections" :: waited 0.001s {{(pid=64285) inner /opt/stack/data/venv/lib/python3.10/site-packages/oslo_concurrency/lockutils.py:409}}
Oct 24 19:35:06 user devstack@n-api.service[64285]: DEBUG oslo_concurrency.lockutils [None req-d1802db4-2842-4c13-945f-e99afc5386b4 tempest-TestVolumeSwap-1518239943 tempest-TestVolumeSwap-1518239943-project-member] Lock "91fea6f3-cfcb-48f8-a176-e7f2dbfcc8df" "released" by "nova.context.set_target_cell..get_or_set_cached_cell_and_set_connections" :: held 0.000s {{(pid=64285) inner /opt/stack/data/venv/lib/python3.10/site-packages/oslo_concurrency/lockutils.py:423}}
Oct 24 19:35:06 user devstack@n-api.service[64285]: DEBUG oslo_concurrency.lockutils [None req-d1802db4-2842-4c13-945f-e99afc5386b4 tempest-TestVolumeSwap-1518239943 tempest-TestVolumeSwap-1518239943-project-member] Acquiring lock "91fea6f3-cfcb-48f8-a176-e7f2dbfcc8df" by "nova.context.set_target_cell..get_or_set_cached_cell_and_set_connections" {{(pid=64285) inner /opt/stack/data/venv/lib/python3.10/site-packages/oslo_concurrency/lockutils.py:404}}
Oct 24 19:35:06 user devstack@n-api.service[64285]: DEBUG oslo_concurrency.lockutils [None req-d1802db4-2842-4c13-945f-e99afc5386b4 tempest-TestVolumeSwap-1518239943 tempest-TestVolumeSwap-1518239943-project-member] Lock "91fea6f3-cfcb-48f8-a176-e7f2dbfcc8df" acquired by "nova.context.set_target_cell..get_or_set_cached_cell_and_set_connections" :: waited 0.001s {{(pid=64285) inner /opt/stack/data/venv/lib/python3.10/site-packages/oslo_concurrency/lockutils.py:409}}
Oct 24 19:35:06 user devstack@n-api.service[64285]: DEBUG oslo_concurrency.lockutils [None req-d1802db4-2842-4c13-945f-e99afc5386b4 tempest-TestVolumeSwap-1518239943 tempest-TestVolumeSwap-1518239943-project-member] Lock "91fea6f3-cfcb-48f8-a176-e7f2dbfcc8df" "released" by "nova.context.set_target_cell..get_or_set_cached_cell_and_set_connections" :: held 0.000s {{(pid=64285) inner /opt/stack/data/venv/lib/python3.10/site-packages/oslo_concurrency/lockutils.py:423}}
Oct 24 19:35:07 user devstack@n-api.service[64284]: INFO nova.api.openstack.requestlog [None req-5a5fdb07-71f4-4c65-ace3-ca9c2eb176b5 tempest-AttachSCSIVolumeTestJSON-818943083 tempest-AttachSCSIVolumeTestJSON-818943083-project-member] 10.0.0.210 "GET /compute/v2.1/servers/781c6ee0-fccb-4153-acfa-cbb01b0450e9/os-interface" status: 200 len: 282 microversion: 2.1 time: 0.523166
Oct 24 19:35:07 user devstack@n-api.service[64284]: [pid: 64284|app: 0|req: 42/126] 10.0.0.210 () {62 vars in 1352 bytes} [Tue Oct 24 19:35:06 2023] GET /compute/v2.1/servers/781c6ee0-fccb-4153-acfa-cbb01b0450e9/os-interface => generated 282 bytes in 527 msecs (HTTP/1.1 200) 9 headers in 357 bytes (1 switches on core 0)
Oct 24 19:35:07 user devstack@n-api.service[64284]: DEBUG nova.api.openstack.wsgi [req-0e87b1d2-187e-4009-a2b9-6181e74fe082 req-678ef8d4-b825-47d2-978f-7aef0a3b3fc2 service nova] Action: 'create', calling method: >, body: {"events": [{"server_uuid": "8a6a7b72-2b6d-43a6-ae04-8bac2b350596", "name": "network-vif-unplugged", "status": "completed", "tag": "f210a43c-a3d6-4c9e-9767-7fdcaa4bd44c"}]} {{(pid=64284) _process_stack /opt/stack/nova/nova/api/openstack/wsgi.py:511}}
Oct 24 19:35:07 user devstack@n-api.service[64283]: DEBUG nova.policy [None req-d957a020-d7ca-432d-b976-586e898488a7 tempest-DeleteServersTestJSON-1595585534 tempest-DeleteServersTestJSON-1595585534-project-member] Policy check for os_compute_api:os-extended-server-attributes failed with credentials {'is_admin': False, 'user_id': '9e27e15fc3284377aea0cad9ee72bc7a', 'user_domain_id': 'default', 'system_scope': None, 'domain_id': None, 'project_id': 'af4a90fa10cc4315adbbdd226958f9c4', 'project_domain_id': 'default', 'roles': ['member', 'reader'], 'is_admin_project': True, 'service_user_id': None, 'service_user_domain_id': None, 'service_project_id': None, 'service_project_domain_id': None, 'service_roles': []} {{(pid=64283) authorize /opt/stack/nova/nova/policy.py:203}}
Oct 24 19:35:07 user devstack@n-api.service[64285]: INFO nova.api.openstack.requestlog [None req-d1802db4-2842-4c13-945f-e99afc5386b4 tempest-TestVolumeSwap-1518239943 tempest-TestVolumeSwap-1518239943-project-member] 10.0.0.210 "GET /compute/v2.1/servers/2cf2213b-3696-4204-8d35-2cb8c234db56/os-interface" status: 200 len: 283 microversion: 2.1 time: 0.520495
Oct 24 19:35:07 user devstack@n-api.service[64285]: [pid: 64285|app: 0|req: 43/127] 10.0.0.210 () {62 vars in 1352 bytes} [Tue Oct 24 19:35:06 2023] GET /compute/v2.1/servers/2cf2213b-3696-4204-8d35-2cb8c234db56/os-interface => generated 283 bytes in 522 msecs (HTTP/1.1 200) 9 headers in 357 bytes (1 switches on core 0)
Oct 24 19:35:07 user devstack@n-api.service[64284]: DEBUG oslo_concurrency.lockutils [req-0e87b1d2-187e-4009-a2b9-6181e74fe082 req-678ef8d4-b825-47d2-978f-7aef0a3b3fc2 service nova] Acquiring lock "91fea6f3-cfcb-48f8-a176-e7f2dbfcc8df" by "nova.context.set_target_cell..get_or_set_cached_cell_and_set_connections" {{(pid=64284) inner /opt/stack/data/venv/lib/python3.10/site-packages/oslo_concurrency/lockutils.py:404}}
Oct 24 19:35:07 user devstack@n-api.service[64283]: INFO nova.api.openstack.requestlog [None req-d957a020-d7ca-432d-b976-586e898488a7 tempest-DeleteServersTestJSON-1595585534 tempest-DeleteServersTestJSON-1595585534-project-member] 10.0.0.210 "GET /compute/v2.1/servers/8a6a7b72-2b6d-43a6-ae04-8bac2b350596" status: 200 len: 1539 microversion: 2.1 time: 0.663101
Oct 24 19:35:07 user devstack@n-api.service[64284]: DEBUG oslo_concurrency.lockutils [req-0e87b1d2-187e-4009-a2b9-6181e74fe082 req-678ef8d4-b825-47d2-978f-7aef0a3b3fc2 service nova] Lock "91fea6f3-cfcb-48f8-a176-e7f2dbfcc8df" acquired by "nova.context.set_target_cell..get_or_set_cached_cell_and_set_connections" :: waited 0.001s {{(pid=64284) inner /opt/stack/data/venv/lib/python3.10/site-packages/oslo_concurrency/lockutils.py:409}}
Oct 24 19:35:07 user devstack@n-api.service[64283]: [pid: 64283|app: 0|req: 43/128] 10.0.0.210 () {62 vars in 1313 bytes} [Tue Oct 24 19:35:06 2023] GET /compute/v2.1/servers/8a6a7b72-2b6d-43a6-ae04-8bac2b350596 => generated 1539 bytes in 665 msecs (HTTP/1.1 200) 9 headers in 358 bytes (1 switches on core 0)
Oct 24 19:35:07 user devstack@n-api.service[64284]: DEBUG oslo_concurrency.lockutils [req-0e87b1d2-187e-4009-a2b9-6181e74fe082 req-678ef8d4-b825-47d2-978f-7aef0a3b3fc2 service nova] Lock "91fea6f3-cfcb-48f8-a176-e7f2dbfcc8df" "released" by "nova.context.set_target_cell..get_or_set_cached_cell_and_set_connections" :: held 0.001s {{(pid=64284) inner /opt/stack/data/venv/lib/python3.10/site-packages/oslo_concurrency/lockutils.py:423}}
Oct 24 19:35:07 user devstack@n-api.service[64284]: INFO nova.api.openstack.compute.server_external_events [req-0e87b1d2-187e-4009-a2b9-6181e74fe082 req-678ef8d4-b825-47d2-978f-7aef0a3b3fc2 service nova] Creating event network-vif-unplugged:f210a43c-a3d6-4c9e-9767-7fdcaa4bd44c for instance 8a6a7b72-2b6d-43a6-ae04-8bac2b350596 on user
Oct 24 19:35:07 user devstack@n-api.service[64284]: INFO nova.api.openstack.requestlog [req-0e87b1d2-187e-4009-a2b9-6181e74fe082 req-678ef8d4-b825-47d2-978f-7aef0a3b3fc2 service nova] 10.0.0.210 "POST /compute/v2.1/os-server-external-events" status: 200 len: 185 microversion: 2.1 time: 0.095987
Oct 24 19:35:07 user devstack@n-api.service[64284]: [pid: 64284|app: 0|req: 43/129] 10.0.0.210 () {68 vars in 1394 bytes} [Tue Oct 24 19:35:07 2023] POST /compute/v2.1/os-server-external-events => generated 185 bytes in 99 msecs (HTTP/1.1 200) 9 headers in 357 bytes (2 switches on core 0)
Oct 24 19:35:08 user devstack@n-api.service[64285]: DEBUG nova.api.openstack.wsgi [req-819647cb-6a0f-421e-9bb9-296debec8b44 req-d25b47a4-a95f-4cb1-8a6a-217e320f7ba9 service nova] Action: 'create', calling method: >, body: {"events": [{"server_uuid": "6536a8e6-cbd3-4ba2-bb72-5b85bfe0478e", "name": "network-vif-plugged", "status": "completed", "tag": "b11720d2-0320-45a5-af67-59154bc6ca3a"}, {"server_uuid": "6536a8e6-cbd3-4ba2-bb72-5b85bfe0478e", "name": "network-vif-plugged", "status": "completed", "tag": "b11720d2-0320-45a5-af67-59154bc6ca3a"}, {"server_uuid": "6536a8e6-cbd3-4ba2-bb72-5b85bfe0478e", "name": "network-vif-plugged", "status": "completed", "tag": "b11720d2-0320-45a5-af67-59154bc6ca3a"}, {"server_uuid": "6536a8e6-cbd3-4ba2-bb72-5b85bfe0478e", "name": "network-vif-unplugged", "status": "completed", "tag": "b11720d2-0320-45a5-af67-59154bc6ca3a"}]} {{(pid=64285) _process_stack /opt/stack/nova/nova/api/openstack/wsgi.py:511}}
Oct 24 19:35:08 user devstack@n-api.service[64285]: DEBUG oslo_concurrency.lockutils [req-819647cb-6a0f-421e-9bb9-296debec8b44 req-d25b47a4-a95f-4cb1-8a6a-217e320f7ba9 service nova] Acquiring lock "91fea6f3-cfcb-48f8-a176-e7f2dbfcc8df" by "nova.context.set_target_cell..get_or_set_cached_cell_and_set_connections" {{(pid=64285) inner /opt/stack/data/venv/lib/python3.10/site-packages/oslo_concurrency/lockutils.py:404}}
Oct 24 19:35:08 user devstack@n-api.service[64285]: DEBUG oslo_concurrency.lockutils [req-819647cb-6a0f-421e-9bb9-296debec8b44 req-d25b47a4-a95f-4cb1-8a6a-217e320f7ba9 service nova] Lock "91fea6f3-cfcb-48f8-a176-e7f2dbfcc8df" acquired by "nova.context.set_target_cell..get_or_set_cached_cell_and_set_connections" :: waited 0.002s {{(pid=64285) inner /opt/stack/data/venv/lib/python3.10/site-packages/oslo_concurrency/lockutils.py:409}}
Oct 24 19:35:08 user devstack@n-api.service[64285]: DEBUG oslo_concurrency.lockutils [req-819647cb-6a0f-421e-9bb9-296debec8b44 req-d25b47a4-a95f-4cb1-8a6a-217e320f7ba9 service nova] Lock "91fea6f3-cfcb-48f8-a176-e7f2dbfcc8df" "released" by "nova.context.set_target_cell..get_or_set_cached_cell_and_set_connections" :: held 0.001s {{(pid=64285) inner /opt/stack/data/venv/lib/python3.10/site-packages/oslo_concurrency/lockutils.py:423}}
Oct 24 19:35:08 user devstack@n-api.service[64285]: INFO nova.api.openstack.compute.server_external_events [req-819647cb-6a0f-421e-9bb9-296debec8b44 req-d25b47a4-a95f-4cb1-8a6a-217e320f7ba9 service nova] Creating event network-vif-plugged:b11720d2-0320-45a5-af67-59154bc6ca3a for instance 6536a8e6-cbd3-4ba2-bb72-5b85bfe0478e on user
Oct 24 19:35:08 user devstack@n-api.service[64285]: INFO nova.api.openstack.compute.server_external_events [req-819647cb-6a0f-421e-9bb9-296debec8b44 req-d25b47a4-a95f-4cb1-8a6a-217e320f7ba9 service nova] Creating event network-vif-plugged:b11720d2-0320-45a5-af67-59154bc6ca3a for instance 6536a8e6-cbd3-4ba2-bb72-5b85bfe0478e on user
Oct 24 19:35:08 user devstack@n-api.service[64285]: INFO nova.api.openstack.compute.server_external_events [req-819647cb-6a0f-421e-9bb9-296debec8b44 req-d25b47a4-a95f-4cb1-8a6a-217e320f7ba9 service nova] Creating event network-vif-plugged:b11720d2-0320-45a5-af67-59154bc6ca3a for instance 6536a8e6-cbd3-4ba2-bb72-5b85bfe0478e on user
Oct 24 19:35:08 user devstack@n-api.service[64285]: INFO nova.api.openstack.compute.server_external_events [req-819647cb-6a0f-421e-9bb9-296debec8b44 req-d25b47a4-a95f-4cb1-8a6a-217e320f7ba9 service nova] Creating event network-vif-unplugged:b11720d2-0320-45a5-af67-59154bc6ca3a for instance 6536a8e6-cbd3-4ba2-bb72-5b85bfe0478e on user
Oct 24 19:35:08 user devstack@n-api.service[64285]: INFO nova.api.openstack.requestlog [req-819647cb-6a0f-421e-9bb9-296debec8b44 req-d25b47a4-a95f-4cb1-8a6a-217e320f7ba9 service nova] 10.0.0.210 "POST /compute/v2.1/os-server-external-events" status: 200 len: 698 microversion: 2.1 time: 0.041714
Oct 24 19:35:08 user devstack@n-api.service[64285]: [pid: 64285|app: 0|req: 44/130] 10.0.0.210 () {68 vars in 1394 bytes} [Tue Oct 24 19:35:08 2023] POST /compute/v2.1/os-server-external-events => generated 698 bytes in 43 msecs (HTTP/1.1 200) 9 headers in 357 bytes (1 switches on core 0)
Oct 24 19:35:09 user devstack@n-api.service[64283]: DEBUG nova.api.openstack.wsgi [req-e5369461-7044-4b08-af67-762e01251021 req-2ec09fb5-2e29-484d-b881-2578a646d395 service nova] Action: 'create', calling method: >, body: {"events": [{"name": "network-changed", "server_uuid": "2cf2213b-3696-4204-8d35-2cb8c234db56", "tag": "d873415e-af62-40d1-9e46-930c466c8d52"}]} {{(pid=64283) _process_stack /opt/stack/nova/nova/api/openstack/wsgi.py:511}}
Oct 24 19:35:09 user devstack@n-api.service[64283]: DEBUG oslo_concurrency.lockutils [req-e5369461-7044-4b08-af67-762e01251021 req-2ec09fb5-2e29-484d-b881-2578a646d395 service nova] Acquiring lock "91fea6f3-cfcb-48f8-a176-e7f2dbfcc8df" by "nova.context.set_target_cell..get_or_set_cached_cell_and_set_connections" {{(pid=64283) inner /opt/stack/data/venv/lib/python3.10/site-packages/oslo_concurrency/lockutils.py:404}}
Oct 24 19:35:09 user devstack@n-api.service[64283]: DEBUG oslo_concurrency.lockutils [req-e5369461-7044-4b08-af67-762e01251021 req-2ec09fb5-2e29-484d-b881-2578a646d395 service nova] Lock "91fea6f3-cfcb-48f8-a176-e7f2dbfcc8df" acquired by "nova.context.set_target_cell..get_or_set_cached_cell_and_set_connections" :: waited 0.001s {{(pid=64283) inner /opt/stack/data/venv/lib/python3.10/site-packages/oslo_concurrency/lockutils.py:409}}
Oct 24 19:35:09 user devstack@n-api.service[64283]: DEBUG oslo_concurrency.lockutils [req-e5369461-7044-4b08-af67-762e01251021 req-2ec09fb5-2e29-484d-b881-2578a646d395 service nova] Lock "91fea6f3-cfcb-48f8-a176-e7f2dbfcc8df" "released" by "nova.context.set_target_cell..get_or_set_cached_cell_and_set_connections" :: held 0.000s {{(pid=64283) inner /opt/stack/data/venv/lib/python3.10/site-packages/oslo_concurrency/lockutils.py:423}}
Oct 24 19:35:09 user devstack@n-api.service[64283]: INFO nova.api.openstack.compute.server_external_events [req-e5369461-7044-4b08-af67-762e01251021 req-2ec09fb5-2e29-484d-b881-2578a646d395 service nova] Creating event network-changed:d873415e-af62-40d1-9e46-930c466c8d52 for instance 2cf2213b-3696-4204-8d35-2cb8c234db56 on user
Oct 24 19:35:09 user devstack@n-api.service[64283]: INFO nova.api.openstack.requestlog [req-e5369461-7044-4b08-af67-762e01251021 req-2ec09fb5-2e29-484d-b881-2578a646d395 service nova] 10.0.0.210 "POST /compute/v2.1/os-server-external-events" status: 200 len: 179 microversion: 2.1 time: 0.039392
Oct 24 19:35:09 user devstack@n-api.service[64283]: [pid: 64283|app: 0|req: 44/131] 10.0.0.210 () {68 vars in 1394 bytes} [Tue Oct 24 19:35:09 2023] POST /compute/v2.1/os-server-external-events => generated 179 bytes in 41 msecs (HTTP/1.1 200) 9 headers in 357 bytes (1 switches on core 0)
Oct 24 19:35:09 user devstack@n-api.service[64284]: DEBUG nova.api.openstack.wsgi [None req-ecf11fa0-915b-43d8-b9ff-c1baaff5ad69 tempest-TestVolumeSwap-1518239943 tempest-TestVolumeSwap-1518239943-project-member] Action: 'create', calling method: >, body: {"volumeAttachment": {"volumeId": "6f275708-e9d9-45a9-a577-e3d425f24483"}} {{(pid=64284) _process_stack /opt/stack/nova/nova/api/openstack/wsgi.py:511}}
Oct 24 19:35:09 user devstack@n-api.service[64284]: DEBUG nova.compute.api [None req-ecf11fa0-915b-43d8-b9ff-c1baaff5ad69 tempest-TestVolumeSwap-1518239943 tempest-TestVolumeSwap-1518239943-project-member] [instance: 2cf2213b-3696-4204-8d35-2cb8c234db56] Fetching instance by UUID {{(pid=64284) get /opt/stack/nova/nova/compute/api.py:2978}}
Oct 24 19:35:09 user devstack@n-api.service[64284]: DEBUG oslo_concurrency.lockutils [None req-ecf11fa0-915b-43d8-b9ff-c1baaff5ad69 tempest-TestVolumeSwap-1518239943 tempest-TestVolumeSwap-1518239943-project-member] Acquiring lock "91fea6f3-cfcb-48f8-a176-e7f2dbfcc8df" by "nova.context.set_target_cell..get_or_set_cached_cell_and_set_connections" {{(pid=64284) inner /opt/stack/data/venv/lib/python3.10/site-packages/oslo_concurrency/lockutils.py:404}}
Oct 24 19:35:09 user devstack@n-api.service[64284]: DEBUG oslo_concurrency.lockutils [None req-ecf11fa0-915b-43d8-b9ff-c1baaff5ad69 tempest-TestVolumeSwap-1518239943 tempest-TestVolumeSwap-1518239943-project-member] Lock "91fea6f3-cfcb-48f8-a176-e7f2dbfcc8df" acquired by "nova.context.set_target_cell..get_or_set_cached_cell_and_set_connections" :: waited 0.001s {{(pid=64284) inner /opt/stack/data/venv/lib/python3.10/site-packages/oslo_concurrency/lockutils.py:409}}
Oct 24 19:35:09 user devstack@n-api.service[64284]: DEBUG oslo_concurrency.lockutils [None req-ecf11fa0-915b-43d8-b9ff-c1baaff5ad69 tempest-TestVolumeSwap-1518239943 tempest-TestVolumeSwap-1518239943-project-member] Lock "91fea6f3-cfcb-48f8-a176-e7f2dbfcc8df" "released" by "nova.context.set_target_cell..get_or_set_cached_cell_and_set_connections" :: held 0.000s {{(pid=64284) inner /opt/stack/data/venv/lib/python3.10/site-packages/oslo_concurrency/lockutils.py:423}}
Oct 24 19:35:09 user devstack@n-api.service[64284]: DEBUG oslo_concurrency.lockutils [None req-ecf11fa0-915b-43d8-b9ff-c1baaff5ad69 tempest-TestVolumeSwap-1518239943 tempest-TestVolumeSwap-1518239943-project-member] Acquiring lock "91fea6f3-cfcb-48f8-a176-e7f2dbfcc8df" by "nova.context.set_target_cell..get_or_set_cached_cell_and_set_connections" {{(pid=64284) inner /opt/stack/data/venv/lib/python3.10/site-packages/oslo_concurrency/lockutils.py:404}}
Oct 24 19:35:09 user devstack@n-api.service[64284]: DEBUG oslo_concurrency.lockutils [None req-ecf11fa0-915b-43d8-b9ff-c1baaff5ad69 tempest-TestVolumeSwap-1518239943 tempest-TestVolumeSwap-1518239943-project-member] Lock "91fea6f3-cfcb-48f8-a176-e7f2dbfcc8df" acquired by "nova.context.set_target_cell..get_or_set_cached_cell_and_set_connections" :: waited 0.001s {{(pid=64284) inner /opt/stack/data/venv/lib/python3.10/site-packages/oslo_concurrency/lockutils.py:409}}
Oct 24 19:35:09 user devstack@n-api.service[64284]: DEBUG oslo_concurrency.lockutils [None req-ecf11fa0-915b-43d8-b9ff-c1baaff5ad69 tempest-TestVolumeSwap-1518239943 tempest-TestVolumeSwap-1518239943-project-member] Lock "91fea6f3-cfcb-48f8-a176-e7f2dbfcc8df" "released" by "nova.context.set_target_cell..get_or_set_cached_cell_and_set_connections" :: held 0.001s {{(pid=64284) inner /opt/stack/data/venv/lib/python3.10/site-packages/oslo_concurrency/lockutils.py:423}}
Oct 24 19:35:09 user devstack@n-api.service[64285]: DEBUG nova.api.openstack.wsgi [req-8ce78f53-6b44-4587-bc90-8df8ffb5110f req-1711a83d-b74f-40ec-ac00-6e2e0daaf39b service nova] Action: 'create', calling method: >, body: {"events": [{"server_uuid": "8a6a7b72-2b6d-43a6-ae04-8bac2b350596", "name": "network-vif-plugged", "status": "completed", "tag": "f210a43c-a3d6-4c9e-9767-7fdcaa4bd44c"}, {"name": "network-changed", "server_uuid": "781c6ee0-fccb-4153-acfa-cbb01b0450e9", "tag": "5d175860-0b07-4064-9785-e51a49082c98"}]} {{(pid=64285) _process_stack /opt/stack/nova/nova/api/openstack/wsgi.py:511}}
Oct 24 19:35:09 user devstack@n-api.service[64285]: DEBUG oslo_concurrency.lockutils [req-8ce78f53-6b44-4587-bc90-8df8ffb5110f req-1711a83d-b74f-40ec-ac00-6e2e0daaf39b service nova] Acquiring lock "91fea6f3-cfcb-48f8-a176-e7f2dbfcc8df" by "nova.context.set_target_cell..get_or_set_cached_cell_and_set_connections" {{(pid=64285) inner /opt/stack/data/venv/lib/python3.10/site-packages/oslo_concurrency/lockutils.py:404}}
Oct 24 19:35:09 user devstack@n-api.service[64285]: DEBUG oslo_concurrency.lockutils [req-8ce78f53-6b44-4587-bc90-8df8ffb5110f req-1711a83d-b74f-40ec-ac00-6e2e0daaf39b service nova] Lock "91fea6f3-cfcb-48f8-a176-e7f2dbfcc8df" acquired by "nova.context.set_target_cell..get_or_set_cached_cell_and_set_connections" :: waited 0.001s {{(pid=64285) inner /opt/stack/data/venv/lib/python3.10/site-packages/oslo_concurrency/lockutils.py:409}}
Oct 24 19:35:09 user devstack@n-api.service[64285]: DEBUG oslo_concurrency.lockutils [req-8ce78f53-6b44-4587-bc90-8df8ffb5110f req-1711a83d-b74f-40ec-ac00-6e2e0daaf39b service nova] Lock "91fea6f3-cfcb-48f8-a176-e7f2dbfcc8df" "released" by "nova.context.set_target_cell..get_or_set_cached_cell_and_set_connections" :: held 0.006s {{(pid=64285) inner /opt/stack/data/venv/lib/python3.10/site-packages/oslo_concurrency/lockutils.py:423}}
Oct 24 19:35:09 user devstack@n-api.service[64285]: INFO nova.api.openstack.compute.server_external_events [req-8ce78f53-6b44-4587-bc90-8df8ffb5110f req-1711a83d-b74f-40ec-ac00-6e2e0daaf39b service nova] Creating event network-vif-plugged:f210a43c-a3d6-4c9e-9767-7fdcaa4bd44c for instance 8a6a7b72-2b6d-43a6-ae04-8bac2b350596 on user
Oct 24 19:35:09 user devstack@n-api.service[64285]: INFO nova.api.openstack.compute.server_external_events [req-8ce78f53-6b44-4587-bc90-8df8ffb5110f req-1711a83d-b74f-40ec-ac00-6e2e0daaf39b service nova] Creating event network-changed:5d175860-0b07-4064-9785-e51a49082c98 for instance 781c6ee0-fccb-4153-acfa-cbb01b0450e9 on user
Oct 24 19:35:09 user devstack@n-api.service[64285]: INFO nova.api.openstack.requestlog [req-8ce78f53-6b44-4587-bc90-8df8ffb5110f req-1711a83d-b74f-40ec-ac00-6e2e0daaf39b service nova] 10.0.0.210 "POST /compute/v2.1/os-server-external-events" status: 200 len: 350 microversion: 2.1 time: 0.078903
Oct 24 19:35:09 user devstack@n-api.service[64285]: [pid: 64285|app: 0|req: 45/132] 10.0.0.210 () {68 vars in 1394 bytes} [Tue Oct 24 19:35:09 2023] POST /compute/v2.1/os-server-external-events => generated 350 bytes in 81 msecs (HTTP/1.1 200) 9 headers in 357 bytes (1 switches on core 0)
Oct 24 19:35:09 user devstack@n-api.service[64284]: INFO nova.api.openstack.requestlog [None req-ecf11fa0-915b-43d8-b9ff-c1baaff5ad69 tempest-TestVolumeSwap-1518239943 tempest-TestVolumeSwap-1518239943-project-member] 10.0.0.210 "POST /compute/v2.1/servers/2cf2213b-3696-4204-8d35-2cb8c234db56/os-volume_attachments" status: 200 len: 194 microversion: 2.1 time: 0.530250
Oct 24 19:35:09 user devstack@n-api.service[64284]: [pid: 64284|app: 0|req: 44/133] 10.0.0.210 () {64 vars in 1400 bytes} [Tue Oct 24 19:35:09 2023] POST /compute/v2.1/servers/2cf2213b-3696-4204-8d35-2cb8c234db56/os-volume_attachments => generated 194 bytes in 533 msecs (HTTP/1.1 200) 9 headers in 357 bytes (1 switches on core 0)
Oct 24 19:35:10 user devstack@n-api.service[64283]: DEBUG nova.api.openstack.wsgi [None req-3519882b-5b3b-422c-9404-2379772da769 tempest-VolumesAdminNegativeTest-175488983 tempest-VolumesAdminNegativeTest-175488983-project-member] Action: 'create', calling method: >, body: {"volumeAttachment": {"volumeId": "f636a365-5f89-420b-b864-2cca73926295"}} {{(pid=64283) _process_stack /opt/stack/nova/nova/api/openstack/wsgi.py:511}}
Oct 24 19:35:10 user devstack@n-api.service[64283]: DEBUG nova.compute.api [None req-3519882b-5b3b-422c-9404-2379772da769 tempest-VolumesAdminNegativeTest-175488983 tempest-VolumesAdminNegativeTest-175488983-project-member] [instance: 8882bf62-5662-4f59-b49d-9730f4a4dd4a] Fetching instance by UUID {{(pid=64283) get /opt/stack/nova/nova/compute/api.py:2978}}
Oct 24 19:35:10 user devstack@n-api.service[64283]: DEBUG oslo_concurrency.lockutils [None req-3519882b-5b3b-422c-9404-2379772da769 tempest-VolumesAdminNegativeTest-175488983 tempest-VolumesAdminNegativeTest-175488983-project-member] Acquiring lock "91fea6f3-cfcb-48f8-a176-e7f2dbfcc8df" by "nova.context.set_target_cell..get_or_set_cached_cell_and_set_connections" {{(pid=64283) inner /opt/stack/data/venv/lib/python3.10/site-packages/oslo_concurrency/lockutils.py:404}}
Oct 24 19:35:10 user devstack@n-api.service[64283]: DEBUG oslo_concurrency.lockutils [None req-3519882b-5b3b-422c-9404-2379772da769 tempest-VolumesAdminNegativeTest-175488983 tempest-VolumesAdminNegativeTest-175488983-project-member] Lock "91fea6f3-cfcb-48f8-a176-e7f2dbfcc8df" acquired by "nova.context.set_target_cell..get_or_set_cached_cell_and_set_connections" :: waited 0.001s {{(pid=64283) inner /opt/stack/data/venv/lib/python3.10/site-packages/oslo_concurrency/lockutils.py:409}}
Oct 24 19:35:10 user devstack@n-api.service[64283]: DEBUG oslo_concurrency.lockutils [None req-3519882b-5b3b-422c-9404-2379772da769 tempest-VolumesAdminNegativeTest-175488983 tempest-VolumesAdminNegativeTest-175488983-project-member] Lock "91fea6f3-cfcb-48f8-a176-e7f2dbfcc8df" "released" by "nova.context.set_target_cell..get_or_set_cached_cell_and_set_connections" :: held 0.001s {{(pid=64283) inner /opt/stack/data/venv/lib/python3.10/site-packages/oslo_concurrency/lockutils.py:423}}
Oct 24 19:35:10 user devstack@n-api.service[64283]: DEBUG oslo_concurrency.lockutils [None req-3519882b-5b3b-422c-9404-2379772da769 tempest-VolumesAdminNegativeTest-175488983 tempest-VolumesAdminNegativeTest-175488983-project-member] Acquiring lock "91fea6f3-cfcb-48f8-a176-e7f2dbfcc8df" by "nova.context.set_target_cell..get_or_set_cached_cell_and_set_connections" {{(pid=64283) inner /opt/stack/data/venv/lib/python3.10/site-packages/oslo_concurrency/lockutils.py:404}}
Oct 24 19:35:10 user devstack@n-api.service[64283]: DEBUG oslo_concurrency.lockutils [None req-3519882b-5b3b-422c-9404-2379772da769 tempest-VolumesAdminNegativeTest-175488983 tempest-VolumesAdminNegativeTest-175488983-project-member] Lock "91fea6f3-cfcb-48f8-a176-e7f2dbfcc8df" acquired by "nova.context.set_target_cell..get_or_set_cached_cell_and_set_connections" :: waited 0.001s {{(pid=64283) inner /opt/stack/data/venv/lib/python3.10/site-packages/oslo_concurrency/lockutils.py:409}}
Oct 24 19:35:10 user devstack@n-api.service[64283]: DEBUG oslo_concurrency.lockutils [None req-3519882b-5b3b-422c-9404-2379772da769 tempest-VolumesAdminNegativeTest-175488983 tempest-VolumesAdminNegativeTest-175488983-project-member] Lock "91fea6f3-cfcb-48f8-a176-e7f2dbfcc8df" "released" by "nova.context.set_target_cell..get_or_set_cached_cell_and_set_connections" :: held 0.001s {{(pid=64283) inner /opt/stack/data/venv/lib/python3.10/site-packages/oslo_concurrency/lockutils.py:423}}
Oct 24 19:35:10 user devstack@n-api.service[64285]: DEBUG nova.api.openstack.wsgi [req-6f952ba5-b1b8-45c1-ac52-3726ebf4f3c2 req-983cea5e-40e3-4f3b-bf3a-32bee8515049 service nova] Action: 'create', calling method: >, body: {"events": [{"server_uuid": "6536a8e6-cbd3-4ba2-bb72-5b85bfe0478e", "name": "network-vif-plugged", "status": "completed", "tag": "b11720d2-0320-45a5-af67-59154bc6ca3a"}, {"server_uuid": "8a6a7b72-2b6d-43a6-ae04-8bac2b350596", "name": "network-vif-deleted", "tag": "f210a43c-a3d6-4c9e-9767-7fdcaa4bd44c"}]} {{(pid=64285) _process_stack /opt/stack/nova/nova/api/openstack/wsgi.py:511}}
Oct 24 19:35:10 user devstack@n-api.service[64285]: DEBUG oslo_concurrency.lockutils [req-6f952ba5-b1b8-45c1-ac52-3726ebf4f3c2 req-983cea5e-40e3-4f3b-bf3a-32bee8515049 service nova] Acquiring lock "91fea6f3-cfcb-48f8-a176-e7f2dbfcc8df" by "nova.context.set_target_cell..get_or_set_cached_cell_and_set_connections" {{(pid=64285) inner /opt/stack/data/venv/lib/python3.10/site-packages/oslo_concurrency/lockutils.py:404}}
Oct 24 19:35:10 user devstack@n-api.service[64285]: DEBUG oslo_concurrency.lockutils [req-6f952ba5-b1b8-45c1-ac52-3726ebf4f3c2 req-983cea5e-40e3-4f3b-bf3a-32bee8515049 service nova] Lock "91fea6f3-cfcb-48f8-a176-e7f2dbfcc8df" acquired by "nova.context.set_target_cell..get_or_set_cached_cell_and_set_connections" :: waited 0.001s {{(pid=64285) inner /opt/stack/data/venv/lib/python3.10/site-packages/oslo_concurrency/lockutils.py:409}}
Oct 24 19:35:10 user devstack@n-api.service[64285]: DEBUG oslo_concurrency.lockutils [req-6f952ba5-b1b8-45c1-ac52-3726ebf4f3c2 req-983cea5e-40e3-4f3b-bf3a-32bee8515049 service nova] Lock "91fea6f3-cfcb-48f8-a176-e7f2dbfcc8df" "released" by "nova.context.set_target_cell..get_or_set_cached_cell_and_set_connections" :: held 0.000s {{(pid=64285) inner /opt/stack/data/venv/lib/python3.10/site-packages/oslo_concurrency/lockutils.py:423}}
Oct 24 19:35:10 user devstack@n-api.service[64285]: INFO nova.api.openstack.compute.server_external_events [req-6f952ba5-b1b8-45c1-ac52-3726ebf4f3c2 req-983cea5e-40e3-4f3b-bf3a-32bee8515049 service nova] Creating event network-vif-plugged:b11720d2-0320-45a5-af67-59154bc6ca3a for instance 6536a8e6-cbd3-4ba2-bb72-5b85bfe0478e on user
Oct 24 19:35:10 user devstack@n-api.service[64285]: INFO nova.api.openstack.compute.server_external_events [req-6f952ba5-b1b8-45c1-ac52-3726ebf4f3c2 req-983cea5e-40e3-4f3b-bf3a-32bee8515049 service nova] Creating event network-vif-deleted:f210a43c-a3d6-4c9e-9767-7fdcaa4bd44c for instance 8a6a7b72-2b6d-43a6-ae04-8bac2b350596 on user
Oct 24 19:35:10 user devstack@n-api.service[64285]: INFO nova.api.openstack.requestlog [req-6f952ba5-b1b8-45c1-ac52-3726ebf4f3c2 req-983cea5e-40e3-4f3b-bf3a-32bee8515049 service nova] 10.0.0.210 "POST /compute/v2.1/os-server-external-events" status: 200 len: 354 microversion: 2.1 time: 0.039298
Oct 24 19:35:10 user devstack@n-api.service[64285]: [pid: 64285|app: 0|req: 46/134] 10.0.0.210 () {68 vars in 1394 bytes} [Tue Oct 24 19:35:10 2023] POST /compute/v2.1/os-server-external-events => generated 354 bytes in 41 msecs (HTTP/1.1 200) 9 headers in 357 bytes (1 switches on core 0)
Oct 24 19:35:11 user devstack@n-api.service[64284]: DEBUG nova.api.openstack.wsgi [None req-e7d87448-9199-49ca-bc01-53031b4bb9f4 tempest-VolumesAssistedSnapshotsTest-401708491 tempest-VolumesAssistedSnapshotsTest-401708491-project-member] Calling method '>' {{(pid=64284) _process_stack /opt/stack/nova/nova/api/openstack/wsgi.py:513}}
Oct 24 19:35:11 user devstack@n-api.service[64284]: DEBUG nova.compute.api [None req-e7d87448-9199-49ca-bc01-53031b4bb9f4 tempest-VolumesAssistedSnapshotsTest-401708491 tempest-VolumesAssistedSnapshotsTest-401708491-project-member] [instance: 89a303c8-3257-4b46-ac08-77d1336d711d] Fetching instance by UUID {{(pid=64284) get /opt/stack/nova/nova/compute/api.py:2978}}
Oct 24 19:35:11 user devstack@n-api.service[64284]: DEBUG oslo_concurrency.lockutils [None req-e7d87448-9199-49ca-bc01-53031b4bb9f4 tempest-VolumesAssistedSnapshotsTest-401708491 tempest-VolumesAssistedSnapshotsTest-401708491-project-member] Acquiring lock "91fea6f3-cfcb-48f8-a176-e7f2dbfcc8df" by "nova.context.set_target_cell..get_or_set_cached_cell_and_set_connections" {{(pid=64284) inner /opt/stack/data/venv/lib/python3.10/site-packages/oslo_concurrency/lockutils.py:404}}
Oct 24 19:35:11 user devstack@n-api.service[64284]: DEBUG oslo_concurrency.lockutils [None req-e7d87448-9199-49ca-bc01-53031b4bb9f4 tempest-VolumesAssistedSnapshotsTest-401708491 tempest-VolumesAssistedSnapshotsTest-401708491-project-member] Lock "91fea6f3-cfcb-48f8-a176-e7f2dbfcc8df" acquired by "nova.context.set_target_cell..get_or_set_cached_cell_and_set_connections" :: waited 0.001s {{(pid=64284) inner /opt/stack/data/venv/lib/python3.10/site-packages/oslo_concurrency/lockutils.py:409}}
Oct 24 19:35:11 user devstack@n-api.service[64284]: DEBUG oslo_concurrency.lockutils [None req-e7d87448-9199-49ca-bc01-53031b4bb9f4 tempest-VolumesAssistedSnapshotsTest-401708491 tempest-VolumesAssistedSnapshotsTest-401708491-project-member] Lock "91fea6f3-cfcb-48f8-a176-e7f2dbfcc8df" "released" by "nova.context.set_target_cell..get_or_set_cached_cell_and_set_connections" :: held 0.000s {{(pid=64284) inner /opt/stack/data/venv/lib/python3.10/site-packages/oslo_concurrency/lockutils.py:423}}
Oct 24 19:35:11 user devstack@n-api.service[64284]: DEBUG oslo_concurrency.lockutils [None req-e7d87448-9199-49ca-bc01-53031b4bb9f4 tempest-VolumesAssistedSnapshotsTest-401708491 tempest-VolumesAssistedSnapshotsTest-401708491-project-member] Acquiring lock "91fea6f3-cfcb-48f8-a176-e7f2dbfcc8df" by "nova.context.set_target_cell..get_or_set_cached_cell_and_set_connections" {{(pid=64284) inner /opt/stack/data/venv/lib/python3.10/site-packages/oslo_concurrency/lockutils.py:404}}
Oct 24 19:35:11 user devstack@n-api.service[64284]: DEBUG oslo_concurrency.lockutils [None req-e7d87448-9199-49ca-bc01-53031b4bb9f4 tempest-VolumesAssistedSnapshotsTest-401708491 tempest-VolumesAssistedSnapshotsTest-401708491-project-member] Lock "91fea6f3-cfcb-48f8-a176-e7f2dbfcc8df" acquired by "nova.context.set_target_cell..get_or_set_cached_cell_and_set_connections" :: waited 0.000s {{(pid=64284) inner /opt/stack/data/venv/lib/python3.10/site-packages/oslo_concurrency/lockutils.py:409}}
