Nov 30 07:56:04 user devstack@keystone.service[46178]: DEBUG keystone.common.rbac_enforcer.enforcer [None req-044fced8-d266-4382-956f-5c8bec230a1d None admin] RBAC: Authorizing `identity:get_user(user_id=ea14ac6628934525af8d2ae55e231df7)` {{(pid=46178) enforce_call /opt/stack/keystone/keystone/common/rbac_enforcer/enforcer.py:449}}
Nov 30 07:56:04 user devstack@keystone.service[46178]: DEBUG keystone.common.rbac_enforcer.enforcer [None req-044fced8-d266-4382-956f-5c8bec230a1d None admin] RBAC: Authorization granted {{(pid=46178) enforce_call /opt/stack/keystone/keystone/common/rbac_enforcer/enforcer.py:457}}
Nov 30 07:56:04 user devstack@keystone.service[46178]: [pid: 46178|app: 0|req: 28/73] 10.0.0.210 () {56 vars in 1172 bytes} [Thu Nov 30 07:56:04 2023] GET /identity/v3/users/ea14ac6628934525af8d2ae55e231df7 => generated 246 bytes in 157 msecs (HTTP/1.1 200) 5 headers in 177 bytes (1 switches on core 0)
Nov 30 07:56:04 user devstack@keystone.service[46178]: DEBUG keystone.server.flask.request_processing.middleware.auth_context [None req-044fced8-d266-4382-956f-5c8bec230a1d None admin] Authenticating user token {{(pid=46178) process_request /opt/stack/data/venv/lib/python3.10/site-packages/keystonemiddleware/auth_token/__init__.py:406}}
Nov 30 07:56:04 user devstack@keystone.service[46176]: DEBUG keystone.common.rbac_enforcer.enforcer [None req-ae05f52f-e82c-44d5-9a60-c691723fc149 None admin] Extracting inferred target data resulted in "NOT FOUND (404)". {{(pid=46176) enforce_call /opt/stack/keystone/keystone/common/rbac_enforcer/enforcer.py:409}}
Nov 30 07:56:04 user devstack@keystone.service[46176]: ERROR keystone.server.flask.application [None req-ae05f52f-e82c-44d5-9a60-c691723fc149 None admin] Could not find role: member.: keystone.exception.RoleNotFound: Could not find role: member.
Nov 30 07:56:04 user devstack@keystone.service[46176]: ERROR keystone.server.flask.application
Traceback (most recent call last):
Nov 30 07:56:04 user devstack@keystone.service[46176]: ERROR keystone.server.flask.application
File "/opt/stack/data/venv/lib/python3.10/site-packages/flask/app.py", line 1823, in full_dispatch_request
Nov 30 07:56:04 user devstack@keystone.service[46176]: ERROR keystone.server.flask.application rv = self.dispatch_request()
Nov 30 07:56:04 user devstack@keystone.service[46176]: ERROR keystone.server.flask.application
File "/opt/stack/data/venv/lib/python3.10/site-packages/flask/app.py", line 1799, in dispatch_request
Nov 30 07:56:04 user devstack@keystone.service[46176]: ERROR keystone.server.flask.application return self.ensure_sync(self.view_functions[rule.endpoint])(**view_args)
Nov 30 07:56:04 user devstack@keystone.service[46176]: ERROR keystone.server.flask.application
File "/opt/stack/data/venv/lib/python3.10/site-packages/flask_restful/__init__.py", line 489, in wrapper
Nov 30 07:56:04 user devstack@keystone.service[46176]: ERROR keystone.server.flask.application resp = resource(*args, **kwargs)
Nov 30 07:56:04 user devstack@keystone.service[46176]: ERROR keystone.server.flask.application
File "/opt/stack/data/venv/lib/python3.10/site-packages/flask/views.py", line 107, in view
Nov 30 07:56:04 user devstack@keystone.service[46176]: ERROR keystone.server.flask.application return current_app.ensure_sync(self.dispatch_request)(**kwargs)
Nov 30 07:56:04 user devstack@keystone.service[46176]: ERROR keystone.server.flask.application
File "/opt/stack/data/venv/lib/python3.10/site-packages/flask_restful/__init__.py", line 604, in dispatch_request
Nov 30 07:56:04 user devstack@keystone.service[46176]: ERROR keystone.server.flask.application resp = meth(*args, **kwargs)
Nov 30 07:56:04 user devstack@keystone.service[46176]: ERROR keystone.server.flask.application
File "/opt/stack/keystone/keystone/api/roles.py", line 50, in get
Nov 30 07:56:04 user devstack@keystone.service[46176]: ERROR keystone.server.flask.application return self._get_role(role_id)
Nov 30 07:56:04 user devstack@keystone.service[46176]: ERROR keystone.server.flask.application
File "/opt/stack/keystone/keystone/api/roles.py", line 70, in _get_role
Nov 30 07:56:04 user devstack@keystone.service[46176]: ERROR keystone.server.flask.application ENFORCER.enforce_call(action='identity:get_role')
Nov 30 07:56:04 user devstack@keystone.service[46176]: ERROR keystone.server.flask.application
File "/opt/stack/keystone/keystone/common/rbac_enforcer/enforcer.py", line 402, in enforce_call
Nov 30 07:56:04 user devstack@keystone.service[46176]: ERROR keystone.server.flask.application policy_dict.update(cls._extract_member_target_data(
Nov 30 07:56:04 user devstack@keystone.service[46176]: ERROR keystone.server.flask.application
File "/opt/stack/keystone/keystone/common/rbac_enforcer/enforcer.py", line 234, in _extract_member_target_data
Nov 30 07:56:04 user devstack@keystone.service[46176]: ERROR keystone.server.flask.application member_name: func(flask.request.view_args[key])
Nov 30 07:56:04 user devstack@keystone.service[46176]: ERROR keystone.server.flask.application
File "/opt/stack/keystone/keystone/common/manager.py", line 115, in wrapped
Nov 30 07:56:04 user devstack@keystone.service[46176]: ERROR keystone.server.flask.application __ret_val = __f(*args, **kwargs)
Nov 30 07:56:04 user devstack@keystone.service[46176]: ERROR keystone.server.flask.application
File "/opt/stack/data/venv/lib/python3.10/site-packages/decorator.py", line 232, in fun
Nov 30 07:56:04 user devstack@keystone.service[46176]: ERROR keystone.server.flask.application return caller(func, *(extras + args), **kw)
Nov 30 07:56:04 user devstack@keystone.service[46176]: ERROR keystone.server.flask.application
File "/opt/stack/data/venv/lib/python3.10/site-packages/dogpile/cache/region.py", line 1594, in get_or_create_for_user_func
Nov 30 07:56:04 user devstack@keystone.service[46176]: ERROR keystone.server.flask.application return self.get_or_create(
Nov 30 07:56:04 user devstack@keystone.service[46176]: ERROR keystone.server.flask.application
File "/opt/stack/data/venv/lib/python3.10/site-packages/dogpile/cache/region.py", line 1054, in get_or_create
Nov 30 07:56:04 user devstack@keystone.service[46176]: ERROR keystone.server.flask.application with Lock(
Nov 30 07:56:04 user devstack@keystone.service[46176]: ERROR keystone.server.flask.application
File "/opt/stack/data/venv/lib/python3.10/site-packages/dogpile/lock.py", line 185, in __enter__
Nov 30 07:56:04 user devstack@keystone.service[46176]: ERROR keystone.server.flask.application return self._enter()
Nov 30 07:56:04 user devstack@keystone.service[46176]: ERROR keystone.server.flask.application
File "/opt/stack/data/venv/lib/python3.10/site-packages/dogpile/lock.py", line 94, in _enter
Nov 30 07:56:04 user devstack@keystone.service[46176]: ERROR keystone.server.flask.application generated = self._enter_create(value, createdtime)
Nov 30 07:56:04 user devstack@keystone.service[46176]: ERROR keystone.server.flask.application
File "/opt/stack/data/venv/lib/python3.10/site-packages/dogpile/lock.py", line 178, in _enter_create
Nov 30 07:56:04 user devstack@keystone.service[46176]: ERROR keystone.server.flask.application return self.creator()
Nov 30 07:56:04 user devstack@keystone.service[46176]: ERROR keystone.server.flask.application
File "/opt/stack/data/venv/lib/python3.10/site-packages/dogpile/cache/region.py", line 1007, in gen_value
Nov 30 07:56:04 user devstack@keystone.service[46176]: ERROR keystone.server.flask.application created_value = creator(
Nov 30 07:56:04 user devstack@keystone.service[46176]: ERROR keystone.server.flask.application
File "/opt/stack/keystone/keystone/assignment/core.py", line 1276, in get_role
Nov 30 07:56:04 user devstack@keystone.service[46176]: ERROR keystone.server.flask.application return self.driver.get_role(role_id)
Nov 30 07:56:04 user devstack@keystone.service[46176]: ERROR keystone.server.flask.application
File "/opt/stack/keystone/keystone/assignment/role_backends/sql.py", line 70, in get_role
Nov 30 07:56:04 user devstack@keystone.service[46176]: ERROR keystone.server.flask.application return self._get_role(session, role_id).to_dict()
Nov 30 07:56:04 user devstack@keystone.service[46176]: ERROR keystone.server.flask.application
File "/opt/stack/keystone/keystone/assignment/role_backends/sql.py", line 65, in _get_role
Nov 30 07:56:04 user devstack@keystone.service[46176]: ERROR keystone.server.flask.application raise exception.RoleNotFound(role_id=role_id)
Nov 30 07:56:04 user devstack@keystone.service[46176]: ERROR keystone.server.flask.application keystone.exception.RoleNotFound: Could not find role: member.
Nov 30 07:56:04 user devstack@keystone.service[46176]: ERROR keystone.server.flask.application
Nov 30 07:56:04 user devstack@keystone.service[46176]: [pid: 46176|app: 0|req: 24/74] 10.0.0.210 () {56 vars in 1094 bytes} [Thu Nov 30 07:56:04 2023] GET /identity/v3/roles/member => generated 84 bytes in 246 msecs (HTTP/1.1 404) 5 headers in 183 bytes (1 switches on core 0)
Nov 30 07:56:04 user devstack@keystone.service[46176]: DEBUG keystone.server.flask.request_processing.middleware.auth_context [None req-ae05f52f-e82c-44d5-9a60-c691723fc149 None admin] Authenticating user token {{(pid=46176) process_request /opt/stack/data/venv/lib/python3.10/site-packages/keystonemiddleware/auth_token/__init__.py:406}}
Nov 30 07:56:04 user devstack@keystone.service[46177]: DEBUG keystone.server.flask.request_processing.middleware.auth_context [None req-53bf28d1-5cf0-4233-aa20-8a353bc3712f None admin] RBAC: auth_context: {'token': , 'domain_id': None, 'trust_id': None, 'trustor_id': None, 'trustee_id': None, 'domain_name': None, 'group_ids': [], 'user_id': 'ea14ac6628934525af8d2ae55e231df7', 'user_domain_id': 'default', 'system_scope': 'all', 'project_id': None, 'project_domain_id': None, 'roles': ['admin', 'manager', 'member', 'reader'], 'is_admin_project': True, 'service_user_id': None, 'service_user_domain_id': None, 'service_project_id': None, 'service_project_domain_id': None, 'service_roles': []} {{(pid=46177) fill_context /opt/stack/keystone/keystone/server/flask/request_processing/middleware/auth_context.py:480}}
Nov 30 07:56:04 user devstack@keystone.service[46177]: DEBUG keystone.server.flask.request_processing.req_logging [None req-53bf28d1-5cf0-4233-aa20-8a353bc3712f None admin] REQUEST_METHOD: `GET` {{(pid=46177) log_request_info /opt/stack/keystone/keystone/server/flask/request_processing/req_logging.py:27}}
Nov 30 07:56:04 user devstack@keystone.service[46177]: DEBUG keystone.server.flask.request_processing.req_logging [None req-53bf28d1-5cf0-4233-aa20-8a353bc3712f None admin] SCRIPT_NAME: `/identity` {{(pid=46177) log_request_info /opt/stack/keystone/keystone/server/flask/request_processing/req_logging.py:28}}
Nov 30 07:56:04 user devstack@keystone.service[46177]: DEBUG keystone.server.flask.request_processing.req_logging [None req-53bf28d1-5cf0-4233-aa20-8a353bc3712f None admin] PATH_INFO: `/v3/projects/0de3e897a882447a9b8bc490531f3162` {{(pid=46177) log_request_info /opt/stack/keystone/keystone/server/flask/request_processing/req_logging.py:29}}
Nov 30 07:56:04 user devstack@keystone.service[46177]: DEBUG keystone.common.rbac_enforcer.enforcer [None req-53bf28d1-5cf0-4233-aa20-8a353bc3712f None admin] RBAC: Authorizing `identity:get_project(project_id=0de3e897a882447a9b8bc490531f3162)` {{(pid=46177) enforce_call /opt/stack/keystone/keystone/common/rbac_enforcer/enforcer.py:449}}
Nov 30 07:56:04 user devstack@keystone.service[46177]: DEBUG keystone.common.rbac_enforcer.enforcer [None req-53bf28d1-5cf0-4233-aa20-8a353bc3712f None admin] RBAC: Authorization granted {{(pid=46177) enforce_call /opt/stack/keystone/keystone/common/rbac_enforcer/enforcer.py:457}}
Nov 30 07:56:04 user devstack@keystone.service[46177]: [pid: 46177|app: 0|req: 23/75] 10.0.0.210 () {56 vars in 1181 bytes} [Thu Nov 30 07:56:04 2023] GET /identity/v3/projects/0de3e897a882447a9b8bc490531f3162 => generated 297 bytes in 373 msecs (HTTP/1.1 200) 5 headers in 177 bytes (1 switches on core 0)
Nov 30 07:56:04 user devstack@keystone.service[46177]: DEBUG keystone.server.flask.request_processing.middleware.auth_context [None req-53bf28d1-5cf0-4233-aa20-8a353bc3712f None admin] Authenticating user token {{(pid=46177) process_request /opt/stack/data/venv/lib/python3.10/site-packages/keystonemiddleware/auth_token/__init__.py:406}}
Nov 30 07:56:04 user devstack@keystone.service[46178]: DEBUG keystone.server.flask.request_processing.middleware.auth_context [None req-044fced8-d266-4382-956f-5c8bec230a1d None admin] Validating token access rules against request {{(pid=46178) validate_allowed_request /opt/stack/data/venv/lib/python3.10/site-packages/keystonemiddleware/auth_token/__init__.py:544}}
Nov 30 07:56:04 user devstack@keystone.service[46176]: DEBUG keystone.server.flask.request_processing.middleware.auth_context [None req-ae05f52f-e82c-44d5-9a60-c691723fc149 None admin] Validating token access rules against request {{(pid=46176) validate_allowed_request /opt/stack/data/venv/lib/python3.10/site-packages/keystonemiddleware/auth_token/__init__.py:544}}
Nov 30 07:56:05 user devstack@keystone.service[46177]: DEBUG keystone.server.flask.request_processing.middleware.auth_context [None req-53bf28d1-5cf0-4233-aa20-8a353bc3712f None admin] Validating token access rules against request {{(pid=46177) validate_allowed_request /opt/stack/data/venv/lib/python3.10/site-packages/keystonemiddleware/auth_token/__init__.py:544}}
Nov 30 07:56:05 user devstack@keystone.service[46178]: DEBUG keystone.server.flask.request_processing.middleware.auth_context [None req-3728b9b1-ccb5-4fc0-813a-a1841d191c77 None admin] RBAC: auth_context: {'token': , 'domain_id': None, 'trust_id': None, 'trustor_id': None, 'trustee_id': None, 'domain_name': None, 'group_ids': [], 'user_id': 'ea14ac6628934525af8d2ae55e231df7', 'user_domain_id': 'default', 'system_scope': 'all', 'project_id': None, 'project_domain_id': None, 'roles': ['admin', 'manager', 'member', 'reader'], 'is_admin_project': True, 'service_user_id': None, 'service_user_domain_id': None, 'service_project_id': None, 'service_project_domain_id': None, 'service_roles': []} {{(pid=46178) fill_context /opt/stack/keystone/keystone/server/flask/request_processing/middleware/auth_context.py:480}}
Nov 30 07:56:05 user devstack@keystone.service[46178]: DEBUG keystone.server.flask.request_processing.req_logging [None req-3728b9b1-ccb5-4fc0-813a-a1841d191c77 None admin] REQUEST_METHOD: `GET` {{(pid=46178) log_request_info /opt/stack/keystone/keystone/server/flask/request_processing/req_logging.py:27}}
Nov 30 07:56:05 user devstack@keystone.service[46178]: DEBUG keystone.server.flask.request_processing.req_logging [None req-3728b9b1-ccb5-4fc0-813a-a1841d191c77 None admin] SCRIPT_NAME: `/identity` {{(pid=46178) log_request_info /opt/stack/keystone/keystone/server/flask/request_processing/req_logging.py:28}}
Nov 30 07:56:05 user devstack@keystone.service[46178]: DEBUG keystone.server.flask.request_processing.req_logging [None req-3728b9b1-ccb5-4fc0-813a-a1841d191c77 None admin] PATH_INFO: `/v3/domains/default` {{(pid=46178) log_request_info /opt/stack/keystone/keystone/server/flask/request_processing/req_logging.py:29}}
Nov 30 07:56:05 user devstack@keystone.service[46178]: DEBUG keystone.common.rbac_enforcer.enforcer [None req-3728b9b1-ccb5-4fc0-813a-a1841d191c77 None admin] RBAC: Authorizing `identity:get_domain(domain_id=default)` {{(pid=46178) enforce_call /opt/stack/keystone/keystone/common/rbac_enforcer/enforcer.py:449}}
Nov 30 07:56:05 user devstack@keystone.service[46178]: DEBUG keystone.common.rbac_enforcer.enforcer [None req-3728b9b1-ccb5-4fc0-813a-a1841d191c77 None admin] RBAC: Authorization granted {{(pid=46178) enforce_call /opt/stack/keystone/keystone/common/rbac_enforcer/enforcer.py:457}}
Nov 30 07:56:05 user devstack@keystone.service[46178]: [pid: 46178|app: 0|req: 29/76] 10.0.0.210 () {56 vars in 1103 bytes} [Thu Nov 30 07:56:04 2023] GET /identity/v3/domains/default => generated 198 bytes in 133 msecs (HTTP/1.1 200) 5 headers in 177 bytes (1 switches on core 0)
Nov 30 07:56:05 user devstack@keystone.service[46178]: DEBUG keystone.server.flask.request_processing.middleware.auth_context [None req-3728b9b1-ccb5-4fc0-813a-a1841d191c77 None admin] Authenticating user token {{(pid=46178) process_request /opt/stack/data/venv/lib/python3.10/site-packages/keystonemiddleware/auth_token/__init__.py:406}}
Nov 30 07:56:05 user devstack@keystone.service[46176]: DEBUG keystone.server.flask.request_processing.middleware.auth_context [None req-cb8dc7a9-4b74-434e-b9d2-405f4a4ecbe3 None admin] RBAC: auth_context: {'token': , 'domain_id': None, 'trust_id': None, 'trustor_id': None, 'trustee_id': None, 'domain_name': None, 'group_ids': [], 'user_id': 'ea14ac6628934525af8d2ae55e231df7', 'user_domain_id': 'default', 'system_scope': 'all', 'project_id': None, 'project_domain_id': None, 'roles': ['admin', 'manager', 'member', 'reader'], 'is_admin_project': True, 'service_user_id': None, 'service_user_domain_id': None, 'service_project_id': None, 'service_project_domain_id': None, 'service_roles': []} {{(pid=46176) fill_context /opt/stack/keystone/keystone/server/flask/request_processing/middleware/auth_context.py:480}}
Nov 30 07:56:05 user devstack@keystone.service[46176]: DEBUG keystone.server.flask.request_processing.req_logging [None req-cb8dc7a9-4b74-434e-b9d2-405f4a4ecbe3 None admin] REQUEST_METHOD: `GET` {{(pid=46176) log_request_info /opt/stack/keystone/keystone/server/flask/request_processing/req_logging.py:27}}
Nov 30 07:56:05 user devstack@keystone.service[46176]: DEBUG keystone.server.flask.request_processing.req_logging [None req-cb8dc7a9-4b74-434e-b9d2-405f4a4ecbe3 None admin] SCRIPT_NAME: `/identity` {{(pid=46176) log_request_info /opt/stack/keystone/keystone/server/flask/request_processing/req_logging.py:28}}
Nov 30 07:56:05 user devstack@keystone.service[46177]: DEBUG keystone.server.flask.request_processing.middleware.auth_context [None req-bbe41bd3-0e77-45d6-8760-1700184d51ad None admin] RBAC: auth_context: {'token': , 'domain_id': None, 'trust_id': None, 'trustor_id': None, 'trustee_id': None, 'domain_name': None, 'group_ids': [], 'user_id': 'ea14ac6628934525af8d2ae55e231df7', 'user_domain_id': 'default', 'system_scope': 'all', 'project_id': None, 'project_domain_id': None, 'roles': ['admin', 'manager', 'member', 'reader'], 'is_admin_project': True, 'service_user_id': None, 'service_user_domain_id': None, 'service_project_id': None, 'service_project_domain_id': None, 'service_roles': []} {{(pid=46177) fill_context /opt/stack/keystone/keystone/server/flask/request_processing/middleware/auth_context.py:480}}
Nov 30 07:56:05 user devstack@keystone.service[46176]: DEBUG keystone.server.flask.request_processing.req_logging [None req-cb8dc7a9-4b74-434e-b9d2-405f4a4ecbe3 None admin] PATH_INFO: `/v3/roles` {{(pid=46176) log_request_info /opt/stack/keystone/keystone/server/flask/request_processing/req_logging.py:29}}
Nov 30 07:56:05 user devstack@keystone.service[46177]: DEBUG keystone.server.flask.request_processing.req_logging [None req-bbe41bd3-0e77-45d6-8760-1700184d51ad None admin] REQUEST_METHOD: `GET` {{(pid=46177) log_request_info /opt/stack/keystone/keystone/server/flask/request_processing/req_logging.py:27}}
Nov 30 07:56:05 user devstack@keystone.service[46176]: DEBUG keystone.common.rbac_enforcer.enforcer [None req-cb8dc7a9-4b74-434e-b9d2-405f4a4ecbe3 None admin] RBAC: Adding query filter params (name=anotherrole) {{(pid=46176) _extract_filter_values /opt/stack/keystone/keystone/common/rbac_enforcer/enforcer.py:167}}
Nov 30 07:56:05 user devstack@keystone.service[46177]: DEBUG keystone.server.flask.request_processing.req_logging [None req-bbe41bd3-0e77-45d6-8760-1700184d51ad None admin] SCRIPT_NAME: `/identity` {{(pid=46177) log_request_info /opt/stack/keystone/keystone/server/flask/request_processing/req_logging.py:28}}
Nov 30 07:56:05 user devstack@keystone.service[46176]: DEBUG keystone.common.rbac_enforcer.enforcer [None req-cb8dc7a9-4b74-434e-b9d2-405f4a4ecbe3 None admin] RBAC: Authorizing `identity:list_roles()` {{(pid=46176) enforce_call /opt/stack/keystone/keystone/common/rbac_enforcer/enforcer.py:449}}
Nov 30 07:56:05 user devstack@keystone.service[46177]: DEBUG keystone.server.flask.request_processing.req_logging [None req-bbe41bd3-0e77-45d6-8760-1700184d51ad None admin] PATH_INFO: `/v3/projects/0de3e897a882447a9b8bc490531f3162` {{(pid=46177) log_request_info /opt/stack/keystone/keystone/server/flask/request_processing/req_logging.py:29}}
Nov 30 07:56:05 user devstack@keystone.service[46177]: DEBUG keystone.common.rbac_enforcer.enforcer [None req-bbe41bd3-0e77-45d6-8760-1700184d51ad None admin] RBAC: Authorizing `identity:get_project(project_id=0de3e897a882447a9b8bc490531f3162)` {{(pid=46177) enforce_call /opt/stack/keystone/keystone/common/rbac_enforcer/enforcer.py:449}}
Nov 30 07:56:05 user devstack@keystone.service[46176]: DEBUG keystone.common.rbac_enforcer.enforcer [None req-cb8dc7a9-4b74-434e-b9d2-405f4a4ecbe3 None admin] RBAC: Authorization granted {{(pid=46176) enforce_call /opt/stack/keystone/keystone/common/rbac_enforcer/enforcer.py:457}}
Nov 30 07:56:05 user devstack@keystone.service[46177]: DEBUG keystone.common.rbac_enforcer.enforcer [None req-bbe41bd3-0e77-45d6-8760-1700184d51ad None admin] RBAC: Authorization granted {{(pid=46177) enforce_call /opt/stack/keystone/keystone/common/rbac_enforcer/enforcer.py:457}}
Nov 30 07:56:05 user devstack@keystone.service[46177]: [pid: 46177|app: 0|req: 24/77] 10.0.0.210 () {56 vars in 1181 bytes} [Thu Nov 30 07:56:04 2023] GET /identity/v3/projects/0de3e897a882447a9b8bc490531f3162 => generated 297 bytes in 143 msecs (HTTP/1.1 200) 5 headers in 177 bytes (1 switches on core 0)
Nov 30 07:56:05 user devstack@keystone.service[46177]: DEBUG keystone.server.flask.request_processing.middleware.auth_context [None req-bbe41bd3-0e77-45d6-8760-1700184d51ad None admin] Authenticating user token {{(pid=46177) process_request /opt/stack/data/venv/lib/python3.10/site-packages/keystonemiddleware/auth_token/__init__.py:406}}
Nov 30 07:56:05 user devstack@keystone.service[46176]: [pid: 46176|app: 0|req: 25/78] 10.0.0.210 () {56 vars in 1106 bytes} [Thu Nov 30 07:56:04 2023] GET /identity/v3/roles?name=anotherrole => generated 332 bytes in 164 msecs (HTTP/1.1 200) 5 headers in 177 bytes (1 switches on core 0)
Nov 30 07:56:05 user devstack@keystone.service[46176]: DEBUG keystone.server.flask.request_processing.middleware.auth_context [None req-cb8dc7a9-4b74-434e-b9d2-405f4a4ecbe3 None admin] Authenticating user token {{(pid=46176) process_request /opt/stack/data/venv/lib/python3.10/site-packages/keystonemiddleware/auth_token/__init__.py:406}}
Nov 30 07:56:05 user devstack@keystone.service[46178]: DEBUG keystone.server.flask.request_processing.middleware.auth_context [None req-3728b9b1-ccb5-4fc0-813a-a1841d191c77 None admin] Validating token access rules against request {{(pid=46178) validate_allowed_request /opt/stack/data/venv/lib/python3.10/site-packages/keystonemiddleware/auth_token/__init__.py:544}}
Nov 30 07:56:05 user devstack@keystone.service[46177]: DEBUG keystone.server.flask.request_processing.middleware.auth_context [None req-bbe41bd3-0e77-45d6-8760-1700184d51ad None admin] Validating token access rules against request {{(pid=46177) validate_allowed_request /opt/stack/data/venv/lib/python3.10/site-packages/keystonemiddleware/auth_token/__init__.py:544}}
Nov 30 07:56:05 user devstack@keystone.service[46178]: DEBUG keystone.server.flask.request_processing.middleware.auth_context [None req-87f72165-8de7-4a71-a43e-7b591f836ef1 None admin] RBAC: auth_context: {'token': , 'domain_id': None, 'trust_id': None, 'trustor_id': None, 'trustee_id': None, 'domain_name': None, 'group_ids': [], 'user_id': 'ea14ac6628934525af8d2ae55e231df7', 'user_domain_id': 'default', 'system_scope': 'all', 'project_id': None, 'project_domain_id': None, 'roles': ['admin', 'manager', 'member', 'reader'], 'is_admin_project': True, 'service_user_id': None, 'service_user_domain_id': None, 'service_project_id': None, 'service_project_domain_id': None, 'service_roles': []} {{(pid=46178) fill_context /opt/stack/keystone/keystone/server/flask/request_processing/middleware/auth_context.py:480}}
Nov 30 07:56:05 user devstack@keystone.service[46178]: DEBUG keystone.server.flask.request_processing.req_logging [None req-87f72165-8de7-4a71-a43e-7b591f836ef1 None admin] REQUEST_METHOD: `GET` {{(pid=46178) log_request_info /opt/stack/keystone/keystone/server/flask/request_processing/req_logging.py:27}}
Nov 30 07:56:05 user devstack@keystone.service[46178]: DEBUG keystone.server.flask.request_processing.req_logging [None req-87f72165-8de7-4a71-a43e-7b591f836ef1 None admin] SCRIPT_NAME: `/identity` {{(pid=46178) log_request_info /opt/stack/keystone/keystone/server/flask/request_processing/req_logging.py:28}}
Nov 30 07:56:05 user devstack@keystone.service[46178]: DEBUG keystone.server.flask.request_processing.req_logging [None req-87f72165-8de7-4a71-a43e-7b591f836ef1 None admin] PATH_INFO: `/v3/roles` {{(pid=46178) log_request_info /opt/stack/keystone/keystone/server/flask/request_processing/req_logging.py:29}}
Nov 30 07:56:05 user devstack@keystone.service[46178]: DEBUG keystone.common.rbac_enforcer.enforcer [None req-87f72165-8de7-4a71-a43e-7b591f836ef1 None admin] RBAC: Adding query filter params (name=member) {{(pid=46178) _extract_filter_values /opt/stack/keystone/keystone/common/rbac_enforcer/enforcer.py:167}}
Nov 30 07:56:05 user devstack@keystone.service[46178]: DEBUG keystone.common.rbac_enforcer.enforcer [None req-87f72165-8de7-4a71-a43e-7b591f836ef1 None admin] RBAC: Authorizing `identity:list_roles()` {{(pid=46178) enforce_call /opt/stack/keystone/keystone/common/rbac_enforcer/enforcer.py:449}}
Nov 30 07:56:05 user devstack@keystone.service[46178]: DEBUG keystone.common.rbac_enforcer.enforcer [None req-87f72165-8de7-4a71-a43e-7b591f836ef1 None admin] RBAC: Authorization granted {{(pid=46178) enforce_call /opt/stack/keystone/keystone/common/rbac_enforcer/enforcer.py:457}}
Nov 30 07:56:05 user devstack@keystone.service[46178]: [pid: 46178|app: 0|req: 30/79] 10.0.0.210 () {56 vars in 1096 bytes} [Thu Nov 30 07:56:05 2023] GET /identity/v3/roles?name=member => generated 339 bytes in 137 msecs (HTTP/1.1 200) 5 headers in 177 bytes (1 switches on core 0)
Nov 30 07:56:05 user devstack@keystone.service[46178]: DEBUG keystone.server.flask.request_processing.middleware.auth_context [None req-87f72165-8de7-4a71-a43e-7b591f836ef1 None admin] Authenticating user token {{(pid=46178) process_request /opt/stack/data/venv/lib/python3.10/site-packages/keystonemiddleware/auth_token/__init__.py:406}}
Nov 30 07:56:05 user devstack@keystone.service[46176]: DEBUG keystone.server.flask.request_processing.middleware.auth_context [None req-cb8dc7a9-4b74-434e-b9d2-405f4a4ecbe3 None admin] Validating token access rules against request {{(pid=46176) validate_allowed_request /opt/stack/data/venv/lib/python3.10/site-packages/keystonemiddleware/auth_token/__init__.py:544}}
Nov 30 07:56:05 user devstack@keystone.service[46177]: DEBUG keystone.server.flask.request_processing.middleware.auth_context [None req-a75fd416-cc53-48aa-b9d1-65b66f01b534 None admin] RBAC: auth_context: {'token': , 'domain_id': None, 'trust_id': None, 'trustor_id': None, 'trustee_id': None, 'domain_name': None, 'group_ids': [], 'user_id': 'ea14ac6628934525af8d2ae55e231df7', 'user_domain_id': 'default', 'system_scope': 'all', 'project_id': None, 'project_domain_id': None, 'roles': ['admin', 'manager', 'member', 'reader'], 'is_admin_project': True, 'service_user_id': None, 'service_user_domain_id': None, 'service_project_id': None, 'service_project_domain_id': None, 'service_roles': []} {{(pid=46177) fill_context /opt/stack/keystone/keystone/server/flask/request_processing/middleware/auth_context.py:480}}
Nov 30 07:56:05 user devstack@keystone.service[46177]: DEBUG keystone.server.flask.request_processing.req_logging [None req-a75fd416-cc53-48aa-b9d1-65b66f01b534 None admin] REQUEST_METHOD: `PUT` {{(pid=46177) log_request_info /opt/stack/keystone/keystone/server/flask/request_processing/req_logging.py:27}}
Nov 30 07:56:05 user devstack@keystone.service[46177]: DEBUG keystone.server.flask.request_processing.req_logging [None req-a75fd416-cc53-48aa-b9d1-65b66f01b534 None admin] SCRIPT_NAME: `/identity` {{(pid=46177) log_request_info /opt/stack/keystone/keystone/server/flask/request_processing/req_logging.py:28}}
Nov 30 07:56:05 user devstack@keystone.service[46177]: DEBUG keystone.server.flask.request_processing.req_logging [None req-a75fd416-cc53-48aa-b9d1-65b66f01b534 None admin] PATH_INFO: `/v3/projects/0de3e897a882447a9b8bc490531f3162/users/d84be054102d4e4e92ef918f898f52e0/roles/3f815aec574b406f8fe3b5881cc56f51` {{(pid=46177) log_request_info /opt/stack/keystone/keystone/server/flask/request_processing/req_logging.py:29}}
Nov 30 07:56:05 user devstack@keystone.service[46177]: DEBUG keystone.common.rbac_enforcer.enforcer [None req-a75fd416-cc53-48aa-b9d1-65b66f01b534 None admin] RBAC: Authorizing `identity:create_grant(project_id=0de3e897a882447a9b8bc490531f3162, user_id=d84be054102d4e4e92ef918f898f52e0, role_id=3f815aec574b406f8fe3b5881cc56f51)` {{(pid=46177) enforce_call /opt/stack/keystone/keystone/common/rbac_enforcer/enforcer.py:449}}
Nov 30 07:56:05 user devstack@keystone.service[46177]: DEBUG keystone.common.rbac_enforcer.enforcer [None req-a75fd416-cc53-48aa-b9d1-65b66f01b534 None admin] RBAC: Authorization granted {{(pid=46177) enforce_call /opt/stack/keystone/keystone/common/rbac_enforcer/enforcer.py:457}}
Nov 30 07:56:05 user devstack@keystone.service[46177]: [pid: 46177|app: 0|req: 25/80] 10.0.0.210 () {58 vars in 1434 bytes} [Thu Nov 30 07:56:05 2023] PUT /identity/v3/projects/0de3e897a882447a9b8bc490531f3162/users/d84be054102d4e4e92ef918f898f52e0/roles/3f815aec574b406f8fe3b5881cc56f51 => generated 0 bytes in 145 msecs (HTTP/1.1 204) 3 headers in 132 bytes (0 switches on core 0)
Nov 30 07:56:05 user devstack@keystone.service[46177]: DEBUG keystone.server.flask.request_processing.middleware.auth_context [None req-a75fd416-cc53-48aa-b9d1-65b66f01b534 None admin] Authenticating user token {{(pid=46177) process_request /opt/stack/data/venv/lib/python3.10/site-packages/keystonemiddleware/auth_token/__init__.py:406}}
Nov 30 07:56:05 user devstack@keystone.service[46176]: DEBUG keystone.server.flask.request_processing.middleware.auth_context [None req-b2745191-d262-4a1f-bffd-d4a09565a2f0 None admin] RBAC: auth_context: {'token': , 'domain_id': None, 'trust_id': None, 'trustor_id': None, 'trustee_id': None, 'domain_name': None, 'group_ids': [], 'user_id': 'ea14ac6628934525af8d2ae55e231df7', 'user_domain_id': 'default', 'system_scope': 'all', 'project_id': None, 'project_domain_id': None, 'roles': ['admin', 'manager', 'member', 'reader'], 'is_admin_project': True, 'service_user_id': None, 'service_user_domain_id': None, 'service_project_id': None, 'service_project_domain_id': None, 'service_roles': []} {{(pid=46176) fill_context /opt/stack/keystone/keystone/server/flask/request_processing/middleware/auth_context.py:480}}
Nov 30 07:56:05 user devstack@keystone.service[46176]: DEBUG keystone.server.flask.request_processing.req_logging [None req-b2745191-d262-4a1f-bffd-d4a09565a2f0 None admin] REQUEST_METHOD: `POST` {{(pid=46176) log_request_info /opt/stack/keystone/keystone/server/flask/request_processing/req_logging.py:27}}
Nov 30 07:56:05 user devstack@keystone.service[46176]: DEBUG keystone.server.flask.request_processing.req_logging [None req-b2745191-d262-4a1f-bffd-d4a09565a2f0 None admin] SCRIPT_NAME: `/identity` {{(pid=46176) log_request_info /opt/stack/keystone/keystone/server/flask/request_processing/req_logging.py:28}}
Nov 30 07:56:05 user devstack@keystone.service[46176]: DEBUG keystone.server.flask.request_processing.req_logging [None req-b2745191-d262-4a1f-bffd-d4a09565a2f0 None admin] PATH_INFO: `/v3/users` {{(pid=46176) log_request_info /opt/stack/keystone/keystone/server/flask/request_processing/req_logging.py:29}}
Nov 30 07:56:05 user devstack@keystone.service[46176]: DEBUG keystone.common.rbac_enforcer.enforcer [None req-b2745191-d262-4a1f-bffd-d4a09565a2f0 None admin] RBAC: Authorizing `identity:create_user()` {{(pid=46176) enforce_call /opt/stack/keystone/keystone/common/rbac_enforcer/enforcer.py:449}}
Nov 30 07:56:05 user devstack@keystone.service[46176]: DEBUG keystone.common.rbac_enforcer.enforcer [None req-b2745191-d262-4a1f-bffd-d4a09565a2f0 None admin] RBAC: Authorization granted {{(pid=46176) enforce_call /opt/stack/keystone/keystone/common/rbac_enforcer/enforcer.py:457}}
Nov 30 07:56:05 user devstack@keystone.service[46176]: WARNING keystone.common.password_hashing [None req-b2745191-d262-4a1f-bffd-d4a09565a2f0 None admin] Truncating password to algorithm specific maximum length 72 characters.
Nov 30 07:56:05 user devstack@keystone.service[46178]: DEBUG keystone.server.flask.request_processing.middleware.auth_context [None req-87f72165-8de7-4a71-a43e-7b591f836ef1 None admin] Validating token access rules against request {{(pid=46178) validate_allowed_request /opt/stack/data/venv/lib/python3.10/site-packages/keystonemiddleware/auth_token/__init__.py:544}}
Nov 30 07:56:05 user devstack@keystone.service[46176]: [pid: 46176|app: 0|req: 26/81] 10.0.0.210 () {60 vars in 1127 bytes} [Thu Nov 30 07:56:05 2023] POST /identity/v3/users => generated 288 bytes in 205 msecs (HTTP/1.1 201) 5 headers in 182 bytes (1 switches on core 0)
Nov 30 07:56:05 user devstack@keystone.service[46176]: DEBUG keystone.server.flask.request_processing.middleware.auth_context [None req-b2745191-d262-4a1f-bffd-d4a09565a2f0 None admin] Authenticating user token {{(pid=46176) process_request /opt/stack/data/venv/lib/python3.10/site-packages/keystonemiddleware/auth_token/__init__.py:406}}
Nov 30 07:56:05 user devstack@keystone.service[46177]: DEBUG keystone.server.flask.request_processing.middleware.auth_context [None req-a75fd416-cc53-48aa-b9d1-65b66f01b534 None admin] Validating token access rules against request {{(pid=46177) validate_allowed_request /opt/stack/data/venv/lib/python3.10/site-packages/keystonemiddleware/auth_token/__init__.py:544}}
Nov 30 07:56:05 user devstack@keystone.service[46178]: DEBUG keystone.server.flask.request_processing.middleware.auth_context [None req-424c8551-1e8d-4265-a546-36c9199f98cf None admin] RBAC: auth_context: {'token': , 'domain_id': None, 'trust_id': None, 'trustor_id': None, 'trustee_id': None, 'domain_name': None, 'group_ids': [], 'user_id': 'ea14ac6628934525af8d2ae55e231df7', 'user_domain_id': 'default', 'system_scope': 'all', 'project_id': None, 'project_domain_id': None, 'roles': ['admin', 'manager', 'member', 'reader'], 'is_admin_project': True, 'service_user_id': None, 'service_user_domain_id': None, 'service_project_id': None, 'service_project_domain_id': None, 'service_roles': []} {{(pid=46178) fill_context /opt/stack/keystone/keystone/server/flask/request_processing/middleware/auth_context.py:480}}
Nov 30 07:56:05 user devstack@keystone.service[46178]: DEBUG keystone.server.flask.request_processing.req_logging [None req-424c8551-1e8d-4265-a546-36c9199f98cf None admin] REQUEST_METHOD: `PUT` {{(pid=46178) log_request_info /opt/stack/keystone/keystone/server/flask/request_processing/req_logging.py:27}}
Nov 30 07:56:05 user devstack@keystone.service[46178]: DEBUG keystone.server.flask.request_processing.req_logging [None req-424c8551-1e8d-4265-a546-36c9199f98cf None admin] SCRIPT_NAME: `/identity` {{(pid=46178) log_request_info /opt/stack/keystone/keystone/server/flask/request_processing/req_logging.py:28}}
Nov 30 07:56:05 user devstack@keystone.service[46178]: DEBUG keystone.server.flask.request_processing.req_logging [None req-424c8551-1e8d-4265-a546-36c9199f98cf None admin] PATH_INFO: `/v3/projects/0de3e897a882447a9b8bc490531f3162/users/ea14ac6628934525af8d2ae55e231df7/roles/f0ff487d2cd24bb686f3b817d5d6fd87` {{(pid=46178) log_request_info /opt/stack/keystone/keystone/server/flask/request_processing/req_logging.py:29}}
Nov 30 07:56:05 user devstack@keystone.service[46178]: DEBUG keystone.common.rbac_enforcer.enforcer [None req-424c8551-1e8d-4265-a546-36c9199f98cf None admin] RBAC: Authorizing `identity:create_grant(project_id=0de3e897a882447a9b8bc490531f3162, user_id=ea14ac6628934525af8d2ae55e231df7, role_id=f0ff487d2cd24bb686f3b817d5d6fd87)` {{(pid=46178) enforce_call /opt/stack/keystone/keystone/common/rbac_enforcer/enforcer.py:449}}
Nov 30 07:56:05 user devstack@keystone.service[46178]: DEBUG keystone.common.rbac_enforcer.enforcer [None req-424c8551-1e8d-4265-a546-36c9199f98cf None admin] RBAC: Authorization granted {{(pid=46178) enforce_call /opt/stack/keystone/keystone/common/rbac_enforcer/enforcer.py:457}}
Nov 30 07:56:05 user devstack@keystone.service[46177]: DEBUG keystone.server.flask.request_processing.middleware.auth_context [None req-b5e71cf9-58ff-4a0a-9983-2e6f566bd599 None admin] RBAC: auth_context: {'token': , 'domain_id': None, 'trust_id': None, 'trustor_id': None, 'trustee_id': None, 'domain_name': None, 'group_ids': [], 'user_id': 'ea14ac6628934525af8d2ae55e231df7', 'user_domain_id': 'default', 'system_scope': 'all', 'project_id': None, 'project_domain_id': None, 'roles': ['admin', 'manager', 'member', 'reader'], 'is_admin_project': True, 'service_user_id': None, 'service_user_domain_id': None, 'service_project_id': None, 'service_project_domain_id': None, 'service_roles': []} {{(pid=46177) fill_context /opt/stack/keystone/keystone/server/flask/request_processing/middleware/auth_context.py:480}}
Nov 30 07:56:05 user devstack@keystone.service[46177]: DEBUG keystone.server.flask.request_processing.req_logging [None req-b5e71cf9-58ff-4a0a-9983-2e6f566bd599 None admin] REQUEST_METHOD: `GET` {{(pid=46177) log_request_info /opt/stack/keystone/keystone/server/flask/request_processing/req_logging.py:27}}
Nov 30 07:56:05 user devstack@keystone.service[46177]: DEBUG keystone.server.flask.request_processing.req_logging [None req-b5e71cf9-58ff-4a0a-9983-2e6f566bd599 None admin] SCRIPT_NAME: `/identity` {{(pid=46177) log_request_info /opt/stack/keystone/keystone/server/flask/request_processing/req_logging.py:28}}
Nov 30 07:56:05 user devstack@keystone.service[46177]: DEBUG keystone.server.flask.request_processing.req_logging [None req-b5e71cf9-58ff-4a0a-9983-2e6f566bd599 None admin] PATH_INFO: `/v3/users/d84be054102d4e4e92ef918f898f52e0` {{(pid=46177) log_request_info /opt/stack/keystone/keystone/server/flask/request_processing/req_logging.py:29}}
Nov 30 07:56:05 user devstack@keystone.service[46177]: DEBUG keystone.common.rbac_enforcer.enforcer [None req-b5e71cf9-58ff-4a0a-9983-2e6f566bd599 None admin] RBAC: Authorizing `identity:get_user(user_id=d84be054102d4e4e92ef918f898f52e0)` {{(pid=46177) enforce_call /opt/stack/keystone/keystone/common/rbac_enforcer/enforcer.py:449}}
Nov 30 07:56:05 user devstack@keystone.service[46178]: [pid: 46178|app: 0|req: 31/82] 10.0.0.210 () {58 vars in 1434 bytes} [Thu Nov 30 07:56:05 2023] PUT /identity/v3/projects/0de3e897a882447a9b8bc490531f3162/users/ea14ac6628934525af8d2ae55e231df7/roles/f0ff487d2cd24bb686f3b817d5d6fd87 => generated 0 bytes in 162 msecs (HTTP/1.1 204) 3 headers in 132 bytes (0 switches on core 0)
Nov 30 07:56:05 user devstack@keystone.service[46177]: DEBUG keystone.common.rbac_enforcer.enforcer [None req-b5e71cf9-58ff-4a0a-9983-2e6f566bd599 None admin] RBAC: Authorization granted {{(pid=46177) enforce_call /opt/stack/keystone/keystone/common/rbac_enforcer/enforcer.py:457}}
Nov 30 07:56:05 user devstack@keystone.service[46177]: [pid: 46177|app: 0|req: 26/83] 10.0.0.210 () {56 vars in 1172 bytes} [Thu Nov 30 07:56:05 2023] GET /identity/v3/users/d84be054102d4e4e92ef918f898f52e0 => generated 274 bytes in 128 msecs (HTTP/1.1 200) 5 headers in 177 bytes (1 switches on core 0)
Nov 30 07:56:05 user devstack@keystone.service[46178]: DEBUG keystone.server.flask.request_processing.middleware.auth_context [None req-424c8551-1e8d-4265-a546-36c9199f98cf None admin] Authenticating user token {{(pid=46178) process_request /opt/stack/data/venv/lib/python3.10/site-packages/keystonemiddleware/auth_token/__init__.py:406}}
Nov 30 07:56:05 user devstack@keystone.service[46176]: DEBUG keystone.server.flask.request_processing.middleware.auth_context [None req-b2745191-d262-4a1f-bffd-d4a09565a2f0 None admin] Validating token access rules against request {{(pid=46176) validate_allowed_request /opt/stack/data/venv/lib/python3.10/site-packages/keystonemiddleware/auth_token/__init__.py:544}}
Nov 30 07:56:05 user devstack@keystone.service[46176]: DEBUG keystone.server.flask.request_processing.middleware.auth_context [None req-0f94e757-c71b-4ffe-a014-0466606c15d7 None admin] RBAC: auth_context: {'token': , 'domain_id': None, 'trust_id': None, 'trustor_id': None, 'trustee_id': None, 'domain_name': None, 'group_ids': [], 'user_id': 'ea14ac6628934525af8d2ae55e231df7', 'user_domain_id': 'default', 'system_scope': 'all', 'project_id': None, 'project_domain_id': None, 'roles': ['admin', 'manager', 'member', 'reader'], 'is_admin_project': True, 'service_user_id': None, 'service_user_domain_id': None, 'service_project_id': None, 'service_project_domain_id': None, 'service_roles': []} {{(pid=46176) fill_context /opt/stack/keystone/keystone/server/flask/request_processing/middleware/auth_context.py:480}}
Nov 30 07:56:05 user devstack@keystone.service[46176]: DEBUG keystone.server.flask.request_processing.req_logging [None req-0f94e757-c71b-4ffe-a014-0466606c15d7 None admin] REQUEST_METHOD: `GET` {{(pid=46176) log_request_info /opt/stack/keystone/keystone/server/flask/request_processing/req_logging.py:27}}
Nov 30 07:56:05 user devstack@keystone.service[46176]: DEBUG keystone.server.flask.request_processing.req_logging [None req-0f94e757-c71b-4ffe-a014-0466606c15d7 None admin] SCRIPT_NAME: `/identity` {{(pid=46176) log_request_info /opt/stack/keystone/keystone/server/flask/request_processing/req_logging.py:28}}
Nov 30 07:56:05 user devstack@keystone.service[46176]: DEBUG keystone.server.flask.request_processing.req_logging [None req-0f94e757-c71b-4ffe-a014-0466606c15d7 None admin] PATH_INFO: `/v3/users/d84be054102d4e4e92ef918f898f52e0` {{(pid=46176) log_request_info /opt/stack/keystone/keystone/server/flask/request_processing/req_logging.py:29}}
Nov 30 07:56:05 user devstack@keystone.service[46176]: DEBUG keystone.common.rbac_enforcer.enforcer [None req-0f94e757-c71b-4ffe-a014-0466606c15d7 None admin] RBAC: Authorizing `identity:get_user(user_id=d84be054102d4e4e92ef918f898f52e0)` {{(pid=46176) enforce_call /opt/stack/keystone/keystone/common/rbac_enforcer/enforcer.py:449}}
Nov 30 07:56:05 user devstack@keystone.service[46176]: DEBUG keystone.common.rbac_enforcer.enforcer [None req-0f94e757-c71b-4ffe-a014-0466606c15d7 None admin] RBAC: Authorization granted {{(pid=46176) enforce_call /opt/stack/keystone/keystone/common/rbac_enforcer/enforcer.py:457}}
Nov 30 07:56:05 user devstack@keystone.service[46176]: [pid: 46176|app: 0|req: 27/84] 10.0.0.210 () {56 vars in 1172 bytes} [Thu Nov 30 07:56:05 2023] GET /identity/v3/users/d84be054102d4e4e92ef918f898f52e0 => generated 274 bytes in 163 msecs (HTTP/1.1 200) 5 headers in 177 bytes (1 switches on core 0)
Nov 30 07:56:05 user devstack@keystone.service[46177]: DEBUG keystone.server.flask.request_processing.middleware.auth_context [None req-b5e71cf9-58ff-4a0a-9983-2e6f566bd599 None admin] Authenticating user token {{(pid=46177) process_request /opt/stack/data/venv/lib/python3.10/site-packages/keystonemiddleware/auth_token/__init__.py:406}}
Nov 30 07:56:05 user devstack@keystone.service[46178]: DEBUG keystone.server.flask.request_processing.middleware.auth_context [None req-424c8551-1e8d-4265-a546-36c9199f98cf None admin] Validating token access rules against request {{(pid=46178) validate_allowed_request /opt/stack/data/venv/lib/python3.10/site-packages/keystonemiddleware/auth_token/__init__.py:544}}
Nov 30 07:56:05 user devstack@keystone.service[46178]: DEBUG keystone.server.flask.request_processing.middleware.auth_context [None req-967f1fe9-742d-4931-b514-7379e34a059e None admin] RBAC: auth_context: {'token': , 'domain_id': None, 'trust_id': None, 'trustor_id': None, 'trustee_id': None, 'domain_name': None, 'group_ids': [], 'user_id': 'ea14ac6628934525af8d2ae55e231df7', 'user_domain_id': 'default', 'system_scope': 'all', 'project_id': None, 'project_domain_id': None, 'roles': ['admin', 'manager', 'member', 'reader'], 'is_admin_project': True, 'service_user_id': None, 'service_user_domain_id': None, 'service_project_id': None, 'service_project_domain_id': None, 'service_roles': []} {{(pid=46178) fill_context /opt/stack/keystone/keystone/server/flask/request_processing/middleware/auth_context.py:480}}
Nov 30 07:56:05 user devstack@keystone.service[46178]: DEBUG keystone.server.flask.request_processing.req_logging [None req-967f1fe9-742d-4931-b514-7379e34a059e None admin] REQUEST_METHOD: `GET` {{(pid=46178) log_request_info /opt/stack/keystone/keystone/server/flask/request_processing/req_logging.py:27}}
Nov 30 07:56:05 user devstack@keystone.service[46178]: DEBUG keystone.server.flask.request_processing.req_logging [None req-967f1fe9-742d-4931-b514-7379e34a059e None admin] SCRIPT_NAME: `/identity` {{(pid=46178) log_request_info /opt/stack/keystone/keystone/server/flask/request_processing/req_logging.py:28}}
Nov 30 07:56:05 user devstack@keystone.service[46178]: DEBUG keystone.server.flask.request_processing.req_logging [None req-967f1fe9-742d-4931-b514-7379e34a059e None admin] PATH_INFO: `/v3/projects/0de3e897a882447a9b8bc490531f3162` {{(pid=46178) log_request_info /opt/stack/keystone/keystone/server/flask/request_processing/req_logging.py:29}}
Nov 30 07:56:05 user devstack@keystone.service[46178]: DEBUG keystone.common.rbac_enforcer.enforcer [None req-967f1fe9-742d-4931-b514-7379e34a059e None admin] RBAC: Authorizing `identity:get_project(project_id=0de3e897a882447a9b8bc490531f3162)` {{(pid=46178) enforce_call /opt/stack/keystone/keystone/common/rbac_enforcer/enforcer.py:449}}
Nov 30 07:56:05 user devstack@keystone.service[46178]: DEBUG keystone.common.rbac_enforcer.enforcer [None req-967f1fe9-742d-4931-b514-7379e34a059e None admin] RBAC: Authorization granted {{(pid=46178) enforce_call /opt/stack/keystone/keystone/common/rbac_enforcer/enforcer.py:457}}
Nov 30 07:56:05 user devstack@keystone.service[46178]: [pid: 46178|app: 0|req: 32/85] 10.0.0.210 () {56 vars in 1181 bytes} [Thu Nov 30 07:56:05 2023] GET /identity/v3/projects/0de3e897a882447a9b8bc490531f3162 => generated 297 bytes in 156 msecs (HTTP/1.1 200) 5 headers in 177 bytes (1 switches on core 0)
Nov 30 07:56:05 user devstack@keystone.service[46176]: DEBUG keystone.server.flask.request_processing.middleware.auth_context [None req-0f94e757-c71b-4ffe-a014-0466606c15d7 None admin] Authenticating user token {{(pid=46176) process_request /opt/stack/data/venv/lib/python3.10/site-packages/keystonemiddleware/auth_token/__init__.py:406}}
Nov 30 07:56:05 user devstack@keystone.service[46177]: DEBUG keystone.server.flask.request_processing.middleware.auth_context [None req-b5e71cf9-58ff-4a0a-9983-2e6f566bd599 None admin] Validating token access rules against request {{(pid=46177) validate_allowed_request /opt/stack/data/venv/lib/python3.10/site-packages/keystonemiddleware/auth_token/__init__.py:544}}
Nov 30 07:56:05 user devstack@keystone.service[46177]: DEBUG keystone.server.flask.request_processing.middleware.auth_context [None req-b5c8fcf3-1bd4-4038-9125-c80ac156f70e None admin] RBAC: auth_context: {'token': , 'domain_id': None, 'trust_id': None, 'trustor_id': None, 'trustee_id': None, 'domain_name': None, 'group_ids': [], 'user_id': 'ea14ac6628934525af8d2ae55e231df7', 'user_domain_id': 'default', 'system_scope': 'all', 'project_id': None, 'project_domain_id': None, 'roles': ['admin', 'manager', 'member', 'reader'], 'is_admin_project': True, 'service_user_id': None, 'service_user_domain_id': None, 'service_project_id': None, 'service_project_domain_id': None, 'service_roles': []} {{(pid=46177) fill_context /opt/stack/keystone/keystone/server/flask/request_processing/middleware/auth_context.py:480}}
Nov 30 07:56:05 user devstack@keystone.service[46177]: DEBUG keystone.server.flask.request_processing.req_logging [None req-b5c8fcf3-1bd4-4038-9125-c80ac156f70e None admin] REQUEST_METHOD: `GET` {{(pid=46177) log_request_info /opt/stack/keystone/keystone/server/flask/request_processing/req_logging.py:27}}
Nov 30 07:56:05 user devstack@keystone.service[46177]: DEBUG keystone.server.flask.request_processing.req_logging [None req-b5c8fcf3-1bd4-4038-9125-c80ac156f70e None admin] SCRIPT_NAME: `/identity` {{(pid=46177) log_request_info /opt/stack/keystone/keystone/server/flask/request_processing/req_logging.py:28}}
Nov 30 07:56:05 user devstack@keystone.service[46177]: DEBUG keystone.server.flask.request_processing.req_logging [None req-b5c8fcf3-1bd4-4038-9125-c80ac156f70e None admin] PATH_INFO: `/v3/projects/d8c7d716b05a42108629f7f49021af4c` {{(pid=46177) log_request_info /opt/stack/keystone/keystone/server/flask/request_processing/req_logging.py:29}}
Nov 30 07:56:05 user devstack@keystone.service[46177]: DEBUG keystone.common.rbac_enforcer.enforcer [None req-b5c8fcf3-1bd4-4038-9125-c80ac156f70e None admin] RBAC: Authorizing `identity:get_project(project_id=d8c7d716b05a42108629f7f49021af4c)` {{(pid=46177) enforce_call /opt/stack/keystone/keystone/common/rbac_enforcer/enforcer.py:449}}
Nov 30 07:56:05 user devstack@keystone.service[46177]: DEBUG keystone.common.rbac_enforcer.enforcer [None req-b5c8fcf3-1bd4-4038-9125-c80ac156f70e None admin] RBAC: Authorization granted {{(pid=46177) enforce_call /opt/stack/keystone/keystone/common/rbac_enforcer/enforcer.py:457}}
