Nov 02 01:19:21 user devstack@keystone.service[46305]: DEBUG keystone.server.flask.request_processing.req_logging [None req-b06b4996-9a26-48da-931e-b07f7044b4a3 None admin] REQUEST_METHOD: `GET` {{(pid=46305) log_request_info /opt/stack/keystone/keystone/server/flask/request_processing/req_logging.py:27}}
Nov 02 01:19:21 user devstack@keystone.service[46305]: DEBUG keystone.server.flask.request_processing.req_logging [None req-b06b4996-9a26-48da-931e-b07f7044b4a3 None admin] SCRIPT_NAME: `/identity` {{(pid=46305) log_request_info /opt/stack/keystone/keystone/server/flask/request_processing/req_logging.py:28}}
Nov 02 01:19:21 user devstack@keystone.service[46305]: DEBUG keystone.server.flask.request_processing.req_logging [None req-b06b4996-9a26-48da-931e-b07f7044b4a3 None admin] PATH_INFO: `/v3/roles` {{(pid=46305) log_request_info /opt/stack/keystone/keystone/server/flask/request_processing/req_logging.py:29}}
Nov 02 01:19:21 user devstack@keystone.service[46305]: DEBUG keystone.common.rbac_enforcer.enforcer [None req-b06b4996-9a26-48da-931e-b07f7044b4a3 None admin] RBAC: Adding query filter params (name=anotherrole) {{(pid=46305) _extract_filter_values /opt/stack/keystone/keystone/common/rbac_enforcer/enforcer.py:167}}
Nov 02 01:19:21 user devstack@keystone.service[46305]: DEBUG keystone.common.rbac_enforcer.enforcer [None req-b06b4996-9a26-48da-931e-b07f7044b4a3 None admin] RBAC: Authorizing `identity:list_roles()` {{(pid=46305) enforce_call /opt/stack/keystone/keystone/common/rbac_enforcer/enforcer.py:449}}
Nov 02 01:19:21 user devstack@keystone.service[46305]: DEBUG keystone.common.rbac_enforcer.enforcer [None req-b06b4996-9a26-48da-931e-b07f7044b4a3 None admin] RBAC: Authorization granted {{(pid=46305) enforce_call /opt/stack/keystone/keystone/common/rbac_enforcer/enforcer.py:457}}
Nov 02 01:19:21 user devstack@keystone.service[46305]: [pid: 46305|app: 0|req: 29/91] 10.0.0.210 () {56 vars in 1106 bytes} [Thu Nov 2 01:19:20 2023] GET /identity/v3/roles?name=anotherrole => generated 332 bytes in 176 msecs (HTTP/1.1 200) 5 headers in 177 bytes (1 switches on core 0)
Nov 02 01:19:21 user devstack@keystone.service[46305]: DEBUG keystone.server.flask.request_processing.middleware.auth_context [None req-b06b4996-9a26-48da-931e-b07f7044b4a3 None admin] Authenticating user token {{(pid=46305) process_request /opt/stack/data/venv/lib/python3.10/site-packages/keystonemiddleware/auth_token/__init__.py:406}}
Nov 02 01:19:21 user devstack@keystone.service[46304]: [pid: 46304|app: 0|req: 34/92] 10.0.0.210 () {58 vars in 1277 bytes} [Thu Nov 2 01:19:20 2023] GET /identity/v3/auth/tokens => generated 861 bytes in 313 msecs (HTTP/1.1 200) 6 headers in 358 bytes (1 switches on core 0)
Nov 02 01:19:21 user devstack@keystone.service[46304]: DEBUG keystone.server.flask.request_processing.middleware.auth_context [None req-881b6cbb-9bd7-4c4b-964f-ec32111bfb31 None admin] Authenticating user token {{(pid=46304) process_request /opt/stack/data/venv/lib/python3.10/site-packages/keystonemiddleware/auth_token/__init__.py:406}}
Nov 02 01:19:21 user devstack@keystone.service[46303]: DEBUG keystone.server.flask.request_processing.middleware.auth_context [None req-e704be19-6e3e-42a0-86cb-f42ee7c97610 None None] Validating token access rules against request {{(pid=46303) validate_allowed_request /opt/stack/data/venv/lib/python3.10/site-packages/keystonemiddleware/auth_token/__init__.py:544}}
Nov 02 01:19:21 user devstack@keystone.service[46305]: DEBUG keystone.server.flask.request_processing.middleware.auth_context [None req-b06b4996-9a26-48da-931e-b07f7044b4a3 None admin] Validating token access rules against request {{(pid=46305) validate_allowed_request /opt/stack/data/venv/lib/python3.10/site-packages/keystonemiddleware/auth_token/__init__.py:544}}
Nov 02 01:19:21 user devstack@keystone.service[46303]: DEBUG keystone.server.flask.request_processing.middleware.auth_context [None req-5fa44d69-5bd6-4a7c-8d6a-02f96ff63764 None admin] RBAC: auth_context: {'token': , 'domain_id': None, 'trust_id': None, 'trustor_id': None, 'trustee_id': None, 'domain_name': None, 'group_ids': [], 'user_id': '74c2454445ac4770b643d19866510bda', 'user_domain_id': 'default', 'system_scope': 'all', 'project_id': None, 'project_domain_id': None, 'roles': ['admin', 'manager', 'member', 'reader'], 'is_admin_project': True, 'service_user_id': None, 'service_user_domain_id': None, 'service_project_id': None, 'service_project_domain_id': None, 'service_roles': []} {{(pid=46303) fill_context /opt/stack/keystone/keystone/server/flask/request_processing/middleware/auth_context.py:480}}
Nov 02 01:19:21 user devstack@keystone.service[46303]: DEBUG keystone.server.flask.request_processing.req_logging [None req-5fa44d69-5bd6-4a7c-8d6a-02f96ff63764 None admin] REQUEST_METHOD: `GET` {{(pid=46303) log_request_info /opt/stack/keystone/keystone/server/flask/request_processing/req_logging.py:27}}
Nov 02 01:19:21 user devstack@keystone.service[46303]: DEBUG keystone.server.flask.request_processing.req_logging [None req-5fa44d69-5bd6-4a7c-8d6a-02f96ff63764 None admin] SCRIPT_NAME: `/identity` {{(pid=46303) log_request_info /opt/stack/keystone/keystone/server/flask/request_processing/req_logging.py:28}}
Nov 02 01:19:21 user devstack@keystone.service[46303]: DEBUG keystone.server.flask.request_processing.req_logging [None req-5fa44d69-5bd6-4a7c-8d6a-02f96ff63764 None admin] PATH_INFO: `/v3/roles` {{(pid=46303) log_request_info /opt/stack/keystone/keystone/server/flask/request_processing/req_logging.py:29}}
Nov 02 01:19:21 user devstack@keystone.service[46303]: DEBUG keystone.common.rbac_enforcer.enforcer [None req-5fa44d69-5bd6-4a7c-8d6a-02f96ff63764 None admin] RBAC: Adding query filter params (name=reader) {{(pid=46303) _extract_filter_values /opt/stack/keystone/keystone/common/rbac_enforcer/enforcer.py:167}}
Nov 02 01:19:21 user devstack@keystone.service[46303]: DEBUG keystone.common.rbac_enforcer.enforcer [None req-5fa44d69-5bd6-4a7c-8d6a-02f96ff63764 None admin] RBAC: Authorizing `identity:list_roles()` {{(pid=46303) enforce_call /opt/stack/keystone/keystone/common/rbac_enforcer/enforcer.py:449}}
Nov 02 01:19:21 user devstack@keystone.service[46303]: DEBUG keystone.common.rbac_enforcer.enforcer [None req-5fa44d69-5bd6-4a7c-8d6a-02f96ff63764 None admin] RBAC: Authorization granted {{(pid=46303) enforce_call /opt/stack/keystone/keystone/common/rbac_enforcer/enforcer.py:457}}
Nov 02 01:19:21 user devstack@keystone.service[46303]: [pid: 46303|app: 0|req: 30/93] 10.0.0.210 () {56 vars in 1096 bytes} [Thu Nov 2 01:19:21 2023] GET /identity/v3/roles?name=reader => generated 339 bytes in 145 msecs (HTTP/1.1 200) 5 headers in 177 bytes (1 switches on core 0)
Nov 02 01:19:21 user devstack@keystone.service[46303]: DEBUG keystone.server.flask.request_processing.middleware.auth_context [None req-5fa44d69-5bd6-4a7c-8d6a-02f96ff63764 None admin] Authenticating user token {{(pid=46303) process_request /opt/stack/data/venv/lib/python3.10/site-packages/keystonemiddleware/auth_token/__init__.py:406}}
Nov 02 01:19:21 user devstack@keystone.service[46304]: DEBUG keystone.server.flask.request_processing.middleware.auth_context [None req-881b6cbb-9bd7-4c4b-964f-ec32111bfb31 None admin] Validating token access rules against request {{(pid=46304) validate_allowed_request /opt/stack/data/venv/lib/python3.10/site-packages/keystonemiddleware/auth_token/__init__.py:544}}
Nov 02 01:19:21 user devstack@keystone.service[46305]: DEBUG keystone.server.flask.request_processing.middleware.auth_context [None req-0a57bde5-3afa-4a12-9978-32dd4760800c None admin] RBAC: auth_context: {'token': , 'domain_id': None, 'trust_id': None, 'trustor_id': None, 'trustee_id': None, 'domain_name': None, 'group_ids': [], 'user_id': '74c2454445ac4770b643d19866510bda', 'user_domain_id': 'default', 'system_scope': 'all', 'project_id': None, 'project_domain_id': None, 'roles': ['admin', 'manager', 'member', 'reader'], 'is_admin_project': True, 'service_user_id': None, 'service_user_domain_id': None, 'service_project_id': None, 'service_project_domain_id': None, 'service_roles': []} {{(pid=46305) fill_context /opt/stack/keystone/keystone/server/flask/request_processing/middleware/auth_context.py:480}}
Nov 02 01:19:21 user devstack@keystone.service[46305]: DEBUG keystone.server.flask.request_processing.req_logging [None req-0a57bde5-3afa-4a12-9978-32dd4760800c None admin] REQUEST_METHOD: `GET` {{(pid=46305) log_request_info /opt/stack/keystone/keystone/server/flask/request_processing/req_logging.py:27}}
Nov 02 01:19:21 user devstack@keystone.service[46305]: DEBUG keystone.server.flask.request_processing.req_logging [None req-0a57bde5-3afa-4a12-9978-32dd4760800c None admin] SCRIPT_NAME: `/identity` {{(pid=46305) log_request_info /opt/stack/keystone/keystone/server/flask/request_processing/req_logging.py:28}}
Nov 02 01:19:21 user devstack@keystone.service[46305]: DEBUG keystone.server.flask.request_processing.req_logging [None req-0a57bde5-3afa-4a12-9978-32dd4760800c None admin] PATH_INFO: `/v3/projects/1a54e413b65a4aa783332634b25ed797` {{(pid=46305) log_request_info /opt/stack/keystone/keystone/server/flask/request_processing/req_logging.py:29}}
Nov 02 01:19:21 user devstack@keystone.service[46305]: DEBUG keystone.common.rbac_enforcer.enforcer [None req-0a57bde5-3afa-4a12-9978-32dd4760800c None admin] RBAC: Authorizing `identity:get_project(project_id=1a54e413b65a4aa783332634b25ed797)` {{(pid=46305) enforce_call /opt/stack/keystone/keystone/common/rbac_enforcer/enforcer.py:449}}
Nov 02 01:19:21 user devstack@keystone.service[46305]: DEBUG keystone.common.rbac_enforcer.enforcer [None req-0a57bde5-3afa-4a12-9978-32dd4760800c None admin] RBAC: Authorization granted {{(pid=46305) enforce_call /opt/stack/keystone/keystone/common/rbac_enforcer/enforcer.py:457}}
Nov 02 01:19:21 user devstack@keystone.service[46305]: [pid: 46305|app: 0|req: 30/94] 10.0.0.210 () {56 vars in 1181 bytes} [Thu Nov 2 01:19:21 2023] GET /identity/v3/projects/1a54e413b65a4aa783332634b25ed797 => generated 297 bytes in 137 msecs (HTTP/1.1 200) 5 headers in 177 bytes (1 switches on core 0)
Nov 02 01:19:21 user devstack@keystone.service[46305]: DEBUG keystone.server.flask.request_processing.middleware.auth_context [None req-0a57bde5-3afa-4a12-9978-32dd4760800c None admin] Authenticating user token {{(pid=46305) process_request /opt/stack/data/venv/lib/python3.10/site-packages/keystonemiddleware/auth_token/__init__.py:406}}
Nov 02 01:19:21 user devstack@keystone.service[46304]: DEBUG keystone.server.flask.request_processing.middleware.auth_context [None req-a93b6018-72c9-45d8-8495-c7e4fc859e3a None admin] RBAC: auth_context: {'token': , 'domain_id': None, 'trust_id': None, 'trustor_id': None, 'trustee_id': None, 'domain_name': None, 'group_ids': [], 'user_id': '74c2454445ac4770b643d19866510bda', 'user_domain_id': 'default', 'system_scope': 'all', 'project_id': None, 'project_domain_id': None, 'roles': ['admin', 'manager', 'member', 'reader'], 'is_admin_project': True, 'service_user_id': None, 'service_user_domain_id': None, 'service_project_id': None, 'service_project_domain_id': None, 'service_roles': []} {{(pid=46304) fill_context /opt/stack/keystone/keystone/server/flask/request_processing/middleware/auth_context.py:480}}
Nov 02 01:19:21 user devstack@keystone.service[46304]: DEBUG keystone.server.flask.request_processing.req_logging [None req-a93b6018-72c9-45d8-8495-c7e4fc859e3a None admin] REQUEST_METHOD: `POST` {{(pid=46304) log_request_info /opt/stack/keystone/keystone/server/flask/request_processing/req_logging.py:27}}
Nov 02 01:19:21 user devstack@keystone.service[46304]: DEBUG keystone.server.flask.request_processing.req_logging [None req-a93b6018-72c9-45d8-8495-c7e4fc859e3a None admin] SCRIPT_NAME: `/identity` {{(pid=46304) log_request_info /opt/stack/keystone/keystone/server/flask/request_processing/req_logging.py:28}}
Nov 02 01:19:21 user devstack@keystone.service[46304]: DEBUG keystone.server.flask.request_processing.req_logging [None req-a93b6018-72c9-45d8-8495-c7e4fc859e3a None admin] PATH_INFO: `/v3/projects` {{(pid=46304) log_request_info /opt/stack/keystone/keystone/server/flask/request_processing/req_logging.py:29}}
Nov 02 01:19:21 user devstack@keystone.service[46304]: DEBUG keystone.common.rbac_enforcer.enforcer [None req-a93b6018-72c9-45d8-8495-c7e4fc859e3a None admin] RBAC: Authorizing `identity:create_project()` {{(pid=46304) enforce_call /opt/stack/keystone/keystone/common/rbac_enforcer/enforcer.py:449}}
Nov 02 01:19:21 user devstack@keystone.service[46304]: DEBUG keystone.common.rbac_enforcer.enforcer [None req-a93b6018-72c9-45d8-8495-c7e4fc859e3a None admin] RBAC: Authorization granted {{(pid=46304) enforce_call /opt/stack/keystone/keystone/common/rbac_enforcer/enforcer.py:457}}
Nov 02 01:19:21 user devstack@keystone.service[46304]: [pid: 46304|app: 0|req: 35/95] 10.0.0.210 () {60 vars in 1136 bytes} [Thu Nov 2 01:19:21 2023] POST /identity/v3/projects => generated 301 bytes in 156 msecs (HTTP/1.1 201) 5 headers in 182 bytes (1 switches on core 0)
Nov 02 01:19:21 user devstack@keystone.service[46304]: DEBUG keystone.server.flask.request_processing.middleware.auth_context [None req-a93b6018-72c9-45d8-8495-c7e4fc859e3a None admin] Authenticating user token {{(pid=46304) process_request /opt/stack/data/venv/lib/python3.10/site-packages/keystonemiddleware/auth_token/__init__.py:406}}
Nov 02 01:19:21 user devstack@keystone.service[46303]: DEBUG keystone.server.flask.request_processing.middleware.auth_context [None req-5fa44d69-5bd6-4a7c-8d6a-02f96ff63764 None admin] Validating token access rules against request {{(pid=46303) validate_allowed_request /opt/stack/data/venv/lib/python3.10/site-packages/keystonemiddleware/auth_token/__init__.py:544}}
Nov 02 01:19:21 user devstack@keystone.service[46305]: DEBUG keystone.server.flask.request_processing.middleware.auth_context [None req-0a57bde5-3afa-4a12-9978-32dd4760800c None admin] Validating token access rules against request {{(pid=46305) validate_allowed_request /opt/stack/data/venv/lib/python3.10/site-packages/keystonemiddleware/auth_token/__init__.py:544}}
Nov 02 01:19:21 user devstack@keystone.service[46303]: DEBUG keystone.server.flask.request_processing.middleware.auth_context [None req-540224a7-e28c-43e5-9e44-0013dd2b4c29 None admin] RBAC: auth_context: {'token': , 'domain_id': None, 'trust_id': None, 'trustor_id': None, 'trustee_id': None, 'domain_name': None, 'group_ids': [], 'user_id': '74c2454445ac4770b643d19866510bda', 'user_domain_id': 'default', 'system_scope': 'all', 'project_id': None, 'project_domain_id': None, 'roles': ['admin', 'manager', 'member', 'reader'], 'is_admin_project': True, 'service_user_id': None, 'service_user_domain_id': None, 'service_project_id': None, 'service_project_domain_id': None, 'service_roles': []} {{(pid=46303) fill_context /opt/stack/keystone/keystone/server/flask/request_processing/middleware/auth_context.py:480}}
Nov 02 01:19:21 user devstack@keystone.service[46303]: DEBUG keystone.server.flask.request_processing.req_logging [None req-540224a7-e28c-43e5-9e44-0013dd2b4c29 None admin] REQUEST_METHOD: `GET` {{(pid=46303) log_request_info /opt/stack/keystone/keystone/server/flask/request_processing/req_logging.py:27}}
Nov 02 01:19:21 user devstack@keystone.service[46303]: DEBUG keystone.server.flask.request_processing.req_logging [None req-540224a7-e28c-43e5-9e44-0013dd2b4c29 None admin] SCRIPT_NAME: `/identity` {{(pid=46303) log_request_info /opt/stack/keystone/keystone/server/flask/request_processing/req_logging.py:28}}
Nov 02 01:19:21 user devstack@keystone.service[46303]: DEBUG keystone.server.flask.request_processing.req_logging [None req-540224a7-e28c-43e5-9e44-0013dd2b4c29 None admin] PATH_INFO: `/v3/roles/member` {{(pid=46303) log_request_info /opt/stack/keystone/keystone/server/flask/request_processing/req_logging.py:29}}
Nov 02 01:19:21 user devstack@keystone.service[46303]: DEBUG keystone.common.rbac_enforcer.enforcer [None req-540224a7-e28c-43e5-9e44-0013dd2b4c29 None admin] Extracting inferred target data resulted in "NOT FOUND (404)". {{(pid=46303) enforce_call /opt/stack/keystone/keystone/common/rbac_enforcer/enforcer.py:409}}
Nov 02 01:19:21 user devstack@keystone.service[46303]: ERROR keystone.server.flask.application [None req-540224a7-e28c-43e5-9e44-0013dd2b4c29 None admin] Could not find role: member.: keystone.exception.RoleNotFound: Could not find role: member.
Nov 02 01:19:21 user devstack@keystone.service[46303]: ERROR keystone.server.flask.application
Traceback (most recent call last):
Nov 02 01:19:21 user devstack@keystone.service[46303]: ERROR keystone.server.flask.application
File "/opt/stack/data/venv/lib/python3.10/site-packages/flask/app.py", line 1823, in full_dispatch_request
Nov 02 01:19:21 user devstack@keystone.service[46303]: ERROR keystone.server.flask.application rv = self.dispatch_request()
Nov 02 01:19:21 user devstack@keystone.service[46303]: ERROR keystone.server.flask.application
File "/opt/stack/data/venv/lib/python3.10/site-packages/flask/app.py", line 1799, in dispatch_request
Nov 02 01:19:21 user devstack@keystone.service[46303]: ERROR keystone.server.flask.application return self.ensure_sync(self.view_functions[rule.endpoint])(**view_args)
Nov 02 01:19:21 user devstack@keystone.service[46303]: ERROR keystone.server.flask.application
File "/opt/stack/data/venv/lib/python3.10/site-packages/flask_restful/__init__.py", line 489, in wrapper
Nov 02 01:19:21 user devstack@keystone.service[46303]: ERROR keystone.server.flask.application resp = resource(*args, **kwargs)
Nov 02 01:19:21 user devstack@keystone.service[46303]: ERROR keystone.server.flask.application
File "/opt/stack/data/venv/lib/python3.10/site-packages/flask/views.py", line 107, in view
Nov 02 01:19:21 user devstack@keystone.service[46303]: ERROR keystone.server.flask.application return current_app.ensure_sync(self.dispatch_request)(**kwargs)
Nov 02 01:19:21 user devstack@keystone.service[46303]: ERROR keystone.server.flask.application
File "/opt/stack/data/venv/lib/python3.10/site-packages/flask_restful/__init__.py", line 604, in dispatch_request
Nov 02 01:19:21 user devstack@keystone.service[46303]: ERROR keystone.server.flask.application resp = meth(*args, **kwargs)
Nov 02 01:19:21 user devstack@keystone.service[46303]: ERROR keystone.server.flask.application
File "/opt/stack/keystone/keystone/api/roles.py", line 50, in get
Nov 02 01:19:21 user devstack@keystone.service[46303]: ERROR keystone.server.flask.application return self._get_role(role_id)
Nov 02 01:19:21 user devstack@keystone.service[46303]: ERROR keystone.server.flask.application
File "/opt/stack/keystone/keystone/api/roles.py", line 70, in _get_role
Nov 02 01:19:21 user devstack@keystone.service[46303]: ERROR keystone.server.flask.application ENFORCER.enforce_call(action='identity:get_role')
Nov 02 01:19:21 user devstack@keystone.service[46303]: ERROR keystone.server.flask.application
File "/opt/stack/keystone/keystone/common/rbac_enforcer/enforcer.py", line 402, in enforce_call
Nov 02 01:19:21 user devstack@keystone.service[46303]: ERROR keystone.server.flask.application policy_dict.update(cls._extract_member_target_data(
Nov 02 01:19:21 user devstack@keystone.service[46303]: ERROR keystone.server.flask.application
File "/opt/stack/keystone/keystone/common/rbac_enforcer/enforcer.py", line 234, in _extract_member_target_data
Nov 02 01:19:21 user devstack@keystone.service[46303]: ERROR keystone.server.flask.application member_name: func(flask.request.view_args[key])
Nov 02 01:19:21 user devstack@keystone.service[46303]: ERROR keystone.server.flask.application
File "/opt/stack/keystone/keystone/common/manager.py", line 115, in wrapped
Nov 02 01:19:21 user devstack@keystone.service[46303]: ERROR keystone.server.flask.application __ret_val = __f(*args, **kwargs)
Nov 02 01:19:21 user devstack@keystone.service[46303]: ERROR keystone.server.flask.application
File "/opt/stack/data/venv/lib/python3.10/site-packages/decorator.py", line 232, in fun
Nov 02 01:19:21 user devstack@keystone.service[46303]: ERROR keystone.server.flask.application return caller(func, *(extras + args), **kw)
Nov 02 01:19:21 user devstack@keystone.service[46303]: ERROR keystone.server.flask.application
File "/opt/stack/data/venv/lib/python3.10/site-packages/dogpile/cache/region.py", line 1594, in get_or_create_for_user_func
Nov 02 01:19:21 user devstack@keystone.service[46303]: ERROR keystone.server.flask.application return self.get_or_create(
Nov 02 01:19:21 user devstack@keystone.service[46303]: ERROR keystone.server.flask.application
File "/opt/stack/data/venv/lib/python3.10/site-packages/dogpile/cache/region.py", line 1054, in get_or_create
Nov 02 01:19:21 user devstack@keystone.service[46303]: ERROR keystone.server.flask.application with Lock(
Nov 02 01:19:21 user devstack@keystone.service[46303]: ERROR keystone.server.flask.application
File "/opt/stack/data/venv/lib/python3.10/site-packages/dogpile/lock.py", line 185, in __enter__
Nov 02 01:19:21 user devstack@keystone.service[46303]: ERROR keystone.server.flask.application return self._enter()
Nov 02 01:19:21 user devstack@keystone.service[46303]: ERROR keystone.server.flask.application
File "/opt/stack/data/venv/lib/python3.10/site-packages/dogpile/lock.py", line 94, in _enter
Nov 02 01:19:21 user devstack@keystone.service[46303]: ERROR keystone.server.flask.application generated = self._enter_create(value, createdtime)
Nov 02 01:19:21 user devstack@keystone.service[46303]: ERROR keystone.server.flask.application
File "/opt/stack/data/venv/lib/python3.10/site-packages/dogpile/lock.py", line 178, in _enter_create
Nov 02 01:19:21 user devstack@keystone.service[46303]: ERROR keystone.server.flask.application return self.creator()
Nov 02 01:19:21 user devstack@keystone.service[46303]: ERROR keystone.server.flask.application
File "/opt/stack/data/venv/lib/python3.10/site-packages/dogpile/cache/region.py", line 1007, in gen_value
Nov 02 01:19:21 user devstack@keystone.service[46303]: ERROR keystone.server.flask.application created_value = creator(
Nov 02 01:19:21 user devstack@keystone.service[46303]: ERROR keystone.server.flask.application
File "/opt/stack/keystone/keystone/assignment/core.py", line 1276, in get_role
Nov 02 01:19:21 user devstack@keystone.service[46303]: ERROR keystone.server.flask.application return self.driver.get_role(role_id)
Nov 02 01:19:21 user devstack@keystone.service[46303]: ERROR keystone.server.flask.application
File "/opt/stack/keystone/keystone/assignment/role_backends/sql.py", line 70, in get_role
Nov 02 01:19:21 user devstack@keystone.service[46303]: ERROR keystone.server.flask.application return self._get_role(session, role_id).to_dict()
Nov 02 01:19:21 user devstack@keystone.service[46303]: ERROR keystone.server.flask.application
File "/opt/stack/keystone/keystone/assignment/role_backends/sql.py", line 65, in _get_role
Nov 02 01:19:21 user devstack@keystone.service[46303]: ERROR keystone.server.flask.application raise exception.RoleNotFound(role_id=role_id)
Nov 02 01:19:21 user devstack@keystone.service[46303]: ERROR keystone.server.flask.application keystone.exception.RoleNotFound: Could not find role: member.
Nov 02 01:19:21 user devstack@keystone.service[46303]: ERROR keystone.server.flask.application
Nov 02 01:19:21 user devstack@keystone.service[46303]: [pid: 46303|app: 0|req: 31/96] 10.0.0.210 () {56 vars in 1094 bytes} [Thu Nov 2 01:19:21 2023] GET /identity/v3/roles/member => generated 84 bytes in 147 msecs (HTTP/1.1 404) 5 headers in 183 bytes (1 switches on core 0)
Nov 02 01:19:21 user devstack@keystone.service[46303]: DEBUG keystone.server.flask.request_processing.middleware.auth_context [None req-540224a7-e28c-43e5-9e44-0013dd2b4c29 None admin] Authenticating user token {{(pid=46303) process_request /opt/stack/data/venv/lib/python3.10/site-packages/keystonemiddleware/auth_token/__init__.py:406}}
Nov 02 01:19:21 user devstack@keystone.service[46305]: DEBUG keystone.server.flask.request_processing.middleware.auth_context [None req-db6105c9-cadc-4da9-8616-36a63e927aee None admin] RBAC: auth_context: {'token': , 'domain_id': None, 'trust_id': None, 'trustor_id': None, 'trustee_id': None, 'domain_name': None, 'group_ids': [], 'user_id': '74c2454445ac4770b643d19866510bda', 'user_domain_id': 'default', 'system_scope': 'all', 'project_id': None, 'project_domain_id': None, 'roles': ['admin', 'manager', 'member', 'reader'], 'is_admin_project': True, 'service_user_id': None, 'service_user_domain_id': None, 'service_project_id': None, 'service_project_domain_id': None, 'service_roles': []} {{(pid=46305) fill_context /opt/stack/keystone/keystone/server/flask/request_processing/middleware/auth_context.py:480}}
Nov 02 01:19:21 user devstack@keystone.service[46305]: DEBUG keystone.server.flask.request_processing.req_logging [None req-db6105c9-cadc-4da9-8616-36a63e927aee None admin] REQUEST_METHOD: `GET` {{(pid=46305) log_request_info /opt/stack/keystone/keystone/server/flask/request_processing/req_logging.py:27}}
Nov 02 01:19:21 user devstack@keystone.service[46305]: DEBUG keystone.server.flask.request_processing.req_logging [None req-db6105c9-cadc-4da9-8616-36a63e927aee None admin] SCRIPT_NAME: `/identity` {{(pid=46305) log_request_info /opt/stack/keystone/keystone/server/flask/request_processing/req_logging.py:28}}
Nov 02 01:19:21 user devstack@keystone.service[46305]: DEBUG keystone.server.flask.request_processing.req_logging [None req-db6105c9-cadc-4da9-8616-36a63e927aee None admin] PATH_INFO: `/v3/users/1ff499b524c84738a85ffc6834e9e26d` {{(pid=46305) log_request_info /opt/stack/keystone/keystone/server/flask/request_processing/req_logging.py:29}}
Nov 02 01:19:21 user devstack@keystone.service[46305]: DEBUG keystone.common.rbac_enforcer.enforcer [None req-db6105c9-cadc-4da9-8616-36a63e927aee None admin] RBAC: Authorizing `identity:get_user(user_id=1ff499b524c84738a85ffc6834e9e26d)` {{(pid=46305) enforce_call /opt/stack/keystone/keystone/common/rbac_enforcer/enforcer.py:449}}
Nov 02 01:19:21 user devstack@keystone.service[46305]: DEBUG keystone.common.rbac_enforcer.enforcer [None req-db6105c9-cadc-4da9-8616-36a63e927aee None admin] RBAC: Authorization granted {{(pid=46305) enforce_call /opt/stack/keystone/keystone/common/rbac_enforcer/enforcer.py:457}}
Nov 02 01:19:21 user devstack@keystone.service[46305]: [pid: 46305|app: 0|req: 31/97] 10.0.0.210 () {56 vars in 1172 bytes} [Thu Nov 2 01:19:21 2023] GET /identity/v3/users/1ff499b524c84738a85ffc6834e9e26d => generated 274 bytes in 140 msecs (HTTP/1.1 200) 5 headers in 177 bytes (1 switches on core 0)
Nov 02 01:19:21 user devstack@keystone.service[46305]: DEBUG keystone.server.flask.request_processing.middleware.auth_context [None req-db6105c9-cadc-4da9-8616-36a63e927aee None admin] Authenticating user token {{(pid=46305) process_request /opt/stack/data/venv/lib/python3.10/site-packages/keystonemiddleware/auth_token/__init__.py:406}}
Nov 02 01:19:21 user devstack@keystone.service[46304]: DEBUG keystone.server.flask.request_processing.middleware.auth_context [None req-a93b6018-72c9-45d8-8495-c7e4fc859e3a None admin] Validating token access rules against request {{(pid=46304) validate_allowed_request /opt/stack/data/venv/lib/python3.10/site-packages/keystonemiddleware/auth_token/__init__.py:544}}
Nov 02 01:19:21 user devstack@keystone.service[46304]: DEBUG keystone.server.flask.request_processing.middleware.auth_context [None req-853dae60-2ee2-41bd-abcf-91a4eb9c1072 None admin] RBAC: auth_context: {'token': , 'domain_id': None, 'trust_id': None, 'trustor_id': None, 'trustee_id': None, 'domain_name': None, 'group_ids': [], 'user_id': '74c2454445ac4770b643d19866510bda', 'user_domain_id': 'default', 'system_scope': 'all', 'project_id': None, 'project_domain_id': None, 'roles': ['admin', 'manager', 'member', 'reader'], 'is_admin_project': True, 'service_user_id': None, 'service_user_domain_id': None, 'service_project_id': None, 'service_project_domain_id': None, 'service_roles': []} {{(pid=46304) fill_context /opt/stack/keystone/keystone/server/flask/request_processing/middleware/auth_context.py:480}}
Nov 02 01:19:21 user devstack@keystone.service[46304]: DEBUG keystone.server.flask.request_processing.req_logging [None req-853dae60-2ee2-41bd-abcf-91a4eb9c1072 None admin] REQUEST_METHOD: `GET` {{(pid=46304) log_request_info /opt/stack/keystone/keystone/server/flask/request_processing/req_logging.py:27}}
Nov 02 01:19:21 user devstack@keystone.service[46304]: DEBUG keystone.server.flask.request_processing.req_logging [None req-853dae60-2ee2-41bd-abcf-91a4eb9c1072 None admin] SCRIPT_NAME: `/identity` {{(pid=46304) log_request_info /opt/stack/keystone/keystone/server/flask/request_processing/req_logging.py:28}}
Nov 02 01:19:21 user devstack@keystone.service[46304]: DEBUG keystone.server.flask.request_processing.req_logging [None req-853dae60-2ee2-41bd-abcf-91a4eb9c1072 None admin] PATH_INFO: `/v3/projects/1a54e413b65a4aa783332634b25ed797` {{(pid=46304) log_request_info /opt/stack/keystone/keystone/server/flask/request_processing/req_logging.py:29}}
Nov 02 01:19:21 user devstack@keystone.service[46304]: DEBUG keystone.common.rbac_enforcer.enforcer [None req-853dae60-2ee2-41bd-abcf-91a4eb9c1072 None admin] RBAC: Authorizing `identity:get_project(project_id=1a54e413b65a4aa783332634b25ed797)` {{(pid=46304) enforce_call /opt/stack/keystone/keystone/common/rbac_enforcer/enforcer.py:449}}
Nov 02 01:19:21 user devstack@keystone.service[46304]: DEBUG keystone.common.rbac_enforcer.enforcer [None req-853dae60-2ee2-41bd-abcf-91a4eb9c1072 None admin] RBAC: Authorization granted {{(pid=46304) enforce_call /opt/stack/keystone/keystone/common/rbac_enforcer/enforcer.py:457}}
Nov 02 01:19:21 user devstack@keystone.service[46304]: [pid: 46304|app: 0|req: 36/98] 10.0.0.210 () {56 vars in 1181 bytes} [Thu Nov 2 01:19:21 2023] GET /identity/v3/projects/1a54e413b65a4aa783332634b25ed797 => generated 297 bytes in 146 msecs (HTTP/1.1 200) 5 headers in 177 bytes (1 switches on core 0)
Nov 02 01:19:21 user devstack@keystone.service[46304]: DEBUG keystone.server.flask.request_processing.middleware.auth_context [None req-853dae60-2ee2-41bd-abcf-91a4eb9c1072 None admin] Authenticating user token {{(pid=46304) process_request /opt/stack/data/venv/lib/python3.10/site-packages/keystonemiddleware/auth_token/__init__.py:406}}
Nov 02 01:19:21 user devstack@keystone.service[46303]: DEBUG keystone.server.flask.request_processing.middleware.auth_context [None req-540224a7-e28c-43e5-9e44-0013dd2b4c29 None admin] Validating token access rules against request {{(pid=46303) validate_allowed_request /opt/stack/data/venv/lib/python3.10/site-packages/keystonemiddleware/auth_token/__init__.py:544}}
Nov 02 01:19:21 user devstack@keystone.service[46305]: DEBUG keystone.server.flask.request_processing.middleware.auth_context [None req-db6105c9-cadc-4da9-8616-36a63e927aee None admin] Validating token access rules against request {{(pid=46305) validate_allowed_request /opt/stack/data/venv/lib/python3.10/site-packages/keystonemiddleware/auth_token/__init__.py:544}}
Nov 02 01:19:21 user devstack@keystone.service[46303]: DEBUG keystone.server.flask.request_processing.middleware.auth_context [None req-296d2545-91e9-4efe-8bfb-98d79b33ae2b None admin] RBAC: auth_context: {'token': , 'domain_id': None, 'trust_id': None, 'trustor_id': None, 'trustee_id': None, 'domain_name': None, 'group_ids': [], 'user_id': '74c2454445ac4770b643d19866510bda', 'user_domain_id': 'default', 'system_scope': 'all', 'project_id': None, 'project_domain_id': None, 'roles': ['admin', 'manager', 'member', 'reader'], 'is_admin_project': True, 'service_user_id': None, 'service_user_domain_id': None, 'service_project_id': None, 'service_project_domain_id': None, 'service_roles': []} {{(pid=46303) fill_context /opt/stack/keystone/keystone/server/flask/request_processing/middleware/auth_context.py:480}}
Nov 02 01:19:21 user devstack@keystone.service[46303]: DEBUG keystone.server.flask.request_processing.req_logging [None req-296d2545-91e9-4efe-8bfb-98d79b33ae2b None admin] REQUEST_METHOD: `GET` {{(pid=46303) log_request_info /opt/stack/keystone/keystone/server/flask/request_processing/req_logging.py:27}}
Nov 02 01:19:21 user devstack@keystone.service[46303]: DEBUG keystone.server.flask.request_processing.req_logging [None req-296d2545-91e9-4efe-8bfb-98d79b33ae2b None admin] SCRIPT_NAME: `/identity` {{(pid=46303) log_request_info /opt/stack/keystone/keystone/server/flask/request_processing/req_logging.py:28}}
Nov 02 01:19:21 user devstack@keystone.service[46303]: DEBUG keystone.server.flask.request_processing.req_logging [None req-296d2545-91e9-4efe-8bfb-98d79b33ae2b None admin] PATH_INFO: `/v3/users/94bba20cc6554e62b04c202a4e64dd22` {{(pid=46303) log_request_info /opt/stack/keystone/keystone/server/flask/request_processing/req_logging.py:29}}
Nov 02 01:19:21 user devstack@keystone.service[46305]: DEBUG keystone.server.flask.request_processing.middleware.auth_context [None req-a592833e-dd47-4524-a574-c7c237bf0f6f None admin] RBAC: auth_context: {'token': , 'domain_id': None, 'trust_id': None, 'trustor_id': None, 'trustee_id': None, 'domain_name': None, 'group_ids': [], 'user_id': '74c2454445ac4770b643d19866510bda', 'user_domain_id': 'default', 'system_scope': 'all', 'project_id': None, 'project_domain_id': None, 'roles': ['admin', 'manager', 'member', 'reader'], 'is_admin_project': True, 'service_user_id': None, 'service_user_domain_id': None, 'service_project_id': None, 'service_project_domain_id': None, 'service_roles': []} {{(pid=46305) fill_context /opt/stack/keystone/keystone/server/flask/request_processing/middleware/auth_context.py:480}}
Nov 02 01:19:21 user devstack@keystone.service[46305]: DEBUG keystone.server.flask.request_processing.req_logging [None req-a592833e-dd47-4524-a574-c7c237bf0f6f None admin] REQUEST_METHOD: `GET` {{(pid=46305) log_request_info /opt/stack/keystone/keystone/server/flask/request_processing/req_logging.py:27}}
Nov 02 01:19:21 user devstack@keystone.service[46305]: DEBUG keystone.server.flask.request_processing.req_logging [None req-a592833e-dd47-4524-a574-c7c237bf0f6f None admin] SCRIPT_NAME: `/identity` {{(pid=46305) log_request_info /opt/stack/keystone/keystone/server/flask/request_processing/req_logging.py:28}}
Nov 02 01:19:21 user devstack@keystone.service[46305]: DEBUG keystone.server.flask.request_processing.req_logging [None req-a592833e-dd47-4524-a574-c7c237bf0f6f None admin] PATH_INFO: `/v3/role_assignments` {{(pid=46305) log_request_info /opt/stack/keystone/keystone/server/flask/request_processing/req_logging.py:29}}
Nov 02 01:19:21 user devstack@keystone.service[46305]: DEBUG keystone.common.rbac_enforcer.enforcer [None req-a592833e-dd47-4524-a574-c7c237bf0f6f None admin] RBAC: Adding query filter params (role.id=46ecda2c33984607ad4e8488e5dda697, scope.project.id=1a54e413b65a4aa783332634b25ed797, user.id=1ff499b524c84738a85ffc6834e9e26d) {{(pid=46305) _extract_filter_values /opt/stack/keystone/keystone/common/rbac_enforcer/enforcer.py:167}}
Nov 02 01:19:21 user devstack@keystone.service[46305]: DEBUG keystone.common.rbac_enforcer.enforcer [None req-a592833e-dd47-4524-a574-c7c237bf0f6f None admin] RBAC: Authorizing `identity:list_role_assignments()` {{(pid=46305) enforce_call /opt/stack/keystone/keystone/common/rbac_enforcer/enforcer.py:449}}
Nov 02 01:19:21 user devstack@keystone.service[46303]: DEBUG keystone.common.rbac_enforcer.enforcer [None req-296d2545-91e9-4efe-8bfb-98d79b33ae2b None admin] RBAC: Authorizing `identity:get_user(user_id=94bba20cc6554e62b04c202a4e64dd22)` {{(pid=46303) enforce_call /opt/stack/keystone/keystone/common/rbac_enforcer/enforcer.py:449}}
Nov 02 01:19:21 user devstack@keystone.service[46305]: DEBUG keystone.common.rbac_enforcer.enforcer [None req-a592833e-dd47-4524-a574-c7c237bf0f6f None admin] RBAC: Authorization granted {{(pid=46305) enforce_call /opt/stack/keystone/keystone/common/rbac_enforcer/enforcer.py:457}}
Nov 02 01:19:21 user devstack@keystone.service[46303]: DEBUG keystone.common.rbac_enforcer.enforcer [None req-296d2545-91e9-4efe-8bfb-98d79b33ae2b None admin] RBAC: Authorization granted {{(pid=46303) enforce_call /opt/stack/keystone/keystone/common/rbac_enforcer/enforcer.py:457}}
Nov 02 01:19:21 user devstack@keystone.service[46303]: [pid: 46303|app: 0|req: 32/99] 10.0.0.210 () {56 vars in 1172 bytes} [Thu Nov 2 01:19:21 2023] GET /identity/v3/users/94bba20cc6554e62b04c202a4e64dd22 => generated 288 bytes in 161 msecs (HTTP/1.1 200) 5 headers in 177 bytes (1 switches on core 0)
Nov 02 01:19:21 user devstack@keystone.service[46303]: DEBUG keystone.server.flask.request_processing.middleware.auth_context [None req-296d2545-91e9-4efe-8bfb-98d79b33ae2b None admin] Authenticating user token {{(pid=46303) process_request /opt/stack/data/venv/lib/python3.10/site-packages/keystonemiddleware/auth_token/__init__.py:406}}
Nov 02 01:19:21 user devstack@keystone.service[46305]: [pid: 46305|app: 0|req: 32/100] 10.0.0.210 () {56 vars in 1369 bytes} [Thu Nov 2 01:19:21 2023] GET /identity/v3/role_assignments?user.id=1ff499b524c84738a85ffc6834e9e26d&scope.project.id=1a54e413b65a4aa783332634b25ed797&role.id=46ecda2c33984607ad4e8488e5dda697 => generated 606 bytes in 149 msecs (HTTP/1.1 200) 5 headers in 177 bytes (1 switches on core 0)
Nov 02 01:19:21 user devstack@keystone.service[46305]: DEBUG keystone.server.flask.request_processing.middleware.auth_context [None req-a592833e-dd47-4524-a574-c7c237bf0f6f None admin] Authenticating user token {{(pid=46305) process_request /opt/stack/data/venv/lib/python3.10/site-packages/keystonemiddleware/auth_token/__init__.py:406}}
Nov 02 01:19:21 user devstack@keystone.service[46304]: DEBUG keystone.server.flask.request_processing.middleware.auth_context [None req-853dae60-2ee2-41bd-abcf-91a4eb9c1072 None admin] Validating token access rules against request {{(pid=46304) validate_allowed_request /opt/stack/data/venv/lib/python3.10/site-packages/keystonemiddleware/auth_token/__init__.py:544}}
Nov 02 01:19:21 user devstack@keystone.service[46304]: DEBUG keystone.server.flask.request_processing.middleware.auth_context [None req-591d0cd9-04eb-4e42-9f87-dd82f5ca7e42 None admin] RBAC: auth_context: {'token': , 'domain_id': None, 'trust_id': None, 'trustor_id': None, 'trustee_id': None, 'domain_name': None, 'group_ids': [], 'user_id': '74c2454445ac4770b643d19866510bda', 'user_domain_id': 'default', 'system_scope': 'all', 'project_id': None, 'project_domain_id': None, 'roles': ['admin', 'manager', 'member', 'reader'], 'is_admin_project': True, 'service_user_id': None, 'service_user_domain_id': None, 'service_project_id': None, 'service_project_domain_id': None, 'service_roles': []} {{(pid=46304) fill_context /opt/stack/keystone/keystone/server/flask/request_processing/middleware/auth_context.py:480}}
Nov 02 01:19:21 user devstack@keystone.service[46304]: DEBUG keystone.server.flask.request_processing.req_logging [None req-591d0cd9-04eb-4e42-9f87-dd82f5ca7e42 None admin] REQUEST_METHOD: `GET` {{(pid=46304) log_request_info /opt/stack/keystone/keystone/server/flask/request_processing/req_logging.py:27}}
Nov 02 01:19:21 user devstack@keystone.service[46304]: DEBUG keystone.server.flask.request_processing.req_logging [None req-591d0cd9-04eb-4e42-9f87-dd82f5ca7e42 None admin] SCRIPT_NAME: `/identity` {{(pid=46304) log_request_info /opt/stack/keystone/keystone/server/flask/request_processing/req_logging.py:28}}
Nov 02 01:19:21 user devstack@keystone.service[46304]: DEBUG keystone.server.flask.request_processing.req_logging [None req-591d0cd9-04eb-4e42-9f87-dd82f5ca7e42 None admin] PATH_INFO: `/v3/roles` {{(pid=46304) log_request_info /opt/stack/keystone/keystone/server/flask/request_processing/req_logging.py:29}}
Nov 02 01:19:21 user devstack@keystone.service[46304]: DEBUG keystone.common.rbac_enforcer.enforcer [None req-591d0cd9-04eb-4e42-9f87-dd82f5ca7e42 None admin] RBAC: Adding query filter params (name=member) {{(pid=46304) _extract_filter_values /opt/stack/keystone/keystone/common/rbac_enforcer/enforcer.py:167}}
Nov 02 01:19:21 user devstack@keystone.service[46304]: DEBUG keystone.common.rbac_enforcer.enforcer [None req-591d0cd9-04eb-4e42-9f87-dd82f5ca7e42 None admin] RBAC: Authorizing `identity:list_roles()` {{(pid=46304) enforce_call /opt/stack/keystone/keystone/common/rbac_enforcer/enforcer.py:449}}
Nov 02 01:19:21 user devstack@keystone.service[46304]: DEBUG keystone.common.rbac_enforcer.enforcer [None req-591d0cd9-04eb-4e42-9f87-dd82f5ca7e42 None admin] RBAC: Authorization granted {{(pid=46304) enforce_call /opt/stack/keystone/keystone/common/rbac_enforcer/enforcer.py:457}}
Nov 02 01:19:21 user devstack@keystone.service[46304]: [pid: 46304|app: 0|req: 37/101] 10.0.0.210 () {56 vars in 1096 bytes} [Thu Nov 2 01:19:21 2023] GET /identity/v3/roles?name=member => generated 339 bytes in 150 msecs (HTTP/1.1 200) 5 headers in 177 bytes (1 switches on core 0)
Nov 02 01:19:21 user devstack@keystone.service[46304]: DEBUG keystone.server.flask.request_processing.middleware.auth_context [None req-591d0cd9-04eb-4e42-9f87-dd82f5ca7e42 None admin] Authenticating user token {{(pid=46304) process_request /opt/stack/data/venv/lib/python3.10/site-packages/keystonemiddleware/auth_token/__init__.py:406}}
Nov 02 01:19:21 user devstack@keystone.service[46303]: DEBUG keystone.server.flask.request_processing.middleware.auth_context [None req-296d2545-91e9-4efe-8bfb-98d79b33ae2b None admin] Validating token access rules against request {{(pid=46303) validate_allowed_request /opt/stack/data/venv/lib/python3.10/site-packages/keystonemiddleware/auth_token/__init__.py:544}}
Nov 02 01:19:21 user devstack@keystone.service[46305]: DEBUG keystone.server.flask.request_processing.middleware.auth_context [None req-a592833e-dd47-4524-a574-c7c237bf0f6f None admin] Validating token access rules against request {{(pid=46305) validate_allowed_request /opt/stack/data/venv/lib/python3.10/site-packages/keystonemiddleware/auth_token/__init__.py:544}}
Nov 02 01:19:21 user devstack@keystone.service[46303]: DEBUG keystone.server.flask.request_processing.middleware.auth_context [None req-85eb1ca9-6369-450c-b1be-afd70d889b35 None admin] RBAC: auth_context: {'token': , 'domain_id': None, 'trust_id': None, 'trustor_id': None, 'trustee_id': None, 'domain_name': None, 'group_ids': [], 'user_id': '74c2454445ac4770b643d19866510bda', 'user_domain_id': 'default', 'system_scope': 'all', 'project_id': None, 'project_domain_id': None, 'roles': ['admin', 'manager', 'member', 'reader'], 'is_admin_project': True, 'service_user_id': None, 'service_user_domain_id': None, 'service_project_id': None, 'service_project_domain_id': None, 'service_roles': []} {{(pid=46303) fill_context /opt/stack/keystone/keystone/server/flask/request_processing/middleware/auth_context.py:480}}
Nov 02 01:19:21 user devstack@keystone.service[46303]: DEBUG keystone.server.flask.request_processing.req_logging [None req-85eb1ca9-6369-450c-b1be-afd70d889b35 None admin] REQUEST_METHOD: `GET` {{(pid=46303) log_request_info /opt/stack/keystone/keystone/server/flask/request_processing/req_logging.py:27}}
Nov 02 01:19:21 user devstack@keystone.service[46303]: DEBUG keystone.server.flask.request_processing.req_logging [None req-85eb1ca9-6369-450c-b1be-afd70d889b35 None admin] SCRIPT_NAME: `/identity` {{(pid=46303) log_request_info /opt/stack/keystone/keystone/server/flask/request_processing/req_logging.py:28}}
Nov 02 01:19:21 user devstack@keystone.service[46303]: DEBUG keystone.server.flask.request_processing.req_logging [None req-85eb1ca9-6369-450c-b1be-afd70d889b35 None admin] PATH_INFO: `/v3/auth/tokens` {{(pid=46303) log_request_info /opt/stack/keystone/keystone/server/flask/request_processing/req_logging.py:29}}
Nov 02 01:19:21 user devstack@keystone.service[46305]: DEBUG keystone.server.flask.request_processing.middleware.auth_context [None req-ac2606e8-b894-457e-ba7d-9abebb1943d6 None admin] RBAC: auth_context: {'token': , 'domain_id': None, 'trust_id': None, 'trustor_id': None, 'trustee_id': None, 'domain_name': None, 'group_ids': [], 'user_id': '74c2454445ac4770b643d19866510bda', 'user_domain_id': 'default', 'system_scope': 'all', 'project_id': None, 'project_domain_id': None, 'roles': ['admin', 'manager', 'member', 'reader'], 'is_admin_project': True, 'service_user_id': None, 'service_user_domain_id': None, 'service_project_id': None, 'service_project_domain_id': None, 'service_roles': []} {{(pid=46305) fill_context /opt/stack/keystone/keystone/server/flask/request_processing/middleware/auth_context.py:480}}
Nov 02 01:19:21 user devstack@keystone.service[46305]: DEBUG keystone.server.flask.request_processing.req_logging [None req-ac2606e8-b894-457e-ba7d-9abebb1943d6 None admin] REQUEST_METHOD: `GET` {{(pid=46305) log_request_info /opt/stack/keystone/keystone/server/flask/request_processing/req_logging.py:27}}
Nov 02 01:19:21 user devstack@keystone.service[46305]: DEBUG keystone.server.flask.request_processing.req_logging [None req-ac2606e8-b894-457e-ba7d-9abebb1943d6 None admin] SCRIPT_NAME: `/identity` {{(pid=46305) log_request_info /opt/stack/keystone/keystone/server/flask/request_processing/req_logging.py:28}}
Nov 02 01:19:21 user devstack@keystone.service[46305]: DEBUG keystone.server.flask.request_processing.req_logging [None req-ac2606e8-b894-457e-ba7d-9abebb1943d6 None admin] PATH_INFO: `/v3/role_assignments` {{(pid=46305) log_request_info /opt/stack/keystone/keystone/server/flask/request_processing/req_logging.py:29}}
Nov 02 01:19:21 user devstack@keystone.service[46305]: DEBUG keystone.common.rbac_enforcer.enforcer [None req-ac2606e8-b894-457e-ba7d-9abebb1943d6 None admin] RBAC: Adding query filter params (role.id=78319df570214013ae4427c841729040, scope.project.id=1a54e413b65a4aa783332634b25ed797, user.id=74c2454445ac4770b643d19866510bda) {{(pid=46305) _extract_filter_values /opt/stack/keystone/keystone/common/rbac_enforcer/enforcer.py:167}}
Nov 02 01:19:21 user devstack@keystone.service[46305]: DEBUG keystone.common.rbac_enforcer.enforcer [None req-ac2606e8-b894-457e-ba7d-9abebb1943d6 None admin] RBAC: Authorizing `identity:list_role_assignments()` {{(pid=46305) enforce_call /opt/stack/keystone/keystone/common/rbac_enforcer/enforcer.py:449}}
Nov 02 01:19:21 user devstack@keystone.service[46305]: DEBUG keystone.common.rbac_enforcer.enforcer [None req-ac2606e8-b894-457e-ba7d-9abebb1943d6 None admin] RBAC: Authorization granted {{(pid=46305) enforce_call /opt/stack/keystone/keystone/common/rbac_enforcer/enforcer.py:457}}
Nov 02 01:19:21 user devstack@keystone.service[46305]: [pid: 46305|app: 0|req: 33/102] 10.0.0.210 () {56 vars in 1369 bytes} [Thu Nov 2 01:19:21 2023] GET /identity/v3/role_assignments?user.id=74c2454445ac4770b643d19866510bda&scope.project.id=1a54e413b65a4aa783332634b25ed797&role.id=78319df570214013ae4427c841729040 => generated 606 bytes in 158 msecs (HTTP/1.1 200) 5 headers in 177 bytes (1 switches on core 0)
Nov 02 01:19:21 user devstack@keystone.service[46304]: DEBUG keystone.server.flask.request_processing.middleware.auth_context [None req-591d0cd9-04eb-4e42-9f87-dd82f5ca7e42 None admin] Validating token access rules against request {{(pid=46304) validate_allowed_request /opt/stack/data/venv/lib/python3.10/site-packages/keystonemiddleware/auth_token/__init__.py:544}}
Nov 02 01:19:21 user devstack@keystone.service[46305]: DEBUG keystone.server.flask.request_processing.middleware.auth_context [None req-ac2606e8-b894-457e-ba7d-9abebb1943d6 None admin] Authenticating user token {{(pid=46305) process_request /opt/stack/data/venv/lib/python3.10/site-packages/keystonemiddleware/auth_token/__init__.py:406}}
Nov 02 01:19:21 user devstack@keystone.service[46304]: DEBUG keystone.server.flask.request_processing.middleware.auth_context [None req-873c8200-e104-4dc7-9c19-3cd0515d80ea None admin] RBAC: auth_context: {'token': , 'domain_id': None, 'trust_id': None, 'trustor_id': None, 'trustee_id': None, 'domain_name': None, 'group_ids': [], 'user_id': '74c2454445ac4770b643d19866510bda', 'user_domain_id': 'default', 'system_scope': 'all', 'project_id': None, 'project_domain_id': None, 'roles': ['admin', 'manager', 'member', 'reader'], 'is_admin_project': True, 'service_user_id': None, 'service_user_domain_id': None, 'service_project_id': None, 'service_project_domain_id': None, 'service_roles': []} {{(pid=46304) fill_context /opt/stack/keystone/keystone/server/flask/request_processing/middleware/auth_context.py:480}}
Nov 02 01:19:21 user devstack@keystone.service[46304]: DEBUG keystone.server.flask.request_processing.req_logging [None req-873c8200-e104-4dc7-9c19-3cd0515d80ea None admin] REQUEST_METHOD: `GET` {{(pid=46304) log_request_info /opt/stack/keystone/keystone/server/flask/request_processing/req_logging.py:27}}
Nov 02 01:19:21 user devstack@keystone.service[46304]: DEBUG keystone.server.flask.request_processing.req_logging [None req-873c8200-e104-4dc7-9c19-3cd0515d80ea None admin] SCRIPT_NAME: `/identity` {{(pid=46304) log_request_info /opt/stack/keystone/keystone/server/flask/request_processing/req_logging.py:28}}
Nov 02 01:19:21 user devstack@keystone.service[46304]: DEBUG keystone.server.flask.request_processing.req_logging [None req-873c8200-e104-4dc7-9c19-3cd0515d80ea None admin] PATH_INFO: `/v3/projects/1a54e413b65a4aa783332634b25ed797` {{(pid=46304) log_request_info /opt/stack/keystone/keystone/server/flask/request_processing/req_logging.py:29}}
Nov 02 01:19:21 user devstack@keystone.service[46304]: DEBUG keystone.common.rbac_enforcer.enforcer [None req-873c8200-e104-4dc7-9c19-3cd0515d80ea None admin] RBAC: Authorizing `identity:get_project(project_id=1a54e413b65a4aa783332634b25ed797)` {{(pid=46304) enforce_call /opt/stack/keystone/keystone/common/rbac_enforcer/enforcer.py:449}}
