Nov 06 15:28:16 user devstack@keystone.service[46654]: DEBUG keystone.server.flask.request_processing.middleware.auth_context [None req-52b9c825-c3fc-41ee-b9e4-922b9274ae0d None admin] RBAC: auth_context: {'token': , 'domain_id': None, 'trust_id': None, 'trustor_id': None, 'trustee_id': None, 'domain_name': None, 'group_ids': [], 'user_id': 'b2aff4bb80404a6cae0edc19f2257b4d', 'user_domain_id': 'default', 'system_scope': 'all', 'project_id': None, 'project_domain_id': None, 'roles': ['admin', 'manager', 'member', 'reader'], 'is_admin_project': True, 'service_user_id': None, 'service_user_domain_id': None, 'service_project_id': None, 'service_project_domain_id': None, 'service_roles': []} {{(pid=46654) fill_context /opt/stack/keystone/keystone/server/flask/request_processing/middleware/auth_context.py:480}}
Nov 06 15:28:16 user devstack@keystone.service[46654]: DEBUG keystone.server.flask.request_processing.req_logging [None req-52b9c825-c3fc-41ee-b9e4-922b9274ae0d None admin] REQUEST_METHOD: `GET` {{(pid=46654) log_request_info /opt/stack/keystone/keystone/server/flask/request_processing/req_logging.py:27}}
Nov 06 15:28:16 user devstack@keystone.service[46654]: DEBUG keystone.server.flask.request_processing.req_logging [None req-52b9c825-c3fc-41ee-b9e4-922b9274ae0d None admin] SCRIPT_NAME: `/identity` {{(pid=46654) log_request_info /opt/stack/keystone/keystone/server/flask/request_processing/req_logging.py:28}}
Nov 06 15:28:16 user devstack@keystone.service[46654]: DEBUG keystone.server.flask.request_processing.req_logging [None req-52b9c825-c3fc-41ee-b9e4-922b9274ae0d None admin] PATH_INFO: `/v3/roles` {{(pid=46654) log_request_info /opt/stack/keystone/keystone/server/flask/request_processing/req_logging.py:29}}
Nov 06 15:28:16 user devstack@keystone.service[46654]: DEBUG keystone.common.rbac_enforcer.enforcer [None req-52b9c825-c3fc-41ee-b9e4-922b9274ae0d None admin] RBAC: Adding query filter params (name=admin) {{(pid=46654) _extract_filter_values /opt/stack/keystone/keystone/common/rbac_enforcer/enforcer.py:167}}
Nov 06 15:28:16 user devstack@keystone.service[46654]: DEBUG keystone.common.rbac_enforcer.enforcer [None req-52b9c825-c3fc-41ee-b9e4-922b9274ae0d None admin] RBAC: Authorizing `identity:list_roles()` {{(pid=46654) enforce_call /opt/stack/keystone/keystone/common/rbac_enforcer/enforcer.py:449}}
Nov 06 15:28:16 user devstack@keystone.service[46654]: DEBUG keystone.common.rbac_enforcer.enforcer [None req-52b9c825-c3fc-41ee-b9e4-922b9274ae0d None admin] RBAC: Authorization granted {{(pid=46654) enforce_call /opt/stack/keystone/keystone/common/rbac_enforcer/enforcer.py:457}}
Nov 06 15:28:16 user devstack@keystone.service[46655]: DEBUG keystone.server.flask.request_processing.middleware.auth_context [None req-6f85360e-36a3-44f6-9b7b-1bb6b3f47635 None admin] RBAC: auth_context: {'token': , 'domain_id': None, 'trust_id': None, 'trustor_id': None, 'trustee_id': None, 'domain_name': None, 'group_ids': [], 'user_id': 'b2aff4bb80404a6cae0edc19f2257b4d', 'user_domain_id': 'default', 'system_scope': 'all', 'project_id': None, 'project_domain_id': None, 'roles': ['admin', 'manager', 'member', 'reader'], 'is_admin_project': True, 'service_user_id': None, 'service_user_domain_id': None, 'service_project_id': None, 'service_project_domain_id': None, 'service_roles': []} {{(pid=46655) fill_context /opt/stack/keystone/keystone/server/flask/request_processing/middleware/auth_context.py:480}}
Nov 06 15:28:16 user devstack@keystone.service[46655]: DEBUG keystone.server.flask.request_processing.req_logging [None req-6f85360e-36a3-44f6-9b7b-1bb6b3f47635 None admin] REQUEST_METHOD: `GET` {{(pid=46655) log_request_info /opt/stack/keystone/keystone/server/flask/request_processing/req_logging.py:27}}
Nov 06 15:28:16 user devstack@keystone.service[46655]: DEBUG keystone.server.flask.request_processing.req_logging [None req-6f85360e-36a3-44f6-9b7b-1bb6b3f47635 None admin] SCRIPT_NAME: `/identity` {{(pid=46655) log_request_info /opt/stack/keystone/keystone/server/flask/request_processing/req_logging.py:28}}
Nov 06 15:28:16 user devstack@keystone.service[46655]: DEBUG keystone.server.flask.request_processing.req_logging [None req-6f85360e-36a3-44f6-9b7b-1bb6b3f47635 None admin] PATH_INFO: `/v3/domains/default` {{(pid=46655) log_request_info /opt/stack/keystone/keystone/server/flask/request_processing/req_logging.py:29}}
Nov 06 15:28:16 user devstack@keystone.service[46655]: DEBUG keystone.common.rbac_enforcer.enforcer [None req-6f85360e-36a3-44f6-9b7b-1bb6b3f47635 None admin] RBAC: Authorizing `identity:get_domain(domain_id=default)` {{(pid=46655) enforce_call /opt/stack/keystone/keystone/common/rbac_enforcer/enforcer.py:449}}
Nov 06 15:28:16 user devstack@keystone.service[46655]: DEBUG keystone.common.rbac_enforcer.enforcer [None req-6f85360e-36a3-44f6-9b7b-1bb6b3f47635 None admin] RBAC: Authorization granted {{(pid=46655) enforce_call /opt/stack/keystone/keystone/common/rbac_enforcer/enforcer.py:457}}
Nov 06 15:28:16 user devstack@keystone.service[46655]: [pid: 46655|app: 0|req: 49/142] 10.0.0.210 () {56 vars in 1103 bytes} [Mon Nov 6 15:28:16 2023] GET /identity/v3/domains/default => generated 198 bytes in 140 msecs (HTTP/1.1 200) 5 headers in 177 bytes (1 switches on core 0)
Nov 06 15:28:16 user devstack@keystone.service[46654]: [pid: 46654|app: 0|req: 47/143] 10.0.0.210 () {56 vars in 1094 bytes} [Mon Nov 6 15:28:16 2023] GET /identity/v3/roles?name=admin => generated 337 bytes in 177 msecs (HTTP/1.1 200) 5 headers in 177 bytes (1 switches on core 0)
Nov 06 15:28:16 user devstack@keystone.service[46655]: DEBUG keystone.server.flask.request_processing.middleware.auth_context [None req-6f85360e-36a3-44f6-9b7b-1bb6b3f47635 None admin] Authenticating user token {{(pid=46655) process_request /opt/stack/data/venv/lib/python3.10/site-packages/keystonemiddleware/auth_token/__init__.py:406}}
Nov 06 15:28:16 user devstack@keystone.service[46654]: DEBUG keystone.server.flask.request_processing.middleware.auth_context [None req-52b9c825-c3fc-41ee-b9e4-922b9274ae0d None admin] Authenticating user token {{(pid=46654) process_request /opt/stack/data/venv/lib/python3.10/site-packages/keystonemiddleware/auth_token/__init__.py:406}}
Nov 06 15:28:16 user devstack@keystone.service[46656]: DEBUG keystone.server.flask.request_processing.middleware.auth_context [None req-fd443ea6-34e1-4614-b874-bbcab5bf63a6 None admin] Validating token access rules against request {{(pid=46656) validate_allowed_request /opt/stack/data/venv/lib/python3.10/site-packages/keystonemiddleware/auth_token/__init__.py:544}}
Nov 06 15:28:16 user devstack@keystone.service[46656]: DEBUG keystone.server.flask.request_processing.middleware.auth_context [None req-b5e724ee-2c6a-4486-a60d-a644d6556bbe None admin] RBAC: auth_context: {'token': , 'domain_id': None, 'trust_id': None, 'trustor_id': None, 'trustee_id': None, 'domain_name': None, 'group_ids': [], 'user_id': 'b2aff4bb80404a6cae0edc19f2257b4d', 'user_domain_id': 'default', 'system_scope': 'all', 'project_id': None, 'project_domain_id': None, 'roles': ['admin', 'manager', 'member', 'reader'], 'is_admin_project': True, 'service_user_id': None, 'service_user_domain_id': None, 'service_project_id': None, 'service_project_domain_id': None, 'service_roles': []} {{(pid=46656) fill_context /opt/stack/keystone/keystone/server/flask/request_processing/middleware/auth_context.py:480}}
Nov 06 15:28:16 user devstack@keystone.service[46656]: DEBUG keystone.server.flask.request_processing.req_logging [None req-b5e724ee-2c6a-4486-a60d-a644d6556bbe None admin] REQUEST_METHOD: `GET` {{(pid=46656) log_request_info /opt/stack/keystone/keystone/server/flask/request_processing/req_logging.py:27}}
Nov 06 15:28:16 user devstack@keystone.service[46656]: DEBUG keystone.server.flask.request_processing.req_logging [None req-b5e724ee-2c6a-4486-a60d-a644d6556bbe None admin] SCRIPT_NAME: `/identity` {{(pid=46656) log_request_info /opt/stack/keystone/keystone/server/flask/request_processing/req_logging.py:28}}
Nov 06 15:28:16 user devstack@keystone.service[46656]: DEBUG keystone.server.flask.request_processing.req_logging [None req-b5e724ee-2c6a-4486-a60d-a644d6556bbe None admin] PATH_INFO: `/v3/roles` {{(pid=46656) log_request_info /opt/stack/keystone/keystone/server/flask/request_processing/req_logging.py:29}}
Nov 06 15:28:16 user devstack@keystone.service[46656]: DEBUG keystone.common.rbac_enforcer.enforcer [None req-b5e724ee-2c6a-4486-a60d-a644d6556bbe None admin] RBAC: Adding query filter params (name=member) {{(pid=46656) _extract_filter_values /opt/stack/keystone/keystone/common/rbac_enforcer/enforcer.py:167}}
Nov 06 15:28:16 user devstack@keystone.service[46656]: DEBUG keystone.common.rbac_enforcer.enforcer [None req-b5e724ee-2c6a-4486-a60d-a644d6556bbe None admin] RBAC: Authorizing `identity:list_roles()` {{(pid=46656) enforce_call /opt/stack/keystone/keystone/common/rbac_enforcer/enforcer.py:449}}
Nov 06 15:28:16 user devstack@keystone.service[46656]: DEBUG keystone.common.rbac_enforcer.enforcer [None req-b5e724ee-2c6a-4486-a60d-a644d6556bbe None admin] RBAC: Authorization granted {{(pid=46656) enforce_call /opt/stack/keystone/keystone/common/rbac_enforcer/enforcer.py:457}}
Nov 06 15:28:16 user devstack@keystone.service[46656]: [pid: 46656|app: 0|req: 48/144] 10.0.0.210 () {56 vars in 1096 bytes} [Mon Nov 6 15:28:16 2023] GET /identity/v3/roles?name=member => generated 339 bytes in 135 msecs (HTTP/1.1 200) 5 headers in 177 bytes (2 switches on core 0)
Nov 06 15:28:16 user devstack@keystone.service[46656]: DEBUG keystone.server.flask.request_processing.middleware.auth_context [None req-b5e724ee-2c6a-4486-a60d-a644d6556bbe None admin] Authenticating user token {{(pid=46656) process_request /opt/stack/data/venv/lib/python3.10/site-packages/keystonemiddleware/auth_token/__init__.py:406}}
Nov 06 15:28:16 user devstack@keystone.service[46655]: DEBUG keystone.server.flask.request_processing.middleware.auth_context [None req-6f85360e-36a3-44f6-9b7b-1bb6b3f47635 None admin] Validating token access rules against request {{(pid=46655) validate_allowed_request /opt/stack/data/venv/lib/python3.10/site-packages/keystonemiddleware/auth_token/__init__.py:544}}
Nov 06 15:28:16 user devstack@keystone.service[46654]: DEBUG keystone.server.flask.request_processing.middleware.auth_context [None req-52b9c825-c3fc-41ee-b9e4-922b9274ae0d None admin] Validating token access rules against request {{(pid=46654) validate_allowed_request /opt/stack/data/venv/lib/python3.10/site-packages/keystonemiddleware/auth_token/__init__.py:544}}
Nov 06 15:28:17 user devstack@keystone.service[46655]: DEBUG keystone.server.flask.request_processing.middleware.auth_context [None req-6205d429-c06b-402d-84af-86788f0b7c72 None admin] RBAC: auth_context: {'token': , 'domain_id': None, 'trust_id': None, 'trustor_id': None, 'trustee_id': None, 'domain_name': None, 'group_ids': [], 'user_id': 'b2aff4bb80404a6cae0edc19f2257b4d', 'user_domain_id': 'default', 'system_scope': 'all', 'project_id': None, 'project_domain_id': None, 'roles': ['admin', 'manager', 'member', 'reader'], 'is_admin_project': True, 'service_user_id': None, 'service_user_domain_id': None, 'service_project_id': None, 'service_project_domain_id': None, 'service_roles': []} {{(pid=46655) fill_context /opt/stack/keystone/keystone/server/flask/request_processing/middleware/auth_context.py:480}}
Nov 06 15:28:17 user devstack@keystone.service[46655]: DEBUG keystone.server.flask.request_processing.req_logging [None req-6205d429-c06b-402d-84af-86788f0b7c72 None admin] REQUEST_METHOD: `POST` {{(pid=46655) log_request_info /opt/stack/keystone/keystone/server/flask/request_processing/req_logging.py:27}}
Nov 06 15:28:17 user devstack@keystone.service[46655]: DEBUG keystone.server.flask.request_processing.req_logging [None req-6205d429-c06b-402d-84af-86788f0b7c72 None admin] SCRIPT_NAME: `/identity` {{(pid=46655) log_request_info /opt/stack/keystone/keystone/server/flask/request_processing/req_logging.py:28}}
Nov 06 15:28:17 user devstack@keystone.service[46655]: DEBUG keystone.server.flask.request_processing.req_logging [None req-6205d429-c06b-402d-84af-86788f0b7c72 None admin] PATH_INFO: `/v3/users` {{(pid=46655) log_request_info /opt/stack/keystone/keystone/server/flask/request_processing/req_logging.py:29}}
Nov 06 15:28:17 user devstack@keystone.service[46655]: DEBUG keystone.common.rbac_enforcer.enforcer [None req-6205d429-c06b-402d-84af-86788f0b7c72 None admin] RBAC: Authorizing `identity:create_user()` {{(pid=46655) enforce_call /opt/stack/keystone/keystone/common/rbac_enforcer/enforcer.py:449}}
Nov 06 15:28:17 user devstack@keystone.service[46655]: DEBUG keystone.common.rbac_enforcer.enforcer [None req-6205d429-c06b-402d-84af-86788f0b7c72 None admin] RBAC: Authorization granted {{(pid=46655) enforce_call /opt/stack/keystone/keystone/common/rbac_enforcer/enforcer.py:457}}
Nov 06 15:28:17 user devstack@keystone.service[46656]: DEBUG keystone.server.flask.request_processing.middleware.auth_context [None req-b5e724ee-2c6a-4486-a60d-a644d6556bbe None admin] Validating token access rules against request {{(pid=46656) validate_allowed_request /opt/stack/data/venv/lib/python3.10/site-packages/keystonemiddleware/auth_token/__init__.py:544}}
Nov 06 15:28:17 user devstack@keystone.service[46655]: WARNING keystone.common.password_hashing [None req-6205d429-c06b-402d-84af-86788f0b7c72 None admin] Truncating password to algorithm specific maximum length 72 characters.
Nov 06 15:28:17 user devstack@keystone.service[46654]: DEBUG keystone.server.flask.request_processing.middleware.auth_context [None req-7bb91c97-a2e4-449a-a599-432e2c256739 None admin] RBAC: auth_context: {'token': , 'domain_id': None, 'trust_id': None, 'trustor_id': None, 'trustee_id': None, 'domain_name': None, 'group_ids': [], 'user_id': 'b2aff4bb80404a6cae0edc19f2257b4d', 'user_domain_id': 'default', 'system_scope': 'all', 'project_id': None, 'project_domain_id': None, 'roles': ['admin', 'manager', 'member', 'reader'], 'is_admin_project': True, 'service_user_id': None, 'service_user_domain_id': None, 'service_project_id': None, 'service_project_domain_id': None, 'service_roles': []} {{(pid=46654) fill_context /opt/stack/keystone/keystone/server/flask/request_processing/middleware/auth_context.py:480}}
Nov 06 15:28:17 user devstack@keystone.service[46654]: DEBUG keystone.server.flask.request_processing.req_logging [None req-7bb91c97-a2e4-449a-a599-432e2c256739 None admin] REQUEST_METHOD: `GET` {{(pid=46654) log_request_info /opt/stack/keystone/keystone/server/flask/request_processing/req_logging.py:27}}
Nov 06 15:28:17 user devstack@keystone.service[46654]: DEBUG keystone.server.flask.request_processing.req_logging [None req-7bb91c97-a2e4-449a-a599-432e2c256739 None admin] SCRIPT_NAME: `/identity` {{(pid=46654) log_request_info /opt/stack/keystone/keystone/server/flask/request_processing/req_logging.py:28}}
Nov 06 15:28:17 user devstack@keystone.service[46654]: DEBUG keystone.server.flask.request_processing.req_logging [None req-7bb91c97-a2e4-449a-a599-432e2c256739 None admin] PATH_INFO: `/v3/users/d9986d469f5d4fc39a783b8aaa37f940` {{(pid=46654) log_request_info /opt/stack/keystone/keystone/server/flask/request_processing/req_logging.py:29}}
Nov 06 15:28:17 user devstack@keystone.service[46654]: DEBUG keystone.common.rbac_enforcer.enforcer [None req-7bb91c97-a2e4-449a-a599-432e2c256739 None admin] RBAC: Authorizing `identity:get_user(user_id=d9986d469f5d4fc39a783b8aaa37f940)` {{(pid=46654) enforce_call /opt/stack/keystone/keystone/common/rbac_enforcer/enforcer.py:449}}
Nov 06 15:28:17 user devstack@keystone.service[46654]: DEBUG keystone.common.rbac_enforcer.enforcer [None req-7bb91c97-a2e4-449a-a599-432e2c256739 None admin] RBAC: Authorization granted {{(pid=46654) enforce_call /opt/stack/keystone/keystone/common/rbac_enforcer/enforcer.py:457}}
Nov 06 15:28:17 user devstack@keystone.service[46654]: [pid: 46654|app: 0|req: 48/145] 10.0.0.210 () {56 vars in 1172 bytes} [Mon Nov 6 15:28:16 2023] GET /identity/v3/users/d9986d469f5d4fc39a783b8aaa37f940 => generated 282 bytes in 154 msecs (HTTP/1.1 200) 5 headers in 177 bytes (1 switches on core 0)
Nov 06 15:28:17 user devstack@keystone.service[46654]: DEBUG keystone.server.flask.request_processing.req_logging [None req-8879be60-827e-4da4-ada1-b4d073228da8 None None] REQUEST_METHOD: `GET` {{(pid=46654) log_request_info /opt/stack/keystone/keystone/server/flask/request_processing/req_logging.py:27}}
Nov 06 15:28:17 user devstack@keystone.service[46654]: DEBUG keystone.server.flask.request_processing.req_logging [None req-8879be60-827e-4da4-ada1-b4d073228da8 None None] SCRIPT_NAME: `/identity` {{(pid=46654) log_request_info /opt/stack/keystone/keystone/server/flask/request_processing/req_logging.py:28}}
Nov 06 15:28:17 user devstack@keystone.service[46654]: DEBUG keystone.server.flask.request_processing.req_logging [None req-8879be60-827e-4da4-ada1-b4d073228da8 None None] PATH_INFO: `/` {{(pid=46654) log_request_info /opt/stack/keystone/keystone/server/flask/request_processing/req_logging.py:29}}
Nov 06 15:28:17 user devstack@keystone.service[46654]: [pid: 46654|app: 0|req: 49/146] 10.0.0.210 () {54 vars in 921 bytes} [Mon Nov 6 15:28:17 2023] GET /identity => generated 269 bytes in 2 msecs (HTTP/1.1 300) 6 headers in 233 bytes (1 switches on core 0)
Nov 06 15:28:17 user devstack@keystone.service[46654]: DEBUG keystone.server.flask.request_processing.middleware.auth_context [None req-8879be60-827e-4da4-ada1-b4d073228da8 None None] Authenticating user token {{(pid=46654) process_request /opt/stack/data/venv/lib/python3.10/site-packages/keystonemiddleware/auth_token/__init__.py:406}}
Nov 06 15:28:17 user devstack@keystone.service[46655]: [pid: 46655|app: 0|req: 50/147] 10.0.0.210 () {60 vars in 1127 bytes} [Mon Nov 6 15:28:16 2023] POST /identity/v3/users => generated 296 bytes in 162 msecs (HTTP/1.1 201) 5 headers in 182 bytes (1 switches on core 0)
Nov 06 15:28:17 user devstack@keystone.service[46655]: DEBUG keystone.server.flask.request_processing.middleware.auth_context [None req-6205d429-c06b-402d-84af-86788f0b7c72 None admin] Authenticating user token {{(pid=46655) process_request /opt/stack/data/venv/lib/python3.10/site-packages/keystonemiddleware/auth_token/__init__.py:406}}
Nov 06 15:28:17 user devstack@keystone.service[46656]: DEBUG keystone.server.flask.request_processing.middleware.auth_context [None req-21dee67c-a4a3-433d-a518-d2cbfbb3f0cd None admin] RBAC: auth_context: {'token': , 'domain_id': None, 'trust_id': None, 'trustor_id': None, 'trustee_id': None, 'domain_name': None, 'group_ids': [], 'user_id': 'b2aff4bb80404a6cae0edc19f2257b4d', 'user_domain_id': 'default', 'system_scope': 'all', 'project_id': None, 'project_domain_id': None, 'roles': ['admin', 'manager', 'member', 'reader'], 'is_admin_project': True, 'service_user_id': None, 'service_user_domain_id': None, 'service_project_id': None, 'service_project_domain_id': None, 'service_roles': []} {{(pid=46656) fill_context /opt/stack/keystone/keystone/server/flask/request_processing/middleware/auth_context.py:480}}
Nov 06 15:28:17 user devstack@keystone.service[46656]: DEBUG keystone.server.flask.request_processing.req_logging [None req-21dee67c-a4a3-433d-a518-d2cbfbb3f0cd None admin] REQUEST_METHOD: `GET` {{(pid=46656) log_request_info /opt/stack/keystone/keystone/server/flask/request_processing/req_logging.py:27}}
Nov 06 15:28:17 user devstack@keystone.service[46656]: DEBUG keystone.server.flask.request_processing.req_logging [None req-21dee67c-a4a3-433d-a518-d2cbfbb3f0cd None admin] SCRIPT_NAME: `/identity` {{(pid=46656) log_request_info /opt/stack/keystone/keystone/server/flask/request_processing/req_logging.py:28}}
Nov 06 15:28:17 user devstack@keystone.service[46656]: DEBUG keystone.server.flask.request_processing.req_logging [None req-21dee67c-a4a3-433d-a518-d2cbfbb3f0cd None admin] PATH_INFO: `/v3/users/3e50c25110f348a0993134cb42c33c2f` {{(pid=46656) log_request_info /opt/stack/keystone/keystone/server/flask/request_processing/req_logging.py:29}}
Nov 06 15:28:17 user devstack@keystone.service[46656]: DEBUG keystone.common.rbac_enforcer.enforcer [None req-21dee67c-a4a3-433d-a518-d2cbfbb3f0cd None admin] RBAC: Authorizing `identity:get_user(user_id=3e50c25110f348a0993134cb42c33c2f)` {{(pid=46656) enforce_call /opt/stack/keystone/keystone/common/rbac_enforcer/enforcer.py:449}}
Nov 06 15:28:17 user devstack@keystone.service[46656]: DEBUG keystone.common.rbac_enforcer.enforcer [None req-21dee67c-a4a3-433d-a518-d2cbfbb3f0cd None admin] RBAC: Authorization granted {{(pid=46656) enforce_call /opt/stack/keystone/keystone/common/rbac_enforcer/enforcer.py:457}}
Nov 06 15:28:17 user devstack@keystone.service[46656]: [pid: 46656|app: 0|req: 49/148] 10.0.0.210 () {56 vars in 1172 bytes} [Mon Nov 6 15:28:16 2023] GET /identity/v3/users/3e50c25110f348a0993134cb42c33c2f => generated 296 bytes in 142 msecs (HTTP/1.1 200) 5 headers in 177 bytes (2 switches on core 0)
Nov 06 15:28:17 user devstack@keystone.service[46656]: DEBUG keystone.server.flask.request_processing.middleware.auth_context [None req-21dee67c-a4a3-433d-a518-d2cbfbb3f0cd None admin] Authenticating user token {{(pid=46656) process_request /opt/stack/data/venv/lib/python3.10/site-packages/keystonemiddleware/auth_token/__init__.py:406}}
Nov 06 15:28:17 user devstack@keystone.service[46655]: DEBUG keystone.server.flask.request_processing.middleware.auth_context [None req-6205d429-c06b-402d-84af-86788f0b7c72 None admin] Validating token access rules against request {{(pid=46655) validate_allowed_request /opt/stack/data/venv/lib/python3.10/site-packages/keystonemiddleware/auth_token/__init__.py:544}}
Nov 06 15:28:17 user devstack@keystone.service[46654]: DEBUG keystone.server.flask.request_processing.middleware.auth_context [None req-8879be60-827e-4da4-ada1-b4d073228da8 None None] Validating token access rules against request {{(pid=46654) validate_allowed_request /opt/stack/data/venv/lib/python3.10/site-packages/keystonemiddleware/auth_token/__init__.py:544}}
Nov 06 15:28:17 user devstack@keystone.service[46656]: DEBUG keystone.server.flask.request_processing.middleware.auth_context [None req-21dee67c-a4a3-433d-a518-d2cbfbb3f0cd None admin] Validating token access rules against request {{(pid=46656) validate_allowed_request /opt/stack/data/venv/lib/python3.10/site-packages/keystonemiddleware/auth_token/__init__.py:544}}
Nov 06 15:28:17 user devstack@keystone.service[46655]: DEBUG keystone.server.flask.request_processing.middleware.auth_context [None req-91e512a5-3538-453c-ab64-1cc6d64383df None admin] RBAC: auth_context: {'token': , 'domain_id': None, 'trust_id': None, 'trustor_id': None, 'trustee_id': None, 'domain_name': None, 'group_ids': [], 'user_id': 'b2aff4bb80404a6cae0edc19f2257b4d', 'user_domain_id': 'default', 'system_scope': 'all', 'project_id': None, 'project_domain_id': None, 'roles': ['admin', 'manager', 'member', 'reader'], 'is_admin_project': True, 'service_user_id': None, 'service_user_domain_id': None, 'service_project_id': None, 'service_project_domain_id': None, 'service_roles': []} {{(pid=46655) fill_context /opt/stack/keystone/keystone/server/flask/request_processing/middleware/auth_context.py:480}}
Nov 06 15:28:17 user devstack@keystone.service[46655]: DEBUG keystone.server.flask.request_processing.req_logging [None req-91e512a5-3538-453c-ab64-1cc6d64383df None admin] REQUEST_METHOD: `GET` {{(pid=46655) log_request_info /opt/stack/keystone/keystone/server/flask/request_processing/req_logging.py:27}}
Nov 06 15:28:17 user devstack@keystone.service[46655]: DEBUG keystone.server.flask.request_processing.req_logging [None req-91e512a5-3538-453c-ab64-1cc6d64383df None admin] SCRIPT_NAME: `/identity` {{(pid=46655) log_request_info /opt/stack/keystone/keystone/server/flask/request_processing/req_logging.py:28}}
Nov 06 15:28:17 user devstack@keystone.service[46655]: DEBUG keystone.server.flask.request_processing.req_logging [None req-91e512a5-3538-453c-ab64-1cc6d64383df None admin] PATH_INFO: `/v3/roles/anotherrole` {{(pid=46655) log_request_info /opt/stack/keystone/keystone/server/flask/request_processing/req_logging.py:29}}
Nov 06 15:28:17 user devstack@keystone.service[46654]: DEBUG keystone.server.flask.request_processing.middleware.auth_context [None req-beed4f1b-088b-4f71-a0fe-9aad7abaebec None admin] RBAC: auth_context: {'token': , 'domain_id': None, 'trust_id': None, 'trustor_id': None, 'trustee_id': None, 'domain_name': None, 'group_ids': [], 'user_id': 'b2aff4bb80404a6cae0edc19f2257b4d', 'user_domain_id': 'default', 'system_scope': 'all', 'project_id': None, 'project_domain_id': None, 'roles': ['admin', 'manager', 'member', 'reader'], 'is_admin_project': True, 'service_user_id': None, 'service_user_domain_id': None, 'service_project_id': None, 'service_project_domain_id': None, 'service_roles': []} {{(pid=46654) fill_context /opt/stack/keystone/keystone/server/flask/request_processing/middleware/auth_context.py:480}}
Nov 06 15:28:17 user devstack@keystone.service[46654]: DEBUG keystone.server.flask.request_processing.req_logging [None req-beed4f1b-088b-4f71-a0fe-9aad7abaebec None admin] REQUEST_METHOD: `GET` {{(pid=46654) log_request_info /opt/stack/keystone/keystone/server/flask/request_processing/req_logging.py:27}}
Nov 06 15:28:17 user devstack@keystone.service[46654]: DEBUG keystone.server.flask.request_processing.req_logging [None req-beed4f1b-088b-4f71-a0fe-9aad7abaebec None admin] SCRIPT_NAME: `/identity` {{(pid=46654) log_request_info /opt/stack/keystone/keystone/server/flask/request_processing/req_logging.py:28}}
Nov 06 15:28:17 user devstack@keystone.service[46654]: DEBUG keystone.server.flask.request_processing.req_logging [None req-beed4f1b-088b-4f71-a0fe-9aad7abaebec None admin] PATH_INFO: `/v3/auth/tokens` {{(pid=46654) log_request_info /opt/stack/keystone/keystone/server/flask/request_processing/req_logging.py:29}}
Nov 06 15:28:17 user devstack@keystone.service[46655]: DEBUG keystone.common.rbac_enforcer.enforcer [None req-91e512a5-3538-453c-ab64-1cc6d64383df None admin] Extracting inferred target data resulted in "NOT FOUND (404)". {{(pid=46655) enforce_call /opt/stack/keystone/keystone/common/rbac_enforcer/enforcer.py:409}}
Nov 06 15:28:17 user devstack@keystone.service[46656]: DEBUG keystone.server.flask.request_processing.middleware.auth_context [None req-856498c4-3902-4431-bc7f-87cdf3e0f42e None admin] RBAC: auth_context: {'token': , 'domain_id': None, 'trust_id': None, 'trustor_id': None, 'trustee_id': None, 'domain_name': None, 'group_ids': [], 'user_id': 'b2aff4bb80404a6cae0edc19f2257b4d', 'user_domain_id': 'default', 'system_scope': 'all', 'project_id': None, 'project_domain_id': None, 'roles': ['admin', 'manager', 'member', 'reader'], 'is_admin_project': True, 'service_user_id': None, 'service_user_domain_id': None, 'service_project_id': None, 'service_project_domain_id': None, 'service_roles': []} {{(pid=46656) fill_context /opt/stack/keystone/keystone/server/flask/request_processing/middleware/auth_context.py:480}}
Nov 06 15:28:17 user devstack@keystone.service[46656]: DEBUG keystone.server.flask.request_processing.req_logging [None req-856498c4-3902-4431-bc7f-87cdf3e0f42e None admin] REQUEST_METHOD: `GET` {{(pid=46656) log_request_info /opt/stack/keystone/keystone/server/flask/request_processing/req_logging.py:27}}
Nov 06 15:28:17 user devstack@keystone.service[46656]: DEBUG keystone.server.flask.request_processing.req_logging [None req-856498c4-3902-4431-bc7f-87cdf3e0f42e None admin] SCRIPT_NAME: `/identity` {{(pid=46656) log_request_info /opt/stack/keystone/keystone/server/flask/request_processing/req_logging.py:28}}
Nov 06 15:28:17 user devstack@keystone.service[46656]: DEBUG keystone.server.flask.request_processing.req_logging [None req-856498c4-3902-4431-bc7f-87cdf3e0f42e None admin] PATH_INFO: `/v3/projects/bf70c9731f0f4ced8a65b2f0d83c3f3e` {{(pid=46656) log_request_info /opt/stack/keystone/keystone/server/flask/request_processing/req_logging.py:29}}
Nov 06 15:28:17 user devstack@keystone.service[46656]: DEBUG keystone.common.rbac_enforcer.enforcer [None req-856498c4-3902-4431-bc7f-87cdf3e0f42e None admin] RBAC: Authorizing `identity:get_project(project_id=bf70c9731f0f4ced8a65b2f0d83c3f3e)` {{(pid=46656) enforce_call /opt/stack/keystone/keystone/common/rbac_enforcer/enforcer.py:449}}
Nov 06 15:28:17 user devstack@keystone.service[46655]: ERROR keystone.server.flask.application [None req-91e512a5-3538-453c-ab64-1cc6d64383df None admin] Could not find role: anotherrole.: keystone.exception.RoleNotFound: Could not find role: anotherrole.
Nov 06 15:28:17 user devstack@keystone.service[46655]: ERROR keystone.server.flask.application
Traceback (most recent call last):
Nov 06 15:28:17 user devstack@keystone.service[46655]: ERROR keystone.server.flask.application
File "/opt/stack/data/venv/lib/python3.10/site-packages/flask/app.py", line 1823, in full_dispatch_request
Nov 06 15:28:17 user devstack@keystone.service[46655]: ERROR keystone.server.flask.application rv = self.dispatch_request()
Nov 06 15:28:17 user devstack@keystone.service[46655]: ERROR keystone.server.flask.application
File "/opt/stack/data/venv/lib/python3.10/site-packages/flask/app.py", line 1799, in dispatch_request
Nov 06 15:28:17 user devstack@keystone.service[46655]: ERROR keystone.server.flask.application return self.ensure_sync(self.view_functions[rule.endpoint])(**view_args)
Nov 06 15:28:17 user devstack@keystone.service[46655]: ERROR keystone.server.flask.application
File "/opt/stack/data/venv/lib/python3.10/site-packages/flask_restful/__init__.py", line 489, in wrapper
Nov 06 15:28:17 user devstack@keystone.service[46655]: ERROR keystone.server.flask.application resp = resource(*args, **kwargs)
Nov 06 15:28:17 user devstack@keystone.service[46655]: ERROR keystone.server.flask.application
File "/opt/stack/data/venv/lib/python3.10/site-packages/flask/views.py", line 107, in view
Nov 06 15:28:17 user devstack@keystone.service[46655]: ERROR keystone.server.flask.application return current_app.ensure_sync(self.dispatch_request)(**kwargs)
Nov 06 15:28:17 user devstack@keystone.service[46655]: ERROR keystone.server.flask.application
File "/opt/stack/data/venv/lib/python3.10/site-packages/flask_restful/__init__.py", line 604, in dispatch_request
Nov 06 15:28:17 user devstack@keystone.service[46655]: ERROR keystone.server.flask.application resp = meth(*args, **kwargs)
Nov 06 15:28:17 user devstack@keystone.service[46655]: ERROR keystone.server.flask.application
File "/opt/stack/keystone/keystone/api/roles.py", line 50, in get
Nov 06 15:28:17 user devstack@keystone.service[46655]: ERROR keystone.server.flask.application return self._get_role(role_id)
Nov 06 15:28:17 user devstack@keystone.service[46655]: ERROR keystone.server.flask.application
File "/opt/stack/keystone/keystone/api/roles.py", line 70, in _get_role
Nov 06 15:28:17 user devstack@keystone.service[46655]: ERROR keystone.server.flask.application ENFORCER.enforce_call(action='identity:get_role')
Nov 06 15:28:17 user devstack@keystone.service[46655]: ERROR keystone.server.flask.application
File "/opt/stack/keystone/keystone/common/rbac_enforcer/enforcer.py", line 402, in enforce_call
Nov 06 15:28:17 user devstack@keystone.service[46655]: ERROR keystone.server.flask.application policy_dict.update(cls._extract_member_target_data(
Nov 06 15:28:17 user devstack@keystone.service[46655]: ERROR keystone.server.flask.application
File "/opt/stack/keystone/keystone/common/rbac_enforcer/enforcer.py", line 234, in _extract_member_target_data
Nov 06 15:28:17 user devstack@keystone.service[46655]: ERROR keystone.server.flask.application member_name: func(flask.request.view_args[key])
Nov 06 15:28:17 user devstack@keystone.service[46655]: ERROR keystone.server.flask.application
File "/opt/stack/keystone/keystone/common/manager.py", line 115, in wrapped
Nov 06 15:28:17 user devstack@keystone.service[46655]: ERROR keystone.server.flask.application __ret_val = __f(*args, **kwargs)
Nov 06 15:28:17 user devstack@keystone.service[46655]: ERROR keystone.server.flask.application
File "/opt/stack/data/venv/lib/python3.10/site-packages/decorator.py", line 232, in fun
Nov 06 15:28:17 user devstack@keystone.service[46655]: ERROR keystone.server.flask.application return caller(func, *(extras + args), **kw)
Nov 06 15:28:17 user devstack@keystone.service[46655]: ERROR keystone.server.flask.application
File "/opt/stack/data/venv/lib/python3.10/site-packages/dogpile/cache/region.py", line 1594, in get_or_create_for_user_func
Nov 06 15:28:17 user devstack@keystone.service[46655]: ERROR keystone.server.flask.application return self.get_or_create(
Nov 06 15:28:17 user devstack@keystone.service[46655]: ERROR keystone.server.flask.application
File "/opt/stack/data/venv/lib/python3.10/site-packages/dogpile/cache/region.py", line 1054, in get_or_create
Nov 06 15:28:17 user devstack@keystone.service[46655]: ERROR keystone.server.flask.application with Lock(
Nov 06 15:28:17 user devstack@keystone.service[46655]: ERROR keystone.server.flask.application
File "/opt/stack/data/venv/lib/python3.10/site-packages/dogpile/lock.py", line 185, in __enter__
Nov 06 15:28:17 user devstack@keystone.service[46655]: ERROR keystone.server.flask.application return self._enter()
Nov 06 15:28:17 user devstack@keystone.service[46655]: ERROR keystone.server.flask.application
File "/opt/stack/data/venv/lib/python3.10/site-packages/dogpile/lock.py", line 94, in _enter
Nov 06 15:28:17 user devstack@keystone.service[46655]: ERROR keystone.server.flask.application generated = self._enter_create(value, createdtime)
Nov 06 15:28:17 user devstack@keystone.service[46655]: ERROR keystone.server.flask.application
File "/opt/stack/data/venv/lib/python3.10/site-packages/dogpile/lock.py", line 178, in _enter_create
Nov 06 15:28:17 user devstack@keystone.service[46655]: ERROR keystone.server.flask.application return self.creator()
Nov 06 15:28:17 user devstack@keystone.service[46655]: ERROR keystone.server.flask.application
File "/opt/stack/data/venv/lib/python3.10/site-packages/dogpile/cache/region.py", line 1007, in gen_value
Nov 06 15:28:17 user devstack@keystone.service[46655]: ERROR keystone.server.flask.application created_value = creator(
Nov 06 15:28:17 user devstack@keystone.service[46655]: ERROR keystone.server.flask.application
File "/opt/stack/keystone/keystone/assignment/core.py", line 1276, in get_role
Nov 06 15:28:17 user devstack@keystone.service[46655]: ERROR keystone.server.flask.application return self.driver.get_role(role_id)
Nov 06 15:28:17 user devstack@keystone.service[46655]: ERROR keystone.server.flask.application
File "/opt/stack/keystone/keystone/assignment/role_backends/sql.py", line 70, in get_role
Nov 06 15:28:17 user devstack@keystone.service[46655]: ERROR keystone.server.flask.application return self._get_role(session, role_id).to_dict()
Nov 06 15:28:17 user devstack@keystone.service[46655]: ERROR keystone.server.flask.application
File "/opt/stack/keystone/keystone/assignment/role_backends/sql.py", line 65, in _get_role
Nov 06 15:28:17 user devstack@keystone.service[46655]: ERROR keystone.server.flask.application raise exception.RoleNotFound(role_id=role_id)
Nov 06 15:28:17 user devstack@keystone.service[46655]: ERROR keystone.server.flask.application keystone.exception.RoleNotFound: Could not find role: anotherrole.
Nov 06 15:28:17 user devstack@keystone.service[46655]: ERROR keystone.server.flask.application
Nov 06 15:28:17 user devstack@keystone.service[46656]: DEBUG keystone.common.rbac_enforcer.enforcer [None req-856498c4-3902-4431-bc7f-87cdf3e0f42e None admin] RBAC: Authorization granted {{(pid=46656) enforce_call /opt/stack/keystone/keystone/common/rbac_enforcer/enforcer.py:457}}
Nov 06 15:28:17 user devstack@keystone.service[46655]: [pid: 46655|app: 0|req: 51/149] 10.0.0.210 () {56 vars in 1109 bytes} [Mon Nov 6 15:28:17 2023] GET /identity/v3/roles/anotherrole => generated 89 bytes in 159 msecs (HTTP/1.1 404) 5 headers in 183 bytes (2 switches on core 0)
Nov 06 15:28:17 user devstack@keystone.service[46656]: [pid: 46656|app: 0|req: 50/150] 10.0.0.210 () {56 vars in 1181 bytes} [Mon Nov 6 15:28:17 2023] GET /identity/v3/projects/bf70c9731f0f4ced8a65b2f0d83c3f3e => generated 301 bytes in 125 msecs (HTTP/1.1 200) 5 headers in 177 bytes (2 switches on core 0)
Nov 06 15:28:17 user devstack@keystone.service[46656]: DEBUG keystone.server.flask.request_processing.middleware.auth_context [None req-856498c4-3902-4431-bc7f-87cdf3e0f42e None admin] Authenticating user token {{(pid=46656) process_request /opt/stack/data/venv/lib/python3.10/site-packages/keystonemiddleware/auth_token/__init__.py:406}}
Nov 06 15:28:17 user devstack@keystone.service[46655]: DEBUG keystone.server.flask.request_processing.middleware.auth_context [None req-91e512a5-3538-453c-ab64-1cc6d64383df None admin] Authenticating user token {{(pid=46655) process_request /opt/stack/data/venv/lib/python3.10/site-packages/keystonemiddleware/auth_token/__init__.py:406}}
Nov 06 15:28:17 user devstack@keystone.service[46654]: DEBUG keystone.common.rbac_enforcer.enforcer [None req-beed4f1b-088b-4f71-a0fe-9aad7abaebec None admin] RBAC: Authorizing `identity:validate_token()` {{(pid=46654) enforce_call /opt/stack/keystone/keystone/common/rbac_enforcer/enforcer.py:449}}
Nov 06 15:28:17 user devstack@keystone.service[46654]: DEBUG keystone.common.rbac_enforcer.enforcer [None req-beed4f1b-088b-4f71-a0fe-9aad7abaebec None admin] RBAC: Authorization granted {{(pid=46654) enforce_call /opt/stack/keystone/keystone/common/rbac_enforcer/enforcer.py:457}}
Nov 06 15:28:17 user devstack@keystone.service[46656]: DEBUG keystone.server.flask.request_processing.middleware.auth_context [None req-856498c4-3902-4431-bc7f-87cdf3e0f42e None admin] Validating token access rules against request {{(pid=46656) validate_allowed_request /opt/stack/data/venv/lib/python3.10/site-packages/keystonemiddleware/auth_token/__init__.py:544}}
Nov 06 15:28:17 user devstack@keystone.service[46655]: DEBUG keystone.server.flask.request_processing.middleware.auth_context [None req-91e512a5-3538-453c-ab64-1cc6d64383df None admin] Validating token access rules against request {{(pid=46655) validate_allowed_request /opt/stack/data/venv/lib/python3.10/site-packages/keystonemiddleware/auth_token/__init__.py:544}}
Nov 06 15:28:17 user devstack@keystone.service[46656]: DEBUG keystone.server.flask.request_processing.middleware.auth_context [None req-0b0e7d8b-8713-4e9a-87e2-bb3944dad6ee None admin] RBAC: auth_context: {'token': , 'domain_id': None, 'trust_id': None, 'trustor_id': None, 'trustee_id': None, 'domain_name': None, 'group_ids': [], 'user_id': 'b2aff4bb80404a6cae0edc19f2257b4d', 'user_domain_id': 'default', 'system_scope': 'all', 'project_id': None, 'project_domain_id': None, 'roles': ['admin', 'manager', 'member', 'reader'], 'is_admin_project': True, 'service_user_id': None, 'service_user_domain_id': None, 'service_project_id': None, 'service_project_domain_id': None, 'service_roles': []} {{(pid=46656) fill_context /opt/stack/keystone/keystone/server/flask/request_processing/middleware/auth_context.py:480}}
Nov 06 15:28:17 user devstack@keystone.service[46656]: DEBUG keystone.server.flask.request_processing.req_logging [None req-0b0e7d8b-8713-4e9a-87e2-bb3944dad6ee None admin] REQUEST_METHOD: `PUT` {{(pid=46656) log_request_info /opt/stack/keystone/keystone/server/flask/request_processing/req_logging.py:27}}
Nov 06 15:28:17 user devstack@keystone.service[46656]: DEBUG keystone.server.flask.request_processing.req_logging [None req-0b0e7d8b-8713-4e9a-87e2-bb3944dad6ee None admin] SCRIPT_NAME: `/identity` {{(pid=46656) log_request_info /opt/stack/keystone/keystone/server/flask/request_processing/req_logging.py:28}}
Nov 06 15:28:17 user devstack@keystone.service[46656]: DEBUG keystone.server.flask.request_processing.req_logging [None req-0b0e7d8b-8713-4e9a-87e2-bb3944dad6ee None admin] PATH_INFO: `/v3/projects/bf70c9731f0f4ced8a65b2f0d83c3f3e/users/3e50c25110f348a0993134cb42c33c2f/roles/cf74951fe6d84bd6ad650f435bdbe2ed` {{(pid=46656) log_request_info /opt/stack/keystone/keystone/server/flask/request_processing/req_logging.py:29}}
Nov 06 15:28:17 user devstack@keystone.service[46656]: DEBUG keystone.common.rbac_enforcer.enforcer [None req-0b0e7d8b-8713-4e9a-87e2-bb3944dad6ee None admin] RBAC: Authorizing `identity:create_grant(project_id=bf70c9731f0f4ced8a65b2f0d83c3f3e, user_id=3e50c25110f348a0993134cb42c33c2f, role_id=cf74951fe6d84bd6ad650f435bdbe2ed)` {{(pid=46656) enforce_call /opt/stack/keystone/keystone/common/rbac_enforcer/enforcer.py:449}}
Nov 06 15:28:17 user devstack@keystone.service[46656]: DEBUG keystone.common.rbac_enforcer.enforcer [None req-0b0e7d8b-8713-4e9a-87e2-bb3944dad6ee None admin] RBAC: Authorization granted {{(pid=46656) enforce_call /opt/stack/keystone/keystone/common/rbac_enforcer/enforcer.py:457}}
Nov 06 15:28:17 user devstack@keystone.service[46655]: DEBUG keystone.server.flask.request_processing.middleware.auth_context [None req-fe9492d5-71fc-4dcb-a17f-ecae393a4c26 None admin] RBAC: auth_context: {'token': , 'domain_id': None, 'trust_id': None, 'trustor_id': None, 'trustee_id': None, 'domain_name': None, 'group_ids': [], 'user_id': 'b2aff4bb80404a6cae0edc19f2257b4d', 'user_domain_id': 'default', 'system_scope': 'all', 'project_id': None, 'project_domain_id': None, 'roles': ['admin', 'manager', 'member', 'reader'], 'is_admin_project': True, 'service_user_id': None, 'service_user_domain_id': None, 'service_project_id': None, 'service_project_domain_id': None, 'service_roles': []} {{(pid=46655) fill_context /opt/stack/keystone/keystone/server/flask/request_processing/middleware/auth_context.py:480}}
Nov 06 15:28:17 user devstack@keystone.service[46655]: DEBUG keystone.server.flask.request_processing.req_logging [None req-fe9492d5-71fc-4dcb-a17f-ecae393a4c26 None admin] REQUEST_METHOD: `GET` {{(pid=46655) log_request_info /opt/stack/keystone/keystone/server/flask/request_processing/req_logging.py:27}}
Nov 06 15:28:17 user devstack@keystone.service[46655]: DEBUG keystone.server.flask.request_processing.req_logging [None req-fe9492d5-71fc-4dcb-a17f-ecae393a4c26 None admin] SCRIPT_NAME: `/identity` {{(pid=46655) log_request_info /opt/stack/keystone/keystone/server/flask/request_processing/req_logging.py:28}}
Nov 06 15:28:17 user devstack@keystone.service[46655]: DEBUG keystone.server.flask.request_processing.req_logging [None req-fe9492d5-71fc-4dcb-a17f-ecae393a4c26 None admin] PATH_INFO: `/v3/roles` {{(pid=46655) log_request_info /opt/stack/keystone/keystone/server/flask/request_processing/req_logging.py:29}}
Nov 06 15:28:17 user devstack@keystone.service[46655]: DEBUG keystone.common.rbac_enforcer.enforcer [None req-fe9492d5-71fc-4dcb-a17f-ecae393a4c26 None admin] RBAC: Adding query filter params (name=anotherrole) {{(pid=46655) _extract_filter_values /opt/stack/keystone/keystone/common/rbac_enforcer/enforcer.py:167}}
Nov 06 15:28:17 user devstack@keystone.service[46655]: DEBUG keystone.common.rbac_enforcer.enforcer [None req-fe9492d5-71fc-4dcb-a17f-ecae393a4c26 None admin] RBAC: Authorizing `identity:list_roles()` {{(pid=46655) enforce_call /opt/stack/keystone/keystone/common/rbac_enforcer/enforcer.py:449}}
Nov 06 15:28:17 user devstack@keystone.service[46655]: DEBUG keystone.common.rbac_enforcer.enforcer [None req-fe9492d5-71fc-4dcb-a17f-ecae393a4c26 None admin] RBAC: Authorization granted {{(pid=46655) enforce_call /opt/stack/keystone/keystone/common/rbac_enforcer/enforcer.py:457}}
Nov 06 15:28:17 user devstack@keystone.service[46656]: [pid: 46656|app: 0|req: 51/151] 10.0.0.210 () {58 vars in 1434 bytes} [Mon Nov 6 15:28:17 2023] PUT /identity/v3/projects/bf70c9731f0f4ced8a65b2f0d83c3f3e/users/3e50c25110f348a0993134cb42c33c2f/roles/cf74951fe6d84bd6ad650f435bdbe2ed => generated 0 bytes in 153 msecs (HTTP/1.1 204) 3 headers in 132 bytes (1 switches on core 0)
Nov 06 15:28:17 user devstack@keystone.service[46655]: [pid: 46655|app: 0|req: 52/152] 10.0.0.210 () {56 vars in 1106 bytes} [Mon Nov 6 15:28:17 2023] GET /identity/v3/roles?name=anotherrole => generated 332 bytes in 162 msecs (HTTP/1.1 200) 5 headers in 177 bytes (1 switches on core 0)
Nov 06 15:28:17 user devstack@keystone.service[46654]: [pid: 46654|app: 0|req: 50/153] 10.0.0.210 () {58 vars in 1277 bytes} [Mon Nov 6 15:28:17 2023] GET /identity/v3/auth/tokens => generated 861 bytes in 334 msecs (HTTP/1.1 200) 6 headers in 358 bytes (1 switches on core 0)
Nov 06 15:28:17 user devstack@keystone.service[46656]: DEBUG keystone.server.flask.request_processing.middleware.auth_context [None req-0b0e7d8b-8713-4e9a-87e2-bb3944dad6ee None admin] Authenticating user token {{(pid=46656) process_request /opt/stack/data/venv/lib/python3.10/site-packages/keystonemiddleware/auth_token/__init__.py:406}}
Nov 06 15:28:17 user devstack@keystone.service[46655]: DEBUG keystone.server.flask.request_processing.middleware.auth_context [None req-fe9492d5-71fc-4dcb-a17f-ecae393a4c26 None admin] Authenticating user token {{(pid=46655) process_request /opt/stack/data/venv/lib/python3.10/site-packages/keystonemiddleware/auth_token/__init__.py:406}}
Nov 06 15:28:17 user devstack@keystone.service[46655]: DEBUG keystone.server.flask.request_processing.middleware.auth_context [None req-fe9492d5-71fc-4dcb-a17f-ecae393a4c26 None admin] Validating token access rules against request {{(pid=46655) validate_allowed_request /opt/stack/data/venv/lib/python3.10/site-packages/keystonemiddleware/auth_token/__init__.py:544}}
Nov 06 15:28:17 user devstack@keystone.service[46656]: DEBUG keystone.server.flask.request_processing.middleware.auth_context [None req-0b0e7d8b-8713-4e9a-87e2-bb3944dad6ee None admin] Validating token access rules against request {{(pid=46656) validate_allowed_request /opt/stack/data/venv/lib/python3.10/site-packages/keystonemiddleware/auth_token/__init__.py:544}}
Nov 06 15:28:17 user devstack@keystone.service[46655]: DEBUG keystone.server.flask.request_processing.middleware.auth_context [None req-3acb83c5-b1a1-4db0-85ea-fce65c8f1ab0 None admin] RBAC: auth_context: {'token': , 'domain_id': None, 'trust_id': None, 'trustor_id': None, 'trustee_id': None, 'domain_name': None, 'group_ids': [], 'user_id': 'b2aff4bb80404a6cae0edc19f2257b4d', 'user_domain_id': 'default', 'system_scope': 'all', 'project_id': None, 'project_domain_id': None, 'roles': ['admin', 'manager', 'member', 'reader'], 'is_admin_project': True, 'service_user_id': None, 'service_user_domain_id': None, 'service_project_id': None, 'service_project_domain_id': None, 'service_roles': []} {{(pid=46655) fill_context /opt/stack/keystone/keystone/server/flask/request_processing/middleware/auth_context.py:480}}
Nov 06 15:28:17 user devstack@keystone.service[46655]: DEBUG keystone.server.flask.request_processing.req_logging [None req-3acb83c5-b1a1-4db0-85ea-fce65c8f1ab0 None admin] REQUEST_METHOD: `GET` {{(pid=46655) log_request_info /opt/stack/keystone/keystone/server/flask/request_processing/req_logging.py:27}}
Nov 06 15:28:17 user devstack@keystone.service[46655]: DEBUG keystone.server.flask.request_processing.req_logging [None req-3acb83c5-b1a1-4db0-85ea-fce65c8f1ab0 None admin] SCRIPT_NAME: `/identity` {{(pid=46655) log_request_info /opt/stack/keystone/keystone/server/flask/request_processing/req_logging.py:28}}
Nov 06 15:28:17 user devstack@keystone.service[46655]: DEBUG keystone.server.flask.request_processing.req_logging [None req-3acb83c5-b1a1-4db0-85ea-fce65c8f1ab0 None admin] PATH_INFO: `/v3/projects/bf70c9731f0f4ced8a65b2f0d83c3f3e` {{(pid=46655) log_request_info /opt/stack/keystone/keystone/server/flask/request_processing/req_logging.py:29}}
Nov 06 15:28:17 user devstack@keystone.service[46655]: DEBUG keystone.common.rbac_enforcer.enforcer [None req-3acb83c5-b1a1-4db0-85ea-fce65c8f1ab0 None admin] RBAC: Authorizing `identity:get_project(project_id=bf70c9731f0f4ced8a65b2f0d83c3f3e)` {{(pid=46655) enforce_call /opt/stack/keystone/keystone/common/rbac_enforcer/enforcer.py:449}}
Nov 06 15:28:17 user devstack@keystone.service[46656]: DEBUG keystone.server.flask.request_processing.middleware.auth_context [None req-2a674c9c-c2fc-4249-96d2-2e2ff818c7fa None admin] RBAC: auth_context: {'token': , 'domain_id': None, 'trust_id': None, 'trustor_id': None, 'trustee_id': None, 'domain_name': None, 'group_ids': [], 'user_id': 'b2aff4bb80404a6cae0edc19f2257b4d', 'user_domain_id': 'default', 'system_scope': 'all', 'project_id': None, 'project_domain_id': None, 'roles': ['admin', 'manager', 'member', 'reader'], 'is_admin_project': True, 'service_user_id': None, 'service_user_domain_id': None, 'service_project_id': None, 'service_project_domain_id': None, 'service_roles': []} {{(pid=46656) fill_context /opt/stack/keystone/keystone/server/flask/request_processing/middleware/auth_context.py:480}}
Nov 06 15:28:17 user devstack@keystone.service[46655]: DEBUG keystone.common.rbac_enforcer.enforcer [None req-3acb83c5-b1a1-4db0-85ea-fce65c8f1ab0 None admin] RBAC: Authorization granted {{(pid=46655) enforce_call /opt/stack/keystone/keystone/common/rbac_enforcer/enforcer.py:457}}
Nov 06 15:28:17 user devstack@keystone.service[46656]: DEBUG keystone.server.flask.request_processing.req_logging [None req-2a674c9c-c2fc-4249-96d2-2e2ff818c7fa None admin] REQUEST_METHOD: `GET` {{(pid=46656) log_request_info /opt/stack/keystone/keystone/server/flask/request_processing/req_logging.py:27}}
Nov 06 15:28:17 user devstack@keystone.service[46656]: DEBUG keystone.server.flask.request_processing.req_logging [None req-2a674c9c-c2fc-4249-96d2-2e2ff818c7fa None admin] SCRIPT_NAME: `/identity` {{(pid=46656) log_request_info /opt/stack/keystone/keystone/server/flask/request_processing/req_logging.py:28}}
