Nov 06 15:28:29 user devstack@keystone.service[46655]: DEBUG keystone.server.flask.request_processing.req_logging [None req-ddb1868a-c56f-496f-a0f7-79f35b3259d8 admin admin] REQUEST_METHOD: `GET` {{(pid=46655) log_request_info /opt/stack/keystone/keystone/server/flask/request_processing/req_logging.py:27}}
Nov 06 15:28:29 user devstack@keystone.service[46655]: DEBUG keystone.server.flask.request_processing.req_logging [None req-ddb1868a-c56f-496f-a0f7-79f35b3259d8 admin admin] SCRIPT_NAME: `/identity` {{(pid=46655) log_request_info /opt/stack/keystone/keystone/server/flask/request_processing/req_logging.py:28}}
Nov 06 15:28:29 user devstack@keystone.service[46654]: DEBUG keystone.server.flask.request_processing.middleware.auth_context [None req-271a3e28-c9a1-48db-a369-2a598c53beb7 admin admin] Validating token access rules against request {{(pid=46654) validate_allowed_request /opt/stack/data/venv/lib/python3.10/site-packages/keystonemiddleware/auth_token/__init__.py:544}}
Nov 06 15:28:29 user devstack@keystone.service[46655]: DEBUG keystone.server.flask.request_processing.req_logging [None req-ddb1868a-c56f-496f-a0f7-79f35b3259d8 admin admin] PATH_INFO: `/v3/groups/95e5c4c1e6444bf8967676d34eb97196` {{(pid=46655) log_request_info /opt/stack/keystone/keystone/server/flask/request_processing/req_logging.py:29}}
Nov 06 15:28:29 user devstack@keystone.service[46655]: DEBUG keystone.common.rbac_enforcer.enforcer [None req-ddb1868a-c56f-496f-a0f7-79f35b3259d8 admin admin] RBAC: Authorizing `identity:get_group(group_id=95e5c4c1e6444bf8967676d34eb97196)` {{(pid=46655) enforce_call /opt/stack/keystone/keystone/common/rbac_enforcer/enforcer.py:449}}
Nov 06 15:28:29 user devstack@keystone.service[46655]: DEBUG keystone.common.rbac_enforcer.enforcer [None req-ddb1868a-c56f-496f-a0f7-79f35b3259d8 admin admin] RBAC: Authorization granted {{(pid=46655) enforce_call /opt/stack/keystone/keystone/common/rbac_enforcer/enforcer.py:457}}
Nov 06 15:28:29 user devstack@keystone.service[46655]: [pid: 46655|app: 0|req: 82/239] 10.0.0.210 () {56 vars in 1196 bytes} [Mon Nov 6 15:28:29 2023] GET /identity/v3/groups/95e5c4c1e6444bf8967676d34eb97196 => generated 225 bytes in 20 msecs (HTTP/1.1 200) 5 headers in 177 bytes (2 switches on core 0)
Nov 06 15:28:29 user devstack@keystone.service[46654]: DEBUG keystone.server.flask.request_processing.middleware.auth_context [None req-31d3ed94-1918-47b5-b240-be8539b18e48 admin admin] RBAC: auth_context: {'token': , 'domain_id': None, 'trust_id': None, 'trustor_id': None, 'trustee_id': None, 'domain_name': None, 'group_ids': [], 'user_id': 'b2aff4bb80404a6cae0edc19f2257b4d', 'user_domain_id': 'default', 'system_scope': None, 'project_id': '6549a15819f1469bbd5eeae8190e3d44', 'project_domain_id': 'default', 'roles': ['member', 'reader', 'manager', 'admin'], 'is_admin_project': True, 'service_user_id': None, 'service_user_domain_id': None, 'service_project_id': None, 'service_project_domain_id': None, 'service_roles': []} {{(pid=46654) fill_context /opt/stack/keystone/keystone/server/flask/request_processing/middleware/auth_context.py:480}}
Nov 06 15:28:29 user devstack@keystone.service[46654]: DEBUG keystone.server.flask.request_processing.req_logging [None req-31d3ed94-1918-47b5-b240-be8539b18e48 admin admin] REQUEST_METHOD: `PUT` {{(pid=46654) log_request_info /opt/stack/keystone/keystone/server/flask/request_processing/req_logging.py:27}}
Nov 06 15:28:29 user devstack@keystone.service[46654]: DEBUG keystone.server.flask.request_processing.req_logging [None req-31d3ed94-1918-47b5-b240-be8539b18e48 admin admin] SCRIPT_NAME: `/identity` {{(pid=46654) log_request_info /opt/stack/keystone/keystone/server/flask/request_processing/req_logging.py:28}}
Nov 06 15:28:29 user devstack@keystone.service[46656]: DEBUG keystone.server.flask.request_processing.middleware.auth_context [None req-7aa55fb4-19a6-46df-8541-6395466cb53b None admin] Validating token access rules against request {{(pid=46656) validate_allowed_request /opt/stack/data/venv/lib/python3.10/site-packages/keystonemiddleware/auth_token/__init__.py:544}}
Nov 06 15:28:29 user devstack@keystone.service[46654]: DEBUG keystone.server.flask.request_processing.req_logging [None req-31d3ed94-1918-47b5-b240-be8539b18e48 admin admin] PATH_INFO: `/v3/projects/bf70c9731f0f4ced8a65b2f0d83c3f3e/groups/95e5c4c1e6444bf8967676d34eb97196/roles/945187708eac492189f792e760075f0b` {{(pid=46654) log_request_info /opt/stack/keystone/keystone/server/flask/request_processing/req_logging.py:29}}
Nov 06 15:28:29 user devstack@keystone.service[46654]: DEBUG keystone.common.rbac_enforcer.enforcer [None req-31d3ed94-1918-47b5-b240-be8539b18e48 admin admin] RBAC: Authorizing `identity:create_grant(project_id=bf70c9731f0f4ced8a65b2f0d83c3f3e, group_id=95e5c4c1e6444bf8967676d34eb97196, role_id=945187708eac492189f792e760075f0b)` {{(pid=46654) enforce_call /opt/stack/keystone/keystone/common/rbac_enforcer/enforcer.py:449}}
Nov 06 15:28:29 user devstack@keystone.service[46655]: DEBUG keystone.server.flask.request_processing.middleware.auth_context [None req-ddb1868a-c56f-496f-a0f7-79f35b3259d8 admin admin] Authenticating user token {{(pid=46655) process_request /opt/stack/data/venv/lib/python3.10/site-packages/keystonemiddleware/auth_token/__init__.py:406}}
Nov 06 15:28:29 user devstack@keystone.service[46654]: DEBUG keystone.common.rbac_enforcer.enforcer [None req-31d3ed94-1918-47b5-b240-be8539b18e48 admin admin] RBAC: Authorization granted {{(pid=46654) enforce_call /opt/stack/keystone/keystone/common/rbac_enforcer/enforcer.py:457}}
Nov 06 15:28:29 user devstack@keystone.service[46655]: DEBUG keystone.server.flask.request_processing.middleware.auth_context [None req-ddb1868a-c56f-496f-a0f7-79f35b3259d8 admin admin] Validating token access rules against request {{(pid=46655) validate_allowed_request /opt/stack/data/venv/lib/python3.10/site-packages/keystonemiddleware/auth_token/__init__.py:544}}
Nov 06 15:28:29 user devstack@keystone.service[46654]: [pid: 46654|app: 0|req: 83/240] 10.0.0.210 () {58 vars in 1458 bytes} [Mon Nov 6 15:28:29 2023] PUT /identity/v3/projects/bf70c9731f0f4ced8a65b2f0d83c3f3e/groups/95e5c4c1e6444bf8967676d34eb97196/roles/945187708eac492189f792e760075f0b => generated 0 bytes in 35 msecs (HTTP/1.1 204) 3 headers in 132 bytes (0 switches on core 0)
Nov 06 15:28:29 user devstack@keystone.service[46654]: DEBUG keystone.server.flask.request_processing.req_logging [None req-ebb6307c-5700-4276-81c6-c6c0cd105c07 None None] REQUEST_METHOD: `GET` {{(pid=46654) log_request_info /opt/stack/keystone/keystone/server/flask/request_processing/req_logging.py:27}}
Nov 06 15:28:29 user devstack@keystone.service[46654]: DEBUG keystone.server.flask.request_processing.req_logging [None req-ebb6307c-5700-4276-81c6-c6c0cd105c07 None None] SCRIPT_NAME: `/identity` {{(pid=46654) log_request_info /opt/stack/keystone/keystone/server/flask/request_processing/req_logging.py:28}}
Nov 06 15:28:29 user devstack@keystone.service[46654]: DEBUG keystone.server.flask.request_processing.req_logging [None req-ebb6307c-5700-4276-81c6-c6c0cd105c07 None None] PATH_INFO: `/` {{(pid=46654) log_request_info /opt/stack/keystone/keystone/server/flask/request_processing/req_logging.py:29}}
Nov 06 15:28:29 user devstack@keystone.service[46654]: [pid: 46654|app: 0|req: 84/241] 10.0.0.210 () {54 vars in 921 bytes} [Mon Nov 6 15:28:29 2023] GET /identity => generated 269 bytes in 3 msecs (HTTP/1.1 300) 6 headers in 233 bytes (1 switches on core 0)
Nov 06 15:28:29 user devstack@keystone.service[46654]: DEBUG keystone.server.flask.request_processing.middleware.auth_context [None req-ebb6307c-5700-4276-81c6-c6c0cd105c07 None None] Authenticating user token {{(pid=46654) process_request /opt/stack/data/venv/lib/python3.10/site-packages/keystonemiddleware/auth_token/__init__.py:406}}
Nov 06 15:28:29 user devstack@keystone.service[46656]: DEBUG keystone.server.flask.request_processing.middleware.auth_context [None req-b794e166-9317-4b57-84ed-54d30ac97aa6 None admin] RBAC: auth_context: {'token': , 'domain_id': None, 'trust_id': None, 'trustor_id': None, 'trustee_id': None, 'domain_name': None, 'group_ids': [], 'user_id': 'b2aff4bb80404a6cae0edc19f2257b4d', 'user_domain_id': 'default', 'system_scope': 'all', 'project_id': None, 'project_domain_id': None, 'roles': ['admin', 'manager', 'member', 'reader'], 'is_admin_project': True, 'service_user_id': None, 'service_user_domain_id': None, 'service_project_id': None, 'service_project_domain_id': None, 'service_roles': []} {{(pid=46656) fill_context /opt/stack/keystone/keystone/server/flask/request_processing/middleware/auth_context.py:480}}
Nov 06 15:28:29 user devstack@keystone.service[46656]: DEBUG keystone.server.flask.request_processing.req_logging [None req-b794e166-9317-4b57-84ed-54d30ac97aa6 None admin] REQUEST_METHOD: `GET` {{(pid=46656) log_request_info /opt/stack/keystone/keystone/server/flask/request_processing/req_logging.py:27}}
Nov 06 15:28:29 user devstack@keystone.service[46656]: DEBUG keystone.server.flask.request_processing.req_logging [None req-b794e166-9317-4b57-84ed-54d30ac97aa6 None admin] SCRIPT_NAME: `/identity` {{(pid=46656) log_request_info /opt/stack/keystone/keystone/server/flask/request_processing/req_logging.py:28}}
Nov 06 15:28:29 user devstack@keystone.service[46656]: DEBUG keystone.server.flask.request_processing.req_logging [None req-b794e166-9317-4b57-84ed-54d30ac97aa6 None admin] PATH_INFO: `/v3/roles` {{(pid=46656) log_request_info /opt/stack/keystone/keystone/server/flask/request_processing/req_logging.py:29}}
Nov 06 15:28:29 user devstack@keystone.service[46656]: DEBUG keystone.common.rbac_enforcer.enforcer [None req-b794e166-9317-4b57-84ed-54d30ac97aa6 None admin] RBAC: Adding query filter params (name=reader) {{(pid=46656) _extract_filter_values /opt/stack/keystone/keystone/common/rbac_enforcer/enforcer.py:167}}
Nov 06 15:28:29 user devstack@keystone.service[46656]: DEBUG keystone.common.rbac_enforcer.enforcer [None req-b794e166-9317-4b57-84ed-54d30ac97aa6 None admin] RBAC: Authorizing `identity:list_roles()` {{(pid=46656) enforce_call /opt/stack/keystone/keystone/common/rbac_enforcer/enforcer.py:449}}
Nov 06 15:28:29 user devstack@keystone.service[46656]: DEBUG keystone.common.rbac_enforcer.enforcer [None req-b794e166-9317-4b57-84ed-54d30ac97aa6 None admin] RBAC: Authorization granted {{(pid=46656) enforce_call /opt/stack/keystone/keystone/common/rbac_enforcer/enforcer.py:457}}
Nov 06 15:28:29 user devstack@keystone.service[46656]: [pid: 46656|app: 0|req: 76/242] 10.0.0.210 () {56 vars in 1096 bytes} [Mon Nov 6 15:28:28 2023] GET /identity/v3/roles?name=reader => generated 339 bytes in 170 msecs (HTTP/1.1 200) 5 headers in 177 bytes (1 switches on core 0)
Nov 06 15:28:29 user devstack@keystone.service[46656]: DEBUG keystone.server.flask.request_processing.middleware.auth_context [None req-b794e166-9317-4b57-84ed-54d30ac97aa6 None admin] Authenticating user token {{(pid=46656) process_request /opt/stack/data/venv/lib/python3.10/site-packages/keystonemiddleware/auth_token/__init__.py:406}}
Nov 06 15:28:29 user devstack@keystone.service[46654]: DEBUG keystone.server.flask.request_processing.middleware.auth_context [None req-ebb6307c-5700-4276-81c6-c6c0cd105c07 None None] Validating token access rules against request {{(pid=46654) validate_allowed_request /opt/stack/data/venv/lib/python3.10/site-packages/keystonemiddleware/auth_token/__init__.py:544}}
Nov 06 15:28:29 user devstack@keystone.service[46655]: DEBUG keystone.server.flask.request_processing.middleware.auth_context [None req-cb650272-61bb-4a8b-8a63-2a1205016450 admin admin] RBAC: auth_context: {'token': , 'domain_id': None, 'trust_id': None, 'trustor_id': None, 'trustee_id': None, 'domain_name': None, 'group_ids': [], 'user_id': 'b2aff4bb80404a6cae0edc19f2257b4d', 'user_domain_id': 'default', 'system_scope': None, 'project_id': '6549a15819f1469bbd5eeae8190e3d44', 'project_domain_id': 'default', 'roles': ['member', 'reader', 'manager', 'admin'], 'is_admin_project': True, 'service_user_id': None, 'service_user_domain_id': None, 'service_project_id': None, 'service_project_domain_id': None, 'service_roles': []} {{(pid=46655) fill_context /opt/stack/keystone/keystone/server/flask/request_processing/middleware/auth_context.py:480}}
Nov 06 15:28:29 user devstack@keystone.service[46654]: DEBUG keystone.server.flask.request_processing.middleware.auth_context [None req-7f56261c-5126-49df-afac-0919dec3fbba admin admin] RBAC: auth_context: {'token': , 'domain_id': None, 'trust_id': None, 'trustor_id': None, 'trustee_id': None, 'domain_name': None, 'group_ids': [], 'user_id': 'b2aff4bb80404a6cae0edc19f2257b4d', 'user_domain_id': 'default', 'system_scope': None, 'project_id': '6549a15819f1469bbd5eeae8190e3d44', 'project_domain_id': 'default', 'roles': ['member', 'reader', 'manager', 'admin'], 'is_admin_project': True, 'service_user_id': None, 'service_user_domain_id': None, 'service_project_id': None, 'service_project_domain_id': None, 'service_roles': []} {{(pid=46654) fill_context /opt/stack/keystone/keystone/server/flask/request_processing/middleware/auth_context.py:480}}
Nov 06 15:28:29 user devstack@keystone.service[46655]: DEBUG keystone.server.flask.request_processing.req_logging [None req-cb650272-61bb-4a8b-8a63-2a1205016450 admin admin] REQUEST_METHOD: `GET` {{(pid=46655) log_request_info /opt/stack/keystone/keystone/server/flask/request_processing/req_logging.py:27}}
Nov 06 15:28:29 user devstack@keystone.service[46655]: DEBUG keystone.server.flask.request_processing.req_logging [None req-cb650272-61bb-4a8b-8a63-2a1205016450 admin admin] SCRIPT_NAME: `/identity` {{(pid=46655) log_request_info /opt/stack/keystone/keystone/server/flask/request_processing/req_logging.py:28}}
Nov 06 15:28:29 user devstack@keystone.service[46654]: DEBUG keystone.server.flask.request_processing.req_logging [None req-7f56261c-5126-49df-afac-0919dec3fbba admin admin] REQUEST_METHOD: `GET` {{(pid=46654) log_request_info /opt/stack/keystone/keystone/server/flask/request_processing/req_logging.py:27}}
Nov 06 15:28:29 user devstack@keystone.service[46655]: DEBUG keystone.server.flask.request_processing.req_logging [None req-cb650272-61bb-4a8b-8a63-2a1205016450 admin admin] PATH_INFO: `/v3/projects/bf70c9731f0f4ced8a65b2f0d83c3f3e` {{(pid=46655) log_request_info /opt/stack/keystone/keystone/server/flask/request_processing/req_logging.py:29}}
Nov 06 15:28:29 user devstack@keystone.service[46654]: DEBUG keystone.server.flask.request_processing.req_logging [None req-7f56261c-5126-49df-afac-0919dec3fbba admin admin] SCRIPT_NAME: `/identity` {{(pid=46654) log_request_info /opt/stack/keystone/keystone/server/flask/request_processing/req_logging.py:28}}
Nov 06 15:28:29 user devstack@keystone.service[46654]: DEBUG keystone.server.flask.request_processing.req_logging [None req-7f56261c-5126-49df-afac-0919dec3fbba admin admin] PATH_INFO: `/v3/roles/admin` {{(pid=46654) log_request_info /opt/stack/keystone/keystone/server/flask/request_processing/req_logging.py:29}}
Nov 06 15:28:29 user devstack@keystone.service[46655]: DEBUG keystone.common.rbac_enforcer.enforcer [None req-cb650272-61bb-4a8b-8a63-2a1205016450 admin admin] RBAC: Authorizing `identity:get_project(project_id=bf70c9731f0f4ced8a65b2f0d83c3f3e)` {{(pid=46655) enforce_call /opt/stack/keystone/keystone/common/rbac_enforcer/enforcer.py:449}}
Nov 06 15:28:29 user devstack@keystone.service[46655]: DEBUG keystone.common.rbac_enforcer.enforcer [None req-cb650272-61bb-4a8b-8a63-2a1205016450 admin admin] RBAC: Authorization granted {{(pid=46655) enforce_call /opt/stack/keystone/keystone/common/rbac_enforcer/enforcer.py:457}}
Nov 06 15:28:29 user devstack@keystone.service[46655]: [pid: 46655|app: 0|req: 83/243] 10.0.0.210 () {56 vars in 1202 bytes} [Mon Nov 6 15:28:29 2023] GET /identity/v3/projects/bf70c9731f0f4ced8a65b2f0d83c3f3e => generated 301 bytes in 106 msecs (HTTP/1.1 200) 5 headers in 177 bytes (1 switches on core 0)
Nov 06 15:28:29 user devstack@keystone.service[46654]: DEBUG keystone.common.rbac_enforcer.enforcer [None req-7f56261c-5126-49df-afac-0919dec3fbba admin admin] Extracting inferred target data resulted in "NOT FOUND (404)". {{(pid=46654) enforce_call /opt/stack/keystone/keystone/common/rbac_enforcer/enforcer.py:409}}
Nov 06 15:28:29 user devstack@keystone.service[46655]: DEBUG keystone.server.flask.request_processing.middleware.auth_context [None req-cb650272-61bb-4a8b-8a63-2a1205016450 admin admin] Authenticating user token {{(pid=46655) process_request /opt/stack/data/venv/lib/python3.10/site-packages/keystonemiddleware/auth_token/__init__.py:406}}
Nov 06 15:28:29 user devstack@keystone.service[46654]: ERROR keystone.server.flask.application [None req-7f56261c-5126-49df-afac-0919dec3fbba admin admin] Could not find role: admin.: keystone.exception.RoleNotFound: Could not find role: admin.
Nov 06 15:28:29 user devstack@keystone.service[46654]: ERROR keystone.server.flask.application
Traceback (most recent call last):
Nov 06 15:28:29 user devstack@keystone.service[46654]: ERROR keystone.server.flask.application
File "/opt/stack/data/venv/lib/python3.10/site-packages/flask/app.py", line 1823, in full_dispatch_request
Nov 06 15:28:29 user devstack@keystone.service[46654]: ERROR keystone.server.flask.application rv = self.dispatch_request()
Nov 06 15:28:29 user devstack@keystone.service[46654]: ERROR keystone.server.flask.application
File "/opt/stack/data/venv/lib/python3.10/site-packages/flask/app.py", line 1799, in dispatch_request
Nov 06 15:28:29 user devstack@keystone.service[46654]: ERROR keystone.server.flask.application return self.ensure_sync(self.view_functions[rule.endpoint])(**view_args)
Nov 06 15:28:29 user devstack@keystone.service[46654]: ERROR keystone.server.flask.application
File "/opt/stack/data/venv/lib/python3.10/site-packages/flask_restful/__init__.py", line 489, in wrapper
Nov 06 15:28:29 user devstack@keystone.service[46654]: ERROR keystone.server.flask.application resp = resource(*args, **kwargs)
Nov 06 15:28:29 user devstack@keystone.service[46654]: ERROR keystone.server.flask.application
File "/opt/stack/data/venv/lib/python3.10/site-packages/flask/views.py", line 107, in view
Nov 06 15:28:29 user devstack@keystone.service[46654]: ERROR keystone.server.flask.application return current_app.ensure_sync(self.dispatch_request)(**kwargs)
Nov 06 15:28:29 user devstack@keystone.service[46654]: ERROR keystone.server.flask.application
File "/opt/stack/data/venv/lib/python3.10/site-packages/flask_restful/__init__.py", line 604, in dispatch_request
Nov 06 15:28:29 user devstack@keystone.service[46654]: ERROR keystone.server.flask.application resp = meth(*args, **kwargs)
Nov 06 15:28:29 user devstack@keystone.service[46654]: ERROR keystone.server.flask.application
File "/opt/stack/keystone/keystone/api/roles.py", line 50, in get
Nov 06 15:28:29 user devstack@keystone.service[46654]: ERROR keystone.server.flask.application return self._get_role(role_id)
Nov 06 15:28:29 user devstack@keystone.service[46654]: ERROR keystone.server.flask.application
File "/opt/stack/keystone/keystone/api/roles.py", line 70, in _get_role
Nov 06 15:28:29 user devstack@keystone.service[46654]: ERROR keystone.server.flask.application ENFORCER.enforce_call(action='identity:get_role')
Nov 06 15:28:29 user devstack@keystone.service[46654]: ERROR keystone.server.flask.application
File "/opt/stack/keystone/keystone/common/rbac_enforcer/enforcer.py", line 402, in enforce_call
Nov 06 15:28:29 user devstack@keystone.service[46654]: ERROR keystone.server.flask.application policy_dict.update(cls._extract_member_target_data(
Nov 06 15:28:29 user devstack@keystone.service[46654]: ERROR keystone.server.flask.application
File "/opt/stack/keystone/keystone/common/rbac_enforcer/enforcer.py", line 234, in _extract_member_target_data
Nov 06 15:28:29 user devstack@keystone.service[46654]: ERROR keystone.server.flask.application member_name: func(flask.request.view_args[key])
Nov 06 15:28:29 user devstack@keystone.service[46654]: ERROR keystone.server.flask.application
File "/opt/stack/keystone/keystone/common/manager.py", line 115, in wrapped
Nov 06 15:28:29 user devstack@keystone.service[46654]: ERROR keystone.server.flask.application __ret_val = __f(*args, **kwargs)
Nov 06 15:28:29 user devstack@keystone.service[46654]: ERROR keystone.server.flask.application
File "/opt/stack/data/venv/lib/python3.10/site-packages/decorator.py", line 232, in fun
Nov 06 15:28:29 user devstack@keystone.service[46654]: ERROR keystone.server.flask.application return caller(func, *(extras + args), **kw)
Nov 06 15:28:29 user devstack@keystone.service[46654]: ERROR keystone.server.flask.application
File "/opt/stack/data/venv/lib/python3.10/site-packages/dogpile/cache/region.py", line 1594, in get_or_create_for_user_func
Nov 06 15:28:29 user devstack@keystone.service[46654]: ERROR keystone.server.flask.application return self.get_or_create(
Nov 06 15:28:29 user devstack@keystone.service[46654]: ERROR keystone.server.flask.application
File "/opt/stack/data/venv/lib/python3.10/site-packages/dogpile/cache/region.py", line 1054, in get_or_create
Nov 06 15:28:29 user devstack@keystone.service[46654]: ERROR keystone.server.flask.application with Lock(
Nov 06 15:28:29 user devstack@keystone.service[46654]: ERROR keystone.server.flask.application
File "/opt/stack/data/venv/lib/python3.10/site-packages/dogpile/lock.py", line 185, in __enter__
Nov 06 15:28:29 user devstack@keystone.service[46654]: ERROR keystone.server.flask.application return self._enter()
Nov 06 15:28:29 user devstack@keystone.service[46654]: ERROR keystone.server.flask.application
File "/opt/stack/data/venv/lib/python3.10/site-packages/dogpile/lock.py", line 94, in _enter
Nov 06 15:28:29 user devstack@keystone.service[46654]: ERROR keystone.server.flask.application generated = self._enter_create(value, createdtime)
Nov 06 15:28:29 user devstack@keystone.service[46654]: ERROR keystone.server.flask.application
File "/opt/stack/data/venv/lib/python3.10/site-packages/dogpile/lock.py", line 178, in _enter_create
Nov 06 15:28:29 user devstack@keystone.service[46654]: ERROR keystone.server.flask.application return self.creator()
Nov 06 15:28:29 user devstack@keystone.service[46654]: ERROR keystone.server.flask.application
File "/opt/stack/data/venv/lib/python3.10/site-packages/dogpile/cache/region.py", line 1007, in gen_value
Nov 06 15:28:29 user devstack@keystone.service[46654]: ERROR keystone.server.flask.application created_value = creator(
Nov 06 15:28:29 user devstack@keystone.service[46654]: ERROR keystone.server.flask.application
File "/opt/stack/keystone/keystone/assignment/core.py", line 1276, in get_role
Nov 06 15:28:29 user devstack@keystone.service[46654]: ERROR keystone.server.flask.application return self.driver.get_role(role_id)
Nov 06 15:28:29 user devstack@keystone.service[46654]: ERROR keystone.server.flask.application
File "/opt/stack/keystone/keystone/assignment/role_backends/sql.py", line 70, in get_role
Nov 06 15:28:29 user devstack@keystone.service[46654]: ERROR keystone.server.flask.application return self._get_role(session, role_id).to_dict()
Nov 06 15:28:29 user devstack@keystone.service[46654]: ERROR keystone.server.flask.application
File "/opt/stack/keystone/keystone/assignment/role_backends/sql.py", line 65, in _get_role
Nov 06 15:28:29 user devstack@keystone.service[46654]: ERROR keystone.server.flask.application raise exception.RoleNotFound(role_id=role_id)
Nov 06 15:28:29 user devstack@keystone.service[46654]: ERROR keystone.server.flask.application keystone.exception.RoleNotFound: Could not find role: admin.
Nov 06 15:28:29 user devstack@keystone.service[46654]: ERROR keystone.server.flask.application
Nov 06 15:28:29 user devstack@keystone.service[46654]: [pid: 46654|app: 0|req: 85/244] 10.0.0.210 () {56 vars in 1112 bytes} [Mon Nov 6 15:28:29 2023] GET /identity/v3/roles/admin => generated 83 bytes in 93 msecs (HTTP/1.1 404) 5 headers in 183 bytes (2 switches on core 0)
Nov 06 15:28:29 user devstack@keystone.service[46655]: DEBUG keystone.server.flask.request_processing.middleware.auth_context [None req-cb650272-61bb-4a8b-8a63-2a1205016450 admin admin] Validating token access rules against request {{(pid=46655) validate_allowed_request /opt/stack/data/venv/lib/python3.10/site-packages/keystonemiddleware/auth_token/__init__.py:544}}
Nov 06 15:28:29 user devstack@keystone.service[46654]: DEBUG keystone.server.flask.request_processing.middleware.auth_context [None req-7f56261c-5126-49df-afac-0919dec3fbba admin admin] Authenticating user token {{(pid=46654) process_request /opt/stack/data/venv/lib/python3.10/site-packages/keystonemiddleware/auth_token/__init__.py:406}}
Nov 06 15:28:29 user devstack@keystone.service[46655]: DEBUG keystone.server.flask.request_processing.middleware.auth_context [None req-08b55368-6a2a-424e-9ecc-22090bcca485 admin admin] RBAC: auth_context: {'token': , 'domain_id': None, 'trust_id': None, 'trustor_id': None, 'trustee_id': None, 'domain_name': None, 'group_ids': [], 'user_id': 'b2aff4bb80404a6cae0edc19f2257b4d', 'user_domain_id': 'default', 'system_scope': None, 'project_id': '6549a15819f1469bbd5eeae8190e3d44', 'project_domain_id': 'default', 'roles': ['member', 'reader', 'manager', 'admin'], 'is_admin_project': True, 'service_user_id': None, 'service_user_domain_id': None, 'service_project_id': None, 'service_project_domain_id': None, 'service_roles': []} {{(pid=46655) fill_context /opt/stack/keystone/keystone/server/flask/request_processing/middleware/auth_context.py:480}}
Nov 06 15:28:29 user devstack@keystone.service[46655]: DEBUG keystone.server.flask.request_processing.req_logging [None req-08b55368-6a2a-424e-9ecc-22090bcca485 admin admin] REQUEST_METHOD: `PUT` {{(pid=46655) log_request_info /opt/stack/keystone/keystone/server/flask/request_processing/req_logging.py:27}}
Nov 06 15:28:29 user devstack@keystone.service[46655]: DEBUG keystone.server.flask.request_processing.req_logging [None req-08b55368-6a2a-424e-9ecc-22090bcca485 admin admin] SCRIPT_NAME: `/identity` {{(pid=46655) log_request_info /opt/stack/keystone/keystone/server/flask/request_processing/req_logging.py:28}}
Nov 06 15:28:29 user devstack@keystone.service[46655]: DEBUG keystone.server.flask.request_processing.req_logging [None req-08b55368-6a2a-424e-9ecc-22090bcca485 admin admin] PATH_INFO: `/v3/projects/bf70c9731f0f4ced8a65b2f0d83c3f3e/groups/95e5c4c1e6444bf8967676d34eb97196/roles/cf74951fe6d84bd6ad650f435bdbe2ed` {{(pid=46655) log_request_info /opt/stack/keystone/keystone/server/flask/request_processing/req_logging.py:29}}
Nov 06 15:28:29 user devstack@keystone.service[46655]: DEBUG keystone.common.rbac_enforcer.enforcer [None req-08b55368-6a2a-424e-9ecc-22090bcca485 admin admin] RBAC: Authorizing `identity:create_grant(project_id=bf70c9731f0f4ced8a65b2f0d83c3f3e, group_id=95e5c4c1e6444bf8967676d34eb97196, role_id=cf74951fe6d84bd6ad650f435bdbe2ed)` {{(pid=46655) enforce_call /opt/stack/keystone/keystone/common/rbac_enforcer/enforcer.py:449}}
Nov 06 15:28:29 user devstack@keystone.service[46655]: WARNING py.warnings [None req-08b55368-6a2a-424e-9ecc-22090bcca485 admin admin] /opt/stack/data/venv/lib/python3.10/site-packages/oslo_policy/policy.py:1130: UserWarning: Policy "identity:create_grant": "(role:admin and system_scope:all) or ((role:admin and domain_id:%(target.user.domain_id)s and domain_id:%(target.project.domain_id)s) or (role:admin and domain_id:%(target.user.domain_id)s and domain_id:%(target.domain.id)s) or (role:admin and domain_id:%(target.group.domain_id)s and domain_id:%(target.project.domain_id)s) or (role:admin and domain_id:%(target.group.domain_id)s and domain_id:%(target.domain.id)s)) and (domain_id:%(target.role.domain_id)s or None:%(target.role.domain_id)s)" failed scope check. The token used to make the request was project scoped but the policy requires ['system', 'domain'] scope. This behavior may change in the future where using the intended scope is required
Nov 06 15:28:29 user devstack@keystone.service[46655]: warnings.warn(msg)
Nov 06 15:28:29 user devstack@keystone.service[46655]:
Nov 06 15:28:29 user devstack@keystone.service[46654]: DEBUG keystone.server.flask.request_processing.middleware.auth_context [None req-7f56261c-5126-49df-afac-0919dec3fbba admin admin] Validating token access rules against request {{(pid=46654) validate_allowed_request /opt/stack/data/venv/lib/python3.10/site-packages/keystonemiddleware/auth_token/__init__.py:544}}
Nov 06 15:28:29 user devstack@keystone.service[46655]: DEBUG keystone.common.rbac_enforcer.enforcer [None req-08b55368-6a2a-424e-9ecc-22090bcca485 admin admin] RBAC: Authorization granted {{(pid=46655) enforce_call /opt/stack/keystone/keystone/common/rbac_enforcer/enforcer.py:457}}
Nov 06 15:28:29 user devstack@keystone.service[46654]: DEBUG keystone.server.flask.request_processing.middleware.auth_context [None req-64cbde0e-c830-4c82-bbff-393c932af360 admin admin] RBAC: auth_context: {'token': , 'domain_id': None, 'trust_id': None, 'trustor_id': None, 'trustee_id': None, 'domain_name': None, 'group_ids': [], 'user_id': 'b2aff4bb80404a6cae0edc19f2257b4d', 'user_domain_id': 'default', 'system_scope': None, 'project_id': '6549a15819f1469bbd5eeae8190e3d44', 'project_domain_id': 'default', 'roles': ['member', 'reader', 'manager', 'admin'], 'is_admin_project': True, 'service_user_id': None, 'service_user_domain_id': None, 'service_project_id': None, 'service_project_domain_id': None, 'service_roles': []} {{(pid=46654) fill_context /opt/stack/keystone/keystone/server/flask/request_processing/middleware/auth_context.py:480}}
Nov 06 15:28:29 user devstack@keystone.service[46654]: DEBUG keystone.server.flask.request_processing.req_logging [None req-64cbde0e-c830-4c82-bbff-393c932af360 admin admin] REQUEST_METHOD: `GET` {{(pid=46654) log_request_info /opt/stack/keystone/keystone/server/flask/request_processing/req_logging.py:27}}
Nov 06 15:28:29 user devstack@keystone.service[46654]: DEBUG keystone.server.flask.request_processing.req_logging [None req-64cbde0e-c830-4c82-bbff-393c932af360 admin admin] SCRIPT_NAME: `/identity` {{(pid=46654) log_request_info /opt/stack/keystone/keystone/server/flask/request_processing/req_logging.py:28}}
Nov 06 15:28:29 user devstack@keystone.service[46654]: DEBUG keystone.server.flask.request_processing.req_logging [None req-64cbde0e-c830-4c82-bbff-393c932af360 admin admin] PATH_INFO: `/v3/roles` {{(pid=46654) log_request_info /opt/stack/keystone/keystone/server/flask/request_processing/req_logging.py:29}}
Nov 06 15:28:29 user devstack@keystone.service[46654]: DEBUG keystone.common.rbac_enforcer.enforcer [None req-64cbde0e-c830-4c82-bbff-393c932af360 admin admin] RBAC: Adding query filter params (name=admin) {{(pid=46654) _extract_filter_values /opt/stack/keystone/keystone/common/rbac_enforcer/enforcer.py:167}}
Nov 06 15:28:29 user devstack@keystone.service[46654]: DEBUG keystone.common.rbac_enforcer.enforcer [None req-64cbde0e-c830-4c82-bbff-393c932af360 admin admin] RBAC: Authorizing `identity:list_roles()` {{(pid=46654) enforce_call /opt/stack/keystone/keystone/common/rbac_enforcer/enforcer.py:449}}
Nov 06 15:28:29 user devstack@keystone.service[46654]: DEBUG keystone.common.rbac_enforcer.enforcer [None req-64cbde0e-c830-4c82-bbff-393c932af360 admin admin] RBAC: Authorization granted {{(pid=46654) enforce_call /opt/stack/keystone/keystone/common/rbac_enforcer/enforcer.py:457}}
Nov 06 15:28:29 user devstack@keystone.service[46655]: [pid: 46655|app: 0|req: 84/245] 10.0.0.210 () {58 vars in 1458 bytes} [Mon Nov 6 15:28:29 2023] PUT /identity/v3/projects/bf70c9731f0f4ced8a65b2f0d83c3f3e/groups/95e5c4c1e6444bf8967676d34eb97196/roles/cf74951fe6d84bd6ad650f435bdbe2ed => generated 0 bytes in 38 msecs (HTTP/1.1 204) 3 headers in 132 bytes (0 switches on core 0)
Nov 06 15:28:29 user devstack@keystone.service[46654]: [pid: 46654|app: 0|req: 86/246] 10.0.0.210 () {56 vars in 1115 bytes} [Mon Nov 6 15:28:29 2023] GET /identity/v3/roles?name=admin => generated 337 bytes in 30 msecs (HTTP/1.1 200) 5 headers in 177 bytes (1 switches on core 0)
Nov 06 15:28:29 user devstack@keystone.service[46655]: DEBUG keystone.server.flask.request_processing.middleware.auth_context [None req-08b55368-6a2a-424e-9ecc-22090bcca485 admin admin] Authenticating user token {{(pid=46655) process_request /opt/stack/data/venv/lib/python3.10/site-packages/keystonemiddleware/auth_token/__init__.py:406}}
Nov 06 15:28:29 user devstack@keystone.service[46656]: DEBUG keystone.server.flask.request_processing.middleware.auth_context [None req-b794e166-9317-4b57-84ed-54d30ac97aa6 None admin] Validating token access rules against request {{(pid=46656) validate_allowed_request /opt/stack/data/venv/lib/python3.10/site-packages/keystonemiddleware/auth_token/__init__.py:544}}
Nov 06 15:28:29 user devstack@keystone.service[46656]: DEBUG keystone.server.flask.request_processing.middleware.auth_context [None req-6e588b9f-a024-499f-96f0-27f992ae7c91 None admin] RBAC: auth_context: {'token': , 'domain_id': None, 'trust_id': None, 'trustor_id': None, 'trustee_id': None, 'domain_name': None, 'group_ids': [], 'user_id': 'b2aff4bb80404a6cae0edc19f2257b4d', 'user_domain_id': 'default', 'system_scope': 'all', 'project_id': None, 'project_domain_id': None, 'roles': ['admin', 'manager', 'member', 'reader'], 'is_admin_project': True, 'service_user_id': None, 'service_user_domain_id': None, 'service_project_id': None, 'service_project_domain_id': None, 'service_roles': []} {{(pid=46656) fill_context /opt/stack/keystone/keystone/server/flask/request_processing/middleware/auth_context.py:480}}
Nov 06 15:28:29 user devstack@keystone.service[46656]: DEBUG keystone.server.flask.request_processing.req_logging [None req-6e588b9f-a024-499f-96f0-27f992ae7c91 None admin] REQUEST_METHOD: `GET` {{(pid=46656) log_request_info /opt/stack/keystone/keystone/server/flask/request_processing/req_logging.py:27}}
Nov 06 15:28:29 user devstack@keystone.service[46656]: DEBUG keystone.server.flask.request_processing.req_logging [None req-6e588b9f-a024-499f-96f0-27f992ae7c91 None admin] SCRIPT_NAME: `/identity` {{(pid=46656) log_request_info /opt/stack/keystone/keystone/server/flask/request_processing/req_logging.py:28}}
Nov 06 15:28:29 user devstack@keystone.service[46656]: DEBUG keystone.server.flask.request_processing.req_logging [None req-6e588b9f-a024-499f-96f0-27f992ae7c91 None admin] PATH_INFO: `/v3/users/2edc9a48519d43db8931a4236ff42f34` {{(pid=46656) log_request_info /opt/stack/keystone/keystone/server/flask/request_processing/req_logging.py:29}}
Nov 06 15:28:29 user devstack@keystone.service[46656]: DEBUG keystone.common.rbac_enforcer.enforcer [None req-6e588b9f-a024-499f-96f0-27f992ae7c91 None admin] RBAC: Authorizing `identity:get_user(user_id=2edc9a48519d43db8931a4236ff42f34)` {{(pid=46656) enforce_call /opt/stack/keystone/keystone/common/rbac_enforcer/enforcer.py:449}}
Nov 06 15:28:29 user devstack@keystone.service[46656]: DEBUG keystone.common.rbac_enforcer.enforcer [None req-6e588b9f-a024-499f-96f0-27f992ae7c91 None admin] RBAC: Authorization granted {{(pid=46656) enforce_call /opt/stack/keystone/keystone/common/rbac_enforcer/enforcer.py:457}}
Nov 06 15:28:29 user devstack@keystone.service[46656]: [pid: 46656|app: 0|req: 77/247] 10.0.0.210 () {56 vars in 1172 bytes} [Mon Nov 6 15:28:29 2023] GET /identity/v3/users/2edc9a48519d43db8931a4236ff42f34 => generated 292 bytes in 151 msecs (HTTP/1.1 200) 5 headers in 177 bytes (2 switches on core 0)
Nov 06 15:28:29 user devstack@keystone.service[46654]: DEBUG keystone.server.flask.request_processing.middleware.auth_context [None req-64cbde0e-c830-4c82-bbff-393c932af360 admin admin] Authenticating user token {{(pid=46654) process_request /opt/stack/data/venv/lib/python3.10/site-packages/keystonemiddleware/auth_token/__init__.py:406}}
Nov 06 15:28:29 user devstack@keystone.service[46655]: DEBUG keystone.server.flask.request_processing.middleware.auth_context [None req-08b55368-6a2a-424e-9ecc-22090bcca485 admin admin] Validating token access rules against request {{(pid=46655) validate_allowed_request /opt/stack/data/venv/lib/python3.10/site-packages/keystonemiddleware/auth_token/__init__.py:544}}
Nov 06 15:28:29 user devstack@keystone.service[46655]: DEBUG keystone.server.flask.request_processing.middleware.auth_context [None req-423dbc2e-7b99-47a1-ac41-cdc75bbfca9c admin admin] RBAC: auth_context: {'token': , 'domain_id': None, 'trust_id': None, 'trustor_id': None, 'trustee_id': None, 'domain_name': None, 'group_ids': [], 'user_id': 'b2aff4bb80404a6cae0edc19f2257b4d', 'user_domain_id': 'default', 'system_scope': None, 'project_id': '6549a15819f1469bbd5eeae8190e3d44', 'project_domain_id': 'default', 'roles': ['member', 'reader', 'manager', 'admin'], 'is_admin_project': True, 'service_user_id': None, 'service_user_domain_id': None, 'service_project_id': None, 'service_project_domain_id': None, 'service_roles': []} {{(pid=46655) fill_context /opt/stack/keystone/keystone/server/flask/request_processing/middleware/auth_context.py:480}}
Nov 06 15:28:29 user devstack@keystone.service[46655]: DEBUG keystone.server.flask.request_processing.req_logging [None req-423dbc2e-7b99-47a1-ac41-cdc75bbfca9c admin admin] REQUEST_METHOD: `GET` {{(pid=46655) log_request_info /opt/stack/keystone/keystone/server/flask/request_processing/req_logging.py:27}}
Nov 06 15:28:29 user devstack@keystone.service[46655]: DEBUG keystone.server.flask.request_processing.req_logging [None req-423dbc2e-7b99-47a1-ac41-cdc75bbfca9c admin admin] SCRIPT_NAME: `/identity` {{(pid=46655) log_request_info /opt/stack/keystone/keystone/server/flask/request_processing/req_logging.py:28}}
Nov 06 15:28:29 user devstack@keystone.service[46655]: DEBUG keystone.server.flask.request_processing.req_logging [None req-423dbc2e-7b99-47a1-ac41-cdc75bbfca9c admin admin] PATH_INFO: `/v3/groups/6e45342018954434ab4229f20fa3598d` {{(pid=46655) log_request_info /opt/stack/keystone/keystone/server/flask/request_processing/req_logging.py:29}}
Nov 06 15:28:29 user devstack@keystone.service[46655]: DEBUG keystone.common.rbac_enforcer.enforcer [None req-423dbc2e-7b99-47a1-ac41-cdc75bbfca9c admin admin] RBAC: Authorizing `identity:get_group(group_id=6e45342018954434ab4229f20fa3598d)` {{(pid=46655) enforce_call /opt/stack/keystone/keystone/common/rbac_enforcer/enforcer.py:449}}
Nov 06 15:28:29 user devstack@keystone.service[46655]: DEBUG keystone.common.rbac_enforcer.enforcer [None req-423dbc2e-7b99-47a1-ac41-cdc75bbfca9c admin admin] RBAC: Authorization granted {{(pid=46655) enforce_call /opt/stack/keystone/keystone/common/rbac_enforcer/enforcer.py:457}}
Nov 06 15:28:29 user devstack@keystone.service[46655]: [pid: 46655|app: 0|req: 85/248] 10.0.0.210 () {56 vars in 1196 bytes} [Mon Nov 6 15:28:29 2023] GET /identity/v3/groups/6e45342018954434ab4229f20fa3598d => generated 228 bytes in 82 msecs (HTTP/1.1 200) 5 headers in 177 bytes (1 switches on core 0)
Nov 06 15:28:29 user devstack@keystone.service[46656]: DEBUG keystone.server.flask.request_processing.middleware.auth_context [None req-6e588b9f-a024-499f-96f0-27f992ae7c91 None admin] Authenticating user token {{(pid=46656) process_request /opt/stack/data/venv/lib/python3.10/site-packages/keystonemiddleware/auth_token/__init__.py:406}}
Nov 06 15:28:29 user devstack@keystone.service[46656]: DEBUG keystone.server.flask.request_processing.middleware.auth_context [None req-6e588b9f-a024-499f-96f0-27f992ae7c91 None admin] Validating token access rules against request {{(pid=46656) validate_allowed_request /opt/stack/data/venv/lib/python3.10/site-packages/keystonemiddleware/auth_token/__init__.py:544}}
Nov 06 15:28:29 user devstack@keystone.service[46656]: DEBUG keystone.server.flask.request_processing.middleware.auth_context [None req-9367abc9-d1a9-4826-8013-e59b3b80b83d admin admin] RBAC: auth_context: {'token': , 'domain_id': None, 'trust_id': None, 'trustor_id': None, 'trustee_id': None, 'domain_name': None, 'group_ids': [], 'user_id': 'b2aff4bb80404a6cae0edc19f2257b4d', 'user_domain_id': 'default', 'system_scope': None, 'project_id': '6549a15819f1469bbd5eeae8190e3d44', 'project_domain_id': 'default', 'roles': ['member', 'reader', 'manager', 'admin'], 'is_admin_project': True, 'service_user_id': None, 'service_user_domain_id': None, 'service_project_id': None, 'service_project_domain_id': None, 'service_roles': []} {{(pid=46656) fill_context /opt/stack/keystone/keystone/server/flask/request_processing/middleware/auth_context.py:480}}
Nov 06 15:28:29 user devstack@keystone.service[46656]: DEBUG keystone.server.flask.request_processing.req_logging [None req-9367abc9-d1a9-4826-8013-e59b3b80b83d admin admin] REQUEST_METHOD: `GET` {{(pid=46656) log_request_info /opt/stack/keystone/keystone/server/flask/request_processing/req_logging.py:27}}
Nov 06 15:28:29 user devstack@keystone.service[46656]: DEBUG keystone.server.flask.request_processing.req_logging [None req-9367abc9-d1a9-4826-8013-e59b3b80b83d admin admin] SCRIPT_NAME: `/identity` {{(pid=46656) log_request_info /opt/stack/keystone/keystone/server/flask/request_processing/req_logging.py:28}}
Nov 06 15:28:29 user devstack@keystone.service[46656]: DEBUG keystone.server.flask.request_processing.req_logging [None req-9367abc9-d1a9-4826-8013-e59b3b80b83d admin admin] PATH_INFO: `/v3/projects/6549a15819f1469bbd5eeae8190e3d44` {{(pid=46656) log_request_info /opt/stack/keystone/keystone/server/flask/request_processing/req_logging.py:29}}
Nov 06 15:28:29 user devstack@keystone.service[46656]: DEBUG keystone.common.rbac_enforcer.enforcer [None req-9367abc9-d1a9-4826-8013-e59b3b80b83d admin admin] RBAC: Authorizing `identity:get_project(project_id=6549a15819f1469bbd5eeae8190e3d44)` {{(pid=46656) enforce_call /opt/stack/keystone/keystone/common/rbac_enforcer/enforcer.py:449}}
Nov 06 15:28:29 user devstack@keystone.service[46656]: DEBUG keystone.common.rbac_enforcer.enforcer [None req-9367abc9-d1a9-4826-8013-e59b3b80b83d admin admin] RBAC: Authorization granted {{(pid=46656) enforce_call /opt/stack/keystone/keystone/common/rbac_enforcer/enforcer.py:457}}
Nov 06 15:28:29 user devstack@keystone.service[46656]: [pid: 46656|app: 0|req: 78/249] 10.0.0.210 () {56 vars in 1202 bytes} [Mon Nov 6 15:28:29 2023] GET /identity/v3/projects/6549a15819f1469bbd5eeae8190e3d44 => generated 343 bytes in 24 msecs (HTTP/1.1 200) 5 headers in 177 bytes (1 switches on core 0)
Nov 06 15:28:29 user devstack@keystone.service[46655]: DEBUG keystone.server.flask.request_processing.middleware.auth_context [None req-423dbc2e-7b99-47a1-ac41-cdc75bbfca9c admin admin] Authenticating user token {{(pid=46655) process_request /opt/stack/data/venv/lib/python3.10/site-packages/keystonemiddleware/auth_token/__init__.py:406}}
Nov 06 15:28:29 user devstack@keystone.service[46655]: DEBUG keystone.server.flask.request_processing.middleware.auth_context [None req-423dbc2e-7b99-47a1-ac41-cdc75bbfca9c admin admin] Validating token access rules against request {{(pid=46655) validate_allowed_request /opt/stack/data/venv/lib/python3.10/site-packages/keystonemiddleware/auth_token/__init__.py:544}}
Nov 06 15:28:29 user devstack@keystone.service[46655]: DEBUG keystone.server.flask.request_processing.middleware.auth_context [None req-0039d80f-7114-46fb-988b-7803e415496a admin admin] RBAC: auth_context: {'token': , 'domain_id': None, 'trust_id': None, 'trustor_id': None, 'trustee_id': None, 'domain_name': None, 'group_ids': [], 'user_id': 'b2aff4bb80404a6cae0edc19f2257b4d', 'user_domain_id': 'default', 'system_scope': None, 'project_id': '6549a15819f1469bbd5eeae8190e3d44', 'project_domain_id': 'default', 'roles': ['member', 'reader', 'manager', 'admin'], 'is_admin_project': True, 'service_user_id': None, 'service_user_domain_id': None, 'service_project_id': None, 'service_project_domain_id': None, 'service_roles': []} {{(pid=46655) fill_context /opt/stack/keystone/keystone/server/flask/request_processing/middleware/auth_context.py:480}}
Nov 06 15:28:29 user devstack@keystone.service[46655]: DEBUG keystone.server.flask.request_processing.req_logging [None req-0039d80f-7114-46fb-988b-7803e415496a admin admin] REQUEST_METHOD: `PUT` {{(pid=46655) log_request_info /opt/stack/keystone/keystone/server/flask/request_processing/req_logging.py:27}}
Nov 06 15:28:29 user devstack@keystone.service[46655]: DEBUG keystone.server.flask.request_processing.req_logging [None req-0039d80f-7114-46fb-988b-7803e415496a admin admin] SCRIPT_NAME: `/identity` {{(pid=46655) log_request_info /opt/stack/keystone/keystone/server/flask/request_processing/req_logging.py:28}}
Nov 06 15:28:29 user devstack@keystone.service[46655]: DEBUG keystone.server.flask.request_processing.req_logging [None req-0039d80f-7114-46fb-988b-7803e415496a admin admin] PATH_INFO: `/v3/projects/6549a15819f1469bbd5eeae8190e3d44/groups/6e45342018954434ab4229f20fa3598d/roles/4442dd36880440088b80bd81b7ca8ce6` {{(pid=46655) log_request_info /opt/stack/keystone/keystone/server/flask/request_processing/req_logging.py:29}}
Nov 06 15:28:29 user devstack@keystone.service[46655]: DEBUG keystone.common.rbac_enforcer.enforcer [None req-0039d80f-7114-46fb-988b-7803e415496a admin admin] RBAC: Authorizing `identity:create_grant(project_id=6549a15819f1469bbd5eeae8190e3d44, group_id=6e45342018954434ab4229f20fa3598d, role_id=4442dd36880440088b80bd81b7ca8ce6)` {{(pid=46655) enforce_call /opt/stack/keystone/keystone/common/rbac_enforcer/enforcer.py:449}}
Nov 06 15:28:29 user devstack@keystone.service[46655]: DEBUG keystone.common.rbac_enforcer.enforcer [None req-0039d80f-7114-46fb-988b-7803e415496a admin admin] RBAC: Authorization granted {{(pid=46655) enforce_call /opt/stack/keystone/keystone/common/rbac_enforcer/enforcer.py:457}}
Nov 06 15:28:29 user devstack@keystone.service[46654]: DEBUG keystone.server.flask.request_processing.middleware.auth_context [None req-64cbde0e-c830-4c82-bbff-393c932af360 admin admin] Validating token access rules against request {{(pid=46654) validate_allowed_request /opt/stack/data/venv/lib/python3.10/site-packages/keystonemiddleware/auth_token/__init__.py:544}}
Nov 06 15:28:29 user devstack@keystone.service[46655]: [pid: 46655|app: 0|req: 86/250] 10.0.0.210 () {58 vars in 1458 bytes} [Mon Nov 6 15:28:29 2023] PUT /identity/v3/projects/6549a15819f1469bbd5eeae8190e3d44/groups/6e45342018954434ab4229f20fa3598d/roles/4442dd36880440088b80bd81b7ca8ce6 => generated 0 bytes in 53 msecs (HTTP/1.1 204) 3 headers in 132 bytes (0 switches on core 0)
Nov 06 15:28:29 user devstack@keystone.service[46654]: DEBUG keystone.server.flask.request_processing.middleware.auth_context [None req-4e46183f-4145-486b-8533-bd2b153707d1 None admin] RBAC: auth_context: {'token': , 'domain_id': None, 'trust_id': None, 'trustor_id': None, 'trustee_id': None, 'domain_name': None, 'group_ids': [], 'user_id': 'b2aff4bb80404a6cae0edc19f2257b4d', 'user_domain_id': 'default', 'system_scope': 'all', 'project_id': None, 'project_domain_id': None, 'roles': ['admin', 'manager', 'member', 'reader'], 'is_admin_project': True, 'service_user_id': None, 'service_user_domain_id': None, 'service_project_id': None, 'service_project_domain_id': None, 'service_roles': []} {{(pid=46654) fill_context /opt/stack/keystone/keystone/server/flask/request_processing/middleware/auth_context.py:480}}
Nov 06 15:28:29 user devstack@keystone.service[46654]: DEBUG keystone.server.flask.request_processing.req_logging [None req-4e46183f-4145-486b-8533-bd2b153707d1 None admin] REQUEST_METHOD: `GET` {{(pid=46654) log_request_info /opt/stack/keystone/keystone/server/flask/request_processing/req_logging.py:27}}
Nov 06 15:28:29 user devstack@keystone.service[46654]: DEBUG keystone.server.flask.request_processing.req_logging [None req-4e46183f-4145-486b-8533-bd2b153707d1 None admin] SCRIPT_NAME: `/identity` {{(pid=46654) log_request_info /opt/stack/keystone/keystone/server/flask/request_processing/req_logging.py:28}}
Nov 06 15:28:29 user devstack@keystone.service[46654]: DEBUG keystone.server.flask.request_processing.req_logging [None req-4e46183f-4145-486b-8533-bd2b153707d1 None admin] PATH_INFO: `/v3/role_assignments` {{(pid=46654) log_request_info /opt/stack/keystone/keystone/server/flask/request_processing/req_logging.py:29}}
Nov 06 15:28:29 user devstack@keystone.service[46654]: DEBUG keystone.common.rbac_enforcer.enforcer [None req-4e46183f-4145-486b-8533-bd2b153707d1 None admin] RBAC: Adding query filter params (role.id=1b56a1d0b86e4cbb8f8d8e41483587d2, user.id=2edc9a48519d43db8931a4236ff42f34, scope.system=all) {{(pid=46654) _extract_filter_values /opt/stack/keystone/keystone/common/rbac_enforcer/enforcer.py:167}}
Nov 06 15:28:29 user devstack@keystone.service[46654]: DEBUG keystone.common.rbac_enforcer.enforcer [None req-4e46183f-4145-486b-8533-bd2b153707d1 None admin] RBAC: Authorizing `identity:list_role_assignments()` {{(pid=46654) enforce_call /opt/stack/keystone/keystone/common/rbac_enforcer/enforcer.py:449}}
Nov 06 15:28:29 user devstack@keystone.service[46654]: DEBUG keystone.common.rbac_enforcer.enforcer [None req-4e46183f-4145-486b-8533-bd2b153707d1 None admin] RBAC: Authorization granted {{(pid=46654) enforce_call /opt/stack/keystone/keystone/common/rbac_enforcer/enforcer.py:457}}
Nov 06 15:28:29 user devstack@keystone.service[46654]: [pid: 46654|app: 0|req: 87/251] 10.0.0.210 () {56 vars in 1303 bytes} [Mon Nov 6 15:28:29 2023] GET /identity/v3/role_assignments?user.id=2edc9a48519d43db8931a4236ff42f34&scope.system=all&role.id=1b56a1d0b86e4cbb8f8d8e41483587d2 => generated 508 bytes in 172 msecs (HTTP/1.1 200) 5 headers in 177 bytes (1 switches on core 0)
Nov 06 15:28:30 user devstack@keystone.service[46656]: DEBUG keystone.server.flask.request_processing.req_logging [None req-1e3dc14e-54ec-4834-9b32-e8c694abefbc None None] REQUEST_METHOD: `GET` {{(pid=46656) log_request_info /opt/stack/keystone/keystone/server/flask/request_processing/req_logging.py:27}}
